[INFO] fetching crate subg 0.3.0...
[INFO] testing subg-0.3.0 against 1.100.0-beta.1+cargoflags=--release for beta-release-1.100-3
[INFO] extracting crate subg 0.3.0 into /workspace/builds/worker-0-tc2/source
[INFO] started tweaking crates.io crate subg 0.3.0
[INFO] finished tweaking crates.io crate subg 0.3.0
[INFO] tweaked toml for crates.io crate subg 0.3.0 written to /workspace/builds/worker-0-tc2/source/Cargo.toml
[INFO] validating manifest of crates.io crate subg 0.3.0 on toolchain 1.100.0-beta.1
[INFO] running `Command { std: CARGO_HOME="/workspace/cargo-home" RUSTUP_HOME="/workspace/rustup-home" "/workspace/cargo-home/bin/cargo" "+1.100.0-beta.1" "metadata" "--manifest-path" "Cargo.toml" "--no-deps", kill_on_drop: false }`
[INFO] crate crates.io crate subg 0.3.0 already has a lockfile, it will not be regenerated
[INFO] running `Command { std: CARGO_HOME="/workspace/cargo-home" RUSTUP_HOME="/workspace/rustup-home" "/workspace/cargo-home/bin/cargo" "+1.100.0-beta.1" "fetch" "--manifest-path" "Cargo.toml", kill_on_drop: false }`
[INFO] [stderr] warning: `package.homepage` is redundant with `package.repository`
[INFO] [stderr]   --> Cargo.toml:40:12
[INFO] [stderr]    |
[INFO] [stderr] 40 | homepage = "https://github.com/milton-hirsch-institute/subnet-garden"
[INFO] [stderr]    |            ^^^^^^^^^^^^^^^^^^^^^^^^^^^^^^^^^^^^^^^^^^^^^^^^^^^^^^^^^^
[INFO] [stderr] ...
[INFO] [stderr] 45 | repository = "https://github.com/milton-hirsch-institute/subnet-garden"
[INFO] [stderr]    |              ----------------------------------------------------------
[INFO] [stderr]    |
[INFO] [stderr]    = note: `cargo::redundant_homepage` is set to `warn` by default
[INFO] [stderr] help: consider removing `package.homepage`
[INFO] [stderr] warning: `subg` (manifest) generated 1 warning
[INFO] running `Command { std: "docker" "create" "-v" "/var/lib/crater-agent-workspace/builds/worker-0-tc2/source:/opt/rustwide/workdir:ro,Z" "-v" "/var/lib/crater-agent-workspace/builds/worker-0-tc2/target:/opt/rustwide/target:rw,Z" "-v" "/var/lib/crater-agent-workspace/cargo-home:/opt/rustwide/cargo-home:ro,Z" "-v" "/var/lib/crater-agent-workspace/rustup-home:/opt/rustwide/rustup-home:ro,Z" "-m" "1610612736" "--network" "none" "ghcr.io/rust-lang/crates-build-env/linux@sha256:77db811e55d90add9212f6832c23229e3de5f1c1f9905e8cb07319ea15df73ac" "sleep" "infinity", kill_on_drop: false }`
[INFO] [stdout] 39bb0a294254989435a256fe1f24b4a24b82bba05e0d3c550ef824f5a475d034
[INFO] running `Command { std: "docker" "start" "39bb0a294254989435a256fe1f24b4a24b82bba05e0d3c550ef824f5a475d034", kill_on_drop: false }`
[INFO] running `Command { std: "docker" "inspect" "39bb0a294254989435a256fe1f24b4a24b82bba05e0d3c550ef824f5a475d034", kill_on_drop: false }`
[INFO] running `Command { std: "docker" "exec" "-e" "SOURCE_DIR=/opt/rustwide/workdir" "-e" "CARGO_HOME=/opt/rustwide/cargo-home" "-e" "RUSTUP_HOME=/opt/rustwide/rustup-home" "-e" "CARGO_TARGET_DIR=/opt/rustwide/target" "-w" "/opt/rustwide/workdir" "--user" "0:0" "39bb0a294254989435a256fe1f24b4a24b82bba05e0d3c550ef824f5a475d034" "/opt/rustwide/cargo-home/bin/cargo" "+1.100.0-beta.1" "metadata" "--no-deps" "--format-version=1", kill_on_drop: false }`
[INFO] running `Command { std: "docker" "inspect" "39bb0a294254989435a256fe1f24b4a24b82bba05e0d3c550ef824f5a475d034", kill_on_drop: false }`
[INFO] running `Command { std: "docker" "exec" "-e" "SOURCE_DIR=/opt/rustwide/workdir" "-e" "CARGO_HOME=/opt/rustwide/cargo-home" "-e" "RUSTUP_HOME=/opt/rustwide/rustup-home" "-e" "CARGO_TARGET_DIR=/opt/rustwide/target" "-e" "CARGO_INCREMENTAL=0" "-e" "RUST_BACKTRACE=full" "-e" "RUSTFLAGS=--cap-lints=warn" "-e" "RUSTDOCFLAGS=--cap-lints=warn" "-w" "/opt/rustwide/workdir" "--user" "0:0" "39bb0a294254989435a256fe1f24b4a24b82bba05e0d3c550ef824f5a475d034" "/opt/rustwide/cargo-home/bin/cargo" "+1.100.0-beta.1" "build" "--frozen" "--message-format=json" "--release", kill_on_drop: false }`
[INFO] [stderr] warning: `package.homepage` is redundant with `package.repository`
[INFO] [stderr]   --> Cargo.toml:40:12
[INFO] [stderr]    |
[INFO] [stderr] 40 | homepage = "https://github.com/milton-hirsch-institute/subnet-garden"
[INFO] [stderr]    |            ^^^^^^^^^^^^^^^^^^^^^^^^^^^^^^^^^^^^^^^^^^^^^^^^^^^^^^^^^^
[INFO] [stderr] ...
[INFO] [stderr] 45 | repository = "https://github.com/milton-hirsch-institute/subnet-garden"
[INFO] [stderr]    |              ----------------------------------------------------------
[INFO] [stderr]    |
[INFO] [stderr]    = note: `cargo::redundant_homepage` is set to `warn` by default
[INFO] [stderr] help: consider removing `package.homepage`
[INFO] [stderr] warning: `subg` (manifest) generated 1 warning
[INFO] [stderr]    Compiling proc-macro2 v1.0.70
[INFO] [stderr]    Compiling unicode-ident v1.0.12
[INFO] [stderr]    Compiling num-traits v0.2.17
[INFO] [stderr]    Compiling serde v1.0.193
[INFO] [stderr]    Compiling num-bigint v0.4.4
[INFO] [stderr]    Compiling utf8parse v0.2.1
[INFO] [stderr]    Compiling anstyle-query v1.0.2
[INFO] [stderr]    Compiling colorchoice v1.0.0
[INFO] [stderr]    Compiling anstyle v1.0.4
[INFO] [stderr]    Compiling heck v0.4.1
[INFO] [stderr]    Compiling serde_json v1.0.108
[INFO] [stderr]    Compiling clap_lex v0.6.0
[INFO] [stderr]    Compiling strsim v0.10.0
[INFO] [stderr]    Compiling equivalent v1.0.1
[INFO] [stderr]    Compiling cidr v0.2.2
[INFO] [stderr]    Compiling hashbrown v0.14.3
[INFO] [stderr]    Compiling itoa v1.0.10
[INFO] [stderr]    Compiling ryu v1.0.15
[INFO] [stderr]    Compiling anstyle-parse v0.2.3
[INFO] [stderr]    Compiling unsafe-libyaml v0.2.10
[INFO] [stderr]    Compiling exitcode v1.1.2
[INFO] [stderr]    Compiling log v0.4.20
[INFO] [stderr]    Compiling anstream v0.6.5
[INFO] [stderr]    Compiling clap_builder v4.4.11
[INFO] [stderr]    Compiling quote v1.0.33
[INFO] [stderr]    Compiling syn v2.0.39
[INFO] [stderr]    Compiling indexmap v2.1.0
[INFO] [stderr]    Compiling num-integer v0.1.45
[INFO] [stderr]    Compiling cidr-utils v0.6.1
[INFO] [stderr]    Compiling serde_derive v1.0.193
[INFO] [stderr]    Compiling clap_derive v4.4.7
[INFO] [stderr]    Compiling clap v4.4.11
[INFO] [stderr]    Compiling subnet-garden-core v0.3.0
[INFO] [stderr]    Compiling serde_yaml v0.9.29
[INFO] [stderr]    Compiling subg v0.3.0 (/opt/rustwide/workdir)
[INFO] [stdout] warning: function pointer comparisons do not produce meaningful results since their addresses are not guaranteed to be unique
[INFO] [stdout]  --> src/bin/subg/util/state_machine.rs:8:5
[INFO] [stdout]   |
[INFO] [stdout] 6 | #[derive(Debug, PartialEq)]
[INFO] [stdout]   |                 --------- in this derive macro expansion
[INFO] [stdout] 7 | pub(crate) struct State<B, L, E> {
[INFO] [stdout] 8 |     transition: Transition<B, L, E>,
[INFO] [stdout]   |     ^^^^^^^^^^^^^^^^^^^^^^^^^^^^^^^
[INFO] [stdout]   |
[INFO] [stdout]   = note: the address of the same function can vary between different codegen units
[INFO] [stdout]   = note: furthermore, different functions could have the same address after being merged together
[INFO] [stdout]   = note: for more information visit <https://doc.rust-lang.org/nightly/core/ptr/fn.fn_addr_eq.html>
[INFO] [stdout]   = note: `#[warn(unpredictable_function_pointer_comparisons)]` on by default
[INFO] [stdout] 
[INFO] [stdout] 
[INFO] [stderr] warning: unused dependency `log`
[INFO] [stderr]   --> Cargo.toml:14:15
[INFO] [stderr]    |
[INFO] [stderr] 14 | [dependencies.log]
[INFO] [stderr]    |               ^^^^
[INFO] [stderr]    |
[INFO] [stderr]    = note: `cargo::unused_dependencies` is set to `warn` by default
[INFO] [stderr] help: consider removing the dependency on `log`
[INFO] [stderr] warning: `subg` (manifest) generated 1 warning
[INFO] [stderr]     Finished `release` profile [optimized] target(s) in 27.25s
[INFO] running `Command { std: "docker" "inspect" "39bb0a294254989435a256fe1f24b4a24b82bba05e0d3c550ef824f5a475d034", kill_on_drop: false }`
[INFO] running `Command { std: "docker" "exec" "-e" "SOURCE_DIR=/opt/rustwide/workdir" "-e" "CARGO_HOME=/opt/rustwide/cargo-home" "-e" "RUSTUP_HOME=/opt/rustwide/rustup-home" "-e" "CARGO_TARGET_DIR=/opt/rustwide/target" "-e" "CARGO_INCREMENTAL=0" "-e" "RUST_BACKTRACE=full" "-e" "RUSTFLAGS=--cap-lints=warn" "-e" "RUSTDOCFLAGS=--cap-lints=warn" "-w" "/opt/rustwide/workdir" "--user" "0:0" "39bb0a294254989435a256fe1f24b4a24b82bba05e0d3c550ef824f5a475d034" "/opt/rustwide/cargo-home/bin/cargo" "+1.100.0-beta.1" "test" "--frozen" "--no-run" "--message-format=json" "--release", kill_on_drop: false }`
[INFO] [stderr] warning: `package.homepage` is redundant with `package.repository`
[INFO] [stderr]   --> Cargo.toml:40:12
[INFO] [stderr]    |
[INFO] [stderr] 40 | homepage = "https://github.com/milton-hirsch-institute/subnet-garden"
[INFO] [stderr]    |            ^^^^^^^^^^^^^^^^^^^^^^^^^^^^^^^^^^^^^^^^^^^^^^^^^^^^^^^^^^
[INFO] [stderr] ...
[INFO] [stderr] 45 | repository = "https://github.com/milton-hirsch-institute/subnet-garden"
[INFO] [stderr]    |              ----------------------------------------------------------
[INFO] [stderr]    |
[INFO] [stderr]    = note: `cargo::redundant_homepage` is set to `warn` by default
[INFO] [stderr] help: consider removing `package.homepage`
[INFO] [stderr] warning: `subg` (manifest) generated 1 warning
[INFO] [stderr]    Compiling memchr v2.6.4
[INFO] [stderr]    Compiling regex-syntax v0.8.2
[INFO] [stderr]    Compiling memoffset v0.9.0
[INFO] [stderr]    Compiling crossbeam-utils v0.8.16
[INFO] [stderr]    Compiling crossbeam-epoch v0.9.15
[INFO] [stderr]    Compiling scopeguard v1.2.0
[INFO] [stderr]    Compiling predicates-core v1.0.6
[INFO] [stderr]    Compiling libc v0.2.150
[INFO] [stderr]    Compiling either v1.9.0
[INFO] [stderr]    Compiling rustix v0.38.28
[INFO] [stderr]    Compiling walkdir v2.4.0
[INFO] [stderr]    Compiling float-cmp v0.9.0
[INFO] [stderr]    Compiling difflib v0.4.0
[INFO] [stderr]    Compiling linux-raw-sys v0.4.12
[INFO] [stderr]    Compiling termtree v0.4.1
[INFO] [stderr]    Compiling bitflags v2.4.1
[INFO] [stderr]    Compiling fastrand v2.0.1
[INFO] [stderr]    Compiling predicates-tree v1.0.9
[INFO] [stderr]    Compiling itertools v0.11.0
[INFO] [stderr]    Compiling wait-timeout v0.2.0
[INFO] [stderr]    Compiling aho-corasick v1.1.2
[INFO] [stderr]    Compiling crossbeam-deque v0.8.3
[INFO] [stderr]    Compiling regex-automata v0.4.3
[INFO] [stderr]    Compiling tempfile v3.8.1
[INFO] [stderr]    Compiling bstr v1.8.0
[INFO] [stderr]    Compiling regex v1.10.2
[INFO] [stderr]    Compiling predicates v3.0.4
[INFO] [stderr]    Compiling globset v0.4.14
[INFO] [stderr]    Compiling assert_cmd v2.0.12
[INFO] [stderr]    Compiling ignore v0.4.21
[INFO] [stderr]    Compiling globwalk v0.8.1
[INFO] [stderr]    Compiling assert_fs v1.0.13
[INFO] [stderr]    Compiling subg v0.3.0 (/opt/rustwide/workdir)
[INFO] [stdout] warning: function pointer comparisons do not produce meaningful results since their addresses are not guaranteed to be unique
[INFO] [stdout]  --> src/bin/subg/util/state_machine.rs:8:5
[INFO] [stdout]   |
[INFO] [stdout] 6 | #[derive(Debug, PartialEq)]
[INFO] [stdout]   |                 --------- in this derive macro expansion
[INFO] [stdout] 7 | pub(crate) struct State<B, L, E> {
[INFO] [stdout] 8 |     transition: Transition<B, L, E>,
[INFO] [stdout]   |     ^^^^^^^^^^^^^^^^^^^^^^^^^^^^^^^
[INFO] [stdout]   |
[INFO] [stdout]   = note: the address of the same function can vary between different codegen units
[INFO] [stdout]   = note: furthermore, different functions could have the same address after being merged together
[INFO] [stdout]   = note: for more information visit <https://doc.rust-lang.org/nightly/core/ptr/fn.fn_addr_eq.html>
[INFO] [stdout]   = note: `#[warn(unpredictable_function_pointer_comparisons)]` on by default
[INFO] [stdout] 
[INFO] [stdout] 
[INFO] [stderr]     Finished `release` profile [optimized] target(s) in 31.08s
[INFO] running `Command { std: "docker" "inspect" "39bb0a294254989435a256fe1f24b4a24b82bba05e0d3c550ef824f5a475d034", kill_on_drop: false }`
[INFO] running `Command { std: "docker" "exec" "-e" "SOURCE_DIR=/opt/rustwide/workdir" "-e" "CARGO_HOME=/opt/rustwide/cargo-home" "-e" "RUSTUP_HOME=/opt/rustwide/rustup-home" "-e" "CARGO_TARGET_DIR=/opt/rustwide/target" "-e" "CARGO_INCREMENTAL=0" "-e" "RUST_BACKTRACE=full" "-e" "RUSTFLAGS=--cap-lints=warn" "-e" "RUSTDOCFLAGS=--cap-lints=warn" "-w" "/opt/rustwide/workdir" "--user" "0:0" "39bb0a294254989435a256fe1f24b4a24b82bba05e0d3c550ef824f5a475d034" "/opt/rustwide/cargo-home/bin/cargo" "+1.100.0-beta.1" "test" "--frozen" "--release", kill_on_drop: false }`
[INFO] [stderr] warning: `package.homepage` is redundant with `package.repository`
[INFO] [stderr]   --> Cargo.toml:40:12
[INFO] [stderr]    |
[INFO] [stderr] 40 | homepage = "https://github.com/milton-hirsch-institute/subnet-garden"
[INFO] [stderr]    |            ^^^^^^^^^^^^^^^^^^^^^^^^^^^^^^^^^^^^^^^^^^^^^^^^^^^^^^^^^^
[INFO] [stderr] ...
[INFO] [stderr] 45 | repository = "https://github.com/milton-hirsch-institute/subnet-garden"
[INFO] [stderr]    |              ----------------------------------------------------------
[INFO] [stderr]    |
[INFO] [stderr]    = note: `cargo::redundant_homepage` is set to `warn` by default
[INFO] [stderr] help: consider removing `package.homepage`
[INFO] [stderr] warning: `subg` (manifest) generated 1 warning
[INFO] [stdout] 
[INFO] [stderr] warning: function pointer comparisons do not produce meaningful results since their addresses are not guaranteed to be unique
[INFO] [stdout] running 93 tests
[INFO] [stderr]  --> src/bin/subg/util/state_machine.rs:8:5
[INFO] [stdout] test param_str::errors::tests::format_error::format_error_source ... ok
[INFO] [stderr]   |
[INFO] [stdout] test param_str::errors::tests::argument_error::argument_error_source ... ok
[INFO] [stderr] 6 | #[derive(Debug, PartialEq)]
[INFO] [stdout] test param_str::errors::tests::format_error::too_many_arguments_display ... ok
[INFO] [stderr]   |                 --------- in this derive macro expansion
[INFO] [stdout] test param_str::errors::tests::format_string_error::parse_error_display ... ok
[INFO] [stderr] 7 | pub(crate) struct State<B, L, E> {
[INFO] [stdout] test param_str::errors::tests::format_string_error::from_parse_error ... ok
[INFO] [stderr] 8 |     transition: Transition<B, L, E>,
[INFO] [stdout] test param_str::errors::tests::format_string_error::parse_error_source ... ok
[INFO] [stderr]   |     ^^^^^^^^^^^^^^^^^^^^^^^^^^^^^^^
[INFO] [stdout] test param_str::errors::tests::argument_error::argument_error_display ... ok
[INFO] [stderr]   |
[INFO] [stderr]   = note: the address of the same function can vary between different codegen units
[INFO] [stderr]   = note: furthermore, different functions could have the same address after being merged together
[INFO] [stderr]   = note: for more information visit <https://doc.rust-lang.org/nightly/core/ptr/fn.fn_addr_eq.html>
[INFO] [stderr]   = note: `#[warn(unpredictable_function_pointer_comparisons)]` on by default
[INFO] [stderr] 
[INFO] [stderr] warning: `subg` (bin "subg" test) generated 1 warning
[INFO] [stderr]     Finished `release` profile [optimized] target(s) in 0.10s
[INFO] [stderr]      Running unittests src/bin/subg/main.rs (/opt/rustwide/target/release/build/subg/0d0b08b6ff34fcc4/out/subg-0d0b08b6ff34fcc4)
[INFO] [stdout] test param_str::format::tests::format::success ... ok
[INFO] [stdout] test param_str::errors::tests::format_string_error::missing_argument_display ... ok
[INFO] [stdout] test param_str::errors::tests::parse_error::parse_error_display ... ok
[INFO] [stdout] test param_str::errors::tests::format_string_error::format_error_display ... ok
[INFO] [stdout] test param_str::errors::tests::format_error::not_enough_arguments_display ... ok
[INFO] [stdout] test param_str::errors::tests::format_string_error::format_error_source ... ok
[INFO] [stdout] test param_str::errors::tests::format_string_error::missing_argument_source ... ok
[INFO] [stdout] test param_str::errors::tests::format_string_error::argument_error_source ... ok
[INFO] [stdout] test param_str::format::tests::format::not_enough_arguments ... ok
[INFO] [stdout] test param_str::errors::tests::format_string_error::argument_error_display ... ok
[INFO] [stdout] test param_str::errors::tests::parse_error::parse_error_source ... ok
[INFO] [stdout] test param_str::parsers::format::tests::parse::empty ... ok
[INFO] [stdout] test param_str::format::tests::format::string_padding ... ok
[INFO] [stdout] test param_str::format::tests::format::numeric_padding ... ok
[INFO] [stdout] test param_str::errors::tests::format_string_error::from_format_error ... ok
[INFO] [stdout] test param_str::format::tests::format::too_many_arguments ... ok
[INFO] [stdout] test param_str::parsers::format::tests::parse::missing_escape_character ... ok
[INFO] [stdout] test param_str::parsers::format::tests::parse::non_numeric_padding ... ok
[INFO] [stdout] test param_str::parsers::format::tests::parse::numeric_padding ... ok
[INFO] [stdout] test param_str::parsers::format::tests::parse::text ... ok
[INFO] [stdout] test param_str::parsers::format::tests::parse::variables ... ok
[INFO] [stdout] test param_str::parsers::format::tests::parse::text_with_escape_at_end ... ok
[INFO] [stdout] test param_str::parsers::range::tests::missing_end ... ok
[INFO] [stdout] test param_str::parsers::format::tests::parse::unexepected_numeric_padding_character ... ok
[INFO] [stdout] test param_str::parsers::format::tests::parse::unterminated_variable_character ... ok
[INFO] [stdout] test param_str::parsers::list::tests::empty_string ... ok
[INFO] [stdout] test param_str::parsers::format::tests::parse::unexepected_padding_character ... ok
[INFO] [stdout] test param_str::parsers::list::tests::multiple_items ... ok
[INFO] [stdout] test param_str::parsers::range::tests::missing_start ... ok
[INFO] [stdout] test param_str::parsers::format::tests::parse::unexpected_variable_character ... ok
[INFO] [stdout] test param_str::parsers::format::tests::parse::text_with_escape ... ok
[INFO] [stdout] test param_str::parsers::range::tests::unexpected_after_end ... ok
[INFO] [stdout] test param_str::parsers::list::tests::one_item ... ok
[INFO] [stdout] test param_str::parsers::range::tests::unexpected_start_character ... ok
[INFO] [stdout] test param_str::parsers::list::tests::trailing_comma ... ok
[INFO] [stdout] test param_str::parsers::range::tests::end_less_than_start ... ok
[INFO] [stdout] test param_str::parsers::range::tests::missing_second_dot ... ok
[INFO] [stdout] test param_str::parsers::range::tests::empty_string ... ok
[INFO] [stdout] test param_str::parsers::range::tests::unexpected_after_second_dot ... ok
[INFO] [stdout] test subcommands::init::tests::already_exists ... FAILED
[INFO] [stdout] test param_str::parsers::range::tests::parse_double_digits ... ok
[INFO] [stdout] test param_str::parsers::range::tests::success ... ok
[INFO] [stdout] test param_str::parsers::range::tests::unexpected_after_first_dot ... ok
[INFO] [stdout] test param_str::parsers::range::tests::unexpected_after_start ... ok
[INFO] [stdout] test subcommands::subnet::listing::tests::cidrs::no_cidrs ... FAILED
[INFO] [stdout] test subcommands::init::tests::no_pool_file_extension ... FAILED
[INFO] [stdout] test subcommands::subnet::listing::tests::cidrs::has_cidrs ... FAILED
[INFO] [stdout] test subcommands::subnet::listing::tests::cidrs::has_cidrs_long ... FAILED
[INFO] [stdout] test subcommands::init::tests::bad_pool_file ... FAILED
[INFO] [stdout] test subcommands::subnet::listing::tests::names::no_names ... FAILED
[INFO] [stdout] test subcommands::init::tests::bad_pool_file_extension ... FAILED
[INFO] [stdout] test subcommands::init::tests::unforced ... FAILED
[INFO] [stdout] test subcommands::subnet::listing::tests::names::has_names ... FAILED
[INFO] [stdout] test subcommands::subnet::tests::allocate::allocate_multi_failure ... FAILED
[INFO] [stdout] test subcommands::subnet::tests::allocate::allocate_multiple ... FAILED
[INFO] [stdout] test subcommands::subnet::tests::allocate::allocate_single_failure ... FAILED
[INFO] [stdout] test subcommands::init::tests::not_a_file ... FAILED
[INFO] [stdout] test subcommands::init::tests::forced ... FAILED
[INFO] [stdout] test subcommands::subnet::listing::tests::cidrs::subset_cidrs ... FAILED
[INFO] [stdout] test subcommands::subnet::tests::allocate::allocate_without_name ... FAILED
[INFO] [stdout] test subcommands::subnet::tests::allocate::allocate_with_name ... FAILED
[INFO] [stdout] test subcommands::subnet::listing::tests::names::has_names_long ... FAILED
[INFO] [stdout] test subcommands::subnet::tests::allocate::allocate_format_failure ... FAILED
[INFO] [stdout] test subcommands::subnet::tests::claim::named ... FAILED
[INFO] [stdout] test subcommands::subnet::tests::free::free_success_with_cidr ... FAILED
[INFO] [stdout] test subcommands::subnet::tests::free::free_success_multiple ... FAILED
[INFO] [stdout] test subcommands::subnet::tests::claim::claim_failed ... FAILED
[INFO] [stdout] test subcommands::subnet::tests::claim::unnamed ... FAILED
[INFO] [stdout] test subcommands::subnet::tests::free::free_failure ... FAILED
[INFO] [stdout] test subcommands::subnet::tests::free::free_success_with_name ... FAILED
[INFO] [stdout] test subcommands::subnet::tests::free::ignore_missing_name ... FAILED
[INFO] [stdout] test subcommands::subnet::tests::max_available::no_subnets ... FAILED
[INFO] [stdout] test subcommands::subnet::tests::max_available::has_subnets ... FAILED
[INFO] [stdout] test subcommands::subnet::tests::free::ignore_missing_cidr ... FAILED
[INFO] [stdout] test subcommands::subnet::tests::free::name_not_found ... FAILED
[INFO] [stdout] test subcommands::subnet::tests::rename::success_with_name ... FAILED
[INFO] [stdout] test subcommands::subnet::tests::rename::rename_failure ... FAILED
[INFO] [stdout] test util::iter::tests::has_empty_list ... ok
[INFO] [stdout] test util::tests::test_right_pad_too_wide ... ok
[INFO] [stdout] test util::iter::tests::has_no_lists ... ok
[INFO] [stdout] test util::iter::tests::test_list_combination_iterator ... ok
[INFO] [stdout] test subcommands::subnet::tests::rename::success_with_cidr ... FAILED
[INFO] [stdout] test subcommands::subnet::tests::rename::unknown ... FAILED
[INFO] [stdout] test tests::test_bin ... FAILED
[INFO] [stdout] test tests::verify_cli ... ok
[INFO] [stdout] test util::tests::test_right_pad ... ok
[INFO] [stdout] 
[INFO] [stdout] failures:
[INFO] [stdout] 
[INFO] [stdout] ---- subcommands::init::tests::already_exists stdout ----
[INFO] [stdout] 
[INFO] [stdout] thread 'subcommands::init::tests::already_exists' (1628) panicked at src/bin/subg/main.rs:188:69:
[INFO] [stdout] called `Result::unwrap()` on an `Err` value: CargoError { cause: Some(NotFoundError { path: "/opt/rustwide/target/release/build/subg/0d0b08b6ff34fcc4/out/subg" }) }
[INFO] [stdout] stack backtrace:
[INFO] [stdout]    0:     0x5df782749201 - <<std[617be2ca0a6fd877]::sys::backtrace::BacktraceLock>::print::DisplayBacktrace as core[a373ad73a504971]::fmt::Display>::fmt
[INFO] [stdout]    1:     0x5df7827608ea - core[a373ad73a504971]::fmt::write
[INFO] [stdout]    2:     0x5df78274ed0c - <alloc[2e1b2a31b91974c5]::vec::Vec<u8> as core[a373ad73a504971]::io::write::Write>::write_fmt
[INFO] [stdout]    3:     0x5df7827236e6 - std[617be2ca0a6fd877]::panicking::default_hook::{closure#0}
[INFO] [stdout]    4:     0x5df782740f09 - std[617be2ca0a6fd877]::panicking::default_hook
[INFO] [stdout]    5:     0x5df78269d610 - test[aada8e7e76ba119b]::test_main_inner::{closure#0}
[INFO] [stdout]    6:     0x5df7827410c2 - std[617be2ca0a6fd877]::panicking::panic_with_hook
[INFO] [stdout]    7:     0x5df782723792 - std[617be2ca0a6fd877]::panicking::panic_handler::{closure#0}
[INFO] [stdout]    8:     0x5df78271c359 - std[617be2ca0a6fd877]::sys::backtrace::__rust_end_short_backtrace::<std[617be2ca0a6fd877]::panicking::panic_handler::{closure#0}, !>
[INFO] [stdout]    9:     0x5df78272439d - __rustc[ea4f61d10b84890b]::rust_begin_unwind
[INFO] [stdout]   10:     0x5df78276101c - core[a373ad73a504971]::panicking::panic_fmt
[INFO] [stdout]   11:     0x5df782760df2 - core[a373ad73a504971]::result::unwrap_failed
[INFO] [stdout]   12:     0x5df782653862 - subg[94210129033b200]::tests::new_test_with_path
[INFO] [stdout]   13:     0x5df782638639 - <subg[94210129033b200]::subcommands::init::tests::already_exists::{closure#0} as core[a373ad73a504971]::ops::function::FnOnce<()>>::call_once
[INFO] [stdout]   14:     0x5df782690a5b - test[aada8e7e76ba119b]::__rust_begin_short_backtrace::<core[a373ad73a504971]::result::Result<(), alloc[2e1b2a31b91974c5]::string::String>, fn() -> core[a373ad73a504971]::result::Result<(), alloc[2e1b2a31b91974c5]::string::String>>
[INFO] [stdout]   15:     0x5df78269dc35 - test[aada8e7e76ba119b]::run_test::{closure#0}
[INFO] [stdout]   16:     0x5df782697524 - std[617be2ca0a6fd877]::sys::backtrace::__rust_begin_short_backtrace::<test[aada8e7e76ba119b]::run_test::{closure#1}, ()>
[INFO] [stdout]   17:     0x5df7826a0cc2 - <std[617be2ca0a6fd877]::thread::lifecycle::spawn_unchecked<test[aada8e7e76ba119b]::run_test::{closure#1}, ()>::{closure#1} as core[a373ad73a504971]::ops::function::FnOnce<()>>::call_once::{shim:vtable#0}
[INFO] [stdout]   18:     0x5df7827489df - <std[617be2ca0a6fd877]::sys::thread::unix::Thread>::new::thread_start
[INFO] [stdout]   19:     0x7134871addfa - <unknown>
[INFO] [stdout]   20:     0x7134872413d4 - clone
[INFO] [stdout]   21:                0x0 - <unknown>
[INFO] [stdout] 
[INFO] [stdout] ---- subcommands::subnet::listing::tests::cidrs::no_cidrs stdout ----
[INFO] [stdout] 
[INFO] [stdout] thread 'subcommands::subnet::listing::tests::cidrs::no_cidrs' (1637) panicked at src/bin/subg/main.rs:188:69:
[INFO] [stdout] called `Result::unwrap()` on an `Err` value: CargoError { cause: Some(NotFoundError { path: "/opt/rustwide/target/release/build/subg/0d0b08b6ff34fcc4/out/subg" }) }
[INFO] [stdout] stack backtrace:
[INFO] [stdout]    0:     0x5df782749201 - <<std[617be2ca0a6fd877]::sys::backtrace::BacktraceLock>::print::DisplayBacktrace as core[a373ad73a504971]::fmt::Display>::fmt
[INFO] [stdout]    1:     0x5df7827608ea - core[a373ad73a504971]::fmt::write
[INFO] [stdout]    2:     0x5df78274ed0c - <alloc[2e1b2a31b91974c5]::vec::Vec<u8> as core[a373ad73a504971]::io::write::Write>::write_fmt
[INFO] [stdout]    3:     0x5df7827236e6 - std[617be2ca0a6fd877]::panicking::default_hook::{closure#0}
[INFO] [stdout]    4:     0x5df782740f09 - std[617be2ca0a6fd877]::panicking::default_hook
[INFO] [stdout]    5:     0x5df78269d610 - test[aada8e7e76ba119b]::test_main_inner::{closure#0}
[INFO] [stdout]    6:     0x5df7827410c2 - std[617be2ca0a6fd877]::panicking::panic_with_hook
[INFO] [stdout]    7:     0x5df782723792 - std[617be2ca0a6fd877]::panicking::panic_handler::{closure#0}
[INFO] [stdout]    8:     0x5df78271c359 - std[617be2ca0a6fd877]::sys::backtrace::__rust_end_short_backtrace::<std[617be2ca0a6fd877]::panicking::panic_handler::{closure#0}, !>
[INFO] [stdout]    9:     0x5df78272439d - __rustc[ea4f61d10b84890b]::rust_begin_unwind
[INFO] [stdout]   10:     0x5df78276101c - core[a373ad73a504971]::panicking::panic_fmt
[INFO] [stdout]   11:     0x5df782760df2 - core[a373ad73a504971]::result::unwrap_failed
[INFO] [stdout]   12:     0x5df782653862 - subg[94210129033b200]::tests::new_test_with_path
[INFO] [stdout]   13:     0x5df782647c83 - <subg[94210129033b200]::subcommands::subnet::listing::tests::cidrs::no_cidrs::{closure#0} as core[a373ad73a504971]::ops::function::FnOnce<()>>::call_once
[INFO] [stdout]   14:     0x5df782690a5b - test[aada8e7e76ba119b]::__rust_begin_short_backtrace::<core[a373ad73a504971]::result::Result<(), alloc[2e1b2a31b91974c5]::string::String>, fn() -> core[a373ad73a504971]::result::Result<(), alloc[2e1b2a31b91974c5]::string::String>>
[INFO] [stdout]   15:     0x5df78269dc35 - test[aada8e7e76ba119b]::run_test::{closure#0}
[INFO] [stdout]   16:     0x5df782697524 - std[617be2ca0a6fd877]::sys::backtrace::__rust_begin_short_backtrace::<test[aada8e7e76ba119b]::run_test::{closure#1}, ()>
[INFO] [stdout]   17:     0x5df7826a0cc2 - <std[617be2ca0a6fd877]::thread::lifecycle::spawn_unchecked<test[aada8e7e76ba119b]::run_test::{closure#1}, ()>::{closure#1} as core[a373ad73a504971]::ops::function::FnOnce<()>>::call_once::{shim:vtable#0}
[INFO] [stdout]   18:     0x5df7827489df - <std[617be2ca0a6fd877]::sys::thread::unix::Thread>::new::thread_start
[INFO] [stdout]   19:     0x7134871addfa - <unknown>
[INFO] [stdout]   20:     0x7134872413d4 - clone
[INFO] [stdout]   21:                0x0 - <unknown>
[INFO] [stdout] 
[INFO] [stdout] ---- subcommands::init::tests::no_pool_file_extension stdout ----
[INFO] [stdout] 
[INFO] [stdout] thread 'subcommands::init::tests::no_pool_file_extension' (1632) panicked at src/bin/subg/main.rs:188:69:
[INFO] [stdout] called `Result::unwrap()` on an `Err` value: CargoError { cause: Some(NotFoundError { path: "/opt/rustwide/target/release/build/subg/0d0b08b6ff34fcc4/out/subg" }) }
[INFO] [stdout] stack backtrace:
[INFO] [stdout]    0:     0x5df782749201 - <<std[617be2ca0a6fd877]::sys::backtrace::BacktraceLock>::print::DisplayBacktrace as core[a373ad73a504971]::fmt::Display>::fmt
[INFO] [stdout]    1:     0x5df7827608ea - core[a373ad73a504971]::fmt::write
[INFO] [stdout]    2:     0x5df78274ed0c - <alloc[2e1b2a31b91974c5]::vec::Vec<u8> as core[a373ad73a504971]::io::write::Write>::write_fmt
[INFO] [stdout]    3:     0x5df7827236e6 - std[617be2ca0a6fd877]::panicking::default_hook::{closure#0}
[INFO] [stdout]    4:     0x5df782740f09 - std[617be2ca0a6fd877]::panicking::default_hook
[INFO] [stdout]    5:     0x5df78269d610 - test[aada8e7e76ba119b]::test_main_inner::{closure#0}
[INFO] [stdout]    6:     0x5df7827410c2 - std[617be2ca0a6fd877]::panicking::panic_with_hook
[INFO] [stdout]    7:     0x5df782723792 - std[617be2ca0a6fd877]::panicking::panic_handler::{closure#0}
[INFO] [stdout]    8:     0x5df78271c359 - std[617be2ca0a6fd877]::sys::backtrace::__rust_end_short_backtrace::<std[617be2ca0a6fd877]::panicking::panic_handler::{closure#0}, !>
[INFO] [stdout]    9:     0x5df78272439d - __rustc[ea4f61d10b84890b]::rust_begin_unwind
[INFO] [stdout]   10:     0x5df78276101c - core[a373ad73a504971]::panicking::panic_fmt
[INFO] [stdout]   11:     0x5df782760df2 - core[a373ad73a504971]::result::unwrap_failed
[INFO] [stdout]   12:     0x5df782653862 - subg[94210129033b200]::tests::new_test_with_path
[INFO] [stdout]   13:     0x5df782638a89 - <subg[94210129033b200]::subcommands::init::tests::no_pool_file_extension::{closure#0} as core[a373ad73a504971]::ops::function::FnOnce<()>>::call_once
[INFO] [stdout]   14:     0x5df782690a5b - test[aada8e7e76ba119b]::__rust_begin_short_backtrace::<core[a373ad73a504971]::result::Result<(), alloc[2e1b2a31b91974c5]::string::String>, fn() -> core[a373ad73a504971]::result::Result<(), alloc[2e1b2a31b91974c5]::string::String>>
[INFO] [stdout]   15:     0x5df78269dc35 - test[aada8e7e76ba119b]::run_test::{closure#0}
[INFO] [stdout]   16:     0x5df782697524 - std[617be2ca0a6fd877]::sys::backtrace::__rust_begin_short_backtrace::<test[aada8e7e76ba119b]::run_test::{closure#1}, ()>
[INFO] [stdout]   17:     0x5df7826a0cc2 - <std[617be2ca0a6fd877]::thread::lifecycle::spawn_unchecked<test[aada8e7e76ba119b]::run_test::{closure#1}, ()>::{closure#1} as core[a373ad73a504971]::ops::function::FnOnce<()>>::call_once::{shim:vtable#0}
[INFO] [stdout]   18:     0x5df7827489df - <std[617be2ca0a6fd877]::sys::thread::unix::Thread>::new::thread_start
[INFO] [stdout]   19:     0x7134871addfa - <unknown>
[INFO] [stdout]   20:     0x7134872413d4 - clone
[INFO] [stdout]   21:                0x0 - <unknown>
[INFO] [stdout] 
[INFO] [stdout] ---- subcommands::subnet::listing::tests::cidrs::has_cidrs stdout ----
[INFO] [stdout] 
[INFO] [stdout] thread 'subcommands::subnet::listing::tests::cidrs::has_cidrs' (1635) panicked at src/bin/subg/main.rs:188:69:
[INFO] [stdout] called `Result::unwrap()` on an `Err` value: CargoError { cause: Some(NotFoundError { path: "/opt/rustwide/target/release/build/subg/0d0b08b6ff34fcc4/out/subg" }) }
[INFO] [stdout] stack backtrace:
[INFO] [stdout]    0:     0x5df782749201 - <<std[617be2ca0a6fd877]::sys::backtrace::BacktraceLock>::print::DisplayBacktrace as core[a373ad73a504971]::fmt::Display>::fmt
[INFO] [stdout]    1:     0x5df7827608ea - core[a373ad73a504971]::fmt::write
[INFO] [stdout]    2:     0x5df78274ed0c - <alloc[2e1b2a31b91974c5]::vec::Vec<u8> as core[a373ad73a504971]::io::write::Write>::write_fmt
[INFO] [stdout]    3:     0x5df7827236e6 - std[617be2ca0a6fd877]::panicking::default_hook::{closure#0}
[INFO] [stdout]    4:     0x5df782740f09 - std[617be2ca0a6fd877]::panicking::default_hook
[INFO] [stdout]    5:     0x5df78269d610 - test[aada8e7e76ba119b]::test_main_inner::{closure#0}
[INFO] [stdout]    6:     0x5df7827410c2 - std[617be2ca0a6fd877]::panicking::panic_with_hook
[INFO] [stdout]    7:     0x5df782723792 - std[617be2ca0a6fd877]::panicking::panic_handler::{closure#0}
[INFO] [stdout]    8:     0x5df78271c359 - std[617be2ca0a6fd877]::sys::backtrace::__rust_end_short_backtrace::<std[617be2ca0a6fd877]::panicking::panic_handler::{closure#0}, !>
[INFO] [stdout]    9:     0x5df78272439d - __rustc[ea4f61d10b84890b]::rust_begin_unwind
[INFO] [stdout]   10:     0x5df78276101c - core[a373ad73a504971]::panicking::panic_fmt
[INFO] [stdout]   11:     0x5df782760df2 - core[a373ad73a504971]::result::unwrap_failed
[INFO] [stdout]   12:     0x5df782653862 - subg[94210129033b200]::tests::new_test_with_path
[INFO] [stdout]   13:     0x5df782647df5 - <subg[94210129033b200]::subcommands::subnet::listing::tests::cidrs::has_cidrs::{closure#0} as core[a373ad73a504971]::ops::function::FnOnce<()>>::call_once
[INFO] [stdout]   14:     0x5df782690a5b - test[aada8e7e76ba119b]::__rust_begin_short_backtrace::<core[a373ad73a504971]::result::Result<(), alloc[2e1b2a31b91974c5]::string::String>, fn() -> core[a373ad73a504971]::result::Result<(), alloc[2e1b2a31b91974c5]::string::String>>
[INFO] [stdout]   15:     0x5df78269dc35 - test[aada8e7e76ba119b]::run_test::{closure#0}
[INFO] [stdout]   16:     0x5df782697524 - std[617be2ca0a6fd877]::sys::backtrace::__rust_begin_short_backtrace::<test[aada8e7e76ba119b]::run_test::{closure#1}, ()>
[INFO] [stdout]   17:     0x5df7826a0cc2 - <std[617be2ca0a6fd877]::thread::lifecycle::spawn_unchecked<test[aada8e7e76ba119b]::run_test::{closure#1}, ()>::{closure#1} as core[a373ad73a504971]::ops::function::FnOnce<()>>::call_once::{shim:vtable#0}
[INFO] [stdout]   18:     0x5df7827489df - <std[617be2ca0a6fd877]::sys::thread::unix::Thread>::new::thread_start
[INFO] [stdout]   19:     0x7134871addfa - <unknown>
[INFO] [stdout]   20:     0x7134872413d4 - clone
[INFO] [stdout]   21:                0x0 - <unknown>
[INFO] [stdout] 
[INFO] [stdout] ---- subcommands::subnet::listing::tests::cidrs::has_cidrs_long stdout ----
[INFO] [stdout] 
[INFO] [stdout] thread 'subcommands::subnet::listing::tests::cidrs::has_cidrs_long' (1636) panicked at src/bin/subg/main.rs:188:69:
[INFO] [stdout] called `Result::unwrap()` on an `Err` value: CargoError { cause: Some(NotFoundError { path: "/opt/rustwide/target/release/build/subg/0d0b08b6ff34fcc4/out/subg" }) }
[INFO] [stdout] stack backtrace:
[INFO] [stdout]    0:     0x5df782749201 - <<std[617be2ca0a6fd877]::sys::backtrace::BacktraceLock>::print::DisplayBacktrace as core[a373ad73a504971]::fmt::Display>::fmt
[INFO] [stdout]    1:     0x5df7827608ea - core[a373ad73a504971]::fmt::write
[INFO] [stdout]    2:     0x5df78274ed0c - <alloc[2e1b2a31b91974c5]::vec::Vec<u8> as core[a373ad73a504971]::io::write::Write>::write_fmt
[INFO] [stdout]    3:     0x5df7827236e6 - std[617be2ca0a6fd877]::panicking::default_hook::{closure#0}
[INFO] [stdout]    4:     0x5df782740f09 - std[617be2ca0a6fd877]::panicking::default_hook
[INFO] [stdout]    5:     0x5df78269d610 - test[aada8e7e76ba119b]::test_main_inner::{closure#0}
[INFO] [stdout]    6:     0x5df7827410c2 - std[617be2ca0a6fd877]::panicking::panic_with_hook
[INFO] [stdout]    7:     0x5df782723792 - std[617be2ca0a6fd877]::panicking::panic_handler::{closure#0}
[INFO] [stdout]    8:     0x5df78271c359 - std[617be2ca0a6fd877]::sys::backtrace::__rust_end_short_backtrace::<std[617be2ca0a6fd877]::panicking::panic_handler::{closure#0}, !>
[INFO] [stdout]    9:     0x5df78272439d - __rustc[ea4f61d10b84890b]::rust_begin_unwind
[INFO] [stdout]   10:     0x5df78276101c - core[a373ad73a504971]::panicking::panic_fmt
[INFO] [stdout]   11:     0x5df782760df2 - core[a373ad73a504971]::result::unwrap_failed
[INFO] [stdout]   12:     0x5df782653862 - subg[94210129033b200]::tests::new_test_with_path
[INFO] [stdout]   13:     0x5df7826479f5 - <subg[94210129033b200]::subcommands::subnet::listing::tests::cidrs::has_cidrs_long::{closure#0} as core[a373ad73a504971]::ops::function::FnOnce<()>>::call_once
[INFO] [stdout]   14:     0x5df782690a5b - test[aada8e7e76ba119b]::__rust_begin_short_backtrace::<core[a373ad73a504971]::result::Result<(), alloc[2e1b2a31b91974c5]::string::String>, fn() -> core[a373ad73a504971]::result::Result<(), alloc[2e1b2a31b91974c5]::string::String>>
[INFO] [stdout]   15:     0x5df78269dc35 - test[aada8e7e76ba119b]::run_test::{closure#0}
[INFO] [stdout]   16:     0x5df782697524 - std[617be2ca0a6fd877]::sys::backtrace::__rust_begin_short_backtrace::<test[aada8e7e76ba119b]::run_test::{closure#1}, ()>
[INFO] [stdout]   17:     0x5df7826a0cc2 - <std[617be2ca0a6fd877]::thread::lifecycle::spawn_unchecked<test[aada8e7e76ba119b]::run_test::{closure#1}, ()>::{closure#1} as core[a373ad73a504971]::ops::function::FnOnce<()>>::call_once::{shim:vtable#0}
[INFO] [stdout]   18:     0x5df7827489df - <std[617be2ca0a6fd877]::sys::thread::unix::Thread>::new::thread_start
[INFO] [stdout]   19:     0x7134871addfa - <unknown>
[INFO] [stdout]   20:     0x7134872413d4 - clone
[INFO] [stdout]   21:                0x0 - <unknown>
[INFO] [stdout] 
[INFO] [stdout] ---- subcommands::init::tests::bad_pool_file stdout ----
[INFO] [stdout] 
[INFO] [stdout] thread 'subcommands::init::tests::bad_pool_file' (1629) panicked at src/bin/subg/main.rs:188:69:
[INFO] [stdout] called `Result::unwrap()` on an `Err` value: CargoError { cause: Some(NotFoundError { path: "/opt/rustwide/target/release/build/subg/0d0b08b6ff34fcc4/out/subg" }) }
[INFO] [stdout] stack backtrace:
[INFO] [stdout]    0:     0x5df782749201 - <<std[617be2ca0a6fd877]::sys::backtrace::BacktraceLock>::print::DisplayBacktrace as core[a373ad73a504971]::fmt::Display>::fmt
[INFO] [stdout]    1:     0x5df7827608ea - core[a373ad73a504971]::fmt::write
[INFO] [stdout]    2:     0x5df78274ed0c - <alloc[2e1b2a31b91974c5]::vec::Vec<u8> as core[a373ad73a504971]::io::write::Write>::write_fmt
[INFO] [stdout]    3:     0x5df7827236e6 - std[617be2ca0a6fd877]::panicking::default_hook::{closure#0}
[INFO] [stdout]    4:     0x5df782740f09 - std[617be2ca0a6fd877]::panicking::default_hook
[INFO] [stdout]    5:     0x5df78269d610 - test[aada8e7e76ba119b]::test_main_inner::{closure#0}
[INFO] [stdout]    6:     0x5df7827410c2 - std[617be2ca0a6fd877]::panicking::panic_with_hook
[INFO] [stdout]    7:     0x5df782723792 - std[617be2ca0a6fd877]::panicking::panic_handler::{closure#0}
[INFO] [stdout]    8:     0x5df78271c359 - std[617be2ca0a6fd877]::sys::backtrace::__rust_end_short_backtrace::<std[617be2ca0a6fd877]::panicking::panic_handler::{closure#0}, !>
[INFO] [stdout]    9:     0x5df78272439d - __rustc[ea4f61d10b84890b]::rust_begin_unwind
[INFO] [stdout]   10:     0x5df78276101c - core[a373ad73a504971]::panicking::panic_fmt
[INFO] [stdout]   11:     0x5df782760df2 - core[a373ad73a504971]::result::unwrap_failed
[INFO] [stdout]   12:     0x5df782653862 - subg[94210129033b200]::tests::new_test_with_path
[INFO] [stdout]   13:     0x5df7826383f9 - <subg[94210129033b200]::subcommands::init::tests::bad_pool_file::{closure#0} as core[a373ad73a504971]::ops::function::FnOnce<()>>::call_once
[INFO] [stdout]   14:     0x5df782690a5b - test[aada8e7e76ba119b]::__rust_begin_short_backtrace::<core[a373ad73a504971]::result::Result<(), alloc[2e1b2a31b91974c5]::string::String>, fn() -> core[a373ad73a504971]::result::Result<(), alloc[2e1b2a31b91974c5]::string::String>>
[INFO] [stdout]   15:     0x5df78269dc35 - test[aada8e7e76ba119b]::run_test::{closure#0}
[INFO] [stdout]   16:     0x5df782697524 - std[617be2ca0a6fd877]::sys::backtrace::__rust_begin_short_backtrace::<test[aada8e7e76ba119b]::run_test::{closure#1}, ()>
[INFO] [stdout]   17:     0x5df7826a0cc2 - <std[617be2ca0a6fd877]::thread::lifecycle::spawn_unchecked<test[aada8e7e76ba119b]::run_test::{closure#1}, ()>::{closure#1} as core[a373ad73a504971]::ops::function::FnOnce<()>>::call_once::{shim:vtable#0}
[INFO] [stdout]   18:     0x5df7827489df - <std[617be2ca0a6fd877]::sys::thread::unix::Thread>::new::thread_start
[INFO] [stdout]   19:     0x7134871addfa - <unknown>
[INFO] [stdout]   20:     0x7134872413d4 - clone
[INFO] [stdout]   21:                0x0 - <unknown>
[INFO] [stdout] 
[INFO] [stdout] ---- subcommands::subnet::listing::tests::names::no_names stdout ----
[INFO] [stdout] 
[INFO] [stdout] thread 'subcommands::subnet::listing::tests::names::no_names' (1641) panicked at src/bin/subg/main.rs:188:69:
[INFO] [stdout] called `Result::unwrap()` on an `Err` value: CargoError { cause: Some(NotFoundError { path: "/opt/rustwide/target/release/build/subg/0d0b08b6ff34fcc4/out/subg" }) }
[INFO] [stdout] stack backtrace:
[INFO] [stdout]    0:     0x5df782749201 - <<std[617be2ca0a6fd877]::sys::backtrace::BacktraceLock>::print::DisplayBacktrace as core[a373ad73a504971]::fmt::Display>::fmt
[INFO] [stdout]    1:     0x5df7827608ea - core[a373ad73a504971]::fmt::write
[INFO] [stdout]    2:     0x5df78274ed0c - <alloc[2e1b2a31b91974c5]::vec::Vec<u8> as core[a373ad73a504971]::io::write::Write>::write_fmt
[INFO] [stdout]    3:     0x5df7827236e6 - std[617be2ca0a6fd877]::panicking::default_hook::{closure#0}
[INFO] [stdout]    4:     0x5df782740f09 - std[617be2ca0a6fd877]::panicking::default_hook
[INFO] [stdout]    5:     0x5df78269d610 - test[aada8e7e76ba119b]::test_main_inner::{closure#0}
[INFO] [stdout]    6:     0x5df7827410c2 - std[617be2ca0a6fd877]::panicking::panic_with_hook
[INFO] [stdout]    7:     0x5df782723792 - std[617be2ca0a6fd877]::panicking::panic_handler::{closure#0}
[INFO] [stdout]    8:     0x5df78271c359 - std[617be2ca0a6fd877]::sys::backtrace::__rust_end_short_backtrace::<std[617be2ca0a6fd877]::panicking::panic_handler::{closure#0}, !>
[INFO] [stdout]    9:     0x5df78272439d - __rustc[ea4f61d10b84890b]::rust_begin_unwind
[INFO] [stdout]   10:     0x5df78276101c - core[a373ad73a504971]::panicking::panic_fmt
[INFO] [stdout]   11:     0x5df782760df2 - core[a373ad73a504971]::result::unwrap_failed
[INFO] [stdout]   12:     0x5df782653862 - subg[94210129033b200]::tests::new_test_with_path
[INFO] [stdout]   13:     0x5df782648313 - <subg[94210129033b200]::subcommands::subnet::listing::tests::names::no_names::{closure#0} as core[a373ad73a504971]::ops::function::FnOnce<()>>::call_once
[INFO] [stdout]   14:     0x5df782690a5b - test[aada8e7e76ba119b]::__rust_begin_short_backtrace::<core[a373ad73a504971]::result::Result<(), alloc[2e1b2a31b91974c5]::string::String>, fn() -> core[a373ad73a504971]::result::Result<(), alloc[2e1b2a31b91974c5]::string::String>>
[INFO] [stdout]   15:     0x5df78269dc35 - test[aada8e7e76ba119b]::run_test::{closure#0}
[INFO] [stdout]   16:     0x5df782697524 - std[617be2ca0a6fd877]::sys::backtrace::__rust_begin_short_backtrace::<test[aada8e7e76ba119b]::run_test::{closure#1}, ()>
[INFO] [stdout]   17:     0x5df7826a0cc2 - <std[617be2ca0a6fd877]::thread::lifecycle::spawn_unchecked<test[aada8e7e76ba119b]::run_test::{closure#1}, ()>::{closure#1} as core[a373ad73a504971]::ops::function::FnOnce<()>>::call_once::{shim:vtable#0}
[INFO] [stdout]   18:     0x5df7827489df - <std[617be2ca0a6fd877]::sys::thread::unix::Thread>::new::thread_start
[INFO] [stdout]   19:     0x7134871addfa - <unknown>
[INFO] [stdout]   20:     0x7134872413d4 - clone
[INFO] [stdout]   21:                0x0 - <unknown>
[INFO] [stdout] 
[INFO] [stdout] ---- subcommands::init::tests::bad_pool_file_extension stdout ----
[INFO] [stdout] 
[INFO] [stdout] thread 'subcommands::init::tests::bad_pool_file_extension' (1630) panicked at src/bin/subg/main.rs:188:69:
[INFO] [stdout] called `Result::unwrap()` on an `Err` value: CargoError { cause: Some(NotFoundError { path: "/opt/rustwide/target/release/build/subg/0d0b08b6ff34fcc4/out/subg" }) }
[INFO] [stdout] stack backtrace:
[INFO] [stdout]    0:     0x5df782749201 - <<std[617be2ca0a6fd877]::sys::backtrace::BacktraceLock>::print::DisplayBacktrace as core[a373ad73a504971]::fmt::Display>::fmt
[INFO] [stdout]    1:     0x5df7827608ea - core[a373ad73a504971]::fmt::write
[INFO] [stdout]    2:     0x5df78274ed0c - <alloc[2e1b2a31b91974c5]::vec::Vec<u8> as core[a373ad73a504971]::io::write::Write>::write_fmt
[INFO] [stdout]    3:     0x5df7827236e6 - std[617be2ca0a6fd877]::panicking::default_hook::{closure#0}
[INFO] [stdout]    4:     0x5df782740f09 - std[617be2ca0a6fd877]::panicking::default_hook
[INFO] [stdout]    5:     0x5df78269d610 - test[aada8e7e76ba119b]::test_main_inner::{closure#0}
[INFO] [stdout]    6:     0x5df7827410c2 - std[617be2ca0a6fd877]::panicking::panic_with_hook
[INFO] [stdout]    7:     0x5df782723792 - std[617be2ca0a6fd877]::panicking::panic_handler::{closure#0}
[INFO] [stdout]    8:     0x5df78271c359 - std[617be2ca0a6fd877]::sys::backtrace::__rust_end_short_backtrace::<std[617be2ca0a6fd877]::panicking::panic_handler::{closure#0}, !>
[INFO] [stdout]    9:     0x5df78272439d - __rustc[ea4f61d10b84890b]::rust_begin_unwind
[INFO] [stdout]   10:     0x5df78276101c - core[a373ad73a504971]::panicking::panic_fmt
[INFO] [stdout]   11:     0x5df782760df2 - core[a373ad73a504971]::result::unwrap_failed
[INFO] [stdout]   12:     0x5df782653862 - subg[94210129033b200]::tests::new_test_with_path
[INFO] [stdout]   13:     0x5df782638cc9 - <subg[94210129033b200]::subcommands::init::tests::bad_pool_file_extension::{closure#0} as core[a373ad73a504971]::ops::function::FnOnce<()>>::call_once
[INFO] [stdout]   14:     0x5df782690a5b - test[aada8e7e76ba119b]::__rust_begin_short_backtrace::<core[a373ad73a504971]::result::Result<(), alloc[2e1b2a31b91974c5]::string::String>, fn() -> core[a373ad73a504971]::result::Result<(), alloc[2e1b2a31b91974c5]::string::String>>
[INFO] [stdout]   15:     0x5df78269dc35 - test[aada8e7e76ba119b]::run_test::{closure#0}
[INFO] [stdout]   16:     0x5df782697524 - std[617be2ca0a6fd877]::sys::backtrace::__rust_begin_short_backtrace::<test[aada8e7e76ba119b]::run_test::{closure#1}, ()>
[INFO] [stdout]   17:     0x5df7826a0cc2 - <std[617be2ca0a6fd877]::thread::lifecycle::spawn_unchecked<test[aada8e7e76ba119b]::run_test::{closure#1}, ()>::{closure#1} as core[a373ad73a504971]::ops::function::FnOnce<()>>::call_once::{shim:vtable#0}
[INFO] [stdout]   18:     0x5df7827489df - <std[617be2ca0a6fd877]::sys::thread::unix::Thread>::new::thread_start
[INFO] [stdout]   19:     0x7134871addfa - <unknown>
[INFO] [stdout]   20:     0x7134872413d4 - clone
[INFO] [stdout]   21:                0x0 - <unknown>
[INFO] [stdout] 
[INFO] [stdout] ---- subcommands::init::tests::unforced stdout ----
[INFO] [stdout] 
[INFO] [stdout] thread 'subcommands::init::tests::unforced' (1634) panicked at src/bin/subg/main.rs:188:69:
[INFO] [stdout] called `Result::unwrap()` on an `Err` value: CargoError { cause: Some(NotFoundError { path: "/opt/rustwide/target/release/build/subg/0d0b08b6ff34fcc4/out/subg" }) }
[INFO] [stdout] stack backtrace:
[INFO] [stdout]    0:     0x5df782749201 - <<std[617be2ca0a6fd877]::sys::backtrace::BacktraceLock>::print::DisplayBacktrace as core[a373ad73a504971]::fmt::Display>::fmt
[INFO] [stdout]    1:     0x5df7827608ea - core[a373ad73a504971]::fmt::write
[INFO] [stdout]    2:     0x5df78274ed0c - <alloc[2e1b2a31b91974c5]::vec::Vec<u8> as core[a373ad73a504971]::io::write::Write>::write_fmt
[INFO] [stdout]    3:     0x5df7827236e6 - std[617be2ca0a6fd877]::panicking::default_hook::{closure#0}
[INFO] [stdout]    4:     0x5df782740f09 - std[617be2ca0a6fd877]::panicking::default_hook
[INFO] [stdout]    5:     0x5df78269d610 - test[aada8e7e76ba119b]::test_main_inner::{closure#0}
[INFO] [stdout]    6:     0x5df7827410c2 - std[617be2ca0a6fd877]::panicking::panic_with_hook
[INFO] [stdout]    7:     0x5df782723792 - std[617be2ca0a6fd877]::panicking::panic_handler::{closure#0}
[INFO] [stdout]    8:     0x5df78271c359 - std[617be2ca0a6fd877]::sys::backtrace::__rust_end_short_backtrace::<std[617be2ca0a6fd877]::panicking::panic_handler::{closure#0}, !>
[INFO] [stdout]    9:     0x5df78272439d - __rustc[ea4f61d10b84890b]::rust_begin_unwind
[INFO] [stdout]   10:     0x5df78276101c - core[a373ad73a504971]::panicking::panic_fmt
[INFO] [stdout]   11:     0x5df782760df2 - core[a373ad73a504971]::result::unwrap_failed
[INFO] [stdout]   12:     0x5df782653862 - subg[94210129033b200]::tests::new_test_with_path
[INFO] [stdout]   13:     0x5df78263925d - <subg[94210129033b200]::subcommands::init::tests::unforced::{closure#0} as core[a373ad73a504971]::ops::function::FnOnce<()>>::call_once
[INFO] [stdout]   14:     0x5df782690a5b - test[aada8e7e76ba119b]::__rust_begin_short_backtrace::<core[a373ad73a504971]::result::Result<(), alloc[2e1b2a31b91974c5]::string::String>, fn() -> core[a373ad73a504971]::result::Result<(), alloc[2e1b2a31b91974c5]::string::String>>
[INFO] [stdout]   15:     0x5df78269dc35 - test[aada8e7e76ba119b]::run_test::{closure#0}
[INFO] [stdout]   16:     0x5df782697524 - std[617be2ca0a6fd877]::sys::backtrace::__rust_begin_short_backtrace::<test[aada8e7e76ba119b]::run_test::{closure#1}, ()>
[INFO] [stdout]   17:     0x5df7826a0cc2 - <std[617be2ca0a6fd877]::thread::lifecycle::spawn_unchecked<test[aada8e7e76ba119b]::run_test::{closure#1}, ()>::{closure#1} as core[a373ad73a504971]::ops::function::FnOnce<()>>::call_once::{shim:vtable#0}
[INFO] [stdout]   18:     0x5df7827489df - <std[617be2ca0a6fd877]::sys::thread::unix::Thread>::new::thread_start
[INFO] [stdout]   19:     0x7134871addfa - <unknown>
[INFO] [stdout]   20:     0x7134872413d4 - clone
[INFO] [stdout]   21:                0x0 - <unknown>
[INFO] [stdout] 
[INFO] [stdout] ---- subcommands::subnet::listing::tests::names::has_names stdout ----
[INFO] [stdout] 
[INFO] [stdout] thread 'subcommands::subnet::listing::tests::names::has_names' (1639) panicked at src/bin/subg/main.rs:188:69:
[INFO] [stdout] called `Result::unwrap()` on an `Err` value: CargoError { cause: Some(NotFoundError { path: "/opt/rustwide/target/release/build/subg/0d0b08b6ff34fcc4/out/subg" }) }
[INFO] [stdout] stack backtrace:
[INFO] [stdout]    0:     0x5df782749201 - <<std[617be2ca0a6fd877]::sys::backtrace::BacktraceLock>::print::DisplayBacktrace as core[a373ad73a504971]::fmt::Display>::fmt
[INFO] [stdout]    1:     0x5df7827608ea - core[a373ad73a504971]::fmt::write
[INFO] [stdout]    2:     0x5df78274ed0c - <alloc[2e1b2a31b91974c5]::vec::Vec<u8> as core[a373ad73a504971]::io::write::Write>::write_fmt
[INFO] [stdout]    3:     0x5df7827236e6 - std[617be2ca0a6fd877]::panicking::default_hook::{closure#0}
[INFO] [stdout]    4:     0x5df782740f09 - std[617be2ca0a6fd877]::panicking::default_hook
[INFO] [stdout]    5:     0x5df78269d610 - test[aada8e7e76ba119b]::test_main_inner::{closure#0}
[INFO] [stdout]    6:     0x5df7827410c2 - std[617be2ca0a6fd877]::panicking::panic_with_hook
[INFO] [stdout]    7:     0x5df782723792 - std[617be2ca0a6fd877]::panicking::panic_handler::{closure#0}
[INFO] [stdout]    8:     0x5df78271c359 - std[617be2ca0a6fd877]::sys::backtrace::__rust_end_short_backtrace::<std[617be2ca0a6fd877]::panicking::panic_handler::{closure#0}, !>
[INFO] [stdout]    9:     0x5df78272439d - __rustc[ea4f61d10b84890b]::rust_begin_unwind
[INFO] [stdout]   10:     0x5df78276101c - core[a373ad73a504971]::panicking::panic_fmt
[INFO] [stdout]   11:     0x5df782760df2 - core[a373ad73a504971]::result::unwrap_failed
[INFO] [stdout]   12:     0x5df782653862 - subg[94210129033b200]::tests::new_test_with_path
[INFO] [stdout]   13:     0x5df782648485 - <subg[94210129033b200]::subcommands::subnet::listing::tests::names::has_names::{closure#0} as core[a373ad73a504971]::ops::function::FnOnce<()>>::call_once
[INFO] [stdout]   14:     0x5df782690a5b - test[aada8e7e76ba119b]::__rust_begin_short_backtrace::<core[a373ad73a504971]::result::Result<(), alloc[2e1b2a31b91974c5]::string::String>, fn() -> core[a373ad73a504971]::result::Result<(), alloc[2e1b2a31b91974c5]::string::String>>
[INFO] [stdout]   15:     0x5df78269dc35 - test[aada8e7e76ba119b]::run_test::{closure#0}
[INFO] [stdout]   16:     0x5df782697524 - std[617be2ca0a6fd877]::sys::backtrace::__rust_begin_short_backtrace::<test[aada8e7e76ba119b]::run_test::{closure#1}, ()>
[INFO] [stdout]   17:     0x5df7826a0cc2 - <std[617be2ca0a6fd877]::thread::lifecycle::spawn_unchecked<test[aada8e7e76ba119b]::run_test::{closure#1}, ()>::{closure#1} as core[a373ad73a504971]::ops::function::FnOnce<()>>::call_once::{shim:vtable#0}
[INFO] [stdout]   18:     0x5df7827489df - <std[617be2ca0a6fd877]::sys::thread::unix::Thread>::new::thread_start
[INFO] [stdout]   19:     0x7134871addfa - <unknown>
[INFO] [stdout]   20:     0x7134872413d4 - clone
[INFO] [stdout]   21:                0x0 - <unknown>
[INFO] [stdout] 
[INFO] [stdout] ---- subcommands::subnet::tests::allocate::allocate_multi_failure stdout ----
[INFO] [stdout] 
[INFO] [stdout] thread 'subcommands::subnet::tests::allocate::allocate_multi_failure' (1643) panicked at src/bin/subg/main.rs:188:69:
[INFO] [stdout] called `Result::unwrap()` on an `Err` value: CargoError { cause: Some(NotFoundError { path: "/opt/rustwide/target/release/build/subg/0d0b08b6ff34fcc4/out/subg" }) }
[INFO] [stdout] stack backtrace:
[INFO] [stdout]    0:     0x5df782749201 - <<std[617be2ca0a6fd877]::sys::backtrace::BacktraceLock>::print::DisplayBacktrace as core[a373ad73a504971]::fmt::Display>::fmt
[INFO] [stdout]    1:     0x5df7827608ea - core[a373ad73a504971]::fmt::write
[INFO] [stdout]    2:     0x5df78274ed0c - <alloc[2e1b2a31b91974c5]::vec::Vec<u8> as core[a373ad73a504971]::io::write::Write>::write_fmt
[INFO] [stdout]    3:     0x5df7827236e6 - std[617be2ca0a6fd877]::panicking::default_hook::{closure#0}
[INFO] [stdout]    4:     0x5df782740f09 - std[617be2ca0a6fd877]::panicking::default_hook
[INFO] [stdout]    5:     0x5df78269d610 - test[aada8e7e76ba119b]::test_main_inner::{closure#0}
[INFO] [stdout]    6:     0x5df7827410c2 - std[617be2ca0a6fd877]::panicking::panic_with_hook
[INFO] [stdout]    7:     0x5df782723792 - std[617be2ca0a6fd877]::panicking::panic_handler::{closure#0}
[INFO] [stdout]    8:     0x5df78271c359 - std[617be2ca0a6fd877]::sys::backtrace::__rust_end_short_backtrace::<std[617be2ca0a6fd877]::panicking::panic_handler::{closure#0}, !>
[INFO] [stdout]    9:     0x5df78272439d - __rustc[ea4f61d10b84890b]::rust_begin_unwind
[INFO] [stdout]   10:     0x5df78276101c - core[a373ad73a504971]::panicking::panic_fmt
[INFO] [stdout]   11:     0x5df782760df2 - core[a373ad73a504971]::result::unwrap_failed
[INFO] [stdout]   12:     0x5df782653862 - subg[94210129033b200]::tests::new_test_with_path
[INFO] [stdout]   13:     0x5df7826433f3 - <subg[94210129033b200]::subcommands::subnet::tests::allocate::allocate_multi_failure::{closure#0} as core[a373ad73a504971]::ops::function::FnOnce<()>>::call_once
[INFO] [stdout]   14:     0x5df782690a5b - test[aada8e7e76ba119b]::__rust_begin_short_backtrace::<core[a373ad73a504971]::result::Result<(), alloc[2e1b2a31b91974c5]::string::String>, fn() -> core[a373ad73a504971]::result::Result<(), alloc[2e1b2a31b91974c5]::string::String>>
[INFO] [stdout]   15:     0x5df78269dc35 - test[aada8e7e76ba119b]::run_test::{closure#0}
[INFO] [stdout]   16:     0x5df782697524 - std[617be2ca0a6fd877]::sys::backtrace::__rust_begin_short_backtrace::<test[aada8e7e76ba119b]::run_test::{closure#1}, ()>
[INFO] [stdout]   17:     0x5df7826a0cc2 - <std[617be2ca0a6fd877]::thread::lifecycle::spawn_unchecked<test[aada8e7e76ba119b]::run_test::{closure#1}, ()>::{closure#1} as core[a373ad73a504971]::ops::function::FnOnce<()>>::call_once::{shim:vtable#0}
[INFO] [stdout]   18:     0x5df7827489df - <std[617be2ca0a6fd877]::sys::thread::unix::Thread>::new::thread_start
[INFO] [stdout]   19:     0x7134871addfa - <unknown>
[INFO] [stdout]   20:     0x7134872413d4 - clone
[INFO] [stdout]   21:                0x0 - <unknown>
[INFO] [stdout] 
[INFO] [stdout] ---- subcommands::subnet::tests::allocate::allocate_multiple stdout ----
[INFO] [stdout] 
[INFO] [stdout] thread 'subcommands::subnet::tests::allocate::allocate_multiple' (1644) panicked at src/bin/subg/main.rs:188:69:
[INFO] [stdout] called `Result::unwrap()` on an `Err` value: CargoError { cause: Some(NotFoundError { path: "/opt/rustwide/target/release/build/subg/0d0b08b6ff34fcc4/out/subg" }) }
[INFO] [stdout] stack backtrace:
[INFO] [stdout]    0:     0x5df782749201 - <<std[617be2ca0a6fd877]::sys::backtrace::BacktraceLock>::print::DisplayBacktrace as core[a373ad73a504971]::fmt::Display>::fmt
[INFO] [stdout]    1:     0x5df7827608ea - core[a373ad73a504971]::fmt::write
[INFO] [stdout]    2:     0x5df78274ed0c - <alloc[2e1b2a31b91974c5]::vec::Vec<u8> as core[a373ad73a504971]::io::write::Write>::write_fmt
[INFO] [stdout]    3:     0x5df7827236e6 - std[617be2ca0a6fd877]::panicking::default_hook::{closure#0}
[INFO] [stdout]    4:     0x5df782740f09 - std[617be2ca0a6fd877]::panicking::default_hook
[INFO] [stdout]    5:     0x5df78269d610 - test[aada8e7e76ba119b]::test_main_inner::{closure#0}
[INFO] [stdout]    6:     0x5df7827410c2 - std[617be2ca0a6fd877]::panicking::panic_with_hook
[INFO] [stdout]    7:     0x5df782723792 - std[617be2ca0a6fd877]::panicking::panic_handler::{closure#0}
[INFO] [stdout]    8:     0x5df78271c359 - std[617be2ca0a6fd877]::sys::backtrace::__rust_end_short_backtrace::<std[617be2ca0a6fd877]::panicking::panic_handler::{closure#0}, !>
[INFO] [stdout]    9:     0x5df78272439d - __rustc[ea4f61d10b84890b]::rust_begin_unwind
[INFO] [stdout]   10:     0x5df78276101c - core[a373ad73a504971]::panicking::panic_fmt
[INFO] [stdout]   11:     0x5df782760df2 - core[a373ad73a504971]::result::unwrap_failed
[INFO] [stdout]   12:     0x5df782653862 - subg[94210129033b200]::tests::new_test_with_path
[INFO] [stdout]   13:     0x5df7826422ea - <subg[94210129033b200]::subcommands::subnet::tests::allocate::allocate_multiple::{closure#0} as core[a373ad73a504971]::ops::function::FnOnce<()>>::call_once
[INFO] [stdout]   14:     0x5df782690a5b - test[aada8e7e76ba119b]::__rust_begin_short_backtrace::<core[a373ad73a504971]::result::Result<(), alloc[2e1b2a31b91974c5]::string::String>, fn() -> core[a373ad73a504971]::result::Result<(), alloc[2e1b2a31b91974c5]::string::String>>
[INFO] [stdout]   15:     0x5df78269dc35 - test[aada8e7e76ba119b]::run_test::{closure#0}
[INFO] [stdout]   16:     0x5df782697524 - std[617be2ca0a6fd877]::sys::backtrace::__rust_begin_short_backtrace::<test[aada8e7e76ba119b]::run_test::{closure#1}, ()>
[INFO] [stdout]   17:     0x5df7826a0cc2 - <std[617be2ca0a6fd877]::thread::lifecycle::spawn_unchecked<test[aada8e7e76ba119b]::run_test::{closure#1}, ()>::{closure#1} as core[a373ad73a504971]::ops::function::FnOnce<()>>::call_once::{shim:vtable#0}
[INFO] [stdout]   18:     0x5df7827489df - <std[617be2ca0a6fd877]::sys::thread::unix::Thread>::new::thread_start
[INFO] [stdout]   19:     0x7134871addfa - <unknown>
[INFO] [stdout]   20:     0x7134872413d4 - clone
[INFO] [stdout]   21:                0x0 - <unknown>
[INFO] [stdout] 
[INFO] [stdout] ---- subcommands::subnet::tests::allocate::allocate_single_failure stdout ----
[INFO] [stdout] 
[INFO] [stdout] thread 'subcommands::subnet::tests::allocate::allocate_single_failure' (1645) panicked at src/bin/subg/main.rs:188:69:
[INFO] [stdout] called `Result::unwrap()` on an `Err` value: CargoError { cause: Some(NotFoundError { path: "/opt/rustwide/target/release/build/subg/0d0b08b6ff34fcc4/out/subg" }) }
[INFO] [stdout] stack backtrace:
[INFO] [stdout]    0:     0x5df782749201 - <<std[617be2ca0a6fd877]::sys::backtrace::BacktraceLock>::print::DisplayBacktrace as core[a373ad73a504971]::fmt::Display>::fmt
[INFO] [stdout]    1:     0x5df7827608ea - core[a373ad73a504971]::fmt::write
[INFO] [stdout]    2:     0x5df78274ed0c - <alloc[2e1b2a31b91974c5]::vec::Vec<u8> as core[a373ad73a504971]::io::write::Write>::write_fmt
[INFO] [stdout]    3:     0x5df7827236e6 - std[617be2ca0a6fd877]::panicking::default_hook::{closure#0}
[INFO] [stdout]    4:     0x5df782740f09 - std[617be2ca0a6fd877]::panicking::default_hook
[INFO] [stdout]    5:     0x5df78269d610 - test[aada8e7e76ba119b]::test_main_inner::{closure#0}
[INFO] [stdout]    6:     0x5df7827410c2 - std[617be2ca0a6fd877]::panicking::panic_with_hook
[INFO] [stdout]    7:     0x5df782723792 - std[617be2ca0a6fd877]::panicking::panic_handler::{closure#0}
[INFO] [stdout]    8:     0x5df78271c359 - std[617be2ca0a6fd877]::sys::backtrace::__rust_end_short_backtrace::<std[617be2ca0a6fd877]::panicking::panic_handler::{closure#0}, !>
[INFO] [stdout]    9:     0x5df78272439d - __rustc[ea4f61d10b84890b]::rust_begin_unwind
[INFO] [stdout]   10:     0x5df78276101c - core[a373ad73a504971]::panicking::panic_fmt
[INFO] [stdout]   11:     0x5df782760df2 - core[a373ad73a504971]::result::unwrap_failed
[INFO] [stdout]   12:     0x5df782653862 - subg[94210129033b200]::tests::new_test_with_path
[INFO] [stdout]   13:     0x5df782643a93 - <subg[94210129033b200]::subcommands::subnet::tests::allocate::allocate_single_failure::{closure#0} as core[a373ad73a504971]::ops::function::FnOnce<()>>::call_once
[INFO] [stdout]   14:     0x5df782690a5b - test[aada8e7e76ba119b]::__rust_begin_short_backtrace::<core[a373ad73a504971]::result::Result<(), alloc[2e1b2a31b91974c5]::string::String>, fn() -> core[a373ad73a504971]::result::Result<(), alloc[2e1b2a31b91974c5]::string::String>>
[INFO] [stdout]   15:     0x5df78269dc35 - test[aada8e7e76ba119b]::run_test::{closure#0}
[INFO] [stdout]   16:     0x5df782697524 - std[617be2ca0a6fd877]::sys::backtrace::__rust_begin_short_backtrace::<test[aada8e7e76ba119b]::run_test::{closure#1}, ()>
[INFO] [stdout]   17:     0x5df7826a0cc2 - <std[617be2ca0a6fd877]::thread::lifecycle::spawn_unchecked<test[aada8e7e76ba119b]::run_test::{closure#1}, ()>::{closure#1} as core[a373ad73a504971]::ops::function::FnOnce<()>>::call_once::{shim:vtable#0}
[INFO] [stdout]   18:     0x5df7827489df - <std[617be2ca0a6fd877]::sys::thread::unix::Thread>::new::thread_start
[INFO] [stdout]   19:     0x7134871addfa - <unknown>
[INFO] [stdout]   20:     0x7134872413d4 - clone
[INFO] [stdout]   21:                0x0 - <unknown>
[INFO] [stdout] 
[INFO] [stdout] ---- subcommands::init::tests::not_a_file stdout ----
[INFO] [stdout] 
[INFO] [stdout] thread 'subcommands::init::tests::not_a_file' (1633) panicked at src/bin/subg/main.rs:188:69:
[INFO] [stdout] called `Result::unwrap()` on an `Err` value: CargoError { cause: Some(NotFoundError { path: "/opt/rustwide/target/release/build/subg/0d0b08b6ff34fcc4/out/subg" }) }
[INFO] [stdout] stack backtrace:
[INFO] [stdout]    0:     0x5df782749201 - <<std[617be2ca0a6fd877]::sys::backtrace::BacktraceLock>::print::DisplayBacktrace as core[a373ad73a504971]::fmt::Display>::fmt
[INFO] [stdout]    1:     0x5df7827608ea - core[a373ad73a504971]::fmt::write
[INFO] [stdout]    2:     0x5df78274ed0c - <alloc[2e1b2a31b91974c5]::vec::Vec<u8> as core[a373ad73a504971]::io::write::Write>::write_fmt
[INFO] [stdout]    3:     0x5df7827236e6 - std[617be2ca0a6fd877]::panicking::default_hook::{closure#0}
[INFO] [stdout]    4:     0x5df782740f09 - std[617be2ca0a6fd877]::panicking::default_hook
[INFO] [stdout]    5:     0x5df78269d610 - test[aada8e7e76ba119b]::test_main_inner::{closure#0}
[INFO] [stdout]    6:     0x5df7827410c2 - std[617be2ca0a6fd877]::panicking::panic_with_hook
[INFO] [stdout]    7:     0x5df782723792 - std[617be2ca0a6fd877]::panicking::panic_handler::{closure#0}
[INFO] [stdout]    8:     0x5df78271c359 - std[617be2ca0a6fd877]::sys::backtrace::__rust_end_short_backtrace::<std[617be2ca0a6fd877]::panicking::panic_handler::{closure#0}, !>
[INFO] [stdout]    9:     0x5df78272439d - __rustc[ea4f61d10b84890b]::rust_begin_unwind
[INFO] [stdout]   10:     0x5df78276101c - core[a373ad73a504971]::panicking::panic_fmt
[INFO] [stdout]   11:     0x5df782760df2 - core[a373ad73a504971]::result::unwrap_failed
[INFO] [stdout]   12:     0x5df782653862 - subg[94210129033b200]::tests::new_test_with_path
[INFO] [stdout]   13:     0x5df782637f89 - <subg[94210129033b200]::subcommands::init::tests::not_a_file::{closure#0} as core[a373ad73a504971]::ops::function::FnOnce<()>>::call_once
[INFO] [stdout]   14:     0x5df782690a5b - test[aada8e7e76ba119b]::__rust_begin_short_backtrace::<core[a373ad73a504971]::result::Result<(), alloc[2e1b2a31b91974c5]::string::String>, fn() -> core[a373ad73a504971]::result::Result<(), alloc[2e1b2a31b91974c5]::string::String>>
[INFO] [stdout]   15:     0x5df78269dc35 - test[aada8e7e76ba119b]::run_test::{closure#0}
[INFO] [stdout]   16:     0x5df782697524 - std[617be2ca0a6fd877]::sys::backtrace::__rust_begin_short_backtrace::<test[aada8e7e76ba119b]::run_test::{closure#1}, ()>
[INFO] [stdout]   17:     0x5df7826a0cc2 - <std[617be2ca0a6fd877]::thread::lifecycle::spawn_unchecked<test[aada8e7e76ba119b]::run_test::{closure#1}, ()>::{closure#1} as core[a373ad73a504971]::ops::function::FnOnce<()>>::call_once::{shim:vtable#0}
[INFO] [stdout]   18:     0x5df7827489df - <std[617be2ca0a6fd877]::sys::thread::unix::Thread>::new::thread_start
[INFO] [stdout]   19:     0x7134871addfa - <unknown>
[INFO] [stdout]   20:     0x7134872413d4 - clone
[INFO] [stdout]   21:                0x0 - <unknown>
[INFO] [stdout] 
[INFO] [stdout] ---- subcommands::init::tests::forced stdout ----
[INFO] [stdout] 
[INFO] [stdout] thread 'subcommands::init::tests::forced' (1631) panicked at src/bin/subg/main.rs:188:69:
[INFO] [stdout] called `Result::unwrap()` on an `Err` value: CargoError { cause: Some(NotFoundError { path: "/opt/rustwide/target/release/build/subg/0d0b08b6ff34fcc4/out/subg" }) }
[INFO] [stdout] stack backtrace:
[INFO] [stdout]    0:     0x5df782749201 - <<std[617be2ca0a6fd877]::sys::backtrace::BacktraceLock>::print::DisplayBacktrace as core[a373ad73a504971]::fmt::Display>::fmt
[INFO] [stdout]    1:     0x5df7827608ea - core[a373ad73a504971]::fmt::write
[INFO] [stdout]    2:     0x5df78274ed0c - <alloc[2e1b2a31b91974c5]::vec::Vec<u8> as core[a373ad73a504971]::io::write::Write>::write_fmt
[INFO] [stdout]    3:     0x5df7827236e6 - std[617be2ca0a6fd877]::panicking::default_hook::{closure#0}
[INFO] [stdout]    4:     0x5df782740f09 - std[617be2ca0a6fd877]::panicking::default_hook
[INFO] [stdout]    5:     0x5df78269d610 - test[aada8e7e76ba119b]::test_main_inner::{closure#0}
[INFO] [stdout]    6:     0x5df7827410c2 - std[617be2ca0a6fd877]::panicking::panic_with_hook
[INFO] [stdout]    7:     0x5df782723792 - std[617be2ca0a6fd877]::panicking::panic_handler::{closure#0}
[INFO] [stdout]    8:     0x5df78271c359 - std[617be2ca0a6fd877]::sys::backtrace::__rust_end_short_backtrace::<std[617be2ca0a6fd877]::panicking::panic_handler::{closure#0}, !>
[INFO] [stdout]    9:     0x5df78272439d - __rustc[ea4f61d10b84890b]::rust_begin_unwind
[INFO] [stdout]   10:     0x5df78276101c - core[a373ad73a504971]::panicking::panic_fmt
[INFO] [stdout]   11:     0x5df782760df2 - core[a373ad73a504971]::result::unwrap_failed
[INFO] [stdout]   12:     0x5df782653862 - subg[94210129033b200]::tests::new_test_with_path
[INFO] [stdout]   13:     0x5df782638ecd - <subg[94210129033b200]::subcommands::init::tests::forced::{closure#0} as core[a373ad73a504971]::ops::function::FnOnce<()>>::call_once
[INFO] [stdout]   14:     0x5df782690a5b - test[aada8e7e76ba119b]::__rust_begin_short_backtrace::<core[a373ad73a504971]::result::Result<(), alloc[2e1b2a31b91974c5]::string::String>, fn() -> core[a373ad73a504971]::result::Result<(), alloc[2e1b2a31b91974c5]::string::String>>
[INFO] [stdout]   15:     0x5df78269dc35 - test[aada8e7e76ba119b]::run_test::{closure#0}
[INFO] [stdout]   16:     0x5df782697524 - std[617be2ca0a6fd877]::sys::backtrace::__rust_begin_short_backtrace::<test[aada8e7e76ba119b]::run_test::{closure#1}, ()>
[INFO] [stdout]   17:     0x5df7826a0cc2 - <std[617be2ca0a6fd877]::thread::lifecycle::spawn_unchecked<test[aada8e7e76ba119b]::run_test::{closure#1}, ()>::{closure#1} as core[a373ad73a504971]::ops::function::FnOnce<()>>::call_once::{shim:vtable#0}
[INFO] [stdout]   18:     0x5df7827489df - <std[617be2ca0a6fd877]::sys::thread::unix::Thread>::new::thread_start
[INFO] [stdout]   19:     0x7134871addfa - <unknown>
[INFO] [stdout]   20:     0x7134872413d4 - clone
[INFO] [stdout]   21:                0x0 - <unknown>
[INFO] [stdout] 
[INFO] [stdout] ---- subcommands::subnet::listing::tests::cidrs::subset_cidrs stdout ----
[INFO] [stdout] 
[INFO] [stdout] thread 'subcommands::subnet::listing::tests::cidrs::subset_cidrs' (1638) panicked at src/bin/subg/main.rs:188:69:
[INFO] [stdout] called `Result::unwrap()` on an `Err` value: CargoError { cause: Some(NotFoundError { path: "/opt/rustwide/target/release/build/subg/0d0b08b6ff34fcc4/out/subg" }) }
[INFO] [stdout] stack backtrace:
[INFO] [stdout]    0:     0x5df782749201 - <<std[617be2ca0a6fd877]::sys::backtrace::BacktraceLock>::print::DisplayBacktrace as core[a373ad73a504971]::fmt::Display>::fmt
[INFO] [stdout]    1:     0x5df7827608ea - core[a373ad73a504971]::fmt::write
[INFO] [stdout]    2:     0x5df78274ed0c - <alloc[2e1b2a31b91974c5]::vec::Vec<u8> as core[a373ad73a504971]::io::write::Write>::write_fmt
[INFO] [stdout]    3:     0x5df7827236e6 - std[617be2ca0a6fd877]::panicking::default_hook::{closure#0}
[INFO] [stdout]    4:     0x5df782740f09 - std[617be2ca0a6fd877]::panicking::default_hook
[INFO] [stdout]    5:     0x5df78269d610 - test[aada8e7e76ba119b]::test_main_inner::{closure#0}
[INFO] [stdout]    6:     0x5df7827410c2 - std[617be2ca0a6fd877]::panicking::panic_with_hook
[INFO] [stdout]    7:     0x5df782723792 - std[617be2ca0a6fd877]::panicking::panic_handler::{closure#0}
[INFO] [stdout]    8:     0x5df78271c359 - std[617be2ca0a6fd877]::sys::backtrace::__rust_end_short_backtrace::<std[617be2ca0a6fd877]::panicking::panic_handler::{closure#0}, !>
[INFO] [stdout]    9:     0x5df78272439d - __rustc[ea4f61d10b84890b]::rust_begin_unwind
[INFO] [stdout]   10:     0x5df78276101c - core[a373ad73a504971]::panicking::panic_fmt
[INFO] [stderr] error: test failed, to rerun pass `--bin subg`
[INFO] [stdout]   11:     0x5df782760df2 - core[a373ad73a504971]::result::unwrap_failed
[INFO] [stdout]   12:     0x5df782653862 - subg[94210129033b200]::tests::new_test_with_path
[INFO] [stdout]   13:     0x5df782647735 - <subg[94210129033b200]::subcommands::subnet::listing::tests::cidrs::subset_cidrs::{closure#0} as core[a373ad73a504971]::ops::function::FnOnce<()>>::call_once
[INFO] [stdout]   14:     0x5df782690a5b - test[aada8e7e76ba119b]::__rust_begin_short_backtrace::<core[a373ad73a504971]::result::Result<(), alloc[2e1b2a31b91974c5]::string::String>, fn() -> core[a373ad73a504971]::result::Result<(), alloc[2e1b2a31b91974c5]::string::String>>
[INFO] [stdout]   15:     0x5df78269dc35 - test[aada8e7e76ba119b]::run_test::{closure#0}
[INFO] [stdout]   16:     0x5df782697524 - std[617be2ca0a6fd877]::sys::backtrace::__rust_begin_short_backtrace::<test[aada8e7e76ba119b]::run_test::{closure#1}, ()>
[INFO] [stdout]   17:     0x5df7826a0cc2 - <std[617be2ca0a6fd877]::thread::lifecycle::spawn_unchecked<test[aada8e7e76ba119b]::run_test::{closure#1}, ()>::{closure#1} as core[a373ad73a504971]::ops::function::FnOnce<()>>::call_once::{shim:vtable#0}
[INFO] [stdout]   18:     0x5df7827489df - <std[617be2ca0a6fd877]::sys::thread::unix::Thread>::new::thread_start
[INFO] [stdout]   19:     0x7134871addfa - <unknown>
[INFO] [stdout]   20:     0x7134872413d4 - clone
[INFO] [stdout]   21:                0x0 - <unknown>
[INFO] [stdout] 
[INFO] [stdout] ---- subcommands::subnet::tests::allocate::allocate_without_name stdout ----
[INFO] [stdout] 
[INFO] [stdout] thread 'subcommands::subnet::tests::allocate::allocate_without_name' (1647) panicked at src/bin/subg/main.rs:188:69:
[INFO] [stdout] called `Result::unwrap()` on an `Err` value: CargoError { cause: Some(NotFoundError { path: "/opt/rustwide/target/release/build/subg/0d0b08b6ff34fcc4/out/subg" }) }
[INFO] [stdout] stack backtrace:
[INFO] [stdout]    0:     0x5df782749201 - <<std[617be2ca0a6fd877]::sys::backtrace::BacktraceLock>::print::DisplayBacktrace as core[a373ad73a504971]::fmt::Display>::fmt
[INFO] [stdout]    1:     0x5df7827608ea - core[a373ad73a504971]::fmt::write
[INFO] [stdout]    2:     0x5df78274ed0c - <alloc[2e1b2a31b91974c5]::vec::Vec<u8> as core[a373ad73a504971]::io::write::Write>::write_fmt
[INFO] [stdout]    3:     0x5df7827236e6 - std[617be2ca0a6fd877]::panicking::default_hook::{closure#0}
[INFO] [stdout]    4:     0x5df782740f09 - std[617be2ca0a6fd877]::panicking::default_hook
[INFO] [stdout]    5:     0x5df78269d610 - test[aada8e7e76ba119b]::test_main_inner::{closure#0}
[INFO] [stdout]    6:     0x5df7827410c2 - std[617be2ca0a6fd877]::panicking::panic_with_hook
[INFO] [stdout]    7:     0x5df782723792 - std[617be2ca0a6fd877]::panicking::panic_handler::{closure#0}
[INFO] [stdout]    8:     0x5df78271c359 - std[617be2ca0a6fd877]::sys::backtrace::__rust_end_short_backtrace::<std[617be2ca0a6fd877]::panicking::panic_handler::{closure#0}, !>
[INFO] [stdout]    9:     0x5df78272439d - __rustc[ea4f61d10b84890b]::rust_begin_unwind
[INFO] [stdout]   10:     0x5df78276101c - core[a373ad73a504971]::panicking::panic_fmt
[INFO] [stdout]   11:     0x5df782760df2 - core[a373ad73a504971]::result::unwrap_failed
[INFO] [stdout]   12:     0x5df782653862 - subg[94210129033b200]::tests::new_test_with_path
[INFO] [stdout]   13:     0x5df782643058 - <subg[94210129033b200]::subcommands::subnet::tests::allocate::allocate_without_name::{closure#0} as core[a373ad73a504971]::ops::function::FnOnce<()>>::call_once
[INFO] [stdout]   14:     0x5df782690a5b - test[aada8e7e76ba119b]::__rust_begin_short_backtrace::<core[a373ad73a504971]::result::Result<(), alloc[2e1b2a31b91974c5]::string::String>, fn() -> core[a373ad73a504971]::result::Result<(), alloc[2e1b2a31b91974c5]::string::String>>
[INFO] [stdout]   15:     0x5df78269dc35 - test[aada8e7e76ba119b]::run_test::{closure#0}
[INFO] [stdout]   16:     0x5df782697524 - std[617be2ca0a6fd877]::sys::backtrace::__rust_begin_short_backtrace::<test[aada8e7e76ba119b]::run_test::{closure#1}, ()>
[INFO] [stdout]   17:     0x5df7826a0cc2 - <std[617be2ca0a6fd877]::thread::lifecycle::spawn_unchecked<test[aada8e7e76ba119b]::run_test::{closure#1}, ()>::{closure#1} as core[a373ad73a504971]::ops::function::FnOnce<()>>::call_once::{shim:vtable#0}
[INFO] [stdout]   18:     0x5df7827489df - <std[617be2ca0a6fd877]::sys::thread::unix::Thread>::new::thread_start
[INFO] [stdout]   19:     0x7134871addfa - <unknown>
[INFO] [stdout]   20:     0x7134872413d4 - clone
[INFO] [stdout]   21:                0x0 - <unknown>
[INFO] [stdout] 
[INFO] [stdout] ---- subcommands::subnet::tests::allocate::allocate_with_name stdout ----
[INFO] [stdout] 
[INFO] [stdout] thread 'subcommands::subnet::tests::allocate::allocate_with_name' (1646) panicked at src/bin/subg/main.rs:188:69:
[INFO] [stdout] called `Result::unwrap()` on an `Err` value: CargoError { cause: Some(NotFoundError { path: "/opt/rustwide/target/release/build/subg/0d0b08b6ff34fcc4/out/subg" }) }
[INFO] [stdout] stack backtrace:
[INFO] [stdout]    0:     0x5df782749201 - <<std[617be2ca0a6fd877]::sys::backtrace::BacktraceLock>::print::DisplayBacktrace as core[a373ad73a504971]::fmt::Display>::fmt
[INFO] [stdout]    1:     0x5df7827608ea - core[a373ad73a504971]::fmt::write
[INFO] [stdout]    2:     0x5df78274ed0c - <alloc[2e1b2a31b91974c5]::vec::Vec<u8> as core[a373ad73a504971]::io::write::Write>::write_fmt
[INFO] [stdout]    3:     0x5df7827236e6 - std[617be2ca0a6fd877]::panicking::default_hook::{closure#0}
[INFO] [stdout]    4:     0x5df782740f09 - std[617be2ca0a6fd877]::panicking::default_hook
[INFO] [stdout]    5:     0x5df78269d610 - test[aada8e7e76ba119b]::test_main_inner::{closure#0}
[INFO] [stdout]    6:     0x5df7827410c2 - std[617be2ca0a6fd877]::panicking::panic_with_hook
[INFO] [stdout]    7:     0x5df782723792 - std[617be2ca0a6fd877]::panicking::panic_handler::{closure#0}
[INFO] [stdout]    8:     0x5df78271c359 - std[617be2ca0a6fd877]::sys::backtrace::__rust_end_short_backtrace::<std[617be2ca0a6fd877]::panicking::panic_handler::{closure#0}, !>
[INFO] [stdout]    9:     0x5df78272439d - __rustc[ea4f61d10b84890b]::rust_begin_unwind
[INFO] [stdout]   10:     0x5df78276101c - core[a373ad73a504971]::panicking::panic_fmt
[INFO] [stdout]   11:     0x5df782760df2 - core[a373ad73a504971]::result::unwrap_failed
[INFO] [stdout]   12:     0x5df782653862 - subg[94210129033b200]::tests::new_test_with_path
[INFO] [stdout]   13:     0x5df782642c28 - <subg[94210129033b200]::subcommands::subnet::tests::allocate::allocate_with_name::{closure#0} as core[a373ad73a504971]::ops::function::FnOnce<()>>::call_once
[INFO] [stdout]   14:     0x5df782690a5b - test[aada8e7e76ba119b]::__rust_begin_short_backtrace::<core[a373ad73a504971]::result::Result<(), alloc[2e1b2a31b91974c5]::string::String>, fn() -> core[a373ad73a504971]::result::Result<(), alloc[2e1b2a31b91974c5]::string::String>>
[INFO] [stdout]   15:     0x5df78269dc35 - test[aada8e7e76ba119b]::run_test::{closure#0}
[INFO] [stdout]   16:     0x5df782697524 - std[617be2ca0a6fd877]::sys::backtrace::__rust_begin_short_backtrace::<test[aada8e7e76ba119b]::run_test::{closure#1}, ()>
[INFO] [stdout]   17:     0x5df7826a0cc2 - <std[617be2ca0a6fd877]::thread::lifecycle::spawn_unchecked<test[aada8e7e76ba119b]::run_test::{closure#1}, ()>::{closure#1} as core[a373ad73a504971]::ops::function::FnOnce<()>>::call_once::{shim:vtable#0}
[INFO] [stdout]   18:     0x5df7827489df - <std[617be2ca0a6fd877]::sys::thread::unix::Thread>::new::thread_start
[INFO] [stdout]   19:     0x7134871addfa - <unknown>
[INFO] [stdout]   20:     0x7134872413d4 - clone
[INFO] [stdout]   21:                0x0 - <unknown>
[INFO] [stdout] 
[INFO] [stdout] ---- subcommands::subnet::listing::tests::names::has_names_long stdout ----
[INFO] [stdout] 
[INFO] [stdout] thread 'subcommands::subnet::listing::tests::names::has_names_long' (1640) panicked at src/bin/subg/main.rs:188:69:
[INFO] [stdout] called `Result::unwrap()` on an `Err` value: CargoError { cause: Some(NotFoundError { path: "/opt/rustwide/target/release/build/subg/0d0b08b6ff34fcc4/out/subg" }) }
[INFO] [stdout] stack backtrace:
[INFO] [stdout]    0:     0x5df782749201 - <<std[617be2ca0a6fd877]::sys::backtrace::BacktraceLock>::print::DisplayBacktrace as core[a373ad73a504971]::fmt::Display>::fmt
[INFO] [stdout]    1:     0x5df7827608ea - core[a373ad73a504971]::fmt::write
[INFO] [stdout]    2:     0x5df78274ed0c - <alloc[2e1b2a31b91974c5]::vec::Vec<u8> as core[a373ad73a504971]::io::write::Write>::write_fmt
[INFO] [stdout]    3:     0x5df7827236e6 - std[617be2ca0a6fd877]::panicking::default_hook::{closure#0}
[INFO] [stdout]    4:     0x5df782740f09 - std[617be2ca0a6fd877]::panicking::default_hook
[INFO] [stdout]    5:     0x5df78269d610 - test[aada8e7e76ba119b]::test_main_inner::{closure#0}
[INFO] [stdout]    6:     0x5df7827410c2 - std[617be2ca0a6fd877]::panicking::panic_with_hook
[INFO] [stdout]    7:     0x5df782723792 - std[617be2ca0a6fd877]::panicking::panic_handler::{closure#0}
[INFO] [stdout]    8:     0x5df78271c359 - std[617be2ca0a6fd877]::sys::backtrace::__rust_end_short_backtrace::<std[617be2ca0a6fd877]::panicking::panic_handler::{closure#0}, !>
[INFO] [stdout]    9:     0x5df78272439d - __rustc[ea4f61d10b84890b]::rust_begin_unwind
[INFO] [stdout]   10:     0x5df78276101c - core[a373ad73a504971]::panicking::panic_fmt
[INFO] [stdout]   11:     0x5df782760df2 - core[a373ad73a504971]::result::unwrap_failed
[INFO] [stdout]   12:     0x5df782653862 - subg[94210129033b200]::tests::new_test_with_path
[INFO] [stdout]   13:     0x5df782648045 - <subg[94210129033b200]::subcommands::subnet::listing::tests::names::has_names_long::{closure#0} as core[a373ad73a504971]::ops::function::FnOnce<()>>::call_once
[INFO] [stdout]   14:     0x5df782690a5b - test[aada8e7e76ba119b]::__rust_begin_short_backtrace::<core[a373ad73a504971]::result::Result<(), alloc[2e1b2a31b91974c5]::string::String>, fn() -> core[a373ad73a504971]::result::Result<(), alloc[2e1b2a31b91974c5]::string::String>>
[INFO] [stdout]   15:     0x5df78269dc35 - test[aada8e7e76ba119b]::run_test::{closure#0}
[INFO] [stdout]   16:     0x5df782697524 - std[617be2ca0a6fd877]::sys::backtrace::__rust_begin_short_backtrace::<test[aada8e7e76ba119b]::run_test::{closure#1}, ()>
[INFO] [stdout]   17:     0x5df7826a0cc2 - <std[617be2ca0a6fd877]::thread::lifecycle::spawn_unchecked<test[aada8e7e76ba119b]::run_test::{closure#1}, ()>::{closure#1} as core[a373ad73a504971]::ops::function::FnOnce<()>>::call_once::{shim:vtable#0}
[INFO] [stdout]   18:     0x5df7827489df - <std[617be2ca0a6fd877]::sys::thread::unix::Thread>::new::thread_start
[INFO] [stdout]   19:     0x7134871addfa - <unknown>
[INFO] [stdout]   20:     0x7134872413d4 - clone
[INFO] [stdout]   21:                0x0 - <unknown>
[INFO] [stdout] 
[INFO] [stdout] ---- subcommands::subnet::tests::allocate::allocate_format_failure stdout ----
[INFO] [stdout] 
[INFO] [stdout] thread 'subcommands::subnet::tests::allocate::allocate_format_failure' (1642) panicked at src/bin/subg/main.rs:188:69:
[INFO] [stdout] called `Result::unwrap()` on an `Err` value: CargoError { cause: Some(NotFoundError { path: "/opt/rustwide/target/release/build/subg/0d0b08b6ff34fcc4/out/subg" }) }
[INFO] [stdout] stack backtrace:
[INFO] [stdout]    0:     0x5df782749201 - <<std[617be2ca0a6fd877]::sys::backtrace::BacktraceLock>::print::DisplayBacktrace as core[a373ad73a504971]::fmt::Display>::fmt
[INFO] [stdout]    1:     0x5df7827608ea - core[a373ad73a504971]::fmt::write
[INFO] [stdout]    2:     0x5df78274ed0c - <alloc[2e1b2a31b91974c5]::vec::Vec<u8> as core[a373ad73a504971]::io::write::Write>::write_fmt
[INFO] [stdout]    3:     0x5df7827236e6 - std[617be2ca0a6fd877]::panicking::default_hook::{closure#0}
[INFO] [stdout]    4:     0x5df782740f09 - std[617be2ca0a6fd877]::panicking::default_hook
[INFO] [stdout]    5:     0x5df78269d610 - test[aada8e7e76ba119b]::test_main_inner::{closure#0}
[INFO] [stdout]    6:     0x5df7827410c2 - std[617be2ca0a6fd877]::panicking::panic_with_hook
[INFO] [stdout]    7:     0x5df782723792 - std[617be2ca0a6fd877]::panicking::panic_handler::{closure#0}
[INFO] [stdout]    8:     0x5df78271c359 - std[617be2ca0a6fd877]::sys::backtrace::__rust_end_short_backtrace::<std[617be2ca0a6fd877]::panicking::panic_handler::{closure#0}, !>
[INFO] [stdout]    9:     0x5df78272439d - __rustc[ea4f61d10b84890b]::rust_begin_unwind
[INFO] [stdout]   10:     0x5df78276101c - core[a373ad73a504971]::panicking::panic_fmt
[INFO] [stdout]   11:     0x5df782760df2 - core[a373ad73a504971]::result::unwrap_failed
[INFO] [stdout]   12:     0x5df782653862 - subg[94210129033b200]::tests::new_test_with_path
[INFO] [stdout]   13:     0x5df782643743 - <subg[94210129033b200]::subcommands::subnet::tests::allocate::allocate_format_failure::{closure#0} as core[a373ad73a504971]::ops::function::FnOnce<()>>::call_once
[INFO] [stdout]   14:     0x5df782690a5b - test[aada8e7e76ba119b]::__rust_begin_short_backtrace::<core[a373ad73a504971]::result::Result<(), alloc[2e1b2a31b91974c5]::string::String>, fn() -> core[a373ad73a504971]::result::Result<(), alloc[2e1b2a31b91974c5]::string::String>>
[INFO] [stdout]   15:     0x5df78269dc35 - test[aada8e7e76ba119b]::run_test::{closure#0}
[INFO] [stdout]   16:     0x5df782697524 - std[617be2ca0a6fd877]::sys::backtrace::__rust_begin_short_backtrace::<test[aada8e7e76ba119b]::run_test::{closure#1}, ()>
[INFO] [stdout]   17:     0x5df7826a0cc2 - <std[617be2ca0a6fd877]::thread::lifecycle::spawn_unchecked<test[aada8e7e76ba119b]::run_test::{closure#1}, ()>::{closure#1} as core[a373ad73a504971]::ops::function::FnOnce<()>>::call_once::{shim:vtable#0}
[INFO] [stdout]   18:     0x5df7827489df - <std[617be2ca0a6fd877]::sys::thread::unix::Thread>::new::thread_start
[INFO] [stdout]   19:     0x7134871addfa - <unknown>
[INFO] [stdout]   20:     0x7134872413d4 - clone
[INFO] [stdout]   21:                0x0 - <unknown>
[INFO] [stdout] 
[INFO] [stdout] ---- subcommands::subnet::tests::claim::named stdout ----
[INFO] [stdout] 
[INFO] [stdout] thread 'subcommands::subnet::tests::claim::named' (1649) panicked at src/bin/subg/main.rs:188:69:
[INFO] [stdout] called `Result::unwrap()` on an `Err` value: CargoError { cause: Some(NotFoundError { path: "/opt/rustwide/target/release/build/subg/0d0b08b6ff34fcc4/out/subg" }) }
[INFO] [stdout] stack backtrace:
[INFO] [stdout]    0:     0x5df782749201 - <<std[617be2ca0a6fd877]::sys::backtrace::BacktraceLock>::print::DisplayBacktrace as core[a373ad73a504971]::fmt::Display>::fmt
[INFO] [stdout]    1:     0x5df7827608ea - core[a373ad73a504971]::fmt::write
[INFO] [stdout]    2:     0x5df78274ed0c - <alloc[2e1b2a31b91974c5]::vec::Vec<u8> as core[a373ad73a504971]::io::write::Write>::write_fmt
[INFO] [stdout]    3:     0x5df7827236e6 - std[617be2ca0a6fd877]::panicking::default_hook::{closure#0}
[INFO] [stdout]    4:     0x5df782740f09 - std[617be2ca0a6fd877]::panicking::default_hook
[INFO] [stdout]    5:     0x5df78269d610 - test[aada8e7e76ba119b]::test_main_inner::{closure#0}
[INFO] [stdout]    6:     0x5df7827410c2 - std[617be2ca0a6fd877]::panicking::panic_with_hook
[INFO] [stdout]    7:     0x5df782723792 - std[617be2ca0a6fd877]::panicking::panic_handler::{closure#0}
[INFO] [stdout]    8:     0x5df78271c359 - std[617be2ca0a6fd877]::sys::backtrace::__rust_end_short_backtrace::<std[617be2ca0a6fd877]::panicking::panic_handler::{closure#0}, !>
[INFO] [stdout]    9:     0x5df78272439d - __rustc[ea4f61d10b84890b]::rust_begin_unwind
[INFO] [stdout]   10:     0x5df78276101c - core[a373ad73a504971]::panicking::panic_fmt
[INFO] [stdout]   11:     0x5df782760df2 - core[a373ad73a504971]::result::unwrap_failed
[INFO] [stdout]   12:     0x5df782653862 - subg[94210129033b200]::tests::new_test_with_path
[INFO] [stdout]   13:     0x5df782653950 - subg[94210129033b200]::subcommands::subnet::tests::claim::new_claim_test
[INFO] [stdout]   14:     0x5df782654b82 - <subg[94210129033b200]::subcommands::subnet::tests::claim::named::{closure#0} as core[a373ad73a504971]::ops::function::FnOnce<()>>::call_once
[INFO] [stdout]   15:     0x5df782690a5b - test[aada8e7e76ba119b]::__rust_begin_short_backtrace::<core[a373ad73a504971]::result::Result<(), alloc[2e1b2a31b91974c5]::string::String>, fn() -> core[a373ad73a504971]::result::Result<(), alloc[2e1b2a31b91974c5]::string::String>>
[INFO] [stdout]   16:     0x5df78269dc35 - test[aada8e7e76ba119b]::run_test::{closure#0}
[INFO] [stdout]   17:     0x5df782697524 - std[617be2ca0a6fd877]::sys::backtrace::__rust_begin_short_backtrace::<test[aada8e7e76ba119b]::run_test::{closure#1}, ()>
[INFO] [stdout]   18:     0x5df7826a0cc2 - <std[617be2ca0a6fd877]::thread::lifecycle::spawn_unchecked<test[aada8e7e76ba119b]::run_test::{closure#1}, ()>::{closure#1} as core[a373ad73a504971]::ops::function::FnOnce<()>>::call_once::{shim:vtable#0}
[INFO] [stdout]   19:     0x5df7827489df - <std[617be2ca0a6fd877]::sys::thread::unix::Thread>::new::thread_start
[INFO] [stdout]   20:     0x7134871addfa - <unknown>
[INFO] [stdout]   21:     0x7134872413d4 - clone
[INFO] [stdout]   22:                0x0 - <unknown>
[INFO] [stdout] 
[INFO] [stdout] ---- subcommands::subnet::tests::free::free_success_with_cidr stdout ----
[INFO] [stdout] 
[INFO] [stdout] thread 'subcommands::subnet::tests::free::free_success_with_cidr' (1653) panicked at src/bin/subg/main.rs:188:69:
[INFO] [stdout] called `Result::unwrap()` on an `Err` value: CargoError { cause: Some(NotFoundError { path: "/opt/rustwide/target/release/build/subg/0d0b08b6ff34fcc4/out/subg" }) }
[INFO] [stdout] stack backtrace:
[INFO] [stdout]    0:     0x5df782749201 - <<std[617be2ca0a6fd877]::sys::backtrace::BacktraceLock>::print::DisplayBacktrace as core[a373ad73a504971]::fmt::Display>::fmt
[INFO] [stdout]    1:     0x5df7827608ea - core[a373ad73a504971]::fmt::write
[INFO] [stdout]    2:     0x5df78274ed0c - <alloc[2e1b2a31b91974c5]::vec::Vec<u8> as core[a373ad73a504971]::io::write::Write>::write_fmt
[INFO] [stdout]    3:     0x5df7827236e6 - std[617be2ca0a6fd877]::panicking::default_hook::{closure#0}
[INFO] [stdout]    4:     0x5df782740f09 - std[617be2ca0a6fd877]::panicking::default_hook
[INFO] [stdout]    5:     0x5df78269d610 - test[aada8e7e76ba119b]::test_main_inner::{closure#0}
[INFO] [stdout]    6:     0x5df7827410c2 - std[617be2ca0a6fd877]::panicking::panic_with_hook
[INFO] [stdout]    7:     0x5df782723792 - std[617be2ca0a6fd877]::panicking::panic_handler::{closure#0}
[INFO] [stdout]    8:     0x5df78271c359 - std[617be2ca0a6fd877]::sys::backtrace::__rust_end_short_backtrace::<std[617be2ca0a6fd877]::panicking::panic_handler::{closure#0}, !>
[INFO] [stdout]    9:     0x5df78272439d - __rustc[ea4f61d10b84890b]::rust_begin_unwind
[INFO] [stdout]   10:     0x5df78276101c - core[a373ad73a504971]::panicking::panic_fmt
[INFO] [stdout]   11:     0x5df782760df2 - core[a373ad73a504971]::result::unwrap_failed
[INFO] [stdout]   12:     0x5df782653862 - subg[94210129033b200]::tests::new_test_with_path
[INFO] [stdout]   13:     0x5df7826470b3 - <subg[94210129033b200]::subcommands::subnet::tests::free::free_success_with_cidr::{closure#0} as core[a373ad73a504971]::ops::function::FnOnce<()>>::call_once
[INFO] [stdout]   14:     0x5df782690a5b - test[aada8e7e76ba119b]::__rust_begin_short_backtrace::<core[a373ad73a504971]::result::Result<(), alloc[2e1b2a31b91974c5]::string::String>, fn() -> core[a373ad73a504971]::result::Result<(), alloc[2e1b2a31b91974c5]::string::String>>
[INFO] [stdout]   15:     0x5df78269dc35 - test[aada8e7e76ba119b]::run_test::{closure#0}
[INFO] [stdout]   16:     0x5df782697524 - std[617be2ca0a6fd877]::sys::backtrace::__rust_begin_short_backtrace::<test[aada8e7e76ba119b]::run_test::{closure#1}, ()>
[INFO] [stdout]   17:     0x5df7826a0cc2 - <std[617be2ca0a6fd877]::thread::lifecycle::spawn_unchecked<test[aada8e7e76ba119b]::run_test::{closure#1}, ()>::{closure#1} as core[a373ad73a504971]::ops::function::FnOnce<()>>::call_once::{shim:vtable#0}
[INFO] [stdout]   18:     0x5df7827489df - <std[617be2ca0a6fd877]::sys::thread::unix::Thread>::new::thread_start
[INFO] [stdout]   19:     0x7134871addfa - <unknown>
[INFO] [stdout]   20:     0x7134872413d4 - clone
[INFO] [stdout]   21:                0x0 - <unknown>
[INFO] [stdout] 
[INFO] [stdout] ---- subcommands::subnet::tests::free::free_success_multiple stdout ----
[INFO] [stdout] 
[INFO] [stdout] thread 'subcommands::subnet::tests::free::free_success_multiple' (1652) panicked at src/bin/subg/main.rs:188:69:
[INFO] [stdout] called `Result::unwrap()` on an `Err` value: CargoError { cause: Some(NotFoundError { path: "/opt/rustwide/target/release/build/subg/0d0b08b6ff34fcc4/out/subg" }) }
[INFO] [stdout] stack backtrace:
[INFO] [stdout]    0:     0x5df782749201 - <<std[617be2ca0a6fd877]::sys::backtrace::BacktraceLock>::print::DisplayBacktrace as core[a373ad73a504971]::fmt::Display>::fmt
[INFO] [stdout]    1:     0x5df7827608ea - core[a373ad73a504971]::fmt::write
[INFO] [stdout]    2:     0x5df78274ed0c - <alloc[2e1b2a31b91974c5]::vec::Vec<u8> as core[a373ad73a504971]::io::write::Write>::write_fmt
[INFO] [stdout]    3:     0x5df7827236e6 - std[617be2ca0a6fd877]::panicking::default_hook::{closure#0}
[INFO] [stdout]    4:     0x5df782740f09 - std[617be2ca0a6fd877]::panicking::default_hook
[INFO] [stdout]    5:     0x5df78269d610 - test[aada8e7e76ba119b]::test_main_inner::{closure#0}
[INFO] [stdout]    6:     0x5df7827410c2 - std[617be2ca0a6fd877]::panicking::panic_with_hook
[INFO] [stdout]    7:     0x5df782723792 - std[617be2ca0a6fd877]::panicking::panic_handler::{closure#0}
[INFO] [stdout]    8:     0x5df78271c359 - std[617be2ca0a6fd877]::sys::backtrace::__rust_end_short_backtrace::<std[617be2ca0a6fd877]::panicking::panic_handler::{closure#0}, !>
[INFO] [stdout]    9:     0x5df78272439d - __rustc[ea4f61d10b84890b]::rust_begin_unwind
[INFO] [stdout]   10:     0x5df78276101c - core[a373ad73a504971]::panicking::panic_fmt
[INFO] [stdout]   11:     0x5df782760df2 - core[a373ad73a504971]::result::unwrap_failed
[INFO] [stdout]   12:     0x5df782653862 - subg[94210129033b200]::tests::new_test_with_path
[INFO] [stdout]   13:     0x5df782646c39 - <subg[94210129033b200]::subcommands::subnet::tests::free::free_success_multiple::{closure#0} as core[a373ad73a504971]::ops::function::FnOnce<()>>::call_once
[INFO] [stdout]   14:     0x5df782690a5b - test[aada8e7e76ba119b]::__rust_begin_short_backtrace::<core[a373ad73a504971]::result::Result<(), alloc[2e1b2a31b91974c5]::string::String>, fn() -> core[a373ad73a504971]::result::Result<(), alloc[2e1b2a31b91974c5]::string::String>>
[INFO] [stdout]   15:     0x5df78269dc35 - test[aada8e7e76ba119b]::run_test::{closure#0}
[INFO] [stdout]   16:     0x5df782697524 - std[617be2ca0a6fd877]::sys::backtrace::__rust_begin_short_backtrace::<test[aada8e7e76ba119b]::run_test::{closure#1}, ()>
[INFO] [stdout]   17:     0x5df7826a0cc2 - <std[617be2ca0a6fd877]::thread::lifecycle::spawn_unchecked<test[aada8e7e76ba119b]::run_test::{closure#1}, ()>::{closure#1} as core[a373ad73a504971]::ops::function::FnOnce<()>>::call_once::{shim:vtable#0}
[INFO] [stdout]   18:     0x5df7827489df - <std[617be2ca0a6fd877]::sys::thread::unix::Thread>::new::thread_start
[INFO] [stdout]   19:     0x7134871addfa - <unknown>
[INFO] [stdout]   20:     0x7134872413d4 - clone
[INFO] [stdout]   21:                0x0 - <unknown>
[INFO] [stdout] 
[INFO] [stdout] ---- subcommands::subnet::tests::claim::claim_failed stdout ----
[INFO] [stdout] 
[INFO] [stdout] thread 'subcommands::subnet::tests::claim::claim_failed' (1648) panicked at src/bin/subg/main.rs:188:69:
[INFO] [stdout] called `Result::unwrap()` on an `Err` value: CargoError { cause: Some(NotFoundError { path: "/opt/rustwide/target/release/build/subg/0d0b08b6ff34fcc4/out/subg" }) }
[INFO] [stdout] stack backtrace:
[INFO] [stdout]    0:     0x5df782749201 - <<std[617be2ca0a6fd877]::sys::backtrace::BacktraceLock>::print::DisplayBacktrace as core[a373ad73a504971]::fmt::Display>::fmt
[INFO] [stdout]    1:     0x5df7827608ea - core[a373ad73a504971]::fmt::write
[INFO] [stdout]    2:     0x5df78274ed0c - <alloc[2e1b2a31b91974c5]::vec::Vec<u8> as core[a373ad73a504971]::io::write::Write>::write_fmt
[INFO] [stdout]    3:     0x5df7827236e6 - std[617be2ca0a6fd877]::panicking::default_hook::{closure#0}
[INFO] [stdout]    4:     0x5df782740f09 - std[617be2ca0a6fd877]::panicking::default_hook
[INFO] [stdout]    5:     0x5df78269d610 - test[aada8e7e76ba119b]::test_main_inner::{closure#0}
[INFO] [stdout]    6:     0x5df7827410c2 - std[617be2ca0a6fd877]::panicking::panic_with_hook
[INFO] [stdout]    7:     0x5df782723792 - std[617be2ca0a6fd877]::panicking::panic_handler::{closure#0}
[INFO] [stdout]    8:     0x5df78271c359 - std[617be2ca0a6fd877]::sys::backtrace::__rust_end_short_backtrace::<std[617be2ca0a6fd877]::panicking::panic_handler::{closure#0}, !>
[INFO] [stdout]    9:     0x5df78272439d - __rustc[ea4f61d10b84890b]::rust_begin_unwind
[INFO] [stdout]   10:     0x5df78276101c - core[a373ad73a504971]::panicking::panic_fmt
[INFO] [stdout]   11:     0x5df782760df2 - core[a373ad73a504971]::result::unwrap_failed
[INFO] [stdout]   12:     0x5df782653862 - subg[94210129033b200]::tests::new_test_with_path
[INFO] [stdout]   13:     0x5df782653950 - subg[94210129033b200]::subcommands::subnet::tests::claim::new_claim_test
[INFO] [stdout]   14:     0x5df7826549b0 - <subg[94210129033b200]::subcommands::subnet::tests::claim::claim_failed::{closure#0} as core[a373ad73a504971]::ops::function::FnOnce<()>>::call_once
[INFO] [stdout]   15:     0x5df782690a5b - test[aada8e7e76ba119b]::__rust_begin_short_backtrace::<core[a373ad73a504971]::result::Result<(), alloc[2e1b2a31b91974c5]::string::String>, fn() -> core[a373ad73a504971]::result::Result<(), alloc[2e1b2a31b91974c5]::string::String>>
[INFO] [stdout]   16:     0x5df78269dc35 - test[aada8e7e76ba119b]::run_test::{closure#0}
[INFO] [stdout]   17:     0x5df782697524 - std[617be2ca0a6fd877]::sys::backtrace::__rust_begin_short_backtrace::<test[aada8e7e76ba119b]::run_test::{closure#1}, ()>
[INFO] [stdout]   18:     0x5df7826a0cc2 - <std[617be2ca0a6fd877]::thread::lifecycle::spawn_unchecked<test[aada8e7e76ba119b]::run_test::{closure#1}, ()>::{closure#1} as core[a373ad73a504971]::ops::function::FnOnce<()>>::call_once::{shim:vtable#0}
[INFO] [stdout]   19:     0x5df7827489df - <std[617be2ca0a6fd877]::sys::thread::unix::Thread>::new::thread_start
[INFO] [stdout]   20:     0x7134871addfa - <unknown>
[INFO] [stdout]   21:     0x7134872413d4 - clone
[INFO] [stdout]   22:                0x0 - <unknown>
[INFO] [stdout] 
[INFO] [stdout] ---- subcommands::subnet::tests::claim::unnamed stdout ----
[INFO] [stdout] 
[INFO] [stdout] thread 'subcommands::subnet::tests::claim::unnamed' (1650) panicked at src/bin/subg/main.rs:188:69:
[INFO] [stdout] called `Result::unwrap()` on an `Err` value: CargoError { cause: Some(NotFoundError { path: "/opt/rustwide/target/release/build/subg/0d0b08b6ff34fcc4/out/subg" }) }
[INFO] [stdout] stack backtrace:
[INFO] [stdout]    0:     0x5df782749201 - <<std[617be2ca0a6fd877]::sys::backtrace::BacktraceLock>::print::DisplayBacktrace as core[a373ad73a504971]::fmt::Display>::fmt
[INFO] [stdout]    1:     0x5df7827608ea - core[a373ad73a504971]::fmt::write
[INFO] [stdout]    2:     0x5df78274ed0c - <alloc[2e1b2a31b91974c5]::vec::Vec<u8> as core[a373ad73a504971]::io::write::Write>::write_fmt
[INFO] [stdout]    3:     0x5df7827236e6 - std[617be2ca0a6fd877]::panicking::default_hook::{closure#0}
[INFO] [stdout]    4:     0x5df782740f09 - std[617be2ca0a6fd877]::panicking::default_hook
[INFO] [stdout]    5:     0x5df78269d610 - test[aada8e7e76ba119b]::test_main_inner::{closure#0}
[INFO] [stdout]    6:     0x5df7827410c2 - std[617be2ca0a6fd877]::panicking::panic_with_hook
[INFO] [stdout]    7:     0x5df782723792 - std[617be2ca0a6fd877]::panicking::panic_handler::{closure#0}
[INFO] [stdout]    8:     0x5df78271c359 - std[617be2ca0a6fd877]::sys::backtrace::__rust_end_short_backtrace::<std[617be2ca0a6fd877]::panicking::panic_handler::{closure#0}, !>
[INFO] [stdout]    9:     0x5df78272439d - __rustc[ea4f61d10b84890b]::rust_begin_unwind
[INFO] [stdout]   10:     0x5df78276101c - core[a373ad73a504971]::panicking::panic_fmt
[INFO] [stdout]   11:     0x5df782760df2 - core[a373ad73a504971]::result::unwrap_failed
[INFO] [stdout]   12:     0x5df782653862 - subg[94210129033b200]::tests::new_test_with_path
[INFO] [stdout]   13:     0x5df782653950 - subg[94210129033b200]::subcommands::subnet::tests::claim::new_claim_test
[INFO] [stdout]   14:     0x5df782654ec8 - <subg[94210129033b200]::subcommands::subnet::tests::claim::unnamed::{closure#0} as core[a373ad73a504971]::ops::function::FnOnce<()>>::call_once
[INFO] [stdout]   15:     0x5df782690a5b - test[aada8e7e76ba119b]::__rust_begin_short_backtrace::<core[a373ad73a504971]::result::Result<(), alloc[2e1b2a31b91974c5]::string::String>, fn() -> core[a373ad73a504971]::result::Result<(), alloc[2e1b2a31b91974c5]::string::String>>
[INFO] [stdout]   16:     0x5df78269dc35 - test[aada8e7e76ba119b]::run_test::{closure#0}
[INFO] [stdout]   17:     0x5df782697524 - std[617be2ca0a6fd877]::sys::backtrace::__rust_begin_short_backtrace::<test[aada8e7e76ba119b]::run_test::{closure#1}, ()>
[INFO] [stdout]   18:     0x5df7826a0cc2 - <std[617be2ca0a6fd877]::thread::lifecycle::spawn_unchecked<test[aada8e7e76ba119b]::run_test::{closure#1}, ()>::{closure#1} as core[a373ad73a504971]::ops::function::FnOnce<()>>::call_once::{shim:vtable#0}
[INFO] [stdout]   19:     0x5df7827489df - <std[617be2ca0a6fd877]::sys::thread::unix::Thread>::new::thread_start
[INFO] [stdout]   20:     0x7134871addfa - <unknown>
[INFO] [stdout]   21:     0x7134872413d4 - clone
[INFO] [stdout]   22:                0x0 - <unknown>
[INFO] [stdout] 
[INFO] [stdout] ---- subcommands::subnet::tests::free::free_failure stdout ----
[INFO] [stdout] 
[INFO] [stdout] thread 'subcommands::subnet::tests::free::free_failure' (1651) panicked at src/bin/subg/main.rs:188:69:
[INFO] [stdout] called `Result::unwrap()` on an `Err` value: CargoError { cause: Some(NotFoundError { path: "/opt/rustwide/target/release/build/subg/0d0b08b6ff34fcc4/out/subg" }) }
[INFO] [stdout] stack backtrace:
[INFO] [stdout]    0:     0x5df782749201 - <<std[617be2ca0a6fd877]::sys::backtrace::BacktraceLock>::print::DisplayBacktrace as core[a373ad73a504971]::fmt::Display>::fmt
[INFO] [stdout]    1:     0x5df7827608ea - core[a373ad73a504971]::fmt::write
[INFO] [stdout]    2:     0x5df78274ed0c - <alloc[2e1b2a31b91974c5]::vec::Vec<u8> as core[a373ad73a504971]::io::write::Write>::write_fmt
[INFO] [stdout]    3:     0x5df7827236e6 - std[617be2ca0a6fd877]::panicking::default_hook::{closure#0}
[INFO] [stdout]    4:     0x5df782740f09 - std[617be2ca0a6fd877]::panicking::default_hook
[INFO] [stdout]    5:     0x5df78269d610 - test[aada8e7e76ba119b]::test_main_inner::{closure#0}
[INFO] [stdout]    6:     0x5df7827410c2 - std[617be2ca0a6fd877]::panicking::panic_with_hook
[INFO] [stdout]    7:     0x5df782723792 - std[617be2ca0a6fd877]::panicking::panic_handler::{closure#0}
[INFO] [stdout]    8:     0x5df78271c359 - std[617be2ca0a6fd877]::sys::backtrace::__rust_end_short_backtrace::<std[617be2ca0a6fd877]::panicking::panic_handler::{closure#0}, !>
[INFO] [stdout]    9:     0x5df78272439d - __rustc[ea4f61d10b84890b]::rust_begin_unwind
[INFO] [stdout]   10:     0x5df78276101c - core[a373ad73a504971]::panicking::panic_fmt
[INFO] [stdout]   11:     0x5df782760df2 - core[a373ad73a504971]::result::unwrap_failed
[INFO] [stdout]   12:     0x5df782653862 - subg[94210129033b200]::tests::new_test_with_path
[INFO] [stdout]   13:     0x5df782645f51 - <subg[94210129033b200]::subcommands::subnet::tests::free::free_failure::{closure#0} as core[a373ad73a504971]::ops::function::FnOnce<()>>::call_once
[INFO] [stdout]   14:     0x5df782690a5b - test[aada8e7e76ba119b]::__rust_begin_short_backtrace::<core[a373ad73a504971]::result::Result<(), alloc[2e1b2a31b91974c5]::string::String>, fn() -> core[a373ad73a504971]::result::Result<(), alloc[2e1b2a31b91974c5]::string::String>>
[INFO] [stdout]   15:     0x5df78269dc35 - test[aada8e7e76ba119b]::run_test::{closure#0}
[INFO] [stdout]   16:     0x5df782697524 - std[617be2ca0a6fd877]::sys::backtrace::__rust_begin_short_backtrace::<test[aada8e7e76ba119b]::run_test::{closure#1}, ()>
[INFO] [stdout]   17:     0x5df7826a0cc2 - <std[617be2ca0a6fd877]::thread::lifecycle::spawn_unchecked<test[aada8e7e76ba119b]::run_test::{closure#1}, ()>::{closure#1} as core[a373ad73a504971]::ops::function::FnOnce<()>>::call_once::{shim:vtable#0}
[INFO] [stdout]   18:     0x5df7827489df - <std[617be2ca0a6fd877]::sys::thread::unix::Thread>::new::thread_start
[INFO] [stdout]   19:     0x7134871addfa - <unknown>
[INFO] [stdout]   20:     0x7134872413d4 - clone
[INFO] [stdout]   21:                0x0 - <unknown>
[INFO] [stdout] 
[INFO] [stdout] ---- subcommands::subnet::tests::free::free_success_with_name stdout ----
[INFO] [stdout] 
[INFO] [stdout] thread 'subcommands::subnet::tests::free::free_success_with_name' (1654) panicked at src/bin/subg/main.rs:188:69:
[INFO] [stdout] called `Result::unwrap()` on an `Err` value: CargoError { cause: Some(NotFoundError { path: "/opt/rustwide/target/release/build/subg/0d0b08b6ff34fcc4/out/subg" }) }
[INFO] [stdout] stack backtrace:
[INFO] [stdout]    0:     0x5df782749201 - <<std[617be2ca0a6fd877]::sys::backtrace::BacktraceLock>::print::DisplayBacktrace as core[a373ad73a504971]::fmt::Display>::fmt
[INFO] [stdout]    1:     0x5df7827608ea - core[a373ad73a504971]::fmt::write
[INFO] [stdout]    2:     0x5df78274ed0c - <alloc[2e1b2a31b91974c5]::vec::Vec<u8> as core[a373ad73a504971]::io::write::Write>::write_fmt
[INFO] [stdout]    3:     0x5df7827236e6 - std[617be2ca0a6fd877]::panicking::default_hook::{closure#0}
[INFO] [stdout]    4:     0x5df782740f09 - std[617be2ca0a6fd877]::panicking::default_hook
[INFO] [stdout]    5:     0x5df78269d610 - test[aada8e7e76ba119b]::test_main_inner::{closure#0}
[INFO] [stdout]    6:     0x5df7827410c2 - std[617be2ca0a6fd877]::panicking::panic_with_hook
[INFO] [stdout]    7:     0x5df782723792 - std[617be2ca0a6fd877]::panicking::panic_handler::{closure#0}
[INFO] [stdout]    8:     0x5df78271c359 - std[617be2ca0a6fd877]::sys::backtrace::__rust_end_short_backtrace::<std[617be2ca0a6fd877]::panicking::panic_handler::{closure#0}, !>
[INFO] [stdout]    9:     0x5df78272439d - __rustc[ea4f61d10b84890b]::rust_begin_unwind
[INFO] [stdout]   10:     0x5df78276101c - core[a373ad73a504971]::panicking::panic_fmt
[INFO] [stdout]   11:     0x5df782760df2 - core[a373ad73a504971]::result::unwrap_failed
[INFO] [stdout]   12:     0x5df782653862 - subg[94210129033b200]::tests::new_test_with_path
[INFO] [stdout]   13:     0x5df7826473f3 - <subg[94210129033b200]::subcommands::subnet::tests::free::free_success_with_name::{closure#0} as core[a373ad73a504971]::ops::function::FnOnce<()>>::call_once
[INFO] [stdout]   14:     0x5df782690a5b - test[aada8e7e76ba119b]::__rust_begin_short_backtrace::<core[a373ad73a504971]::result::Result<(), alloc[2e1b2a31b91974c5]::string::String>, fn() -> core[a373ad73a504971]::result::Result<(), alloc[2e1b2a31b91974c5]::string::String>>
[INFO] [stdout]   15:     0x5df78269dc35 - test[aada8e7e76ba119b]::run_test::{closure#0}
[INFO] [stdout]   16:     0x5df782697524 - std[617be2ca0a6fd877]::sys::backtrace::__rust_begin_short_backtrace::<test[aada8e7e76ba119b]::run_test::{closure#1}, ()>
[INFO] [stdout]   17:     0x5df7826a0cc2 - <std[617be2ca0a6fd877]::thread::lifecycle::spawn_unchecked<test[aada8e7e76ba119b]::run_test::{closure#1}, ()>::{closure#1} as core[a373ad73a504971]::ops::function::FnOnce<()>>::call_once::{shim:vtable#0}
[INFO] [stdout]   18:     0x5df7827489df - <std[617be2ca0a6fd877]::sys::thread::unix::Thread>::new::thread_start
[INFO] [stdout]   19:     0x7134871addfa - <unknown>
[INFO] [stdout]   20:     0x7134872413d4 - clone
[INFO] [stdout]   21:                0x0 - <unknown>
[INFO] [stdout] 
[INFO] [stdout] ---- subcommands::subnet::tests::free::ignore_missing_name stdout ----
[INFO] [stdout] 
[INFO] [stdout] thread 'subcommands::subnet::tests::free::ignore_missing_name' (1656) panicked at src/bin/subg/main.rs:188:69:
[INFO] [stdout] called `Result::unwrap()` on an `Err` value: CargoError { cause: Some(NotFoundError { path: "/opt/rustwide/target/release/build/subg/0d0b08b6ff34fcc4/out/subg" }) }
[INFO] [stdout] stack backtrace:
[INFO] [stdout]    0:     0x5df782749201 - <<std[617be2ca0a6fd877]::sys::backtrace::BacktraceLock>::print::DisplayBacktrace as core[a373ad73a504971]::fmt::Display>::fmt
[INFO] [stdout]    1:     0x5df7827608ea - core[a373ad73a504971]::fmt::write
[INFO] [stdout]    2:     0x5df78274ed0c - <alloc[2e1b2a31b91974c5]::vec::Vec<u8> as core[a373ad73a504971]::io::write::Write>::write_fmt
[INFO] [stdout]    3:     0x5df7827236e6 - std[617be2ca0a6fd877]::panicking::default_hook::{closure#0}
[INFO] [stdout]    4:     0x5df782740f09 - std[617be2ca0a6fd877]::panicking::default_hook
[INFO] [stdout]    5:     0x5df78269d610 - test[aada8e7e76ba119b]::test_main_inner::{closure#0}
[INFO] [stdout]    6:     0x5df7827410c2 - std[617be2ca0a6fd877]::panicking::panic_with_hook
[INFO] [stdout]    7:     0x5df782723792 - std[617be2ca0a6fd877]::panicking::panic_handler::{closure#0}
[INFO] [stdout]    8:     0x5df78271c359 - std[617be2ca0a6fd877]::sys::backtrace::__rust_end_short_backtrace::<std[617be2ca0a6fd877]::panicking::panic_handler::{closure#0}, !>
[INFO] [stdout]    9:     0x5df78272439d - __rustc[ea4f61d10b84890b]::rust_begin_unwind
[INFO] [stdout]   10:     0x5df78276101c - core[a373ad73a504971]::panicking::panic_fmt
[INFO] [stdout]   11:     0x5df782760df2 - core[a373ad73a504971]::result::unwrap_failed
[INFO] [stdout]   12:     0x5df782653862 - subg[94210129033b200]::tests::new_test_with_path
[INFO] [stdout]   13:     0x5df7826467d9 - <subg[94210129033b200]::subcommands::subnet::tests::free::ignore_missing_name::{closure#0} as core[a373ad73a504971]::ops::function::FnOnce<()>>::call_once
[INFO] [stdout]   14:     0x5df782690a5b - test[aada8e7e76ba119b]::__rust_begin_short_backtrace::<core[a373ad73a504971]::result::Result<(), alloc[2e1b2a31b91974c5]::string::String>, fn() -> core[a373ad73a504971]::result::Result<(), alloc[2e1b2a31b91974c5]::string::String>>
[INFO] [stdout]   15:     0x5df78269dc35 - test[aada8e7e76ba119b]::run_test::{closure#0}
[INFO] [stdout]   16:     0x5df782697524 - std[617be2ca0a6fd877]::sys::backtrace::__rust_begin_short_backtrace::<test[aada8e7e76ba119b]::run_test::{closure#1}, ()>
[INFO] [stdout]   17:     0x5df7826a0cc2 - <std[617be2ca0a6fd877]::thread::lifecycle::spawn_unchecked<test[aada8e7e76ba119b]::run_test::{closure#1}, ()>::{closure#1} as core[a373ad73a504971]::ops::function::FnOnce<()>>::call_once::{shim:vtable#0}
[INFO] [stdout]   18:     0x5df7827489df - <std[617be2ca0a6fd877]::sys::thread::unix::Thread>::new::thread_start
[INFO] [stdout]   19:     0x7134871addfa - <unknown>
[INFO] [stdout]   20:     0x7134872413d4 - clone
[INFO] [stdout]   21:                0x0 - <unknown>
[INFO] [stdout] 
[INFO] [stdout] ---- subcommands::subnet::tests::max_available::no_subnets stdout ----
[INFO] [stdout] 
[INFO] [stdout] thread 'subcommands::subnet::tests::max_available::no_subnets' (1659) panicked at src/bin/subg/main.rs:188:69:
[INFO] [stdout] called `Result::unwrap()` on an `Err` value: CargoError { cause: Some(NotFoundError { path: "/opt/rustwide/target/release/build/subg/0d0b08b6ff34fcc4/out/subg" }) }
[INFO] [stdout] stack backtrace:
[INFO] [stdout]    0:     0x5df782749201 - <<std[617be2ca0a6fd877]::sys::backtrace::BacktraceLock>::print::DisplayBacktrace as core[a373ad73a504971]::fmt::Display>::fmt
[INFO] [stdout]    1:     0x5df7827608ea - core[a373ad73a504971]::fmt::write
[INFO] [stdout]    2:     0x5df78274ed0c - <alloc[2e1b2a31b91974c5]::vec::Vec<u8> as core[a373ad73a504971]::io::write::Write>::write_fmt
[INFO] [stdout]    3:     0x5df7827236e6 - std[617be2ca0a6fd877]::panicking::default_hook::{closure#0}
[INFO] [stdout]    4:     0x5df782740f09 - std[617be2ca0a6fd877]::panicking::default_hook
[INFO] [stdout]    5:     0x5df78269d610 - test[aada8e7e76ba119b]::test_main_inner::{closure#0}
[INFO] [stdout]    6:     0x5df7827410c2 - std[617be2ca0a6fd877]::panicking::panic_with_hook
[INFO] [stdout]    7:     0x5df782723792 - std[617be2ca0a6fd877]::panicking::panic_handler::{closure#0}
[INFO] [stdout]    8:     0x5df78271c359 - std[617be2ca0a6fd877]::sys::backtrace::__rust_end_short_backtrace::<std[617be2ca0a6fd877]::panicking::panic_handler::{closure#0}, !>
[INFO] [stdout]    9:     0x5df78272439d - __rustc[ea4f61d10b84890b]::rust_begin_unwind
[INFO] [stdout]   10:     0x5df78276101c - core[a373ad73a504971]::panicking::panic_fmt
[INFO] [stdout]   11:     0x5df782760df2 - core[a373ad73a504971]::result::unwrap_failed
[INFO] [stdout]   12:     0x5df782653862 - subg[94210129033b200]::tests::new_test_with_path
[INFO] [stdout]   13:     0x5df782645a63 - <subg[94210129033b200]::subcommands::subnet::tests::max_available::no_subnets::{closure#0} as core[a373ad73a504971]::ops::function::FnOnce<()>>::call_once
[INFO] [stdout]   14:     0x5df782690a5b - test[aada8e7e76ba119b]::__rust_begin_short_backtrace::<core[a373ad73a504971]::result::Result<(), alloc[2e1b2a31b91974c5]::string::String>, fn() -> core[a373ad73a504971]::result::Result<(), alloc[2e1b2a31b91974c5]::string::String>>
[INFO] [stdout]   15:     0x5df78269dc35 - test[aada8e7e76ba119b]::run_test::{closure#0}
[INFO] [stdout]   16:     0x5df782697524 - std[617be2ca0a6fd877]::sys::backtrace::__rust_begin_short_backtrace::<test[aada8e7e76ba119b]::run_test::{closure#1}, ()>
[INFO] [stdout]   17:     0x5df7826a0cc2 - <std[617be2ca0a6fd877]::thread::lifecycle::spawn_unchecked<test[aada8e7e76ba119b]::run_test::{closure#1}, ()>::{closure#1} as core[a373ad73a504971]::ops::function::FnOnce<()>>::call_once::{shim:vtable#0}
[INFO] [stdout]   18:     0x5df7827489df - <std[617be2ca0a6fd877]::sys::thread::unix::Thread>::new::thread_start
[INFO] [stdout]   19:     0x7134871addfa - <unknown>
[INFO] [stdout]   20:     0x7134872413d4 - clone
[INFO] [stdout]   21:                0x0 - <unknown>
[INFO] [stdout] 
[INFO] [stdout] ---- subcommands::subnet::tests::max_available::has_subnets stdout ----
[INFO] [stdout] 
[INFO] [stdout] thread 'subcommands::subnet::tests::max_available::has_subnets' (1658) panicked at src/bin/subg/main.rs:188:69:
[INFO] [stdout] called `Result::unwrap()` on an `Err` value: CargoError { cause: Some(NotFoundError { path: "/opt/rustwide/target/release/build/subg/0d0b08b6ff34fcc4/out/subg" }) }
[INFO] [stdout] stack backtrace:
[INFO] [stdout]    0:     0x5df782749201 - <<std[617be2ca0a6fd877]::sys::backtrace::BacktraceLock>::print::DisplayBacktrace as core[a373ad73a504971]::fmt::Display>::fmt
[INFO] [stdout]    1:     0x5df7827608ea - core[a373ad73a504971]::fmt::write
[INFO] [stdout]    2:     0x5df78274ed0c - <alloc[2e1b2a31b91974c5]::vec::Vec<u8> as core[a373ad73a504971]::io::write::Write>::write_fmt
[INFO] [stdout]    3:     0x5df7827236e6 - std[617be2ca0a6fd877]::panicking::default_hook::{closure#0}
[INFO] [stdout]    4:     0x5df782740f09 - std[617be2ca0a6fd877]::panicking::default_hook
[INFO] [stdout]    5:     0x5df78269d610 - test[aada8e7e76ba119b]::test_main_inner::{closure#0}
[INFO] [stdout]    6:     0x5df7827410c2 - std[617be2ca0a6fd877]::panicking::panic_with_hook
[INFO] [stdout]    7:     0x5df782723792 - std[617be2ca0a6fd877]::panicking::panic_handler::{closure#0}
[INFO] [stdout]    8:     0x5df78271c359 - std[617be2ca0a6fd877]::sys::backtrace::__rust_end_short_backtrace::<std[617be2ca0a6fd877]::panicking::panic_handler::{closure#0}, !>
[INFO] [stdout]    9:     0x5df78272439d - __rustc[ea4f61d10b84890b]::rust_begin_unwind
[INFO] [stdout]   10:     0x5df78276101c - core[a373ad73a504971]::panicking::panic_fmt
[INFO] [stdout]   11:     0x5df782760df2 - core[a373ad73a504971]::result::unwrap_failed
[INFO] [stdout]   12:     0x5df782653862 - subg[94210129033b200]::tests::new_test_with_path
[INFO] [stdout]   13:     0x5df782645bd7 - <subg[94210129033b200]::subcommands::subnet::tests::max_available::has_subnets::{closure#0} as core[a373ad73a504971]::ops::function::FnOnce<()>>::call_once
[INFO] [stdout]   14:     0x5df782690a5b - test[aada8e7e76ba119b]::__rust_begin_short_backtrace::<core[a373ad73a504971]::result::Result<(), alloc[2e1b2a31b91974c5]::string::String>, fn() -> core[a373ad73a504971]::result::Result<(), alloc[2e1b2a31b91974c5]::string::String>>
[INFO] [stdout]   15:     0x5df78269dc35 - test[aada8e7e76ba119b]::run_test::{closure#0}
[INFO] [stdout]   16:     0x5df782697524 - std[617be2ca0a6fd877]::sys::backtrace::__rust_begin_short_backtrace::<test[aada8e7e76ba119b]::run_test::{closure#1}, ()>
[INFO] [stdout]   17:     0x5df7826a0cc2 - <std[617be2ca0a6fd877]::thread::lifecycle::spawn_unchecked<test[aada8e7e76ba119b]::run_test::{closure#1}, ()>::{closure#1} as core[a373ad73a504971]::ops::function::FnOnce<()>>::call_once::{shim:vtable#0}
[INFO] [stdout]   18:     0x5df7827489df - <std[617be2ca0a6fd877]::sys::thread::unix::Thread>::new::thread_start
[INFO] [stdout]   19:     0x7134871addfa - <unknown>
[INFO] [stdout]   20:     0x7134872413d4 - clone
[INFO] [stdout]   21:                0x0 - <unknown>
[INFO] [stdout] 
[INFO] [stdout] ---- subcommands::subnet::tests::free::ignore_missing_cidr stdout ----
[INFO] [stdout] 
[INFO] [stdout] thread 'subcommands::subnet::tests::free::ignore_missing_cidr' (1655) panicked at src/bin/subg/main.rs:188:69:
[INFO] [stdout] called `Result::unwrap()` on an `Err` value: CargoError { cause: Some(NotFoundError { path: "/opt/rustwide/target/release/build/subg/0d0b08b6ff34fcc4/out/subg" }) }
[INFO] [stdout] stack backtrace:
[INFO] [stdout]    0:     0x5df782749201 - <<std[617be2ca0a6fd877]::sys::backtrace::BacktraceLock>::print::DisplayBacktrace as core[a373ad73a504971]::fmt::Display>::fmt
[INFO] [stdout]    1:     0x5df7827608ea - core[a373ad73a504971]::fmt::write
[INFO] [stdout]    2:     0x5df78274ed0c - <alloc[2e1b2a31b91974c5]::vec::Vec<u8> as core[a373ad73a504971]::io::write::Write>::write_fmt
[INFO] [stdout]    3:     0x5df7827236e6 - std[617be2ca0a6fd877]::panicking::default_hook::{closure#0}
[INFO] [stdout]    4:     0x5df782740f09 - std[617be2ca0a6fd877]::panicking::default_hook
[INFO] [stdout]    5:     0x5df78269d610 - test[aada8e7e76ba119b]::test_main_inner::{closure#0}
[INFO] [stdout]    6:     0x5df7827410c2 - std[617be2ca0a6fd877]::panicking::panic_with_hook
[INFO] [stdout]    7:     0x5df782723792 - std[617be2ca0a6fd877]::panicking::panic_handler::{closure#0}
[INFO] [stdout]    8:     0x5df78271c359 - std[617be2ca0a6fd877]::sys::backtrace::__rust_end_short_backtrace::<std[617be2ca0a6fd877]::panicking::panic_handler::{closure#0}, !>
[INFO] [stdout]    9:     0x5df78272439d - __rustc[ea4f61d10b84890b]::rust_begin_unwind
[INFO] [stdout]   10:     0x5df78276101c - core[a373ad73a504971]::panicking::panic_fmt
[INFO] [stdout]   11:     0x5df782760df2 - core[a373ad73a504971]::result::unwrap_failed
[INFO] [stdout]   12:     0x5df782653862 - subg[94210129033b200]::tests::new_test_with_path
[INFO] [stdout]   13:     0x5df7826464d3 - <subg[94210129033b200]::subcommands::subnet::tests::free::ignore_missing_cidr::{closure#0} as core[a373ad73a504971]::ops::function::FnOnce<()>>::call_once
[INFO] [stdout]   14:     0x5df782690a5b - test[aada8e7e76ba119b]::__rust_begin_short_backtrace::<core[a373ad73a504971]::result::Result<(), alloc[2e1b2a31b91974c5]::string::String>, fn() -> core[a373ad73a504971]::result::Result<(), alloc[2e1b2a31b91974c5]::string::String>>
[INFO] [stdout]   15:     0x5df78269dc35 - test[aada8e7e76ba119b]::run_test::{closure#0}
[INFO] [stdout]   16:     0x5df782697524 - std[617be2ca0a6fd877]::sys::backtrace::__rust_begin_short_backtrace::<test[aada8e7e76ba119b]::run_test::{closure#1}, ()>
[INFO] [stdout]   17:     0x5df7826a0cc2 - <std[617be2ca0a6fd877]::thread::lifecycle::spawn_unchecked<test[aada8e7e76ba119b]::run_test::{closure#1}, ()>::{closure#1} as core[a373ad73a504971]::ops::function::FnOnce<()>>::call_once::{shim:vtable#0}
[INFO] [stdout]   18:     0x5df7827489df - <std[617be2ca0a6fd877]::sys::thread::unix::Thread>::new::thread_start
[INFO] [stdout]   19:     0x7134871addfa - <unknown>
[INFO] [stdout]   20:     0x7134872413d4 - clone
[INFO] [stdout]   21:                0x0 - <unknown>
[INFO] [stdout] 
[INFO] [stdout] ---- subcommands::subnet::tests::free::name_not_found stdout ----
[INFO] [stdout] 
[INFO] [stdout] thread 'subcommands::subnet::tests::free::name_not_found' (1657) panicked at src/bin/subg/main.rs:188:69:
[INFO] [stdout] called `Result::unwrap()` on an `Err` value: CargoError { cause: Some(NotFoundError { path: "/opt/rustwide/target/release/build/subg/0d0b08b6ff34fcc4/out/subg" }) }
[INFO] [stdout] stack backtrace:
[INFO] [stdout]    0:     0x5df782749201 - <<std[617be2ca0a6fd877]::sys::backtrace::BacktraceLock>::print::DisplayBacktrace as core[a373ad73a504971]::fmt::Display>::fmt
[INFO] [stdout]    1:     0x5df7827608ea - core[a373ad73a504971]::fmt::write
[INFO] [stdout]    2:     0x5df78274ed0c - <alloc[2e1b2a31b91974c5]::vec::Vec<u8> as core[a373ad73a504971]::io::write::Write>::write_fmt
[INFO] [stdout]    3:     0x5df7827236e6 - std[617be2ca0a6fd877]::panicking::default_hook::{closure#0}
[INFO] [stdout]    4:     0x5df782740f09 - std[617be2ca0a6fd877]::panicking::default_hook
[INFO] [stdout]    5:     0x5df78269d610 - test[aada8e7e76ba119b]::test_main_inner::{closure#0}
[INFO] [stdout]    6:     0x5df7827410c2 - std[617be2ca0a6fd877]::panicking::panic_with_hook
[INFO] [stdout]    7:     0x5df782723792 - std[617be2ca0a6fd877]::panicking::panic_handler::{closure#0}
[INFO] [stdout]    8:     0x5df78271c359 - std[617be2ca0a6fd877]::sys::backtrace::__rust_end_short_backtrace::<std[617be2ca0a6fd877]::panicking::panic_handler::{closure#0}, !>
[INFO] [stdout]    9:     0x5df78272439d - __rustc[ea4f61d10b84890b]::rust_begin_unwind
[INFO] [stdout]   10:     0x5df78276101c - core[a373ad73a504971]::panicking::panic_fmt
[INFO] [stdout]   11:     0x5df782760df2 - core[a373ad73a504971]::result::unwrap_failed
[INFO] [stdout]   12:     0x5df782653862 - subg[94210129033b200]::tests::new_test_with_path
[INFO] [stdout]   13:     0x5df782646211 - <subg[94210129033b200]::subcommands::subnet::tests::free::name_not_found::{closure#0} as core[a373ad73a504971]::ops::function::FnOnce<()>>::call_once
[INFO] [stdout]   14:     0x5df782690a5b - test[aada8e7e76ba119b]::__rust_begin_short_backtrace::<core[a373ad73a504971]::result::Result<(), alloc[2e1b2a31b91974c5]::string::String>, fn() -> core[a373ad73a504971]::result::Result<(), alloc[2e1b2a31b91974c5]::string::String>>
[INFO] [stdout]   15:     0x5df78269dc35 - test[aada8e7e76ba119b]::run_test::{closure#0}
[INFO] [stdout]   16:     0x5df782697524 - std[617be2ca0a6fd877]::sys::backtrace::__rust_begin_short_backtrace::<test[aada8e7e76ba119b]::run_test::{closure#1}, ()>
[INFO] [stdout]   17:     0x5df7826a0cc2 - <std[617be2ca0a6fd877]::thread::lifecycle::spawn_unchecked<test[aada8e7e76ba119b]::run_test::{closure#1}, ()>::{closure#1} as core[a373ad73a504971]::ops::function::FnOnce<()>>::call_once::{shim:vtable#0}
[INFO] [stdout]   18:     0x5df7827489df - <std[617be2ca0a6fd877]::sys::thread::unix::Thread>::new::thread_start
[INFO] [stdout]   19:     0x7134871addfa - <unknown>
[INFO] [stdout]   20:     0x7134872413d4 - clone
[INFO] [stdout]   21:                0x0 - <unknown>
[INFO] [stdout] 
[INFO] [stdout] ---- subcommands::subnet::tests::rename::success_with_name stdout ----
[INFO] [stdout] 
[INFO] [stdout] thread 'subcommands::subnet::tests::rename::success_with_name' (1662) panicked at src/bin/subg/main.rs:188:69:
[INFO] [stdout] called `Result::unwrap()` on an `Err` value: CargoError { cause: Some(NotFoundError { path: "/opt/rustwide/target/release/build/subg/0d0b08b6ff34fcc4/out/subg" }) }
[INFO] [stdout] stack backtrace:
[INFO] [stdout]    0:     0x5df782749201 - <<std[617be2ca0a6fd877]::sys::backtrace::BacktraceLock>::print::DisplayBacktrace as core[a373ad73a504971]::fmt::Display>::fmt
[INFO] [stdout]    1:     0x5df7827608ea - core[a373ad73a504971]::fmt::write
[INFO] [stdout]    2:     0x5df78274ed0c - <alloc[2e1b2a31b91974c5]::vec::Vec<u8> as core[a373ad73a504971]::io::write::Write>::write_fmt
[INFO] [stdout]    3:     0x5df7827236e6 - std[617be2ca0a6fd877]::panicking::default_hook::{closure#0}
[INFO] [stdout]    4:     0x5df782740f09 - std[617be2ca0a6fd877]::panicking::default_hook
[INFO] [stdout]    5:     0x5df78269d610 - test[aada8e7e76ba119b]::test_main_inner::{closure#0}
[INFO] [stdout]    6:     0x5df7827410c2 - std[617be2ca0a6fd877]::panicking::panic_with_hook
[INFO] [stdout]    7:     0x5df782723792 - std[617be2ca0a6fd877]::panicking::panic_handler::{closure#0}
[INFO] [stdout]    8:     0x5df78271c359 - std[617be2ca0a6fd877]::sys::backtrace::__rust_end_short_backtrace::<std[617be2ca0a6fd877]::panicking::panic_handler::{closure#0}, !>
[INFO] [stdout]    9:     0x5df78272439d - __rustc[ea4f61d10b84890b]::rust_begin_unwind
[INFO] [stdout]   10:     0x5df78276101c - core[a373ad73a504971]::panicking::panic_fmt
[INFO] [stdout]   11:     0x5df782760df2 - core[a373ad73a504971]::result::unwrap_failed
[INFO] [stdout]   12:     0x5df782653862 - subg[94210129033b200]::tests::new_test_with_path
[INFO] [stdout]   13:     0x5df782653a55 - subg[94210129033b200]::subcommands::subnet::tests::rename::new_rename_test
[INFO] [stdout]   14:     0x5df782655888 - <subg[94210129033b200]::subcommands::subnet::tests::rename::success_with_name::{closure#0} as core[a373ad73a504971]::ops::function::FnOnce<()>>::call_once
[INFO] [stdout]   15:     0x5df782690a5b - test[aada8e7e76ba119b]::__rust_begin_short_backtrace::<core[a373ad73a504971]::result::Result<(), alloc[2e1b2a31b91974c5]::string::String>, fn() -> core[a373ad73a504971]::result::Result<(), alloc[2e1b2a31b91974c5]::string::String>>
[INFO] [stdout]   16:     0x5df78269dc35 - test[aada8e7e76ba119b]::run_test::{closure#0}
[INFO] [stdout]   17:     0x5df782697524 - std[617be2ca0a6fd877]::sys::backtrace::__rust_begin_short_backtrace::<test[aada8e7e76ba119b]::run_test::{closure#1}, ()>
[INFO] [stdout]   18:     0x5df7826a0cc2 - <std[617be2ca0a6fd877]::thread::lifecycle::spawn_unchecked<test[aada8e7e76ba119b]::run_test::{closure#1}, ()>::{closure#1} as core[a373ad73a504971]::ops::function::FnOnce<()>>::call_once::{shim:vtable#0}
[INFO] [stdout]   19:     0x5df7827489df - <std[617be2ca0a6fd877]::sys::thread::unix::Thread>::new::thread_start
[INFO] [stdout]   20:     0x7134871addfa - <unknown>
[INFO] [stdout]   21:     0x7134872413d4 - clone
[INFO] [stdout]   22:                0x0 - <unknown>
[INFO] [stdout] 
[INFO] [stdout] ---- subcommands::subnet::tests::rename::rename_failure stdout ----
[INFO] [stdout] 
[INFO] [stdout] thread 'subcommands::subnet::tests::rename::rename_failure' (1660) panicked at src/bin/subg/main.rs:188:69:
[INFO] [stdout] called `Result::unwrap()` on an `Err` value: CargoError { cause: Some(NotFoundError { path: "/opt/rustwide/target/release/build/subg/0d0b08b6ff34fcc4/out/subg" }) }
[INFO] [stdout] stack backtrace:
[INFO] [stdout]    0:     0x5df782749201 - <<std[617be2ca0a6fd877]::sys::backtrace::BacktraceLock>::print::DisplayBacktrace as core[a373ad73a504971]::fmt::Display>::fmt
[INFO] [stdout]    1:     0x5df7827608ea - core[a373ad73a504971]::fmt::write
[INFO] [stdout]    2:     0x5df78274ed0c - <alloc[2e1b2a31b91974c5]::vec::Vec<u8> as core[a373ad73a504971]::io::write::Write>::write_fmt
[INFO] [stdout]    3:     0x5df7827236e6 - std[617be2ca0a6fd877]::panicking::default_hook::{closure#0}
[INFO] [stdout]    4:     0x5df782740f09 - std[617be2ca0a6fd877]::panicking::default_hook
[INFO] [stdout]    5:     0x5df78269d610 - test[aada8e7e76ba119b]::test_main_inner::{closure#0}
[INFO] [stdout]    6:     0x5df7827410c2 - std[617be2ca0a6fd877]::panicking::panic_with_hook
[INFO] [stdout]    7:     0x5df782723792 - std[617be2ca0a6fd877]::panicking::panic_handler::{closure#0}
[INFO] [stdout]    8:     0x5df78271c359 - std[617be2ca0a6fd877]::sys::backtrace::__rust_end_short_backtrace::<std[617be2ca0a6fd877]::panicking::panic_handler::{closure#0}, !>
[INFO] [stdout]    9:     0x5df78272439d - __rustc[ea4f61d10b84890b]::rust_begin_unwind
[INFO] [stdout]   10:     0x5df78276101c - core[a373ad73a504971]::panicking::panic_fmt
[INFO] [stdout]   11:     0x5df782760df2 - core[a373ad73a504971]::result::unwrap_failed
[INFO] [stdout]   12:     0x5df782653862 - subg[94210129033b200]::tests::new_test_with_path
[INFO] [stdout]   13:     0x5df782653a55 - subg[94210129033b200]::subcommands::subnet::tests::rename::new_rename_test
[INFO] [stdout]   14:     0x5df7826551a8 - <subg[94210129033b200]::subcommands::subnet::tests::rename::rename_failure::{closure#0} as core[a373ad73a504971]::ops::function::FnOnce<()>>::call_once
[INFO] [stdout]   15:     0x5df782690a5b - test[aada8e7e76ba119b]::__rust_begin_short_backtrace::<core[a373ad73a504971]::result::Result<(), alloc[2e1b2a31b91974c5]::string::String>, fn() -> core[a373ad73a504971]::result::Result<(), alloc[2e1b2a31b91974c5]::string::String>>
[INFO] [stdout]   16:     0x5df78269dc35 - test[aada8e7e76ba119b]::run_test::{closure#0}
[INFO] [stdout]   17:     0x5df782697524 - std[617be2ca0a6fd877]::sys::backtrace::__rust_begin_short_backtrace::<test[aada8e7e76ba119b]::run_test::{closure#1}, ()>
[INFO] [stdout]   18:     0x5df7826a0cc2 - <std[617be2ca0a6fd877]::thread::lifecycle::spawn_unchecked<test[aada8e7e76ba119b]::run_test::{closure#1}, ()>::{closure#1} as core[a373ad73a504971]::ops::function::FnOnce<()>>::call_once::{shim:vtable#0}
[INFO] [stdout]   19:     0x5df7827489df - <std[617be2ca0a6fd877]::sys::thread::unix::Thread>::new::thread_start
[INFO] [stdout]   20:     0x7134871addfa - <unknown>
[INFO] [stdout]   21:     0x7134872413d4 - clone
[INFO] [stdout]   22:                0x0 - <unknown>
[INFO] [stdout] 
[INFO] [stdout] ---- subcommands::subnet::tests::rename::success_with_cidr stdout ----
[INFO] [stdout] 
[INFO] [stdout] thread 'subcommands::subnet::tests::rename::success_with_cidr' (1661) panicked at src/bin/subg/main.rs:188:69:
[INFO] [stdout] called `Result::unwrap()` on an `Err` value: CargoError { cause: Some(NotFoundError { path: "/opt/rustwide/target/release/build/subg/0d0b08b6ff34fcc4/out/subg" }) }
[INFO] [stdout] stack backtrace:
[INFO] [stdout]    0:     0x5df782749201 - <<std[617be2ca0a6fd877]::sys::backtrace::BacktraceLock>::print::DisplayBacktrace as core[a373ad73a504971]::fmt::Display>::fmt
[INFO] [stdout]    1:     0x5df7827608ea - core[a373ad73a504971]::fmt::write
[INFO] [stdout]    2:     0x5df78274ed0c - <alloc[2e1b2a31b91974c5]::vec::Vec<u8> as core[a373ad73a504971]::io::write::Write>::write_fmt
[INFO] [stdout]    3:     0x5df7827236e6 - std[617be2ca0a6fd877]::panicking::default_hook::{closure#0}
[INFO] [stdout]    4:     0x5df782740f09 - std[617be2ca0a6fd877]::panicking::default_hook
[INFO] [stdout]    5:     0x5df78269d610 - test[aada8e7e76ba119b]::test_main_inner::{closure#0}
[INFO] [stdout]    6:     0x5df7827410c2 - std[617be2ca0a6fd877]::panicking::panic_with_hook
[INFO] [stdout]    7:     0x5df782723792 - std[617be2ca0a6fd877]::panicking::panic_handler::{closure#0}
[INFO] [stdout]    8:     0x5df78271c359 - std[617be2ca0a6fd877]::sys::backtrace::__rust_end_short_backtrace::<std[617be2ca0a6fd877]::panicking::panic_handler::{closure#0}, !>
[INFO] [stdout]    9:     0x5df78272439d - __rustc[ea4f61d10b84890b]::rust_begin_unwind
[INFO] [stdout]   10:     0x5df78276101c - core[a373ad73a504971]::panicking::panic_fmt
[INFO] [stdout]   11:     0x5df782760df2 - core[a373ad73a504971]::result::unwrap_failed
[INFO] [stdout]   12:     0x5df782653862 - subg[94210129033b200]::tests::new_test_with_path
[INFO] [stdout]   13:     0x5df782653a55 - subg[94210129033b200]::subcommands::subnet::tests::rename::new_rename_test
[INFO] [stdout]   14:     0x5df782655455 - <subg[94210129033b200]::subcommands::subnet::tests::rename::success_with_cidr::{closure#0} as core[a373ad73a504971]::ops::function::FnOnce<()>>::call_once
[INFO] [stdout]   15:     0x5df782690a5b - test[aada8e7e76ba119b]::__rust_begin_short_backtrace::<core[a373ad73a504971]::result::Result<(), alloc[2e1b2a31b91974c5]::string::String>, fn() -> core[a373ad73a504971]::result::Result<(), alloc[2e1b2a31b91974c5]::string::String>>
[INFO] [stdout]   16:     0x5df78269dc35 - test[aada8e7e76ba119b]::run_test::{closure#0}
[INFO] [stdout]   17:     0x5df782697524 - std[617be2ca0a6fd877]::sys::backtrace::__rust_begin_short_backtrace::<test[aada8e7e76ba119b]::run_test::{closure#1}, ()>
[INFO] [stdout]   18:     0x5df7826a0cc2 - <std[617be2ca0a6fd877]::thread::lifecycle::spawn_unchecked<test[aada8e7e76ba119b]::run_test::{closure#1}, ()>::{closure#1} as core[a373ad73a504971]::ops::function::FnOnce<()>>::call_once::{shim:vtable#0}
[INFO] [stdout]   19:     0x5df7827489df - <std[617be2ca0a6fd877]::sys::thread::unix::Thread>::new::thread_start
[INFO] [stdout]   20:     0x7134871addfa - <unknown>
[INFO] [stdout]   21:     0x7134872413d4 - clone
[INFO] [stdout]   22:                0x0 - <unknown>
[INFO] [stdout] 
[INFO] [stdout] ---- subcommands::subnet::tests::rename::unknown stdout ----
[INFO] [stdout] 
[INFO] [stdout] thread 'subcommands::subnet::tests::rename::unknown' (1663) panicked at src/bin/subg/main.rs:188:69:
[INFO] [stdout] called `Result::unwrap()` on an `Err` value: CargoError { cause: Some(NotFoundError { path: "/opt/rustwide/target/release/build/subg/0d0b08b6ff34fcc4/out/subg" }) }
[INFO] [stdout] stack backtrace:
[INFO] [stdout]    0:     0x5df782749201 - <<std[617be2ca0a6fd877]::sys::backtrace::BacktraceLock>::print::DisplayBacktrace as core[a373ad73a504971]::fmt::Display>::fmt
[INFO] [stdout]    1:     0x5df7827608ea - core[a373ad73a504971]::fmt::write
[INFO] [stdout]    2:     0x5df78274ed0c - <alloc[2e1b2a31b91974c5]::vec::Vec<u8> as core[a373ad73a504971]::io::write::Write>::write_fmt
[INFO] [stdout]    3:     0x5df7827236e6 - std[617be2ca0a6fd877]::panicking::default_hook::{closure#0}
[INFO] [stdout]    4:     0x5df782740f09 - std[617be2ca0a6fd877]::panicking::default_hook
[INFO] [stdout]    5:     0x5df78269d610 - test[aada8e7e76ba119b]::test_main_inner::{closure#0}
[INFO] [stdout]    6:     0x5df7827410c2 - std[617be2ca0a6fd877]::panicking::panic_with_hook
[INFO] [stdout]    7:     0x5df782723792 - std[617be2ca0a6fd877]::panicking::panic_handler::{closure#0}
[INFO] [stdout]    8:     0x5df78271c359 - std[617be2ca0a6fd877]::sys::backtrace::__rust_end_short_backtrace::<std[617be2ca0a6fd877]::panicking::panic_handler::{closure#0}, !>
[INFO] [stdout]    9:     0x5df78272439d - __rustc[ea4f61d10b84890b]::rust_begin_unwind
[INFO] [stdout]   10:     0x5df78276101c - core[a373ad73a504971]::panicking::panic_fmt
[INFO] [stdout]   11:     0x5df782760df2 - core[a373ad73a504971]::result::unwrap_failed
[INFO] [stdout]   12:     0x5df782653862 - subg[94210129033b200]::tests::new_test_with_path
[INFO] [stdout]   13:     0x5df782653a55 - subg[94210129033b200]::subcommands::subnet::tests::rename::new_rename_test
[INFO] [stdout]   14:     0x5df782655cab - <subg[94210129033b200]::subcommands::subnet::tests::rename::unknown::{closure#0} as core[a373ad73a504971]::ops::function::FnOnce<()>>::call_once
[INFO] [stdout]   15:     0x5df782690a5b - test[aada8e7e76ba119b]::__rust_begin_short_backtrace::<core[a373ad73a504971]::result::Result<(), alloc[2e1b2a31b91974c5]::string::String>, fn() -> core[a373ad73a504971]::result::Result<(), alloc[2e1b2a31b91974c5]::string::String>>
[INFO] [stdout]   16:     0x5df78269dc35 - test[aada8e7e76ba119b]::run_test::{closure#0}
[INFO] [stdout]   17:     0x5df782697524 - std[617be2ca0a6fd877]::sys::backtrace::__rust_begin_short_backtrace::<test[aada8e7e76ba119b]::run_test::{closure#1}, ()>
[INFO] [stdout]   18:     0x5df7826a0cc2 - <std[617be2ca0a6fd877]::thread::lifecycle::spawn_unchecked<test[aada8e7e76ba119b]::run_test::{closure#1}, ()>::{closure#1} as core[a373ad73a504971]::ops::function::FnOnce<()>>::call_once::{shim:vtable#0}
[INFO] [stdout]   19:     0x5df7827489df - <std[617be2ca0a6fd877]::sys::thread::unix::Thread>::new::thread_start
[INFO] [stdout]   20:     0x7134871addfa - <unknown>
[INFO] [stdout]   21:     0x7134872413d4 - clone
[INFO] [stdout]   22:                0x0 - <unknown>
[INFO] [stdout] 
[INFO] [stdout] ---- tests::test_bin stdout ----
[INFO] [stdout] 
[INFO] [stdout] thread 'tests::test_bin' (1664) panicked at src/bin/subg/main.rs:188:69:
[INFO] [stdout] called `Result::unwrap()` on an `Err` value: CargoError { cause: Some(NotFoundError { path: "/opt/rustwide/target/release/build/subg/0d0b08b6ff34fcc4/out/subg" }) }
[INFO] [stdout] stack backtrace:
[INFO] [stdout]    0:     0x5df782749201 - <<std[617be2ca0a6fd877]::sys::backtrace::BacktraceLock>::print::DisplayBacktrace as core[a373ad73a504971]::fmt::Display>::fmt
[INFO] [stdout]    1:     0x5df7827608ea - core[a373ad73a504971]::fmt::write
[INFO] [stdout]    2:     0x5df78274ed0c - <alloc[2e1b2a31b91974c5]::vec::Vec<u8> as core[a373ad73a504971]::io::write::Write>::write_fmt
[INFO] [stdout]    3:     0x5df7827236e6 - std[617be2ca0a6fd877]::panicking::default_hook::{closure#0}
[INFO] [stdout]    4:     0x5df782740f09 - std[617be2ca0a6fd877]::panicking::default_hook
[INFO] [stdout]    5:     0x5df78269d610 - test[aada8e7e76ba119b]::test_main_inner::{closure#0}
[INFO] [stdout]    6:     0x5df7827410c2 - std[617be2ca0a6fd877]::panicking::panic_with_hook
[INFO] [stdout]    7:     0x5df782723792 - std[617be2ca0a6fd877]::panicking::panic_handler::{closure#0}
[INFO] [stdout]    8:     0x5df78271c359 - std[617be2ca0a6fd877]::sys::backtrace::__rust_end_short_backtrace::<std[617be2ca0a6fd877]::panicking::panic_handler::{closure#0}, !>
[INFO] [stdout]    9:     0x5df78272439d - __rustc[ea4f61d10b84890b]::rust_begin_unwind
[INFO] [stdout]   10:     0x5df78276101c - core[a373ad73a504971]::panicking::panic_fmt
[INFO] [stdout]   11:     0x5df782760df2 - core[a373ad73a504971]::result::unwrap_failed
[INFO] [stdout]   12:     0x5df782653862 - subg[94210129033b200]::tests::new_test_with_path
[INFO] [stdout]   13:     0x5df782654669 - <subg[94210129033b200]::tests::test_bin::{closure#0} as core[a373ad73a504971]::ops::function::FnOnce<()>>::call_once
[INFO] [stdout]   14:     0x5df782690a5b - test[aada8e7e76ba119b]::__rust_begin_short_backtrace::<core[a373ad73a504971]::result::Result<(), alloc[2e1b2a31b91974c5]::string::String>, fn() -> core[a373ad73a504971]::result::Result<(), alloc[2e1b2a31b91974c5]::string::String>>
[INFO] [stdout]   15:     0x5df78269dc35 - test[aada8e7e76ba119b]::run_test::{closure#0}
[INFO] [stdout]   16:     0x5df782697524 - std[617be2ca0a6fd877]::sys::backtrace::__rust_begin_short_backtrace::<test[aada8e7e76ba119b]::run_test::{closure#1}, ()>
[INFO] [stdout]   17:     0x5df7826a0cc2 - <std[617be2ca0a6fd877]::thread::lifecycle::spawn_unchecked<test[aada8e7e76ba119b]::run_test::{closure#1}, ()>::{closure#1} as core[a373ad73a504971]::ops::function::FnOnce<()>>::call_once::{shim:vtable#0}
[INFO] [stdout]   18:     0x5df7827489df - <std[617be2ca0a6fd877]::sys::thread::unix::Thread>::new::thread_start
[INFO] [stdout]   19:     0x7134871addfa - <unknown>
[INFO] [stdout]   20:     0x7134872413d4 - clone
[INFO] [stdout]   21:                0x0 - <unknown>
[INFO] [stdout] 
[INFO] [stdout] 
[INFO] [stdout] failures:
[INFO] [stdout]     subcommands::init::tests::already_exists
[INFO] [stdout]     subcommands::init::tests::bad_pool_file
[INFO] [stdout]     subcommands::init::tests::bad_pool_file_extension
[INFO] [stdout]     subcommands::init::tests::forced
[INFO] [stdout]     subcommands::init::tests::no_pool_file_extension
[INFO] [stdout]     subcommands::init::tests::not_a_file
[INFO] [stdout]     subcommands::init::tests::unforced
[INFO] [stdout]     subcommands::subnet::listing::tests::cidrs::has_cidrs
[INFO] [stdout]     subcommands::subnet::listing::tests::cidrs::has_cidrs_long
[INFO] [stdout]     subcommands::subnet::listing::tests::cidrs::no_cidrs
[INFO] [stdout]     subcommands::subnet::listing::tests::cidrs::subset_cidrs
[INFO] [stdout]     subcommands::subnet::listing::tests::names::has_names
[INFO] [stdout]     subcommands::subnet::listing::tests::names::has_names_long
[INFO] [stdout]     subcommands::subnet::listing::tests::names::no_names
[INFO] [stdout]     subcommands::subnet::tests::allocate::allocate_format_failure
[INFO] [stdout]     subcommands::subnet::tests::allocate::allocate_multi_failure
[INFO] [stdout]     subcommands::subnet::tests::allocate::allocate_multiple
[INFO] [stdout]     subcommands::subnet::tests::allocate::allocate_single_failure
[INFO] [stdout]     subcommands::subnet::tests::allocate::allocate_with_name
[INFO] [stdout]     subcommands::subnet::tests::allocate::allocate_without_name
[INFO] [stdout]     subcommands::subnet::tests::claim::claim_failed
[INFO] [stdout]     subcommands::subnet::tests::claim::named
[INFO] [stdout]     subcommands::subnet::tests::claim::unnamed
[INFO] [stdout]     subcommands::subnet::tests::free::free_failure
[INFO] [stdout]     subcommands::subnet::tests::free::free_success_multiple
[INFO] [stdout]     subcommands::subnet::tests::free::free_success_with_cidr
[INFO] [stdout]     subcommands::subnet::tests::free::free_success_with_name
[INFO] [stdout]     subcommands::subnet::tests::free::ignore_missing_cidr
[INFO] [stdout]     subcommands::subnet::tests::free::ignore_missing_name
[INFO] [stdout]     subcommands::subnet::tests::free::name_not_found
[INFO] [stdout]     subcommands::subnet::tests::max_available::has_subnets
[INFO] [stdout]     subcommands::subnet::tests::max_available::no_subnets
[INFO] [stdout]     subcommands::subnet::tests::rename::rename_failure
[INFO] [stdout]     subcommands::subnet::tests::rename::success_with_cidr
[INFO] [stdout]     subcommands::subnet::tests::rename::success_with_name
[INFO] [stdout]     subcommands::subnet::tests::rename::unknown
[INFO] [stdout]     tests::test_bin
[INFO] [stdout] 
[INFO] [stdout] test result: FAILED. 56 passed; 37 failed; 0 ignored; 0 measured; 0 filtered out; finished in 0.04s
[INFO] [stdout] 
[INFO] running `Command { std: "docker" "inspect" "39bb0a294254989435a256fe1f24b4a24b82bba05e0d3c550ef824f5a475d034", kill_on_drop: false }`
[INFO] running `Command { std: "docker" "rm" "-f" "39bb0a294254989435a256fe1f24b4a24b82bba05e0d3c550ef824f5a475d034", kill_on_drop: false }`
[INFO] [stdout] 39bb0a294254989435a256fe1f24b4a24b82bba05e0d3c550ef824f5a475d034
