[INFO] fetching crate statc 0.0.8...
[INFO] testing statc-0.0.8 against 1.100.0-beta.1+cargoflags=--release for beta-release-1.100-3
[INFO] extracting crate statc 0.0.8 into /workspace/builds/worker-3-tc2/source
[INFO] started tweaking crates.io crate statc 0.0.8
[INFO] removed 0 missing tests
[INFO] finished tweaking crates.io crate statc 0.0.8
[INFO] tweaked toml for crates.io crate statc 0.0.8 written to /workspace/builds/worker-3-tc2/source/Cargo.toml
[INFO] validating manifest of crates.io crate statc 0.0.8 on toolchain 1.100.0-beta.1
[INFO] running `Command { std: CARGO_HOME="/workspace/cargo-home" RUSTUP_HOME="/workspace/rustup-home" "/workspace/cargo-home/bin/cargo" "+1.100.0-beta.1" "metadata" "--manifest-path" "Cargo.toml" "--no-deps", kill_on_drop: false }`
[INFO] crate crates.io crate statc 0.0.8 already has a lockfile, it will not be regenerated
[INFO] running `Command { std: CARGO_HOME="/workspace/cargo-home" RUSTUP_HOME="/workspace/rustup-home" "/workspace/cargo-home/bin/cargo" "+1.100.0-beta.1" "fetch" "--manifest-path" "Cargo.toml", kill_on_drop: false }`
[INFO] [stderr] warning: `package.homepage` is redundant with `package.repository`
[INFO] [stderr]   --> Cargo.toml:29:12
[INFO] [stderr]    |
[INFO] [stderr] 29 | homepage = "https://github.com/nguyenvukhang/statc"
[INFO] [stderr]    |            ^^^^^^^^^^^^^^^^^^^^^^^^^^^^^^^^^^^^^^^^
[INFO] [stderr] ...
[INFO] [stderr] 33 | repository = "https://github.com/nguyenvukhang/statc"
[INFO] [stderr]    |              ----------------------------------------
[INFO] [stderr]    |
[INFO] [stderr]    = note: `cargo::redundant_homepage` is set to `warn` by default
[INFO] [stderr] help: consider removing `package.homepage`
[INFO] [stderr] warning: `statc` (manifest) generated 1 warning
[INFO] running `Command { std: "docker" "create" "-v" "/var/lib/crater-agent-workspace/builds/worker-3-tc2/source:/opt/rustwide/workdir:ro,Z" "-v" "/var/lib/crater-agent-workspace/builds/worker-3-tc2/target:/opt/rustwide/target:rw,Z" "-v" "/var/lib/crater-agent-workspace/cargo-home:/opt/rustwide/cargo-home:ro,Z" "-v" "/var/lib/crater-agent-workspace/rustup-home:/opt/rustwide/rustup-home:ro,Z" "-m" "1610612736" "--network" "none" "ghcr.io/rust-lang/crates-build-env/linux@sha256:77db811e55d90add9212f6832c23229e3de5f1c1f9905e8cb07319ea15df73ac" "sleep" "infinity", kill_on_drop: false }`
[INFO] [stdout] 5c5fb1085a4f96ee8b1b77ed110c374c5cce5e9cf185d5fdcb36dc2aa75fb85c
[INFO] running `Command { std: "docker" "start" "5c5fb1085a4f96ee8b1b77ed110c374c5cce5e9cf185d5fdcb36dc2aa75fb85c", kill_on_drop: false }`
[INFO] running `Command { std: "docker" "inspect" "5c5fb1085a4f96ee8b1b77ed110c374c5cce5e9cf185d5fdcb36dc2aa75fb85c", kill_on_drop: false }`
[INFO] running `Command { std: "docker" "exec" "-e" "SOURCE_DIR=/opt/rustwide/workdir" "-e" "CARGO_HOME=/opt/rustwide/cargo-home" "-e" "RUSTUP_HOME=/opt/rustwide/rustup-home" "-e" "CARGO_TARGET_DIR=/opt/rustwide/target" "-w" "/opt/rustwide/workdir" "--user" "0:0" "5c5fb1085a4f96ee8b1b77ed110c374c5cce5e9cf185d5fdcb36dc2aa75fb85c" "/opt/rustwide/cargo-home/bin/cargo" "+1.100.0-beta.1" "metadata" "--no-deps" "--format-version=1", kill_on_drop: false }`
[INFO] running `Command { std: "docker" "inspect" "5c5fb1085a4f96ee8b1b77ed110c374c5cce5e9cf185d5fdcb36dc2aa75fb85c", kill_on_drop: false }`
[INFO] running `Command { std: "docker" "exec" "-e" "SOURCE_DIR=/opt/rustwide/workdir" "-e" "CARGO_HOME=/opt/rustwide/cargo-home" "-e" "RUSTUP_HOME=/opt/rustwide/rustup-home" "-e" "CARGO_TARGET_DIR=/opt/rustwide/target" "-e" "CARGO_INCREMENTAL=0" "-e" "RUST_BACKTRACE=full" "-e" "RUSTFLAGS=--cap-lints=warn" "-e" "RUSTDOCFLAGS=--cap-lints=warn" "-w" "/opt/rustwide/workdir" "--user" "0:0" "5c5fb1085a4f96ee8b1b77ed110c374c5cce5e9cf185d5fdcb36dc2aa75fb85c" "/opt/rustwide/cargo-home/bin/cargo" "+1.100.0-beta.1" "build" "--frozen" "--message-format=json" "--release", kill_on_drop: false }`
[INFO] [stderr] warning: `package.homepage` is redundant with `package.repository`
[INFO] [stderr]   --> Cargo.toml:29:12
[INFO] [stderr]    |
[INFO] [stderr] 29 | homepage = "https://github.com/nguyenvukhang/statc"
[INFO] [stderr]    |            ^^^^^^^^^^^^^^^^^^^^^^^^^^^^^^^^^^^^^^^^
[INFO] [stderr] ...
[INFO] [stderr] 33 | repository = "https://github.com/nguyenvukhang/statc"
[INFO] [stderr]    |              ----------------------------------------
[INFO] [stderr]    |
[INFO] [stderr]    = note: `cargo::redundant_homepage` is set to `warn` by default
[INFO] [stderr] help: consider removing `package.homepage`
[INFO] [stderr] warning: `statc` (manifest) generated 1 warning
[INFO] [stderr]    Compiling libc v0.2.137
[INFO] [stderr]    Compiling libm v0.2.5
[INFO] [stderr]    Compiling proc-macro2 v1.0.47
[INFO] [stderr]    Compiling num-traits v0.2.15
[INFO] [stderr]    Compiling quote v1.0.21
[INFO] [stderr]    Compiling unicode-ident v1.0.5
[INFO] [stderr]    Compiling syn v1.0.103
[INFO] [stderr]    Compiling num-integer v0.1.45
[INFO] [stderr]    Compiling ppv-lite86 v0.2.17
[INFO] [stderr]    Compiling bytemuck v1.12.3
[INFO] [stderr]    Compiling num-rational v0.4.1
[INFO] [stderr]    Compiling paste v1.0.9
[INFO] [stderr]    Compiling rawpointer v0.2.1
[INFO] [stderr]    Compiling heck v0.4.0
[INFO] [stderr]    Compiling os_str_bytes v6.3.1
[INFO] [stderr]    Compiling nom v1.2.4
[INFO] [stderr]    Compiling matrixmultiply v0.3.2
[INFO] [stderr]    Compiling strsim v0.10.0
[INFO] [stderr]    Compiling safe_arch v0.6.0
[INFO] [stderr]    Compiling clap_lex v0.3.0
[INFO] [stderr]    Compiling termcolor v1.1.3
[INFO] [stderr]    Compiling numtoa v0.1.0
[INFO] [stderr]    Compiling once_cell v1.16.0
[INFO] [stderr]    Compiling wide v0.7.5
[INFO] [stderr]    Compiling meval v0.2.0
[INFO] [stderr]    Compiling getrandom v0.2.8
[INFO] [stderr]    Compiling atty v0.2.14
[INFO] [stderr]    Compiling termion v2.0.1
[INFO] [stderr]    Compiling rand_core v0.6.4
[INFO] [stderr]    Compiling proc-macro-error-attr v1.0.4
[INFO] [stderr]    Compiling rand_chacha v0.3.1
[INFO] [stderr]    Compiling rand v0.8.5
[INFO] [stderr]    Compiling approx v0.5.1
[INFO] [stderr]    Compiling num-complex v0.4.2
[INFO] [stderr]    Compiling rand_distr v0.4.3
[INFO] [stderr]    Compiling simba v0.6.0
[INFO] [stderr]    Compiling proc-macro-error v1.0.4
[INFO] [stderr]    Compiling nalgebra-macros v0.1.0
[INFO] [stderr]    Compiling clap_derive v4.0.18
[INFO] [stderr]    Compiling clap v4.0.19
[INFO] [stderr]    Compiling nalgebra v0.29.0
[INFO] [stderr]    Compiling statrs v0.16.0
[INFO] [stderr]    Compiling statc v0.0.8 (/opt/rustwide/workdir)
[INFO] [stdout] warning: method `clear` is never used
[INFO] [stdout]   --> core/utils.rs:10:8
[INFO] [stdout]    |
[INFO] [stdout]  9 | pub trait ResultOps<T, E> {
[INFO] [stdout]    |           --------- method in this trait
[INFO] [stdout] 10 |     fn clear(self) -> core::Result<(), E>;
[INFO] [stdout]    |        ^^^^^
[INFO] [stdout]    |
[INFO] [stdout]    = note: `#[warn(dead_code)]` (part of `#[warn(unused)]`) on by default
[INFO] [stdout] 
[INFO] [stdout] 
[INFO] [stderr] warning: unused dependency `termion`
[INFO] [stderr]   --> Cargo.toml:16:15
[INFO] [stderr]    |
[INFO] [stderr] 16 | [dependencies.termion]
[INFO] [stderr]    |               ^^^^^^^^
[INFO] [stderr]    |
[INFO] [stderr]    = note: `cargo::unused_dependencies` is set to `warn` by default
[INFO] [stderr] help: consider removing the dependency on `termion`
[INFO] [stderr] warning: `statc` (manifest) generated 1 warning
[INFO] [stderr]     Finished `release` profile [optimized] target(s) in 16.39s
[INFO] [stderr] warning: the following packages contain code that will be rejected by a future version of Rust: meval v0.2.0, nom v1.2.4
[INFO] [stderr] note: to see what the problems were, use the option `--future-incompat-report`, or run `cargo report future-incompatibilities --id 1`
[INFO] running `Command { std: "docker" "inspect" "5c5fb1085a4f96ee8b1b77ed110c374c5cce5e9cf185d5fdcb36dc2aa75fb85c", kill_on_drop: false }`
[INFO] running `Command { std: "docker" "exec" "-e" "SOURCE_DIR=/opt/rustwide/workdir" "-e" "CARGO_HOME=/opt/rustwide/cargo-home" "-e" "RUSTUP_HOME=/opt/rustwide/rustup-home" "-e" "CARGO_TARGET_DIR=/opt/rustwide/target" "-e" "CARGO_INCREMENTAL=0" "-e" "RUST_BACKTRACE=full" "-e" "RUSTFLAGS=--cap-lints=warn" "-e" "RUSTDOCFLAGS=--cap-lints=warn" "-w" "/opt/rustwide/workdir" "--user" "0:0" "5c5fb1085a4f96ee8b1b77ed110c374c5cce5e9cf185d5fdcb36dc2aa75fb85c" "/opt/rustwide/cargo-home/bin/cargo" "+1.100.0-beta.1" "test" "--frozen" "--no-run" "--message-format=json" "--release", kill_on_drop: false }`
[INFO] [stderr] warning: `package.homepage` is redundant with `package.repository`
[INFO] [stderr]   --> Cargo.toml:29:12
[INFO] [stderr]    |
[INFO] [stderr] 29 | homepage = "https://github.com/nguyenvukhang/statc"
[INFO] [stderr]    |            ^^^^^^^^^^^^^^^^^^^^^^^^^^^^^^^^^^^^^^^^
[INFO] [stderr] ...
[INFO] [stderr] 33 | repository = "https://github.com/nguyenvukhang/statc"
[INFO] [stderr]    |              ----------------------------------------
[INFO] [stderr]    |
[INFO] [stderr]    = note: `cargo::redundant_homepage` is set to `warn` by default
[INFO] [stderr] help: consider removing `package.homepage`
[INFO] [stderr] warning: `statc` (manifest) generated 1 warning
[INFO] [stderr]    Compiling statc v0.0.8 (/opt/rustwide/workdir)
[INFO] [stdout] warning: method `clear` is never used
[INFO] [stdout]   --> core/utils.rs:10:8
[INFO] [stdout]    |
[INFO] [stdout]  9 | pub trait ResultOps<T, E> {
[INFO] [stdout]    |           --------- method in this trait
[INFO] [stdout] 10 |     fn clear(self) -> core::Result<(), E>;
[INFO] [stdout]    |        ^^^^^
[INFO] [stdout]    |
[INFO] [stdout]    = note: `#[warn(dead_code)]` (part of `#[warn(unused)]`) on by default
[INFO] [stdout] 
[INFO] [stdout] 
[INFO] [stdout] warning: type alias `Result` is never used
[INFO] [stdout]   --> tests/utils.rs:30:10
[INFO] [stdout]    |
[INFO] [stdout] 30 | pub type Result<T> = std::result::Result<T, String>;
[INFO] [stdout]    |          ^^^^^^
[INFO] [stdout]    |
[INFO] [stdout]    = note: `#[warn(dead_code)]` (part of `#[warn(unused)]`) on by default
[INFO] [stdout] 
[INFO] [stdout] 
[INFO] [stdout] warning: trait `StringError` is never used
[INFO] [stdout]   --> tests/utils.rs:32:11
[INFO] [stdout]    |
[INFO] [stdout] 32 | pub trait StringError<T, E> {
[INFO] [stdout]    |           ^^^^^^^^^^^
[INFO] [stdout] 
[INFO] [stdout] 
[INFO] [stdout] warning: method `clear` is never used
[INFO] [stdout]   --> core/utils.rs:10:8
[INFO] [stdout]    |
[INFO] [stdout]  9 | pub trait ResultOps<T, E> {
[INFO] [stdout]    |           --------- method in this trait
[INFO] [stdout] 10 |     fn clear(self) -> core::Result<(), E>;
[INFO] [stdout]    |        ^^^^^
[INFO] [stdout]    |
[INFO] [stdout]    = note: `#[warn(dead_code)]` (part of `#[warn(unused)]`) on by default
[INFO] [stdout] 
[INFO] [stdout] 
[INFO] [stderr]     Finished `release` profile [optimized] target(s) in 1.05s
[INFO] [stderr] warning: the following packages contain code that will be rejected by a future version of Rust: meval v0.2.0, nom v1.2.4
[INFO] [stderr] note: to see what the problems were, use the option `--future-incompat-report`, or run `cargo report future-incompatibilities --id 1`
[INFO] running `Command { std: "docker" "inspect" "5c5fb1085a4f96ee8b1b77ed110c374c5cce5e9cf185d5fdcb36dc2aa75fb85c", kill_on_drop: false }`
[INFO] running `Command { std: "docker" "exec" "-e" "SOURCE_DIR=/opt/rustwide/workdir" "-e" "CARGO_HOME=/opt/rustwide/cargo-home" "-e" "RUSTUP_HOME=/opt/rustwide/rustup-home" "-e" "CARGO_TARGET_DIR=/opt/rustwide/target" "-e" "CARGO_INCREMENTAL=0" "-e" "RUST_BACKTRACE=full" "-e" "RUSTFLAGS=--cap-lints=warn" "-e" "RUSTDOCFLAGS=--cap-lints=warn" "-w" "/opt/rustwide/workdir" "--user" "0:0" "5c5fb1085a4f96ee8b1b77ed110c374c5cce5e9cf185d5fdcb36dc2aa75fb85c" "/opt/rustwide/cargo-home/bin/cargo" "+1.100.0-beta.1" "test" "--frozen" "--release", kill_on_drop: false }`
[INFO] [stderr] warning: `package.homepage` is redundant with `package.repository`
[INFO] [stderr]   --> Cargo.toml:29:12
[INFO] [stderr]    |
[INFO] [stderr] 29 | homepage = "https://github.com/nguyenvukhang/statc"
[INFO] [stderr]    |            ^^^^^^^^^^^^^^^^^^^^^^^^^^^^^^^^^^^^^^^^
[INFO] [stderr] ...
[INFO] [stderr] 33 | repository = "https://github.com/nguyenvukhang/statc"
[INFO] [stderr]    |              ----------------------------------------
[INFO] [stderr]    |
[INFO] [stderr]    = note: `cargo::redundant_homepage` is set to `warn` by default
[INFO] [stderr] help: consider removing `package.homepage`
[INFO] [stderr] warning: `statc` (manifest) generated 1 warning
[INFO] [stderr] warning: method `clear` is never used
[INFO] [stderr]   --> core/utils.rs:10:8
[INFO] [stderr]    |
[INFO] [stderr]  9 | pub trait ResultOps<T, E> {
[INFO] [stderr]    |           --------- method in this trait
[INFO] [stderr] 10 |     fn clear(self) -> core::Result<(), E>;
[INFO] [stderr]    |        ^^^^^
[INFO] [stderr]    |
[INFO] [stderr]    = note: `#[warn(dead_code)]` (part of `#[warn(unused)]`) on by default
[INFO] [stderr] 
[INFO] [stderr] warning: type alias `Result` is never used
[INFO] [stderr]   --> tests/utils.rs:30:10
[INFO] [stderr]    |
[INFO] [stderr] 30 | pub type Result<T> = std::result::Result<T, String>;
[INFO] [stderr]    |          ^^^^^^
[INFO] [stderr]    |
[INFO] [stderr]    = note: `#[warn(dead_code)]` (part of `#[warn(unused)]`) on by default
[INFO] [stderr] 
[INFO] [stderr] warning: trait `StringError` is never used
[INFO] [stderr]   --> tests/utils.rs:32:11
[INFO] [stderr]    |
[INFO] [stderr] 32 | pub trait StringError<T, E> {
[INFO] [stderr]    |           ^^^^^^^^^^^
[INFO] [stderr] 
[INFO] [stderr] warning: `statc` (bin "statc" test) generated 1 warning
[INFO] [stderr] warning: `statc` (bin "statc") generated 1 warning (1 duplicate)
[INFO] [stderr] warning: `statc` (test "integration") generated 2 warnings
[INFO] [stderr]     Finished `release` profile [optimized] target(s) in 0.03s
[INFO] [stderr] warning: the following packages contain code that will be rejected by a future version of Rust: meval v0.2.0, nom v1.2.4
[INFO] [stderr] note: to see what the problems were, use the option `--future-incompat-report`, or run `cargo report future-incompatibilities --id 1`
[INFO] [stderr]      Running unittests core/main.rs (/opt/rustwide/target/release/build/statc/186331b571bd05f3/out/statc-186331b571bd05f3)
[INFO] [stdout] 
[INFO] [stdout] running 11 tests
[INFO] [stdout] test distributions::binomial::test ... ok
[INFO] [stdout] test distributions::chi_squared::test ... ok
[INFO] [stdout] test distributions::exponential::test ... ok
[INFO] [stdout] test distributions::geometric::test ... ok
[INFO] [stdout] test distributions::fisher_snedecor::test ... ok
[INFO] [stdout] test distributions::negatve_binomial::test ... ok
[INFO] [stdout] test distributions::normal::test ... ok
[INFO] [stdout] test distributions::poisson::test ... ok
[INFO] [stdout] test distributions::students_t::test ... ok
[INFO] [stdout] test distributions::uniform::test ... ok
[INFO] [stderr] warning: `package.homepage` is redundant with `package.repository`
[INFO] [stderr]   --> Cargo.toml:29:12
[INFO] [stderr]    |
[INFO] [stderr] 29 | homepage = "https://github.com/nguyenvukhang/statc"
[INFO] [stderr]    |            ^^^^^^^^^^^^^^^^^^^^^^^^^^^^^^^^^^^^^^^^
[INFO] [stderr] ...
[INFO] [stderr] 33 | repository = "https://github.com/nguyenvukhang/statc"
[INFO] [stderr]    |              ----------------------------------------
[INFO] [stderr]    |
[INFO] [stderr]    = note: `cargo::redundant_homepage` is set to `warn` by default
[INFO] [stderr] help: consider removing `package.homepage`
[INFO] [stderr] warning: `statc` (manifest) generated 1 warning
[INFO] [stderr]    Compiling autocfg v1.1.0
[INFO] [stderr]    Compiling libc v0.2.137
[INFO] [stderr]    Compiling proc-macro2 v1.0.47
[INFO] [stderr]    Compiling libm v0.2.5
[INFO] [stderr]    Compiling unicode-ident v1.0.5
[INFO] [stderr]    Compiling quote v1.0.21
[INFO] [stderr]    Compiling syn v1.0.103
[INFO] [stderr]    Compiling version_check v0.9.4
[INFO] [stderr]    Compiling cfg-if v1.0.0
[INFO] [stderr]    Compiling bytemuck v1.12.3
[INFO] [stderr]    Compiling ppv-lite86 v0.2.17
[INFO] [stderr]    Compiling typenum v1.15.0
[INFO] [stderr]    Compiling rawpointer v0.2.1
[INFO] [stderr]    Compiling paste v1.0.9
[INFO] [stderr]    Compiling heck v0.4.0
[INFO] [stderr]    Compiling os_str_bytes v6.3.1
[INFO] [stderr]    Compiling nom v1.2.4
[INFO] [stderr]    Compiling matrixmultiply v0.3.2
[INFO] [stderr]    Compiling strsim v0.10.0
[INFO] [stderr]    Compiling safe_arch v0.6.0
[INFO] [stderr]    Compiling numtoa v0.1.0
[INFO] [stderr]    Compiling clap_lex v0.3.0
[INFO] [stderr]    Compiling fnv v1.0.7
[INFO] [stderr]    Compiling termcolor v1.1.3
[INFO] [stderr]    Compiling num-traits v0.2.15
[INFO] [stderr]    Compiling proc-macro-error-attr v1.0.4
[INFO] [stderr]    Compiling num-integer v0.1.45
[INFO] [stderr]    Compiling proc-macro-error v1.0.4
[INFO] [stderr]    Compiling num-rational v0.4.1
[INFO] [stderr]    Compiling lazy_static v1.4.0
[INFO] [stderr]    Compiling bitflags v1.3.2
[INFO] [stderr]    Compiling once_cell v1.16.0
[INFO] [stderr]    Compiling meval v0.2.0
[INFO] [stderr]    Compiling wide v0.7.5
[INFO] [stderr]    Compiling getrandom v0.2.8
[INFO] [stderr]    Compiling atty v0.2.14
[INFO] [stderr]    Compiling termion v2.0.1
[INFO] [stderr]    Compiling rand_core v0.6.4
[INFO] [stderr]    Compiling rand_chacha v0.3.1
[INFO] [stderr]    Compiling rand v0.8.5
[INFO] [stderr]    Compiling approx v0.5.1
[INFO] [stderr]    Compiling num-complex v0.4.2
[INFO] [stderr]    Compiling rand_distr v0.4.3
[INFO] [stderr]    Compiling simba v0.6.0
[INFO] [stderr]    Compiling nalgebra-macros v0.1.0
[INFO] [stderr]    Compiling clap_derive v4.0.18
[INFO] [stderr]    Compiling clap v4.0.19
[INFO] [stderr]    Compiling nalgebra v0.29.0
[INFO] [stderr]    Compiling statrs v0.16.0
[INFO] [stderr]    Compiling statc v0.0.8 (/opt/rustwide/workdir)
[INFO] [stderr] warning: type alias `Result` is never used
[INFO] [stderr]   --> tests/utils.rs:30:10
[INFO] [stderr]    |
[INFO] [stderr] 30 | pub type Result<T> = std::result::Result<T, String>;
[INFO] [stderr]    |          ^^^^^^
[INFO] [stderr]    |
[INFO] [stderr]    = note: `#[warn(dead_code)]` (part of `#[warn(unused)]`) on by default
[INFO] [stderr] 
[INFO] [stderr] warning: trait `StringError` is never used
[INFO] [stderr]   --> tests/utils.rs:32:11
[INFO] [stderr]    |
[INFO] [stderr] 32 | pub trait StringError<T, E> {
[INFO] [stderr]    |           ^^^^^^^^^^^
[INFO] [stderr] 
[INFO] [stderr] warning: `statc` (test "integration") generated 2 warnings
[INFO] [stderr] warning: method `clear` is never used
[INFO] [stderr]   --> core/utils.rs:10:8
[INFO] [stderr]    |
[INFO] [stderr]  9 | pub trait ResultOps<T, E> {
[INFO] [stderr]    |           --------- method in this trait
[INFO] [stderr] 10 |     fn clear(self) -> core::Result<(), E>;
[INFO] [stderr]    |        ^^^^^
[INFO] [stderr]    |
[INFO] [stderr]    = note: `#[warn(dead_code)]` (part of `#[warn(unused)]`) on by default
[INFO] [stderr] 
[INFO] [stderr] warning: `statc` (bin "statc" test) generated 1 warning (1 duplicate)
[INFO] [stderr] warning: `statc` (bin "statc") generated 1 warning
[INFO] [stderr]     Finished `test` profile [unoptimized + debuginfo] target(s) in 9.79s
[INFO] [stderr] warning: the following packages contain code that will be rejected by a future version of Rust: meval v0.2.0, nom v1.2.4
[INFO] [stderr] note: to see what the problems were, use the option `--future-incompat-report`, or run `cargo report future-incompatibilities --id 1`
[INFO] [stderr]      Running unittests core/main.rs (/opt/rustwide/target/debug/build/statc/a2295b57f491056d/out/statc-a2295b57f491056d)
[INFO] [stderr]      Running tests/main.rs (/opt/rustwide/target/debug/build/statc/2cccab59877020ca/out/integration-2cccab59877020ca)
[INFO] [stdout] test subcommand_coverage ... ok
[INFO] [stdout] 
[INFO] [stdout] test result: ok. 11 passed; 0 failed; 0 ignored; 0 measured; 0 filtered out; finished in 9.82s
[INFO] [stdout] 
[INFO] [stderr]      Running tests/main.rs (/opt/rustwide/target/release/build/statc/e6fad4ee102a0c76/out/integration-e6fad4ee102a0c76)
[INFO] [stdout] 
[INFO] [stdout] running 18 tests
[INFO] [stdout] test integration::chisq_test ... FAILED
[INFO] [stdout] test integration::eval_test ... FAILED
[INFO] [stdout] test integration::nbinom_test ... FAILED
[INFO] [stdout] test integration::it_test ... FAILED
[INFO] [stdout] test integration::norm_test ... FAILED
[INFO] [stdout] test integration::diff_test ... FAILED
[INFO] [stdout] test integration::f_test ... FAILED
[INFO] [stdout] test integration::ichisq_test ... FAILED
[INFO] [stdout] test integration::inorm_test ... FAILED
[INFO] [stdout] test integration::exp_test ... FAILED
[INFO] [stdout] test integration::data_test ... FAILED
[INFO] [stdout] test integration::comp_test ... FAILED
[INFO] [stdout] test integration::pois_test ... FAILED
[INFO] [stdout] test integration::geom_test ... FAILED
[INFO] [stdout] test integration::t_test ... FAILED
[INFO] [stdout] test integration::unif_test ... FAILED
[INFO] [stdout] test integration::binom_test ... FAILED
[INFO] [stdout] test integration::vpool_test ... FAILED
[INFO] [stdout] 
[INFO] [stdout] failures:
[INFO] [stdout] 
[INFO] [stdout] ---- integration::chisq_test stdout ----
[INFO] [stdout] 
[INFO] [stdout] thread 'integration::chisq_test' (2086) panicked at tests/test.rs:113:9:
[INFO] [stdout] 
[INFO] [stdout] printed outputs differ!
[INFO] [stdout] 
[INFO] [stdout] expected:
[INFO] [stdout] ~~~~~~~~~~~~~~~~~~~~~~~~~~~~~~~~~~~~~~~~~~~~~~~~~~~~~~~~~~~~~~~~~~~~~~
[INFO] [stdout] X ~ χ²(4)
[INFO] [stdout] expected | 4
[INFO] [stdout] variance | 8
[INFO] [stdout] 
[INFO] [stdout] ~~~~~~~~~~~~~~~~~~~~~~~~~~~~~~~~~~~~~~~~~~~~~~~~~~~~~~~~~~~~~~~~~~~~~~
[INFO] [stdout] 
[INFO] [stdout] received:
[INFO] [stdout] ~~~~~~~~~~~~~~~~~~~~~~~~~~~~~~~~~~~~~~~~~~~~~~~~~~~~~~~~~~~~~~~~~~~~~~
[INFO] [stdout] 
[INFO] [stdout] ~~~~~~~~~~~~~~~~~~~~~~~~~~~~~~~~~~~~~~~~~~~~~~~~~~~~~~~~~~~~~~~~~~~~~~
[INFO] [stdout] 
[INFO] [stdout] stack backtrace:
[INFO] [stdout]    0:     0x5e2dfe6a1c51 - <<std[617be2ca0a6fd877]::sys::backtrace::BacktraceLock>::print::DisplayBacktrace as core[a373ad73a504971]::fmt::Display>::fmt
[INFO] [stdout]    1:     0x5e2dfe6b5daa - core[a373ad73a504971]::fmt::write
[INFO] [stdout]    2:     0x5e2dfe6a60cc - <alloc[2e1b2a31b91974c5]::vec::Vec<u8> as core[a373ad73a504971]::io::write::Write>::write_fmt
[INFO] [stdout]    3:     0x5e2dfe67cc06 - std[617be2ca0a6fd877]::panicking::default_hook::{closure#0}
[INFO] [stdout]    4:     0x5e2dfe699c09 - std[617be2ca0a6fd877]::panicking::default_hook
[INFO] [stdout]    5:     0x5e2dfe6352f0 - test[aada8e7e76ba119b]::test_main_inner::{closure#0}
[INFO] [stdout]    6:     0x5e2dfe699dc2 - std[617be2ca0a6fd877]::panicking::panic_with_hook
[INFO] [stdout]    7:     0x5e2dfe67ccb2 - std[617be2ca0a6fd877]::panicking::panic_handler::{closure#0}
[INFO] [stdout]    8:     0x5e2dfe6758a9 - std[617be2ca0a6fd877]::sys::backtrace::__rust_end_short_backtrace::<std[617be2ca0a6fd877]::panicking::panic_handler::{closure#0}, !>
[INFO] [stdout]    9:     0x5e2dfe67d8bd - __rustc[ea4f61d10b84890b]::rust_begin_unwind
[INFO] [stdout]   10:     0x5e2dfe6b64dc - core[a373ad73a504971]::panicking::panic_fmt
[INFO] [stdout]   11:     0x5e2dfe625a91 - core[a373ad73a504971]::ptr::drop_glue::<integration[b7cf120409865434]::test::Test>
[INFO] [stdout]   12:     0x5e2dfe6273ed - <integration[b7cf120409865434]::integration::chisq_test::{closure#0} as core[a373ad73a504971]::ops::function::FnOnce<()>>::call_once
[INFO] [stdout]   13:     0x5e2dfe62873b - test[aada8e7e76ba119b]::__rust_begin_short_backtrace::<core[a373ad73a504971]::result::Result<(), alloc[2e1b2a31b91974c5]::string::String>, fn() -> core[a373ad73a504971]::result::Result<(), alloc[2e1b2a31b91974c5]::string::String>>
[INFO] [stdout]   14:     0x5e2dfe635915 - test[aada8e7e76ba119b]::run_test::{closure#0}
[INFO] [stdout]   15:     0x5e2dfe62f204 - std[617be2ca0a6fd877]::sys::backtrace::__rust_begin_short_backtrace::<test[aada8e7e76ba119b]::run_test::{closure#1}, ()>
[INFO] [stdout]   16:     0x5e2dfe6389a2 - <std[617be2ca0a6fd877]::thread::lifecycle::spawn_unchecked<test[aada8e7e76ba119b]::run_test::{closure#1}, ()>::{closure#1} as core[a373ad73a504971]::ops::function::FnOnce<()>>::call_once::{shim:vtable#0}
[INFO] [stdout]   17:     0x5e2dfe6a14af - <std[617be2ca0a6fd877]::sys::thread::unix::Thread>::new::thread_start
[INFO] [stdout]   18:     0x7d16dfe47dfa - <unknown>
[INFO] [stdout]   19:     0x7d16dfedb3d4 - clone
[INFO] [stdout]   20:                0x0 - <unknown>
[INFO] [stdout] 
[INFO] [stdout] ---- integration::eval_test stdout ----
[INFO] [stdout] 
[INFO] [stdout] thread 'integration::eval_test' (2090) panicked at tests/test.rs:113:9:
[INFO] [stderr] error: test failed, to rerun pass `--test integration`
[INFO] [stdout] 
[INFO] [stdout] printed outputs differ!
[INFO] [stdout] 
[INFO] [stdout] expected:
[INFO] [stdout] ~~~~~~~~~~~~~~~~~~~~~~~~~~~~~~~~~~~~~~~~~~~~~~~~~~~~~~~~~~~~~~~~~~~~~~
[INFO] [stdout] 10
[INFO] [stdout] 
[INFO] [stdout] ~~~~~~~~~~~~~~~~~~~~~~~~~~~~~~~~~~~~~~~~~~~~~~~~~~~~~~~~~~~~~~~~~~~~~~
[INFO] [stdout] 
[INFO] [stdout] received:
[INFO] [stdout] ~~~~~~~~~~~~~~~~~~~~~~~~~~~~~~~~~~~~~~~~~~~~~~~~~~~~~~~~~~~~~~~~~~~~~~
[INFO] [stdout] 
[INFO] [stdout] ~~~~~~~~~~~~~~~~~~~~~~~~~~~~~~~~~~~~~~~~~~~~~~~~~~~~~~~~~~~~~~~~~~~~~~
[INFO] [stdout] 
[INFO] [stdout] stack backtrace:
[INFO] [stdout]    0:     0x5e2dfe6a1c51 - <<std[617be2ca0a6fd877]::sys::backtrace::BacktraceLock>::print::DisplayBacktrace as core[a373ad73a504971]::fmt::Display>::fmt
[INFO] [stdout]    1:     0x5e2dfe6b5daa - core[a373ad73a504971]::fmt::write
[INFO] [stdout]    2:     0x5e2dfe6a60cc - <alloc[2e1b2a31b91974c5]::vec::Vec<u8> as core[a373ad73a504971]::io::write::Write>::write_fmt
[INFO] [stdout]    3:     0x5e2dfe67cc06 - std[617be2ca0a6fd877]::panicking::default_hook::{closure#0}
[INFO] [stdout]    4:     0x5e2dfe699c09 - std[617be2ca0a6fd877]::panicking::default_hook
[INFO] [stdout]    5:     0x5e2dfe6352f0 - test[aada8e7e76ba119b]::test_main_inner::{closure#0}
[INFO] [stdout]    6:     0x5e2dfe699dc2 - std[617be2ca0a6fd877]::panicking::panic_with_hook
[INFO] [stdout]    7:     0x5e2dfe67ccb2 - std[617be2ca0a6fd877]::panicking::panic_handler::{closure#0}
[INFO] [stdout]    8:     0x5e2dfe6758a9 - std[617be2ca0a6fd877]::sys::backtrace::__rust_end_short_backtrace::<std[617be2ca0a6fd877]::panicking::panic_handler::{closure#0}, !>
[INFO] [stdout]    9:     0x5e2dfe67d8bd - __rustc[ea4f61d10b84890b]::rust_begin_unwind
[INFO] [stdout]   10:     0x5e2dfe6b64dc - core[a373ad73a504971]::panicking::panic_fmt
[INFO] [stdout]   11:     0x5e2dfe625a91 - core[a373ad73a504971]::ptr::drop_glue::<integration[b7cf120409865434]::test::Test>
[INFO] [stdout]   12:     0x5e2dfe62810d - <integration[b7cf120409865434]::integration::eval_test::{closure#0} as core[a373ad73a504971]::ops::function::FnOnce<()>>::call_once
[INFO] [stdout]   13:     0x5e2dfe62873b - test[aada8e7e76ba119b]::__rust_begin_short_backtrace::<core[a373ad73a504971]::result::Result<(), alloc[2e1b2a31b91974c5]::string::String>, fn() -> core[a373ad73a504971]::result::Result<(), alloc[2e1b2a31b91974c5]::string::String>>
[INFO] [stdout]   14:     0x5e2dfe635915 - test[aada8e7e76ba119b]::run_test::{closure#0}
[INFO] [stdout]   15:     0x5e2dfe62f204 - std[617be2ca0a6fd877]::sys::backtrace::__rust_begin_short_backtrace::<test[aada8e7e76ba119b]::run_test::{closure#1}, ()>
[INFO] [stdout]   16:     0x5e2dfe6389a2 - <std[617be2ca0a6fd877]::thread::lifecycle::spawn_unchecked<test[aada8e7e76ba119b]::run_test::{closure#1}, ()>::{closure#1} as core[a373ad73a504971]::ops::function::FnOnce<()>>::call_once::{shim:vtable#0}
[INFO] [stdout]   17:     0x5e2dfe6a14af - <std[617be2ca0a6fd877]::sys::thread::unix::Thread>::new::thread_start
[INFO] [stdout]   18:     0x7d16dfe47dfa - <unknown>
[INFO] [stdout]   19:     0x7d16dfedb3d4 - clone
[INFO] [stdout]   20:                0x0 - <unknown>
[INFO] [stdout] 
[INFO] [stdout] ---- integration::nbinom_test stdout ----
[INFO] [stdout] 
[INFO] [stdout] thread 'integration::nbinom_test' (2104) panicked at tests/test.rs:113:9:
[INFO] [stdout] 
[INFO] [stdout] printed outputs differ!
[INFO] [stdout] 
[INFO] [stdout] expected:
[INFO] [stdout] ~~~~~~~~~~~~~~~~~~~~~~~~~~~~~~~~~~~~~~~~~~~~~~~~~~~~~~~~~~~~~~~~~~~~~~
[INFO] [stdout] X ~ NB(4, 0.3)
[INFO] [stdout] expected | 13.3333333333
[INFO] [stdout] variance | 31.1111111111
[INFO] [stdout] 
[INFO] [stdout] ~~~~~~~~~~~~~~~~~~~~~~~~~~~~~~~~~~~~~~~~~~~~~~~~~~~~~~~~~~~~~~~~~~~~~~
[INFO] [stdout] 
[INFO] [stdout] received:
[INFO] [stdout] ~~~~~~~~~~~~~~~~~~~~~~~~~~~~~~~~~~~~~~~~~~~~~~~~~~~~~~~~~~~~~~~~~~~~~~
[INFO] [stdout] 
[INFO] [stdout] ~~~~~~~~~~~~~~~~~~~~~~~~~~~~~~~~~~~~~~~~~~~~~~~~~~~~~~~~~~~~~~~~~~~~~~
[INFO] [stdout] 
[INFO] [stdout] stack backtrace:
[INFO] [stdout]    0:     0x5e2dfe6a1c51 - <<std[617be2ca0a6fd877]::sys::backtrace::BacktraceLock>::print::DisplayBacktrace as core[a373ad73a504971]::fmt::Display>::fmt
[INFO] [stdout]    1:     0x5e2dfe6b5daa - core[a373ad73a504971]::fmt::write
[INFO] [stdout]    2:     0x5e2dfe6a60cc - <alloc[2e1b2a31b91974c5]::vec::Vec<u8> as core[a373ad73a504971]::io::write::Write>::write_fmt
[INFO] [stdout]    3:     0x5e2dfe67cc06 - std[617be2ca0a6fd877]::panicking::default_hook::{closure#0}
[INFO] [stdout]    4:     0x5e2dfe699c09 - std[617be2ca0a6fd877]::panicking::default_hook
[INFO] [stdout]    5:     0x5e2dfe6352f0 - test[aada8e7e76ba119b]::test_main_inner::{closure#0}
[INFO] [stdout]    6:     0x5e2dfe699dc2 - std[617be2ca0a6fd877]::panicking::panic_with_hook
[INFO] [stdout]    7:     0x5e2dfe67ccb2 - std[617be2ca0a6fd877]::panicking::panic_handler::{closure#0}
[INFO] [stdout]    8:     0x5e2dfe6758a9 - std[617be2ca0a6fd877]::sys::backtrace::__rust_end_short_backtrace::<std[617be2ca0a6fd877]::panicking::panic_handler::{closure#0}, !>
[INFO] [stdout]    9:     0x5e2dfe67d8bd - __rustc[ea4f61d10b84890b]::rust_begin_unwind
[INFO] [stdout]   10:     0x5e2dfe6b64dc - core[a373ad73a504971]::panicking::panic_fmt
[INFO] [stdout]   11:     0x5e2dfe625a91 - core[a373ad73a504971]::ptr::drop_glue::<integration[b7cf120409865434]::test::Test>
[INFO] [stdout]   12:     0x5e2dfe6277ad - <integration[b7cf120409865434]::integration::nbinom_test::{closure#0} as core[a373ad73a504971]::ops::function::FnOnce<()>>::call_once
[INFO] [stdout]   13:     0x5e2dfe62873b - test[aada8e7e76ba119b]::__rust_begin_short_backtrace::<core[a373ad73a504971]::result::Result<(), alloc[2e1b2a31b91974c5]::string::String>, fn() -> core[a373ad73a504971]::result::Result<(), alloc[2e1b2a31b91974c5]::string::String>>
[INFO] [stdout]   14:     0x5e2dfe635915 - test[aada8e7e76ba119b]::run_test::{closure#0}
[INFO] [stdout]   15:     0x5e2dfe62f204 - std[617be2ca0a6fd877]::sys::backtrace::__rust_begin_short_backtrace::<test[aada8e7e76ba119b]::run_test::{closure#1}, ()>
[INFO] [stdout]   16:     0x5e2dfe6389a2 - <std[617be2ca0a6fd877]::thread::lifecycle::spawn_unchecked<test[aada8e7e76ba119b]::run_test::{closure#1}, ()>::{closure#1} as core[a373ad73a504971]::ops::function::FnOnce<()>>::call_once::{shim:vtable#0}
[INFO] [stdout]   17:     0x5e2dfe6a14af - <std[617be2ca0a6fd877]::sys::thread::unix::Thread>::new::thread_start
[INFO] [stdout]   18:     0x7d16dfe47dfa - <unknown>
[INFO] [stdout]   19:     0x7d16dfedb3d4 - clone
[INFO] [stdout]   20:                0x0 - <unknown>
[INFO] [stdout] 
[INFO] [stdout] ---- integration::it_test stdout ----
[INFO] [stdout] 
[INFO] [stdout] thread 'integration::it_test' (2100) panicked at tests/test.rs:113:9:
[INFO] [stdout] 
[INFO] [stdout] printed outputs differ!
[INFO] [stdout] 
[INFO] [stdout] expected:
[INFO] [stdout] ~~~~~~~~~~~~~~~~~~~~~~~~~~~~~~~~~~~~~~~~~~~~~~~~~~~~~~~~~~~~~~~~~~~~~~
[INFO] [stdout] X ~ t(5)
[INFO] [stdout] a: left bound  | -2.5705818356
[INFO] [stdout] b: right bound | 2.5705818356
[INFO] [stdout] P(a < X < b)   | 0.95
[INFO] [stdout] 
[INFO] [stdout] ~~~~~~~~~~~~~~~~~~~~~~~~~~~~~~~~~~~~~~~~~~~~~~~~~~~~~~~~~~~~~~~~~~~~~~
[INFO] [stdout] 
[INFO] [stdout] received:
[INFO] [stdout] ~~~~~~~~~~~~~~~~~~~~~~~~~~~~~~~~~~~~~~~~~~~~~~~~~~~~~~~~~~~~~~~~~~~~~~
[INFO] [stdout] 
[INFO] [stdout] ~~~~~~~~~~~~~~~~~~~~~~~~~~~~~~~~~~~~~~~~~~~~~~~~~~~~~~~~~~~~~~~~~~~~~~
[INFO] [stdout] 
[INFO] [stdout] stack backtrace:
[INFO] [stdout]    0:     0x5e2dfe6a1c51 - <<std[617be2ca0a6fd877]::sys::backtrace::BacktraceLock>::print::DisplayBacktrace as core[a373ad73a504971]::fmt::Display>::fmt
[INFO] [stdout]    1:     0x5e2dfe6b5daa - core[a373ad73a504971]::fmt::write
[INFO] [stdout]    2:     0x5e2dfe6a60cc - <alloc[2e1b2a31b91974c5]::vec::Vec<u8> as core[a373ad73a504971]::io::write::Write>::write_fmt
[INFO] [stdout]    3:     0x5e2dfe67cc06 - std[617be2ca0a6fd877]::panicking::default_hook::{closure#0}
[INFO] [stdout]    4:     0x5e2dfe699c09 - std[617be2ca0a6fd877]::panicking::default_hook
[INFO] [stdout]    5:     0x5e2dfe6352f0 - test[aada8e7e76ba119b]::test_main_inner::{closure#0}
[INFO] [stdout]    6:     0x5e2dfe699dc2 - std[617be2ca0a6fd877]::panicking::panic_with_hook
[INFO] [stdout]    7:     0x5e2dfe67ccb2 - std[617be2ca0a6fd877]::panicking::panic_handler::{closure#0}
[INFO] [stdout]    8:     0x5e2dfe6758a9 - std[617be2ca0a6fd877]::sys::backtrace::__rust_end_short_backtrace::<std[617be2ca0a6fd877]::panicking::panic_handler::{closure#0}, !>
[INFO] [stdout]    9:     0x5e2dfe67d8bd - __rustc[ea4f61d10b84890b]::rust_begin_unwind
[INFO] [stdout]   10:     0x5e2dfe6b64dc - core[a373ad73a504971]::panicking::panic_fmt
[INFO] [stdout]   11:     0x5e2dfe625a91 - core[a373ad73a504971]::ptr::drop_glue::<integration[b7cf120409865434]::test::Test>
[INFO] [stdout]   12:     0x5e2dfe627b9d - <integration[b7cf120409865434]::integration::it_test::{closure#0} as core[a373ad73a504971]::ops::function::FnOnce<()>>::call_once
[INFO] [stdout]   13:     0x5e2dfe62873b - test[aada8e7e76ba119b]::__rust_begin_short_backtrace::<core[a373ad73a504971]::result::Result<(), alloc[2e1b2a31b91974c5]::string::String>, fn() -> core[a373ad73a504971]::result::Result<(), alloc[2e1b2a31b91974c5]::string::String>>
[INFO] [stdout]   14:     0x5e2dfe635915 - test[aada8e7e76ba119b]::run_test::{closure#0}
[INFO] [stdout]   15:     0x5e2dfe62f204 - std[617be2ca0a6fd877]::sys::backtrace::__rust_begin_short_backtrace::<test[aada8e7e76ba119b]::run_test::{closure#1}, ()>
[INFO] [stdout]   16:     0x5e2dfe6389a2 - <std[617be2ca0a6fd877]::thread::lifecycle::spawn_unchecked<test[aada8e7e76ba119b]::run_test::{closure#1}, ()>::{closure#1} as core[a373ad73a504971]::ops::function::FnOnce<()>>::call_once::{shim:vtable#0}
[INFO] [stdout]   17:     0x5e2dfe6a14af - <std[617be2ca0a6fd877]::sys::thread::unix::Thread>::new::thread_start
[INFO] [stdout]   18:     0x7d16dfe47dfa - <unknown>
[INFO] [stdout]   19:     0x7d16dfedb3d4 - clone
[INFO] [stdout]   20:                0x0 - <unknown>
[INFO] [stdout] 
[INFO] [stdout] ---- integration::norm_test stdout ----
[INFO] [stdout] 
[INFO] [stdout] thread 'integration::norm_test' (2109) panicked at tests/test.rs:113:9:
[INFO] [stdout] 
[INFO] [stdout] printed outputs differ!
[INFO] [stdout] 
[INFO] [stdout] expected:
[INFO] [stdout] ~~~~~~~~~~~~~~~~~~~~~~~~~~~~~~~~~~~~~~~~~~~~~~~~~~~~~~~~~~~~~~~~~~~~~~
[INFO] [stdout] X ~ N(10, 2²)
[INFO] [stdout] expected | 10
[INFO] [stdout] variance | 4
[INFO] [stdout] 
[INFO] [stdout] ~~~~~~~~~~~~~~~~~~~~~~~~~~~~~~~~~~~~~~~~~~~~~~~~~~~~~~~~~~~~~~~~~~~~~~
[INFO] [stdout] 
[INFO] [stdout] received:
[INFO] [stdout] ~~~~~~~~~~~~~~~~~~~~~~~~~~~~~~~~~~~~~~~~~~~~~~~~~~~~~~~~~~~~~~~~~~~~~~
[INFO] [stdout] 
[INFO] [stdout] ~~~~~~~~~~~~~~~~~~~~~~~~~~~~~~~~~~~~~~~~~~~~~~~~~~~~~~~~~~~~~~~~~~~~~~
[INFO] [stdout] 
[INFO] [stdout] stack backtrace:
[INFO] [stdout]    0:     0x5e2dfe6a1c51 - <<std[617be2ca0a6fd877]::sys::backtrace::BacktraceLock>::print::DisplayBacktrace as core[a373ad73a504971]::fmt::Display>::fmt
[INFO] [stdout]    1:     0x5e2dfe6b5daa - core[a373ad73a504971]::fmt::write
[INFO] [stdout]    2:     0x5e2dfe6a60cc - <alloc[2e1b2a31b91974c5]::vec::Vec<u8> as core[a373ad73a504971]::io::write::Write>::write_fmt
[INFO] [stdout]    3:     0x5e2dfe67cc06 - std[617be2ca0a6fd877]::panicking::default_hook::{closure#0}
[INFO] [stdout]    4:     0x5e2dfe699c09 - std[617be2ca0a6fd877]::panicking::default_hook
[INFO] [stdout]    5:     0x5e2dfe6352f0 - test[aada8e7e76ba119b]::test_main_inner::{closure#0}
[INFO] [stdout]    6:     0x5e2dfe699dc2 - std[617be2ca0a6fd877]::panicking::panic_with_hook
[INFO] [stdout]    7:     0x5e2dfe67ccb2 - std[617be2ca0a6fd877]::panicking::panic_handler::{closure#0}
[INFO] [stdout]    8:     0x5e2dfe6758a9 - std[617be2ca0a6fd877]::sys::backtrace::__rust_end_short_backtrace::<std[617be2ca0a6fd877]::panicking::panic_handler::{closure#0}, !>
[INFO] [stdout]    9:     0x5e2dfe67d8bd - __rustc[ea4f61d10b84890b]::rust_begin_unwind
[INFO] [stdout]   10:     0x5e2dfe6b64dc - core[a373ad73a504971]::panicking::panic_fmt
[INFO] [stdout]   11:     0x5e2dfe625a91 - core[a373ad73a504971]::ptr::drop_glue::<integration[b7cf120409865434]::test::Test>
[INFO] [stdout]   12:     0x5e2dfe62834d - <integration[b7cf120409865434]::integration::norm_test::{closure#0} as core[a373ad73a504971]::ops::function::FnOnce<()>>::call_once
[INFO] [stdout]   13:     0x5e2dfe62873b - test[aada8e7e76ba119b]::__rust_begin_short_backtrace::<core[a373ad73a504971]::result::Result<(), alloc[2e1b2a31b91974c5]::string::String>, fn() -> core[a373ad73a504971]::result::Result<(), alloc[2e1b2a31b91974c5]::string::String>>
[INFO] [stdout]   14:     0x5e2dfe635915 - test[aada8e7e76ba119b]::run_test::{closure#0}
[INFO] [stdout]   15:     0x5e2dfe62f204 - std[617be2ca0a6fd877]::sys::backtrace::__rust_begin_short_backtrace::<test[aada8e7e76ba119b]::run_test::{closure#1}, ()>
[INFO] [stdout]   16:     0x5e2dfe6389a2 - <std[617be2ca0a6fd877]::thread::lifecycle::spawn_unchecked<test[aada8e7e76ba119b]::run_test::{closure#1}, ()>::{closure#1} as core[a373ad73a504971]::ops::function::FnOnce<()>>::call_once::{shim:vtable#0}
[INFO] [stdout]   17:     0x5e2dfe6a14af - <std[617be2ca0a6fd877]::sys::thread::unix::Thread>::new::thread_start
[INFO] [stdout]   18:     0x7d16dfe47dfa - <unknown>
[INFO] [stdout]   19:     0x7d16dfedb3d4 - clone
[INFO] [stdout]   20:                0x0 - <unknown>
[INFO] [stdout] 
[INFO] [stdout] ---- integration::diff_test stdout ----
[INFO] [stdout] 
[INFO] [stdout] thread 'integration::diff_test' (2089) panicked at tests/test.rs:113:9:
[INFO] [stdout] 
[INFO] [stdout] printed outputs differ!
[INFO] [stdout] 
[INFO] [stdout] expected:
[INFO] [stdout] ~~~~~~~~~~~~~~~~~~~~~~~~~~~~~~~~~~~~~~~~~~~~~~~~~~~~~~~~~~~~~~~~~~~~~~
[INFO] [stdout] mean                | -2.75
[INFO] [stdout] population variance | 2.1875
[INFO] [stdout] population std.dev  | 1.4790199458
[INFO] [stdout] sample variance     | 2.9166666667
[INFO] [stdout] sample std.err      | 1.7078251277
[INFO] [stdout] 
[INFO] [stdout] ~~~~~~~~~~~~~~~~~~~~~~~~~~~~~~~~~~~~~~~~~~~~~~~~~~~~~~~~~~~~~~~~~~~~~~
[INFO] [stdout] 
[INFO] [stdout] received:
[INFO] [stdout] ~~~~~~~~~~~~~~~~~~~~~~~~~~~~~~~~~~~~~~~~~~~~~~~~~~~~~~~~~~~~~~~~~~~~~~
[INFO] [stdout] 
[INFO] [stdout] ~~~~~~~~~~~~~~~~~~~~~~~~~~~~~~~~~~~~~~~~~~~~~~~~~~~~~~~~~~~~~~~~~~~~~~
[INFO] [stdout] 
[INFO] [stdout] stack backtrace:
[INFO] [stdout]    0:     0x5e2dfe6a1c51 - <<std[617be2ca0a6fd877]::sys::backtrace::BacktraceLock>::print::DisplayBacktrace as core[a373ad73a504971]::fmt::Display>::fmt
[INFO] [stdout]    1:     0x5e2dfe6b5daa - core[a373ad73a504971]::fmt::write
[INFO] [stdout]    2:     0x5e2dfe6a60cc - <alloc[2e1b2a31b91974c5]::vec::Vec<u8> as core[a373ad73a504971]::io::write::Write>::write_fmt
[INFO] [stdout]    3:     0x5e2dfe67cc06 - std[617be2ca0a6fd877]::panicking::default_hook::{closure#0}
[INFO] [stdout]    4:     0x5e2dfe699c09 - std[617be2ca0a6fd877]::panicking::default_hook
[INFO] [stdout]    5:     0x5e2dfe6352f0 - test[aada8e7e76ba119b]::test_main_inner::{closure#0}
[INFO] [stdout]    6:     0x5e2dfe699dc2 - std[617be2ca0a6fd877]::panicking::panic_with_hook
[INFO] [stdout]    7:     0x5e2dfe67ccb2 - std[617be2ca0a6fd877]::panicking::panic_handler::{closure#0}
[INFO] [stdout]    8:     0x5e2dfe6758a9 - std[617be2ca0a6fd877]::sys::backtrace::__rust_end_short_backtrace::<std[617be2ca0a6fd877]::panicking::panic_handler::{closure#0}, !>
[INFO] [stdout]    9:     0x5e2dfe67d8bd - __rustc[ea4f61d10b84890b]::rust_begin_unwind
[INFO] [stdout]   10:     0x5e2dfe6b64dc - core[a373ad73a504971]::panicking::panic_fmt
[INFO] [stdout]   11:     0x5e2dfe625a91 - core[a373ad73a504971]::ptr::drop_glue::<integration[b7cf120409865434]::test::Test>
[INFO] [stdout]   12:     0x5e2dfe628080 - <integration[b7cf120409865434]::integration::diff_test::{closure#0} as core[a373ad73a504971]::ops::function::FnOnce<()>>::call_once
[INFO] [stdout]   13:     0x5e2dfe62873b - test[aada8e7e76ba119b]::__rust_begin_short_backtrace::<core[a373ad73a504971]::result::Result<(), alloc[2e1b2a31b91974c5]::string::String>, fn() -> core[a373ad73a504971]::result::Result<(), alloc[2e1b2a31b91974c5]::string::String>>
[INFO] [stdout]   14:     0x5e2dfe635915 - test[aada8e7e76ba119b]::run_test::{closure#0}
[INFO] [stdout]   15:     0x5e2dfe62f204 - std[617be2ca0a6fd877]::sys::backtrace::__rust_begin_short_backtrace::<test[aada8e7e76ba119b]::run_test::{closure#1}, ()>
[INFO] [stdout]   16:     0x5e2dfe6389a2 - <std[617be2ca0a6fd877]::thread::lifecycle::spawn_unchecked<test[aada8e7e76ba119b]::run_test::{closure#1}, ()>::{closure#1} as core[a373ad73a504971]::ops::function::FnOnce<()>>::call_once::{shim:vtable#0}
[INFO] [stdout]   17:     0x5e2dfe6a14af - <std[617be2ca0a6fd877]::sys::thread::unix::Thread>::new::thread_start
[INFO] [stdout]   18:     0x7d16dfe47dfa - <unknown>
[INFO] [stdout]   19:     0x7d16dfedb3d4 - clone
[INFO] [stdout]   20:                0x0 - <unknown>
[INFO] [stdout] 
[INFO] [stdout] ---- integration::f_test stdout ----
[INFO] [stdout] 
[INFO] [stdout] thread 'integration::f_test' (2092) panicked at tests/test.rs:113:9:
[INFO] [stdout] 
[INFO] [stdout] printed outputs differ!
[INFO] [stdout] 
[INFO] [stdout] expected:
[INFO] [stdout] ~~~~~~~~~~~~~~~~~~~~~~~~~~~~~~~~~~~~~~~~~~~~~~~~~~~~~~~~~~~~~~~~~~~~~~
[INFO] [stdout] X ~ F(4, 5)
[INFO] [stdout] expected | 1.6666666667
[INFO] [stdout] variance | 9.7222222222
[INFO] [stdout] 
[INFO] [stdout] ~~~~~~~~~~~~~~~~~~~~~~~~~~~~~~~~~~~~~~~~~~~~~~~~~~~~~~~~~~~~~~~~~~~~~~
[INFO] [stdout] 
[INFO] [stdout] received:
[INFO] [stdout] ~~~~~~~~~~~~~~~~~~~~~~~~~~~~~~~~~~~~~~~~~~~~~~~~~~~~~~~~~~~~~~~~~~~~~~
[INFO] [stdout] 
[INFO] [stdout] ~~~~~~~~~~~~~~~~~~~~~~~~~~~~~~~~~~~~~~~~~~~~~~~~~~~~~~~~~~~~~~~~~~~~~~
[INFO] [stdout] 
[INFO] [stdout] stack backtrace:
[INFO] [stdout]    0:     0x5e2dfe6a1c51 - <<std[617be2ca0a6fd877]::sys::backtrace::BacktraceLock>::print::DisplayBacktrace as core[a373ad73a504971]::fmt::Display>::fmt
[INFO] [stdout]    1:     0x5e2dfe6b5daa - core[a373ad73a504971]::fmt::write
[INFO] [stdout]    2:     0x5e2dfe6a60cc - <alloc[2e1b2a31b91974c5]::vec::Vec<u8> as core[a373ad73a504971]::io::write::Write>::write_fmt
[INFO] [stdout]    3:     0x5e2dfe67cc06 - std[617be2ca0a6fd877]::panicking::default_hook::{closure#0}
[INFO] [stdout]    4:     0x5e2dfe699c09 - std[617be2ca0a6fd877]::panicking::default_hook
[INFO] [stdout]    5:     0x5e2dfe6352f0 - test[aada8e7e76ba119b]::test_main_inner::{closure#0}
[INFO] [stdout]    6:     0x5e2dfe699dc2 - std[617be2ca0a6fd877]::panicking::panic_with_hook
[INFO] [stdout]    7:     0x5e2dfe67ccb2 - std[617be2ca0a6fd877]::panicking::panic_handler::{closure#0}
[INFO] [stdout]    8:     0x5e2dfe6758a9 - std[617be2ca0a6fd877]::sys::backtrace::__rust_end_short_backtrace::<std[617be2ca0a6fd877]::panicking::panic_handler::{closure#0}, !>
[INFO] [stdout]    9:     0x5e2dfe67d8bd - __rustc[ea4f61d10b84890b]::rust_begin_unwind
[INFO] [stdout]   10:     0x5e2dfe6b64dc - core[a373ad73a504971]::panicking::panic_fmt
[INFO] [stdout]   11:     0x5e2dfe625a91 - core[a373ad73a504971]::ptr::drop_glue::<integration[b7cf120409865434]::test::Test>
[INFO] [stdout]   12:     0x5e2dfe6278fd - <integration[b7cf120409865434]::integration::f_test::{closure#0} as core[a373ad73a504971]::ops::function::FnOnce<()>>::call_once
[INFO] [stdout]   13:     0x5e2dfe62873b - test[aada8e7e76ba119b]::__rust_begin_short_backtrace::<core[a373ad73a504971]::result::Result<(), alloc[2e1b2a31b91974c5]::string::String>, fn() -> core[a373ad73a504971]::result::Result<(), alloc[2e1b2a31b91974c5]::string::String>>
[INFO] [stdout]   14:     0x5e2dfe635915 - test[aada8e7e76ba119b]::run_test::{closure#0}
[INFO] [stdout]   15:     0x5e2dfe62f204 - std[617be2ca0a6fd877]::sys::backtrace::__rust_begin_short_backtrace::<test[aada8e7e76ba119b]::run_test::{closure#1}, ()>
[INFO] [stdout]   16:     0x5e2dfe6389a2 - <std[617be2ca0a6fd877]::thread::lifecycle::spawn_unchecked<test[aada8e7e76ba119b]::run_test::{closure#1}, ()>::{closure#1} as core[a373ad73a504971]::ops::function::FnOnce<()>>::call_once::{shim:vtable#0}
[INFO] [stdout]   17:     0x5e2dfe6a14af - <std[617be2ca0a6fd877]::sys::thread::unix::Thread>::new::thread_start
[INFO] [stdout]   18:     0x7d16dfe47dfa - <unknown>
[INFO] [stdout]   19:     0x7d16dfedb3d4 - clone
[INFO] [stdout]   20:                0x0 - <unknown>
[INFO] [stdout] 
[INFO] [stdout] ---- integration::ichisq_test stdout ----
[INFO] [stdout] 
[INFO] [stdout] thread 'integration::ichisq_test' (2097) panicked at tests/test.rs:113:9:
[INFO] [stdout] 
[INFO] [stdout] printed outputs differ!
[INFO] [stdout] 
[INFO] [stdout] expected:
[INFO] [stdout] ~~~~~~~~~~~~~~~~~~~~~~~~~~~~~~~~~~~~~~~~~~~~~~~~~~~~~~~~~~~~~~~~~~~~~~
[INFO] [stdout] X ~ χ²(5)
[INFO] [stdout] x: left bound | 1.6103210449
[INFO] [stdout] P(X > x)      | 0.9
[INFO] [stdout] 
[INFO] [stdout] ~~~~~~~~~~~~~~~~~~~~~~~~~~~~~~~~~~~~~~~~~~~~~~~~~~~~~~~~~~~~~~~~~~~~~~
[INFO] [stdout] 
[INFO] [stdout] received:
[INFO] [stdout] ~~~~~~~~~~~~~~~~~~~~~~~~~~~~~~~~~~~~~~~~~~~~~~~~~~~~~~~~~~~~~~~~~~~~~~
[INFO] [stdout] 
[INFO] [stdout] ~~~~~~~~~~~~~~~~~~~~~~~~~~~~~~~~~~~~~~~~~~~~~~~~~~~~~~~~~~~~~~~~~~~~~~
[INFO] [stdout] 
[INFO] [stdout] stack backtrace:
[INFO] [stdout]    0:     0x5e2dfe6a1c51 - <<std[617be2ca0a6fd877]::sys::backtrace::BacktraceLock>::print::DisplayBacktrace as core[a373ad73a504971]::fmt::Display>::fmt
[INFO] [stdout]    1:     0x5e2dfe6b5daa - core[a373ad73a504971]::fmt::write
[INFO] [stdout]    2:     0x5e2dfe6a60cc - <alloc[2e1b2a31b91974c5]::vec::Vec<u8> as core[a373ad73a504971]::io::write::Write>::write_fmt
[INFO] [stdout]    3:     0x5e2dfe67cc06 - std[617be2ca0a6fd877]::panicking::default_hook::{closure#0}
[INFO] [stdout]    4:     0x5e2dfe699c09 - std[617be2ca0a6fd877]::panicking::default_hook
[INFO] [stdout]    5:     0x5e2dfe6352f0 - test[aada8e7e76ba119b]::test_main_inner::{closure#0}
[INFO] [stdout]    6:     0x5e2dfe699dc2 - std[617be2ca0a6fd877]::panicking::panic_with_hook
[INFO] [stdout]    7:     0x5e2dfe67ccb2 - std[617be2ca0a6fd877]::panicking::panic_handler::{closure#0}
[INFO] [stdout]    8:     0x5e2dfe6758a9 - std[617be2ca0a6fd877]::sys::backtrace::__rust_end_short_backtrace::<std[617be2ca0a6fd877]::panicking::panic_handler::{closure#0}, !>
[INFO] [stdout]    9:     0x5e2dfe67d8bd - __rustc[ea4f61d10b84890b]::rust_begin_unwind
[INFO] [stdout]   10:     0x5e2dfe6b64dc - core[a373ad73a504971]::panicking::panic_fmt
[INFO] [stdout]   11:     0x5e2dfe625a91 - core[a373ad73a504971]::ptr::drop_glue::<integration[b7cf120409865434]::test::Test>
[INFO] [stdout]   12:     0x5e2dfe62771d - <integration[b7cf120409865434]::integration::ichisq_test::{closure#0} as core[a373ad73a504971]::ops::function::FnOnce<()>>::call_once
[INFO] [stdout]   13:     0x5e2dfe62873b - test[aada8e7e76ba119b]::__rust_begin_short_backtrace::<core[a373ad73a504971]::result::Result<(), alloc[2e1b2a31b91974c5]::string::String>, fn() -> core[a373ad73a504971]::result::Result<(), alloc[2e1b2a31b91974c5]::string::String>>
[INFO] [stdout]   14:     0x5e2dfe635915 - test[aada8e7e76ba119b]::run_test::{closure#0}
[INFO] [stdout]   15:     0x5e2dfe62f204 - std[617be2ca0a6fd877]::sys::backtrace::__rust_begin_short_backtrace::<test[aada8e7e76ba119b]::run_test::{closure#1}, ()>
[INFO] [stdout]   16:     0x5e2dfe6389a2 - <std[617be2ca0a6fd877]::thread::lifecycle::spawn_unchecked<test[aada8e7e76ba119b]::run_test::{closure#1}, ()>::{closure#1} as core[a373ad73a504971]::ops::function::FnOnce<()>>::call_once::{shim:vtable#0}
[INFO] [stdout]   17:     0x5e2dfe6a14af - <std[617be2ca0a6fd877]::sys::thread::unix::Thread>::new::thread_start
[INFO] [stdout]   18:     0x7d16dfe47dfa - <unknown>
[INFO] [stdout]   19:     0x7d16dfedb3d4 - clone
[INFO] [stdout]   20:                0x0 - <unknown>
[INFO] [stdout] 
[INFO] [stdout] ---- integration::inorm_test stdout ----
[INFO] [stdout] 
[INFO] [stdout] thread 'integration::inorm_test' (2098) panicked at tests/test.rs:113:9:
[INFO] [stdout] 
[INFO] [stdout] printed outputs differ!
[INFO] [stdout] 
[INFO] [stdout] expected:
[INFO] [stdout] ~~~~~~~~~~~~~~~~~~~~~~~~~~~~~~~~~~~~~~~~~~~~~~~~~~~~~~~~~~~~~~~~~~~~~~
[INFO] [stdout] X ~ N(0, 1²)
[INFO] [stdout] a: left bound  | -1.9599639845
[INFO] [stdout] b: right bound | 1.9599639845
[INFO] [stdout] P(a < X < b)   | 0.95
[INFO] [stdout] 
[INFO] [stdout] ~~~~~~~~~~~~~~~~~~~~~~~~~~~~~~~~~~~~~~~~~~~~~~~~~~~~~~~~~~~~~~~~~~~~~~
[INFO] [stdout] 
[INFO] [stdout] received:
[INFO] [stdout] ~~~~~~~~~~~~~~~~~~~~~~~~~~~~~~~~~~~~~~~~~~~~~~~~~~~~~~~~~~~~~~~~~~~~~~
[INFO] [stdout] 
[INFO] [stdout] ~~~~~~~~~~~~~~~~~~~~~~~~~~~~~~~~~~~~~~~~~~~~~~~~~~~~~~~~~~~~~~~~~~~~~~
[INFO] [stdout] 
[INFO] [stdout] stack backtrace:
[INFO] [stdout]    0:     0x5e2dfe6a1c51 - <<std[617be2ca0a6fd877]::sys::backtrace::BacktraceLock>::print::DisplayBacktrace as core[a373ad73a504971]::fmt::Display>::fmt
[INFO] [stdout]    1:     0x5e2dfe6b5daa - core[a373ad73a504971]::fmt::write
[INFO] [stdout]    2:     0x5e2dfe6a60cc - <alloc[2e1b2a31b91974c5]::vec::Vec<u8> as core[a373ad73a504971]::io::write::Write>::write_fmt
[INFO] [stdout]    3:     0x5e2dfe67cc06 - std[617be2ca0a6fd877]::panicking::default_hook::{closure#0}
[INFO] [stdout]    4:     0x5e2dfe699c09 - std[617be2ca0a6fd877]::panicking::default_hook
[INFO] [stdout]    5:     0x5e2dfe6352f0 - test[aada8e7e76ba119b]::test_main_inner::{closure#0}
[INFO] [stdout]    6:     0x5e2dfe699dc2 - std[617be2ca0a6fd877]::panicking::panic_with_hook
[INFO] [stdout]    7:     0x5e2dfe67ccb2 - std[617be2ca0a6fd877]::panicking::panic_handler::{closure#0}
[INFO] [stdout]    8:     0x5e2dfe6758a9 - std[617be2ca0a6fd877]::sys::backtrace::__rust_end_short_backtrace::<std[617be2ca0a6fd877]::panicking::panic_handler::{closure#0}, !>
[INFO] [stdout]    9:     0x5e2dfe67d8bd - __rustc[ea4f61d10b84890b]::rust_begin_unwind
[INFO] [stdout]   10:     0x5e2dfe6b64dc - core[a373ad73a504971]::panicking::panic_fmt
[INFO] [stdout]   11:     0x5e2dfe625a91 - core[a373ad73a504971]::ptr::drop_glue::<integration[b7cf120409865434]::test::Test>
[INFO] [stdout]   12:     0x5e2dfe62753d - <integration[b7cf120409865434]::integration::inorm_test::{closure#0} as core[a373ad73a504971]::ops::function::FnOnce<()>>::call_once
[INFO] [stdout]   13:     0x5e2dfe62873b - test[aada8e7e76ba119b]::__rust_begin_short_backtrace::<core[a373ad73a504971]::result::Result<(), alloc[2e1b2a31b91974c5]::string::String>, fn() -> core[a373ad73a504971]::result::Result<(), alloc[2e1b2a31b91974c5]::string::String>>
[INFO] [stdout]   14:     0x5e2dfe635915 - test[aada8e7e76ba119b]::run_test::{closure#0}
[INFO] [stdout]   15:     0x5e2dfe62f204 - std[617be2ca0a6fd877]::sys::backtrace::__rust_begin_short_backtrace::<test[aada8e7e76ba119b]::run_test::{closure#1}, ()>
[INFO] [stdout]   16:     0x5e2dfe6389a2 - <std[617be2ca0a6fd877]::thread::lifecycle::spawn_unchecked<test[aada8e7e76ba119b]::run_test::{closure#1}, ()>::{closure#1} as core[a373ad73a504971]::ops::function::FnOnce<()>>::call_once::{shim:vtable#0}
[INFO] [stdout]   17:     0x5e2dfe6a14af - <std[617be2ca0a6fd877]::sys::thread::unix::Thread>::new::thread_start
[INFO] [stdout]   18:     0x7d16dfe47dfa - <unknown>
[INFO] [stdout]   19:     0x7d16dfedb3d4 - clone
[INFO] [stdout]   20:                0x0 - <unknown>
[INFO] [stdout] 
[INFO] [stdout] ---- integration::exp_test stdout ----
[INFO] [stdout] 
[INFO] [stdout] thread 'integration::exp_test' (2091) panicked at tests/test.rs:113:9:
[INFO] [stdout] 
[INFO] [stdout] printed outputs differ!
[INFO] [stdout] 
[INFO] [stdout] expected:
[INFO] [stdout] ~~~~~~~~~~~~~~~~~~~~~~~~~~~~~~~~~~~~~~~~~~~~~~~~~~~~~~~~~~~~~~~~~~~~~~
[INFO] [stdout] X ~ Exp(1.6)
[INFO] [stdout] expected | 0.625
[INFO] [stdout] variance | 0.390625
[INFO] [stdout] 
[INFO] [stdout] ~~~~~~~~~~~~~~~~~~~~~~~~~~~~~~~~~~~~~~~~~~~~~~~~~~~~~~~~~~~~~~~~~~~~~~
[INFO] [stdout] 
[INFO] [stdout] received:
[INFO] [stdout] ~~~~~~~~~~~~~~~~~~~~~~~~~~~~~~~~~~~~~~~~~~~~~~~~~~~~~~~~~~~~~~~~~~~~~~
[INFO] [stdout] 
[INFO] [stdout] ~~~~~~~~~~~~~~~~~~~~~~~~~~~~~~~~~~~~~~~~~~~~~~~~~~~~~~~~~~~~~~~~~~~~~~
[INFO] [stdout] 
[INFO] [stdout] stack backtrace:
[INFO] [stdout]    0:     0x5e2dfe6a1c51 - <<std[617be2ca0a6fd877]::sys::backtrace::BacktraceLock>::print::DisplayBacktrace as core[a373ad73a504971]::fmt::Display>::fmt
[INFO] [stdout]    1:     0x5e2dfe6b5daa - core[a373ad73a504971]::fmt::write
[INFO] [stdout]    2:     0x5e2dfe6a60cc - <alloc[2e1b2a31b91974c5]::vec::Vec<u8> as core[a373ad73a504971]::io::write::Write>::write_fmt
[INFO] [stdout]    3:     0x5e2dfe67cc06 - std[617be2ca0a6fd877]::panicking::default_hook::{closure#0}
[INFO] [stdout]    4:     0x5e2dfe699c09 - std[617be2ca0a6fd877]::panicking::default_hook
[INFO] [stdout]    5:     0x5e2dfe6352f0 - test[aada8e7e76ba119b]::test_main_inner::{closure#0}
[INFO] [stdout]    6:     0x5e2dfe699dc2 - std[617be2ca0a6fd877]::panicking::panic_with_hook
[INFO] [stdout]    7:     0x5e2dfe67ccb2 - std[617be2ca0a6fd877]::panicking::panic_handler::{closure#0}
[INFO] [stdout]    8:     0x5e2dfe6758a9 - std[617be2ca0a6fd877]::sys::backtrace::__rust_end_short_backtrace::<std[617be2ca0a6fd877]::panicking::panic_handler::{closure#0}, !>
[INFO] [stdout]    9:     0x5e2dfe67d8bd - __rustc[ea4f61d10b84890b]::rust_begin_unwind
[INFO] [stdout]   10:     0x5e2dfe6b64dc - core[a373ad73a504971]::panicking::panic_fmt
[INFO] [stdout]   11:     0x5e2dfe625a91 - core[a373ad73a504971]::ptr::drop_glue::<integration[b7cf120409865434]::test::Test>
[INFO] [stdout]   12:     0x5e2dfe627ced - <integration[b7cf120409865434]::integration::exp_test::{closure#0} as core[a373ad73a504971]::ops::function::FnOnce<()>>::call_once
[INFO] [stdout]   13:     0x5e2dfe62873b - test[aada8e7e76ba119b]::__rust_begin_short_backtrace::<core[a373ad73a504971]::result::Result<(), alloc[2e1b2a31b91974c5]::string::String>, fn() -> core[a373ad73a504971]::result::Result<(), alloc[2e1b2a31b91974c5]::string::String>>
[INFO] [stdout]   14:     0x5e2dfe635915 - test[aada8e7e76ba119b]::run_test::{closure#0}
[INFO] [stdout]   15:     0x5e2dfe62f204 - std[617be2ca0a6fd877]::sys::backtrace::__rust_begin_short_backtrace::<test[aada8e7e76ba119b]::run_test::{closure#1}, ()>
[INFO] [stdout]   16:     0x5e2dfe6389a2 - <std[617be2ca0a6fd877]::thread::lifecycle::spawn_unchecked<test[aada8e7e76ba119b]::run_test::{closure#1}, ()>::{closure#1} as core[a373ad73a504971]::ops::function::FnOnce<()>>::call_once::{shim:vtable#0}
[INFO] [stdout]   17:     0x5e2dfe6a14af - <std[617be2ca0a6fd877]::sys::thread::unix::Thread>::new::thread_start
[INFO] [stdout]   18:     0x7d16dfe47dfa - <unknown>
[INFO] [stdout]   19:     0x7d16dfedb3d4 - clone
[INFO] [stdout]   20:                0x0 - <unknown>
[INFO] [stdout] 
[INFO] [stdout] ---- integration::data_test stdout ----
[INFO] [stdout] 
[INFO] [stdout] thread 'integration::data_test' (2088) panicked at tests/test.rs:113:9:
[INFO] [stdout] 
[INFO] [stdout] printed outputs differ!
[INFO] [stdout] 
[INFO] [stdout] expected:
[INFO] [stdout] ~~~~~~~~~~~~~~~~~~~~~~~~~~~~~~~~~~~~~~~~~~~~~~~~~~~~~~~~~~~~~~~~~~~~~~
[INFO] [stdout] mean                | 27.5
[INFO] [stdout] population variance | 218.75
[INFO] [stdout] population std.dev  | 14.7901994577
[INFO] [stdout] sample variance     | 291.6666666667
[INFO] [stdout] sample std.err      | 17.0782512766
[INFO] [stdout] 
[INFO] [stdout] ~~~~~~~~~~~~~~~~~~~~~~~~~~~~~~~~~~~~~~~~~~~~~~~~~~~~~~~~~~~~~~~~~~~~~~
[INFO] [stdout] 
[INFO] [stdout] received:
[INFO] [stdout] ~~~~~~~~~~~~~~~~~~~~~~~~~~~~~~~~~~~~~~~~~~~~~~~~~~~~~~~~~~~~~~~~~~~~~~
[INFO] [stdout] 
[INFO] [stdout] ~~~~~~~~~~~~~~~~~~~~~~~~~~~~~~~~~~~~~~~~~~~~~~~~~~~~~~~~~~~~~~~~~~~~~~
[INFO] [stdout] 
[INFO] [stdout] stack backtrace:
[INFO] [stdout]    0:     0x5e2dfe6a1c51 - <<std[617be2ca0a6fd877]::sys::backtrace::BacktraceLock>::print::DisplayBacktrace as core[a373ad73a504971]::fmt::Display>::fmt
[INFO] [stdout]    1:     0x5e2dfe6b5daa - core[a373ad73a504971]::fmt::write
[INFO] [stdout]    2:     0x5e2dfe6a60cc - <alloc[2e1b2a31b91974c5]::vec::Vec<u8> as core[a373ad73a504971]::io::write::Write>::write_fmt
[INFO] [stdout]    3:     0x5e2dfe67cc06 - std[617be2ca0a6fd877]::panicking::default_hook::{closure#0}
[INFO] [stdout]    4:     0x5e2dfe699c09 - std[617be2ca0a6fd877]::panicking::default_hook
[INFO] [stdout]    5:     0x5e2dfe6352f0 - test[aada8e7e76ba119b]::test_main_inner::{closure#0}
[INFO] [stdout]    6:     0x5e2dfe699dc2 - std[617be2ca0a6fd877]::panicking::panic_with_hook
[INFO] [stdout]    7:     0x5e2dfe67ccb2 - std[617be2ca0a6fd877]::panicking::panic_handler::{closure#0}
[INFO] [stdout]    8:     0x5e2dfe6758a9 - std[617be2ca0a6fd877]::sys::backtrace::__rust_end_short_backtrace::<std[617be2ca0a6fd877]::panicking::panic_handler::{closure#0}, !>
[INFO] [stdout]    9:     0x5e2dfe67d8bd - __rustc[ea4f61d10b84890b]::rust_begin_unwind
[INFO] [stdout]   10:     0x5e2dfe6b64dc - core[a373ad73a504971]::panicking::panic_fmt
[INFO] [stdout]   11:     0x5e2dfe625a91 - core[a373ad73a504971]::ptr::drop_glue::<integration[b7cf120409865434]::test::Test>
[INFO] [stdout]   12:     0x5e2dfe627f40 - <integration[b7cf120409865434]::integration::data_test::{closure#0} as core[a373ad73a504971]::ops::function::FnOnce<()>>::call_once
[INFO] [stdout]   13:     0x5e2dfe62873b - test[aada8e7e76ba119b]::__rust_begin_short_backtrace::<core[a373ad73a504971]::result::Result<(), alloc[2e1b2a31b91974c5]::string::String>, fn() -> core[a373ad73a504971]::result::Result<(), alloc[2e1b2a31b91974c5]::string::String>>
[INFO] [stdout]   14:     0x5e2dfe635915 - test[aada8e7e76ba119b]::run_test::{closure#0}
[INFO] [stdout]   15:     0x5e2dfe62f204 - std[617be2ca0a6fd877]::sys::backtrace::__rust_begin_short_backtrace::<test[aada8e7e76ba119b]::run_test::{closure#1}, ()>
[INFO] [stdout]   16:     0x5e2dfe6389a2 - <std[617be2ca0a6fd877]::thread::lifecycle::spawn_unchecked<test[aada8e7e76ba119b]::run_test::{closure#1}, ()>::{closure#1} as core[a373ad73a504971]::ops::function::FnOnce<()>>::call_once::{shim:vtable#0}
[INFO] [stdout]   17:     0x5e2dfe6a14af - <std[617be2ca0a6fd877]::sys::thread::unix::Thread>::new::thread_start
[INFO] [stdout]   18:     0x7d16dfe47dfa - <unknown>
[INFO] [stdout]   19:     0x7d16dfedb3d4 - clone
[INFO] [stdout]   20:                0x0 - <unknown>
[INFO] [stdout] 
[INFO] [stdout] ---- integration::comp_test stdout ----
[INFO] [stdout] 
[INFO] [stdout] thread 'integration::comp_test' (2087) panicked at tests/test.rs:113:9:
[INFO] [stdout] 
[INFO] [stdout] printed outputs differ!
[INFO] [stdout] 
[INFO] [stdout] expected:
[INFO] [stdout] ~~~~~~~~~~~~~~~~~~~~~~~~~~~~~~~~~~~~~~~~~~~~~~~~~~~~~~~~~~~~~~~~~~~~~~
[INFO] [stdout] [data_set_1]
[INFO] [stdout] mean                   | 27.5
[INFO] [stdout] population variance    | 218.75
[INFO] [stdout] population std.dev     | 14.7901994577
[INFO] [stdout] sample variance        | 291.6666666667
[INFO] [stdout] sample std.err         | 17.0782512766
[INFO] [stdout] [data_set_2]
[INFO] [stdout] mean                   | 4.75
[INFO] [stdout] population variance    | 8.1875
[INFO] [stdout] population std.dev     | 2.8613807856
[INFO] [stdout] sample variance        | 10.9166666667
[INFO] [stdout] sample std.err         | 3.3040379336
[INFO] [stdout] [pooled sample]
[INFO] [stdout] [1] sample size        | 4
[INFO] [stdout] [1] sample variance    | 291.6666666667
[INFO] [stdout] [2] sample size        | 4
[INFO] [stdout] [2] sample variance    | 10.9166666667
[INFO] [stdout] pooled sample variance | 151.2916666667
[INFO] [stdout] pooled sample std.dev  | 12.3000677505
[INFO] [stdout] 
[INFO] [stdout] ~~~~~~~~~~~~~~~~~~~~~~~~~~~~~~~~~~~~~~~~~~~~~~~~~~~~~~~~~~~~~~~~~~~~~~
[INFO] [stdout] 
[INFO] [stdout] received:
[INFO] [stdout] ~~~~~~~~~~~~~~~~~~~~~~~~~~~~~~~~~~~~~~~~~~~~~~~~~~~~~~~~~~~~~~~~~~~~~~
[INFO] [stdout] 
[INFO] [stdout] ~~~~~~~~~~~~~~~~~~~~~~~~~~~~~~~~~~~~~~~~~~~~~~~~~~~~~~~~~~~~~~~~~~~~~~
[INFO] [stdout] 
[INFO] [stdout] stack backtrace:
[INFO] [stdout]    0:     0x5e2dfe6a1c51 - <<std[617be2ca0a6fd877]::sys::backtrace::BacktraceLock>::print::DisplayBacktrace as core[a373ad73a504971]::fmt::Display>::fmt
[INFO] [stdout]    1:     0x5e2dfe6b5daa - core[a373ad73a504971]::fmt::write
[INFO] [stdout]    2:     0x5e2dfe6a60cc - <alloc[2e1b2a31b91974c5]::vec::Vec<u8> as core[a373ad73a504971]::io::write::Write>::write_fmt
[INFO] [stdout]    3:     0x5e2dfe67cc06 - std[617be2ca0a6fd877]::panicking::default_hook::{closure#0}
[INFO] [stdout]    4:     0x5e2dfe699c09 - std[617be2ca0a6fd877]::panicking::default_hook
[INFO] [stdout]    5:     0x5e2dfe6352f0 - test[aada8e7e76ba119b]::test_main_inner::{closure#0}
[INFO] [stdout]    6:     0x5e2dfe699dc2 - std[617be2ca0a6fd877]::panicking::panic_with_hook
[INFO] [stdout]    7:     0x5e2dfe67ccb2 - std[617be2ca0a6fd877]::panicking::panic_handler::{closure#0}
[INFO] [stdout]    8:     0x5e2dfe6758a9 - std[617be2ca0a6fd877]::sys::backtrace::__rust_end_short_backtrace::<std[617be2ca0a6fd877]::panicking::panic_handler::{closure#0}, !>
[INFO] [stdout]    9:     0x5e2dfe67d8bd - __rustc[ea4f61d10b84890b]::rust_begin_unwind
[INFO] [stdout]   10:     0x5e2dfe6b64dc - core[a373ad73a504971]::panicking::panic_fmt
[INFO] [stdout]   11:     0x5e2dfe625a91 - core[a373ad73a504971]::ptr::drop_glue::<integration[b7cf120409865434]::test::Test>
[INFO] [stdout]   12:     0x5e2dfe627e83 - <integration[b7cf120409865434]::integration::comp_test::{closure#0} as core[a373ad73a504971]::ops::function::FnOnce<()>>::call_once
[INFO] [stdout]   13:     0x5e2dfe62873b - test[aada8e7e76ba119b]::__rust_begin_short_backtrace::<core[a373ad73a504971]::result::Result<(), alloc[2e1b2a31b91974c5]::string::String>, fn() -> core[a373ad73a504971]::result::Result<(), alloc[2e1b2a31b91974c5]::string::String>>
[INFO] [stdout]   14:     0x5e2dfe635915 - test[aada8e7e76ba119b]::run_test::{closure#0}
[INFO] [stdout]   15:     0x5e2dfe62f204 - std[617be2ca0a6fd877]::sys::backtrace::__rust_begin_short_backtrace::<test[aada8e7e76ba119b]::run_test::{closure#1}, ()>
[INFO] [stdout]   16:     0x5e2dfe6389a2 - <std[617be2ca0a6fd877]::thread::lifecycle::spawn_unchecked<test[aada8e7e76ba119b]::run_test::{closure#1}, ()>::{closure#1} as core[a373ad73a504971]::ops::function::FnOnce<()>>::call_once::{shim:vtable#0}
[INFO] [stdout]   17:     0x5e2dfe6a14af - <std[617be2ca0a6fd877]::sys::thread::unix::Thread>::new::thread_start
[INFO] [stdout]   18:     0x7d16dfe47dfa - <unknown>
[INFO] [stdout]   19:     0x7d16dfedb3d4 - clone
[INFO] [stdout]   20:                0x0 - <unknown>
[INFO] [stdout] 
[INFO] [stdout] ---- integration::pois_test stdout ----
[INFO] [stdout] 
[INFO] [stdout] thread 'integration::pois_test' (2111) panicked at tests/test.rs:113:9:
[INFO] [stdout] 
[INFO] [stdout] printed outputs differ!
[INFO] [stdout] 
[INFO] [stdout] expected:
[INFO] [stdout] ~~~~~~~~~~~~~~~~~~~~~~~~~~~~~~~~~~~~~~~~~~~~~~~~~~~~~~~~~~~~~~~~~~~~~~
[INFO] [stdout] X ~ Poisson(4.2)
[INFO] [stdout] expected | 4.2
[INFO] [stdout] variance | 4.2
[INFO] [stdout] 
[INFO] [stdout] ~~~~~~~~~~~~~~~~~~~~~~~~~~~~~~~~~~~~~~~~~~~~~~~~~~~~~~~~~~~~~~~~~~~~~~
[INFO] [stdout] 
[INFO] [stdout] received:
[INFO] [stdout] ~~~~~~~~~~~~~~~~~~~~~~~~~~~~~~~~~~~~~~~~~~~~~~~~~~~~~~~~~~~~~~~~~~~~~~
[INFO] [stdout] 
[INFO] [stdout] ~~~~~~~~~~~~~~~~~~~~~~~~~~~~~~~~~~~~~~~~~~~~~~~~~~~~~~~~~~~~~~~~~~~~~~
[INFO] [stdout] 
[INFO] [stdout] stack backtrace:
[INFO] [stdout]    0:     0x5e2dfe6a1c51 - <<std[617be2ca0a6fd877]::sys::backtrace::BacktraceLock>::print::DisplayBacktrace as core[a373ad73a504971]::fmt::Display>::fmt
[INFO] [stdout]    1:     0x5e2dfe6b5daa - core[a373ad73a504971]::fmt::write
[INFO] [stdout]    2:     0x5e2dfe6a60cc - <alloc[2e1b2a31b91974c5]::vec::Vec<u8> as core[a373ad73a504971]::io::write::Write>::write_fmt
[INFO] [stdout]    3:     0x5e2dfe67cc06 - std[617be2ca0a6fd877]::panicking::default_hook::{closure#0}
[INFO] [stdout]    4:     0x5e2dfe699c09 - std[617be2ca0a6fd877]::panicking::default_hook
[INFO] [stdout]    5:     0x5e2dfe6352f0 - test[aada8e7e76ba119b]::test_main_inner::{closure#0}
[INFO] [stdout]    6:     0x5e2dfe699dc2 - std[617be2ca0a6fd877]::panicking::panic_with_hook
[INFO] [stdout]    7:     0x5e2dfe67ccb2 - std[617be2ca0a6fd877]::panicking::panic_handler::{closure#0}
[INFO] [stdout]    8:     0x5e2dfe6758a9 - std[617be2ca0a6fd877]::sys::backtrace::__rust_end_short_backtrace::<std[617be2ca0a6fd877]::panicking::panic_handler::{closure#0}, !>
[INFO] [stdout]    9:     0x5e2dfe67d8bd - __rustc[ea4f61d10b84890b]::rust_begin_unwind
[INFO] [stdout]   10:     0x5e2dfe6b64dc - core[a373ad73a504971]::panicking::panic_fmt
[INFO] [stdout]   11:     0x5e2dfe625a91 - core[a373ad73a504971]::ptr::drop_glue::<integration[b7cf120409865434]::test::Test>
[INFO] [stdout]   12:     0x5e2dfe62849d - <integration[b7cf120409865434]::integration::pois_test::{closure#0} as core[a373ad73a504971]::ops::function::FnOnce<()>>::call_once
[INFO] [stdout]   13:     0x5e2dfe62873b - test[aada8e7e76ba119b]::__rust_begin_short_backtrace::<core[a373ad73a504971]::result::Result<(), alloc[2e1b2a31b91974c5]::string::String>, fn() -> core[a373ad73a504971]::result::Result<(), alloc[2e1b2a31b91974c5]::string::String>>
[INFO] [stdout]   14:     0x5e2dfe635915 - test[aada8e7e76ba119b]::run_test::{closure#0}
[INFO] [stdout]   15:     0x5e2dfe62f204 - std[617be2ca0a6fd877]::sys::backtrace::__rust_begin_short_backtrace::<test[aada8e7e76ba119b]::run_test::{closure#1}, ()>
[INFO] [stdout]   16:     0x5e2dfe6389a2 - <std[617be2ca0a6fd877]::thread::lifecycle::spawn_unchecked<test[aada8e7e76ba119b]::run_test::{closure#1}, ()>::{closure#1} as core[a373ad73a504971]::ops::function::FnOnce<()>>::call_once::{shim:vtable#0}
[INFO] [stdout]   17:     0x5e2dfe6a14af - <std[617be2ca0a6fd877]::sys::thread::unix::Thread>::new::thread_start
[INFO] [stdout]   18:     0x7d16dfe47dfa - <unknown>
[INFO] [stdout]   19:     0x7d16dfedb3d4 - clone
[INFO] [stdout]   20:                0x0 - <unknown>
[INFO] [stdout] 
[INFO] [stdout] ---- integration::geom_test stdout ----
[INFO] [stdout] 
[INFO] [stdout] thread 'integration::geom_test' (2094) panicked at tests/test.rs:113:9:
[INFO] [stdout] 
[INFO] [stdout] printed outputs differ!
[INFO] [stdout] 
[INFO] [stdout] expected:
[INFO] [stdout] ~~~~~~~~~~~~~~~~~~~~~~~~~~~~~~~~~~~~~~~~~~~~~~~~~~~~~~~~~~~~~~~~~~~~~~
[INFO] [stdout] X ~ G(0.2)
[INFO] [stdout] expected | 5
[INFO] [stdout] variance | 20
[INFO] [stdout] 
[INFO] [stdout] ~~~~~~~~~~~~~~~~~~~~~~~~~~~~~~~~~~~~~~~~~~~~~~~~~~~~~~~~~~~~~~~~~~~~~~
[INFO] [stdout] 
[INFO] [stdout] received:
[INFO] [stdout] ~~~~~~~~~~~~~~~~~~~~~~~~~~~~~~~~~~~~~~~~~~~~~~~~~~~~~~~~~~~~~~~~~~~~~~
[INFO] [stdout] 
[INFO] [stdout] ~~~~~~~~~~~~~~~~~~~~~~~~~~~~~~~~~~~~~~~~~~~~~~~~~~~~~~~~~~~~~~~~~~~~~~
[INFO] [stdout] 
[INFO] [stdout] stack backtrace:
[INFO] [stdout]    0:     0x5e2dfe6a1c51 - <<std[617be2ca0a6fd877]::sys::backtrace::BacktraceLock>::print::DisplayBacktrace as core[a373ad73a504971]::fmt::Display>::fmt
[INFO] [stdout]    1:     0x5e2dfe6b5daa - core[a373ad73a504971]::fmt::write
[INFO] [stdout]    2:     0x5e2dfe6a60cc - <alloc[2e1b2a31b91974c5]::vec::Vec<u8> as core[a373ad73a504971]::io::write::Write>::write_fmt
[INFO] [stdout]    3:     0x5e2dfe67cc06 - std[617be2ca0a6fd877]::panicking::default_hook::{closure#0}
[INFO] [stdout]    4:     0x5e2dfe699c09 - std[617be2ca0a6fd877]::panicking::default_hook
[INFO] [stdout]    5:     0x5e2dfe6352f0 - test[aada8e7e76ba119b]::test_main_inner::{closure#0}
[INFO] [stdout]    6:     0x5e2dfe699dc2 - std[617be2ca0a6fd877]::panicking::panic_with_hook
[INFO] [stdout]    7:     0x5e2dfe67ccb2 - std[617be2ca0a6fd877]::panicking::panic_handler::{closure#0}
[INFO] [stdout]    8:     0x5e2dfe6758a9 - std[617be2ca0a6fd877]::sys::backtrace::__rust_end_short_backtrace::<std[617be2ca0a6fd877]::panicking::panic_handler::{closure#0}, !>
[INFO] [stdout]    9:     0x5e2dfe67d8bd - __rustc[ea4f61d10b84890b]::rust_begin_unwind
[INFO] [stdout]   10:     0x5e2dfe6b64dc - core[a373ad73a504971]::panicking::panic_fmt
[INFO] [stdout]   11:     0x5e2dfe625a91 - core[a373ad73a504971]::ptr::drop_glue::<integration[b7cf120409865434]::test::Test>
[INFO] [stdout]   12:     0x5e2dfe6281fd - <integration[b7cf120409865434]::integration::geom_test::{closure#0} as core[a373ad73a504971]::ops::function::FnOnce<()>>::call_once
[INFO] [stdout]   13:     0x5e2dfe62873b - test[aada8e7e76ba119b]::__rust_begin_short_backtrace::<core[a373ad73a504971]::result::Result<(), alloc[2e1b2a31b91974c5]::string::String>, fn() -> core[a373ad73a504971]::result::Result<(), alloc[2e1b2a31b91974c5]::string::String>>
[INFO] [stdout]   14:     0x5e2dfe635915 - test[aada8e7e76ba119b]::run_test::{closure#0}
[INFO] [stdout]   15:     0x5e2dfe62f204 - std[617be2ca0a6fd877]::sys::backtrace::__rust_begin_short_backtrace::<test[aada8e7e76ba119b]::run_test::{closure#1}, ()>
[INFO] [stdout]   16:     0x5e2dfe6389a2 - <std[617be2ca0a6fd877]::thread::lifecycle::spawn_unchecked<test[aada8e7e76ba119b]::run_test::{closure#1}, ()>::{closure#1} as core[a373ad73a504971]::ops::function::FnOnce<()>>::call_once::{shim:vtable#0}
[INFO] [stdout]   17:     0x5e2dfe6a14af - <std[617be2ca0a6fd877]::sys::thread::unix::Thread>::new::thread_start
[INFO] [stdout]   18:     0x7d16dfe47dfa - <unknown>
[INFO] [stdout]   19:     0x7d16dfedb3d4 - clone
[INFO] [stdout]   20:                0x0 - <unknown>
[INFO] [stdout] 
[INFO] [stdout] ---- integration::t_test stdout ----
[INFO] [stdout] 
[INFO] [stdout] thread 'integration::t_test' (2113) panicked at tests/test.rs:113:9:
[INFO] [stdout] 
[INFO] [stdout] printed outputs differ!
[INFO] [stdout] 
[INFO] [stdout] expected:
[INFO] [stdout] ~~~~~~~~~~~~~~~~~~~~~~~~~~~~~~~~~~~~~~~~~~~~~~~~~~~~~~~~~~~~~~~~~~~~~~
[INFO] [stdout] X ~ t(6)
[INFO] [stdout] expected | 0
[INFO] [stdout] variance | 1.5
[INFO] [stdout] 
[INFO] [stdout] ~~~~~~~~~~~~~~~~~~~~~~~~~~~~~~~~~~~~~~~~~~~~~~~~~~~~~~~~~~~~~~~~~~~~~~
[INFO] [stdout] 
[INFO] [stdout] received:
[INFO] [stdout] ~~~~~~~~~~~~~~~~~~~~~~~~~~~~~~~~~~~~~~~~~~~~~~~~~~~~~~~~~~~~~~~~~~~~~~
[INFO] [stdout] 
[INFO] [stdout] ~~~~~~~~~~~~~~~~~~~~~~~~~~~~~~~~~~~~~~~~~~~~~~~~~~~~~~~~~~~~~~~~~~~~~~
[INFO] [stdout] 
[INFO] [stdout] stack backtrace:
[INFO] [stdout]    0:     0x5e2dfe6a1c51 - <<std[617be2ca0a6fd877]::sys::backtrace::BacktraceLock>::print::DisplayBacktrace as core[a373ad73a504971]::fmt::Display>::fmt
[INFO] [stdout]    1:     0x5e2dfe6b5daa - core[a373ad73a504971]::fmt::write
[INFO] [stdout]    2:     0x5e2dfe6a60cc - <alloc[2e1b2a31b91974c5]::vec::Vec<u8> as core[a373ad73a504971]::io::write::Write>::write_fmt
[INFO] [stdout]    3:     0x5e2dfe67cc06 - std[617be2ca0a6fd877]::panicking::default_hook::{closure#0}
[INFO] [stdout]    4:     0x5e2dfe699c09 - std[617be2ca0a6fd877]::panicking::default_hook
[INFO] [stdout]    5:     0x5e2dfe6352f0 - test[aada8e7e76ba119b]::test_main_inner::{closure#0}
[INFO] [stdout]    6:     0x5e2dfe699dc2 - std[617be2ca0a6fd877]::panicking::panic_with_hook
[INFO] [stdout]    7:     0x5e2dfe67ccb2 - std[617be2ca0a6fd877]::panicking::panic_handler::{closure#0}
[INFO] [stdout]    8:     0x5e2dfe6758a9 - std[617be2ca0a6fd877]::sys::backtrace::__rust_end_short_backtrace::<std[617be2ca0a6fd877]::panicking::panic_handler::{closure#0}, !>
[INFO] [stdout]    9:     0x5e2dfe67d8bd - __rustc[ea4f61d10b84890b]::rust_begin_unwind
[INFO] [stdout]   10:     0x5e2dfe6b64dc - core[a373ad73a504971]::panicking::panic_fmt
[INFO] [stdout]   11:     0x5e2dfe625a91 - core[a373ad73a504971]::ptr::drop_glue::<integration[b7cf120409865434]::test::Test>
[INFO] [stdout]   12:     0x5e2dfe627a4d - <integration[b7cf120409865434]::integration::t_test::{closure#0} as core[a373ad73a504971]::ops::function::FnOnce<()>>::call_once
[INFO] [stdout]   13:     0x5e2dfe62873b - test[aada8e7e76ba119b]::__rust_begin_short_backtrace::<core[a373ad73a504971]::result::Result<(), alloc[2e1b2a31b91974c5]::string::String>, fn() -> core[a373ad73a504971]::result::Result<(), alloc[2e1b2a31b91974c5]::string::String>>
[INFO] [stdout]   14:     0x5e2dfe635915 - test[aada8e7e76ba119b]::run_test::{closure#0}
[INFO] [stdout]   15:     0x5e2dfe62f204 - std[617be2ca0a6fd877]::sys::backtrace::__rust_begin_short_backtrace::<test[aada8e7e76ba119b]::run_test::{closure#1}, ()>
[INFO] [stdout]   16:     0x5e2dfe6389a2 - <std[617be2ca0a6fd877]::thread::lifecycle::spawn_unchecked<test[aada8e7e76ba119b]::run_test::{closure#1}, ()>::{closure#1} as core[a373ad73a504971]::ops::function::FnOnce<()>>::call_once::{shim:vtable#0}
[INFO] [stdout]   17:     0x5e2dfe6a14af - <std[617be2ca0a6fd877]::sys::thread::unix::Thread>::new::thread_start
[INFO] [stdout]   18:     0x7d16dfe47dfa - <unknown>
[INFO] [stdout]   19:     0x7d16dfedb3d4 - clone
[INFO] [stdout]   20:                0x0 - <unknown>
[INFO] [stdout] 
[INFO] [stdout] ---- integration::unif_test stdout ----
[INFO] [stdout] 
[INFO] [stdout] thread 'integration::unif_test' (2114) panicked at tests/test.rs:113:9:
[INFO] [stdout] 
[INFO] [stdout] printed outputs differ!
[INFO] [stdout] 
[INFO] [stdout] expected:
[INFO] [stdout] ~~~~~~~~~~~~~~~~~~~~~~~~~~~~~~~~~~~~~~~~~~~~~~~~~~~~~~~~~~~~~~~~~~~~~~
[INFO] [stdout] X ~ U(1, 2)
[INFO] [stdout] expected | 1.5
[INFO] [stdout] variance | 0.0833333333
[INFO] [stdout] 
[INFO] [stdout] ~~~~~~~~~~~~~~~~~~~~~~~~~~~~~~~~~~~~~~~~~~~~~~~~~~~~~~~~~~~~~~~~~~~~~~
[INFO] [stdout] 
[INFO] [stdout] received:
[INFO] [stdout] ~~~~~~~~~~~~~~~~~~~~~~~~~~~~~~~~~~~~~~~~~~~~~~~~~~~~~~~~~~~~~~~~~~~~~~
[INFO] [stdout] 
[INFO] [stdout] ~~~~~~~~~~~~~~~~~~~~~~~~~~~~~~~~~~~~~~~~~~~~~~~~~~~~~~~~~~~~~~~~~~~~~~
[INFO] [stdout] 
[INFO] [stdout] stack backtrace:
[INFO] [stdout]    0:     0x5e2dfe6a1c51 - <<std[617be2ca0a6fd877]::sys::backtrace::BacktraceLock>::print::DisplayBacktrace as core[a373ad73a504971]::fmt::Display>::fmt
[INFO] [stdout]    1:     0x5e2dfe6b5daa - core[a373ad73a504971]::fmt::write
[INFO] [stdout]    2:     0x5e2dfe6a60cc - <alloc[2e1b2a31b91974c5]::vec::Vec<u8> as core[a373ad73a504971]::io::write::Write>::write_fmt
[INFO] [stdout]    3:     0x5e2dfe67cc06 - std[617be2ca0a6fd877]::panicking::default_hook::{closure#0}
[INFO] [stdout]    4:     0x5e2dfe699c09 - std[617be2ca0a6fd877]::panicking::default_hook
[INFO] [stdout]    5:     0x5e2dfe6352f0 - test[aada8e7e76ba119b]::test_main_inner::{closure#0}
[INFO] [stdout]    6:     0x5e2dfe699dc2 - std[617be2ca0a6fd877]::panicking::panic_with_hook
[INFO] [stdout]    7:     0x5e2dfe67ccb2 - std[617be2ca0a6fd877]::panicking::panic_handler::{closure#0}
[INFO] [stdout]    8:     0x5e2dfe6758a9 - std[617be2ca0a6fd877]::sys::backtrace::__rust_end_short_backtrace::<std[617be2ca0a6fd877]::panicking::panic_handler::{closure#0}, !>
[INFO] [stdout]    9:     0x5e2dfe67d8bd - __rustc[ea4f61d10b84890b]::rust_begin_unwind
[INFO] [stdout]   10:     0x5e2dfe6b64dc - core[a373ad73a504971]::panicking::panic_fmt
[INFO] [stdout]   11:     0x5e2dfe625a91 - core[a373ad73a504971]::ptr::drop_glue::<integration[b7cf120409865434]::test::Test>
[INFO] [stdout]   12:     0x5e2dfe6285ed - <integration[b7cf120409865434]::integration::unif_test::{closure#0} as core[a373ad73a504971]::ops::function::FnOnce<()>>::call_once
[INFO] [stdout]   13:     0x5e2dfe62873b - test[aada8e7e76ba119b]::__rust_begin_short_backtrace::<core[a373ad73a504971]::result::Result<(), alloc[2e1b2a31b91974c5]::string::String>, fn() -> core[a373ad73a504971]::result::Result<(), alloc[2e1b2a31b91974c5]::string::String>>
[INFO] [stdout]   14:     0x5e2dfe635915 - test[aada8e7e76ba119b]::run_test::{closure#0}
[INFO] [stdout]   15:     0x5e2dfe62f204 - std[617be2ca0a6fd877]::sys::backtrace::__rust_begin_short_backtrace::<test[aada8e7e76ba119b]::run_test::{closure#1}, ()>
[INFO] [stdout]   16:     0x5e2dfe6389a2 - <std[617be2ca0a6fd877]::thread::lifecycle::spawn_unchecked<test[aada8e7e76ba119b]::run_test::{closure#1}, ()>::{closure#1} as core[a373ad73a504971]::ops::function::FnOnce<()>>::call_once::{shim:vtable#0}
[INFO] [stdout]   17:     0x5e2dfe6a14af - <std[617be2ca0a6fd877]::sys::thread::unix::Thread>::new::thread_start
[INFO] [stdout]   18:     0x7d16dfe47dfa - <unknown>
[INFO] [stdout]   19:     0x7d16dfedb3d4 - clone
[INFO] [stdout]   20:                0x0 - <unknown>
[INFO] [stdout] 
[INFO] [stdout] ---- integration::binom_test stdout ----
[INFO] [stdout] 
[INFO] [stdout] thread 'integration::binom_test' (2085) panicked at tests/test.rs:113:9:
[INFO] [stdout] 
[INFO] [stdout] printed outputs differ!
[INFO] [stdout] 
[INFO] [stdout] expected:
[INFO] [stdout] ~~~~~~~~~~~~~~~~~~~~~~~~~~~~~~~~~~~~~~~~~~~~~~~~~~~~~~~~~~~~~~~~~~~~~~
[INFO] [stdout] X ~ B(10, 0.2)
[INFO] [stdout] expected | 2
[INFO] [stdout] variance | 1.6
[INFO] [stdout] 
[INFO] [stdout] ~~~~~~~~~~~~~~~~~~~~~~~~~~~~~~~~~~~~~~~~~~~~~~~~~~~~~~~~~~~~~~~~~~~~~~
[INFO] [stdout] 
[INFO] [stdout] received:
[INFO] [stdout] ~~~~~~~~~~~~~~~~~~~~~~~~~~~~~~~~~~~~~~~~~~~~~~~~~~~~~~~~~~~~~~~~~~~~~~
[INFO] [stdout] 
[INFO] [stdout] ~~~~~~~~~~~~~~~~~~~~~~~~~~~~~~~~~~~~~~~~~~~~~~~~~~~~~~~~~~~~~~~~~~~~~~
[INFO] [stdout] 
[INFO] [stdout] stack backtrace:
[INFO] [stdout]    0:     0x5e2dfe6a1c51 - <<std[617be2ca0a6fd877]::sys::backtrace::BacktraceLock>::print::DisplayBacktrace as core[a373ad73a504971]::fmt::Display>::fmt
[INFO] [stdout]    1:     0x5e2dfe6b5daa - core[a373ad73a504971]::fmt::write
[INFO] [stdout]    2:     0x5e2dfe6a60cc - <alloc[2e1b2a31b91974c5]::vec::Vec<u8> as core[a373ad73a504971]::io::write::Write>::write_fmt
[INFO] [stdout]    3:     0x5e2dfe67cc06 - std[617be2ca0a6fd877]::panicking::default_hook::{closure#0}
[INFO] [stdout]    4:     0x5e2dfe699c09 - std[617be2ca0a6fd877]::panicking::default_hook
[INFO] [stdout]    5:     0x5e2dfe6352f0 - test[aada8e7e76ba119b]::test_main_inner::{closure#0}
[INFO] [stdout]    6:     0x5e2dfe699dc2 - std[617be2ca0a6fd877]::panicking::panic_with_hook
[INFO] [stdout]    7:     0x5e2dfe67ccb2 - std[617be2ca0a6fd877]::panicking::panic_handler::{closure#0}
[INFO] [stdout]    8:     0x5e2dfe6758a9 - std[617be2ca0a6fd877]::sys::backtrace::__rust_end_short_backtrace::<std[617be2ca0a6fd877]::panicking::panic_handler::{closure#0}, !>
[INFO] [stdout]    9:     0x5e2dfe67d8bd - __rustc[ea4f61d10b84890b]::rust_begin_unwind
[INFO] [stdout]   10:     0x5e2dfe6b64dc - core[a373ad73a504971]::panicking::panic_fmt
[INFO] [stdout]   11:     0x5e2dfe625a91 - core[a373ad73a504971]::ptr::drop_glue::<integration[b7cf120409865434]::test::Test>
[INFO] [stdout]   12:     0x5e2dfe62723d - <integration[b7cf120409865434]::integration::binom_test::{closure#0} as core[a373ad73a504971]::ops::function::FnOnce<()>>::call_once
[INFO] [stdout]   13:     0x5e2dfe62873b - test[aada8e7e76ba119b]::__rust_begin_short_backtrace::<core[a373ad73a504971]::result::Result<(), alloc[2e1b2a31b91974c5]::string::String>, fn() -> core[a373ad73a504971]::result::Result<(), alloc[2e1b2a31b91974c5]::string::String>>
[INFO] [stdout]   14:     0x5e2dfe635915 - test[aada8e7e76ba119b]::run_test::{closure#0}
[INFO] [stdout]   15:     0x5e2dfe62f204 - std[617be2ca0a6fd877]::sys::backtrace::__rust_begin_short_backtrace::<test[aada8e7e76ba119b]::run_test::{closure#1}, ()>
[INFO] [stdout]   16:     0x5e2dfe6389a2 - <std[617be2ca0a6fd877]::thread::lifecycle::spawn_unchecked<test[aada8e7e76ba119b]::run_test::{closure#1}, ()>::{closure#1} as core[a373ad73a504971]::ops::function::FnOnce<()>>::call_once::{shim:vtable#0}
[INFO] [stdout]   17:     0x5e2dfe6a14af - <std[617be2ca0a6fd877]::sys::thread::unix::Thread>::new::thread_start
[INFO] [stdout]   18:     0x7d16dfe47dfa - <unknown>
[INFO] [stdout]   19:     0x7d16dfedb3d4 - clone
[INFO] [stdout]   20:                0x0 - <unknown>
[INFO] [stdout] 
[INFO] [stdout] ---- integration::vpool_test stdout ----
[INFO] [stdout] 
[INFO] [stdout] thread 'integration::vpool_test' (2117) panicked at tests/test.rs:113:9:
[INFO] [stdout] 
[INFO] [stdout] printed outputs differ!
[INFO] [stdout] 
[INFO] [stdout] expected:
[INFO] [stdout] ~~~~~~~~~~~~~~~~~~~~~~~~~~~~~~~~~~~~~~~~~~~~~~~~~~~~~~~~~~~~~~~~~~~~~~
[INFO] [stdout] [1] sample size        | 3
[INFO] [stdout] [1] sample variance    | 2.3
[INFO] [stdout] [2] sample size        | 4
[INFO] [stdout] [2] sample variance    | 5.4
[INFO] [stdout] pooled sample variance | 4.16
[INFO] [stdout] pooled sample std.dev  | 2.0396078054
[INFO] [stdout] 
[INFO] [stdout] ~~~~~~~~~~~~~~~~~~~~~~~~~~~~~~~~~~~~~~~~~~~~~~~~~~~~~~~~~~~~~~~~~~~~~~
[INFO] [stdout] 
[INFO] [stdout] received:
[INFO] [stdout] ~~~~~~~~~~~~~~~~~~~~~~~~~~~~~~~~~~~~~~~~~~~~~~~~~~~~~~~~~~~~~~~~~~~~~~
[INFO] [stdout] 
[INFO] [stdout] ~~~~~~~~~~~~~~~~~~~~~~~~~~~~~~~~~~~~~~~~~~~~~~~~~~~~~~~~~~~~~~~~~~~~~~
[INFO] [stdout] 
[INFO] [stdout] stack backtrace:
[INFO] [stdout]    0:     0x5e2dfe6a1c51 - <<std[617be2ca0a6fd877]::sys::backtrace::BacktraceLock>::print::DisplayBacktrace as core[a373ad73a504971]::fmt::Display>::fmt
[INFO] [stdout]    1:     0x5e2dfe6b5daa - core[a373ad73a504971]::fmt::write
[INFO] [stdout]    2:     0x5e2dfe6a60cc - <alloc[2e1b2a31b91974c5]::vec::Vec<u8> as core[a373ad73a504971]::io::write::Write>::write_fmt
[INFO] [stdout]    3:     0x5e2dfe67cc06 - std[617be2ca0a6fd877]::panicking::default_hook::{closure#0}
[INFO] [stdout]    4:     0x5e2dfe699c09 - std[617be2ca0a6fd877]::panicking::default_hook
[INFO] [stdout]    5:     0x5e2dfe6352f0 - test[aada8e7e76ba119b]::test_main_inner::{closure#0}
[INFO] [stdout]    6:     0x5e2dfe699dc2 - std[617be2ca0a6fd877]::panicking::panic_with_hook
[INFO] [stdout]    7:     0x5e2dfe67ccb2 - std[617be2ca0a6fd877]::panicking::panic_handler::{closure#0}
[INFO] [stdout]    8:     0x5e2dfe6758a9 - std[617be2ca0a6fd877]::sys::backtrace::__rust_end_short_backtrace::<std[617be2ca0a6fd877]::panicking::panic_handler::{closure#0}, !>
[INFO] [stdout]    9:     0x5e2dfe67d8bd - __rustc[ea4f61d10b84890b]::rust_begin_unwind
[INFO] [stdout]   10:     0x5e2dfe6b64dc - core[a373ad73a504971]::panicking::panic_fmt
[INFO] [stdout]   11:     0x5e2dfe625a91 - core[a373ad73a504971]::ptr::drop_glue::<integration[b7cf120409865434]::test::Test>
[INFO] [stdout]   12:     0x5e2dfe62768d - <integration[b7cf120409865434]::integration::vpool_test::{closure#0} as core[a373ad73a504971]::ops::function::FnOnce<()>>::call_once
[INFO] [stdout]   13:     0x5e2dfe62873b - test[aada8e7e76ba119b]::__rust_begin_short_backtrace::<core[a373ad73a504971]::result::Result<(), alloc[2e1b2a31b91974c5]::string::String>, fn() -> core[a373ad73a504971]::result::Result<(), alloc[2e1b2a31b91974c5]::string::String>>
[INFO] [stdout]   14:     0x5e2dfe635915 - test[aada8e7e76ba119b]::run_test::{closure#0}
[INFO] [stdout]   15:     0x5e2dfe62f204 - std[617be2ca0a6fd877]::sys::backtrace::__rust_begin_short_backtrace::<test[aada8e7e76ba119b]::run_test::{closure#1}, ()>
[INFO] [stdout]   16:     0x5e2dfe6389a2 - <std[617be2ca0a6fd877]::thread::lifecycle::spawn_unchecked<test[aada8e7e76ba119b]::run_test::{closure#1}, ()>::{closure#1} as core[a373ad73a504971]::ops::function::FnOnce<()>>::call_once::{shim:vtable#0}
[INFO] [stdout]   17:     0x5e2dfe6a14af - <std[617be2ca0a6fd877]::sys::thread::unix::Thread>::new::thread_start
[INFO] [stdout]   18:     0x7d16dfe47dfa - <unknown>
[INFO] [stdout]   19:     0x7d16dfedb3d4 - clone
[INFO] [stdout]   20:                0x0 - <unknown>
[INFO] [stdout] 
[INFO] [stdout] 
[INFO] [stdout] failures:
[INFO] [stdout]     integration::binom_test
[INFO] [stdout]     integration::chisq_test
[INFO] [stdout]     integration::comp_test
[INFO] [stdout]     integration::data_test
[INFO] [stdout]     integration::diff_test
[INFO] [stdout]     integration::eval_test
[INFO] [stdout]     integration::exp_test
[INFO] [stdout]     integration::f_test
[INFO] [stdout]     integration::geom_test
[INFO] [stdout]     integration::ichisq_test
[INFO] [stdout]     integration::inorm_test
[INFO] [stdout]     integration::it_test
[INFO] [stdout]     integration::nbinom_test
[INFO] [stdout]     integration::norm_test
[INFO] [stdout]     integration::pois_test
[INFO] [stdout]     integration::t_test
[INFO] [stdout]     integration::unif_test
[INFO] [stdout]     integration::vpool_test
[INFO] [stdout] 
[INFO] [stdout] test result: FAILED. 0 passed; 18 failed; 0 ignored; 0 measured; 0 filtered out; finished in 0.00s
[INFO] [stdout] 
[INFO] running `Command { std: "docker" "inspect" "5c5fb1085a4f96ee8b1b77ed110c374c5cce5e9cf185d5fdcb36dc2aa75fb85c", kill_on_drop: false }`
[INFO] running `Command { std: "docker" "rm" "-f" "5c5fb1085a4f96ee8b1b77ed110c374c5cce5e9cf185d5fdcb36dc2aa75fb85c", kill_on_drop: false }`
[INFO] [stdout] 5c5fb1085a4f96ee8b1b77ed110c374c5cce5e9cf185d5fdcb36dc2aa75fb85c
