[INFO] fetching crate sql_wrapper 0.1.6...
[INFO] testing sql_wrapper-0.1.6 against 1.99.0-beta.8+cargoflags=--release for beta-release-1.100-3
[INFO] extracting crate sql_wrapper 0.1.6 into /workspace/builds/worker-4-tc1/source
[INFO] started tweaking crates.io crate sql_wrapper 0.1.6
[INFO] finished tweaking crates.io crate sql_wrapper 0.1.6
[INFO] tweaked toml for crates.io crate sql_wrapper 0.1.6 written to /workspace/builds/worker-4-tc1/source/Cargo.toml
[INFO] validating manifest of crates.io crate sql_wrapper 0.1.6 on toolchain 1.99.0-beta.8
[INFO] running `Command { std: CARGO_HOME="/workspace/cargo-home" RUSTUP_HOME="/workspace/rustup-home" "/workspace/cargo-home/bin/cargo" "+1.99.0-beta.8" "metadata" "--manifest-path" "Cargo.toml" "--no-deps", kill_on_drop: false }`
[INFO] crate crates.io crate sql_wrapper 0.1.6 already has a lockfile, it will not be regenerated
[INFO] running `Command { std: CARGO_HOME="/workspace/cargo-home" RUSTUP_HOME="/workspace/rustup-home" "/workspace/cargo-home/bin/cargo" "+1.99.0-beta.8" "fetch" "--manifest-path" "Cargo.toml", kill_on_drop: false }`
[INFO] [stderr]     Updating crates.io index
[INFO] [stderr]  Downloading crates ...
[INFO] [stderr]   Downloaded uuid v1.8.0
[INFO] [stderr]   Downloaded backtrace v0.3.72
[INFO] [stderr]   Downloaded subtle v2.6.0
[INFO] [stderr]   Downloaded miniz_oxide v0.7.3
[INFO] [stderr]   Downloaded cc v1.0.99
[INFO] [stderr]   Downloaded redox_syscall v0.5.2
[INFO] [stderr]   Downloaded serde_json v1.0.117
[INFO] [stderr]   Downloaded object v0.35.0
[INFO] [stderr]   Downloaded sql-builder v3.1.1
[INFO] [stderr]   Downloaded anyhow v1.0.86
[INFO] [stderr]   Downloaded bigdecimal v0.4.5
[INFO] running `Command { std: "docker" "create" "-v" "/var/lib/crater-agent-workspace/builds/worker-4-tc1/source:/opt/rustwide/workdir:ro,Z" "-v" "/var/lib/crater-agent-workspace/builds/worker-4-tc1/target:/opt/rustwide/target:rw,Z" "-v" "/var/lib/crater-agent-workspace/cargo-home:/opt/rustwide/cargo-home:ro,Z" "-v" "/var/lib/crater-agent-workspace/rustup-home:/opt/rustwide/rustup-home:ro,Z" "-m" "1610612736" "--network" "none" "ghcr.io/rust-lang/crates-build-env/linux@sha256:77db811e55d90add9212f6832c23229e3de5f1c1f9905e8cb07319ea15df73ac" "sleep" "infinity", kill_on_drop: false }`
[INFO] [stdout] fb7d6a7d4c447112cdc4faccec39897564a9b0738c6c466ad12e1acee8d01492
[INFO] running `Command { std: "docker" "start" "fb7d6a7d4c447112cdc4faccec39897564a9b0738c6c466ad12e1acee8d01492", kill_on_drop: false }`
[INFO] running `Command { std: "docker" "inspect" "fb7d6a7d4c447112cdc4faccec39897564a9b0738c6c466ad12e1acee8d01492", kill_on_drop: false }`
[INFO] running `Command { std: "docker" "exec" "-e" "SOURCE_DIR=/opt/rustwide/workdir" "-e" "CARGO_HOME=/opt/rustwide/cargo-home" "-e" "RUSTUP_HOME=/opt/rustwide/rustup-home" "-e" "CARGO_TARGET_DIR=/opt/rustwide/target" "-w" "/opt/rustwide/workdir" "--user" "0:0" "fb7d6a7d4c447112cdc4faccec39897564a9b0738c6c466ad12e1acee8d01492" "/opt/rustwide/cargo-home/bin/cargo" "+1.99.0-beta.8" "metadata" "--no-deps" "--format-version=1", kill_on_drop: false }`
[INFO] running `Command { std: "docker" "inspect" "fb7d6a7d4c447112cdc4faccec39897564a9b0738c6c466ad12e1acee8d01492", kill_on_drop: false }`
[INFO] running `Command { std: "docker" "exec" "-e" "SOURCE_DIR=/opt/rustwide/workdir" "-e" "CARGO_HOME=/opt/rustwide/cargo-home" "-e" "RUSTUP_HOME=/opt/rustwide/rustup-home" "-e" "CARGO_TARGET_DIR=/opt/rustwide/target" "-e" "CARGO_INCREMENTAL=0" "-e" "RUST_BACKTRACE=full" "-e" "RUSTFLAGS=--cap-lints=warn" "-e" "RUSTDOCFLAGS=--cap-lints=warn" "-w" "/opt/rustwide/workdir" "--user" "0:0" "fb7d6a7d4c447112cdc4faccec39897564a9b0738c6c466ad12e1acee8d01492" "/opt/rustwide/cargo-home/bin/cargo" "+1.99.0-beta.8" "build" "--frozen" "--message-format=json" "--release", kill_on_drop: false }`
[INFO] [stderr]    Compiling libm v0.2.8
[INFO] [stderr]    Compiling num-traits v0.2.19
[INFO] [stderr]    Compiling serde v1.0.203
[INFO] [stderr]    Compiling const-oid v0.9.6
[INFO] [stderr]    Compiling syn v2.0.67
[INFO] [stderr]    Compiling subtle v2.6.0
[INFO] [stderr]    Compiling rust_decimal v1.35.0
[INFO] [stderr]    Compiling digest v0.10.7
[INFO] [stderr]    Compiling serde_json v1.0.117
[INFO] [stderr]    Compiling crypto-common v0.1.6
[INFO] [stderr]    Compiling num-bigint-dig v0.8.4
[INFO] [stderr]    Compiling tinyvec v1.6.0
[INFO] [stderr]    Compiling base64ct v1.6.0
[INFO] [stderr]    Compiling zeroize v1.8.1
[INFO] [stderr]    Compiling smallvec v1.13.2
[INFO] [stderr]    Compiling pem-rfc7468 v0.7.0
[INFO] [stderr]    Compiling der v0.7.9
[INFO] [stderr]    Compiling unicode-normalization v0.1.23
[INFO] [stderr]    Compiling idna v0.5.0
[INFO] [stderr]    Compiling num-integer v0.1.46
[INFO] [stderr]    Compiling arrayvec v0.7.4
[INFO] [stderr]    Compiling iana-time-zone v0.1.60
[INFO] [stderr]    Compiling spin v0.5.2
[INFO] [stderr]    Compiling log v0.4.21
[INFO] [stderr]    Compiling lazy_static v1.4.0
[INFO] [stderr]    Compiling chrono v0.4.38
[INFO] [stderr]    Compiling num-iter v0.1.45
[INFO] [stderr]    Compiling spki v0.7.3
[INFO] [stderr]    Compiling url v2.5.2
[INFO] [stderr]    Compiling parking_lot_core v0.9.10
[INFO] [stderr]    Compiling pkcs8 v0.10.2
[INFO] [stderr]    Compiling atoi v2.0.0
[INFO] [stderr]    Compiling sha2 v0.10.8
[INFO] [stderr]    Compiling hmac v0.12.1
[INFO] [stderr]    Compiling futures-sink v0.3.30
[INFO] [stderr]    Compiling uuid v1.8.0
[INFO] [stderr]    Compiling stringprep v0.1.5
[INFO] [stderr]    Compiling hkdf v0.12.4
[INFO] [stderr]    Compiling parking_lot v0.12.3
[INFO] [stderr]    Compiling pkcs1 v0.7.5
[INFO] [stderr]    Compiling md-5 v0.10.6
[INFO] [stderr]    Compiling signature v2.2.0
[INFO] [stderr]    Compiling base64 v0.21.7
[INFO] [stderr]    Compiling futures-util v0.3.30
[INFO] [stderr]    Compiling rsa v0.9.6
[INFO] [stderr]    Compiling futures-intrusive v0.5.0
[INFO] [stderr]    Compiling futures-channel v0.3.30
[INFO] [stderr]    Compiling sha1 v0.10.6
[INFO] [stderr]    Compiling serde_derive v1.0.203
[INFO] [stderr]    Compiling thiserror-impl v1.0.61
[INFO] [stderr]    Compiling tracing-attributes v0.1.27
[INFO] [stderr]    Compiling tokio-macros v2.3.0
[INFO] [stderr]    Compiling thiserror v1.0.61
[INFO] [stderr]    Compiling tokio v1.38.0
[INFO] [stderr]    Compiling num-bigint v0.4.4
[INFO] [stderr]    Compiling tracing v0.1.40
[INFO] [stderr]    Compiling anyhow v1.0.86
[INFO] [stderr]    Compiling bigdecimal v0.4.5
[INFO] [stderr]    Compiling sql-builder v3.1.1
[INFO] [stderr]    Compiling bitflags v2.5.0
[INFO] [stderr]    Compiling either v1.12.0
[INFO] [stderr]    Compiling rustix v0.38.34
[INFO] [stderr]    Compiling tokio-stream v0.1.15
[INFO] [stderr]    Compiling sqlx-core v0.7.4
[INFO] [stderr]    Compiling tempfile v3.10.1
[INFO] [stderr]    Compiling sqlx-postgres v0.7.4
[INFO] [stderr]    Compiling sqlx-mysql v0.7.4
[INFO] [stderr]    Compiling sqlx-macros-core v0.7.4
[INFO] [stderr]    Compiling sqlx-macros v0.7.4
[INFO] [stderr]    Compiling sqlx v0.7.4
[INFO] [stderr]    Compiling sql_wrapper v0.1.6 (/opt/rustwide/workdir)
[INFO] [stderr]     Finished `release` profile [optimized] target(s) in 1m 41s
[INFO] [stderr] warning: the following packages contain code that will be rejected by a future version of Rust: num-bigint-dig v0.8.4, sqlx-postgres v0.7.4
[INFO] [stderr] note: to see what the problems were, use the option `--future-incompat-report`, or run `cargo report future-incompatibilities --id 4`
[INFO] running `Command { std: "docker" "inspect" "fb7d6a7d4c447112cdc4faccec39897564a9b0738c6c466ad12e1acee8d01492", kill_on_drop: false }`
[INFO] running `Command { std: "docker" "exec" "-e" "SOURCE_DIR=/opt/rustwide/workdir" "-e" "CARGO_HOME=/opt/rustwide/cargo-home" "-e" "RUSTUP_HOME=/opt/rustwide/rustup-home" "-e" "CARGO_TARGET_DIR=/opt/rustwide/target" "-e" "CARGO_INCREMENTAL=0" "-e" "RUST_BACKTRACE=full" "-e" "RUSTFLAGS=--cap-lints=warn" "-e" "RUSTDOCFLAGS=--cap-lints=warn" "-w" "/opt/rustwide/workdir" "--user" "0:0" "fb7d6a7d4c447112cdc4faccec39897564a9b0738c6c466ad12e1acee8d01492" "/opt/rustwide/cargo-home/bin/cargo" "+1.99.0-beta.8" "test" "--frozen" "--no-run" "--message-format=json" "--release", kill_on_drop: false }`
[INFO] [stderr]    Compiling sql_wrapper v0.1.6 (/opt/rustwide/workdir)
[INFO] [stdout] warning: function `select_sql` is never used
[INFO] [stdout]    --> src/mysql_generator.rs:631:12
[INFO] [stdout]     |
[INFO] [stdout] 631 |     pub fn select_sql() -> String {
[INFO] [stdout]     |            ^^^^^^^^^^
[INFO] [stdout]     |
[INFO] [stdout]     = note: `#[warn(dead_code)]` (part of `#[warn(unused)]`) on by default
[INFO] [stdout] 
[INFO] [stdout] 
[INFO] [stdout] warning: function `select_sql` is never used
[INFO] [stdout]    --> src/pg_generator.rs:522:12
[INFO] [stdout]     |
[INFO] [stdout] 522 |     pub fn select_sql() -> String {
[INFO] [stdout]     |            ^^^^^^^^^^
[INFO] [stdout] 
[INFO] [stdout] 
[INFO] [stderr]     Finished `release` profile [optimized] target(s) in 11.05s
[INFO] [stderr] warning: the following packages contain code that will be rejected by a future version of Rust: num-bigint-dig v0.8.4, sqlx-postgres v0.7.4
[INFO] [stderr] note: to see what the problems were, use the option `--future-incompat-report`, or run `cargo report future-incompatibilities --id 4`
[INFO] running `Command { std: "docker" "inspect" "fb7d6a7d4c447112cdc4faccec39897564a9b0738c6c466ad12e1acee8d01492", kill_on_drop: false }`
[INFO] running `Command { std: "docker" "exec" "-e" "SOURCE_DIR=/opt/rustwide/workdir" "-e" "CARGO_HOME=/opt/rustwide/cargo-home" "-e" "RUSTUP_HOME=/opt/rustwide/rustup-home" "-e" "CARGO_TARGET_DIR=/opt/rustwide/target" "-e" "CARGO_INCREMENTAL=0" "-e" "RUST_BACKTRACE=full" "-e" "RUSTFLAGS=--cap-lints=warn" "-e" "RUSTDOCFLAGS=--cap-lints=warn" "-w" "/opt/rustwide/workdir" "--user" "0:0" "fb7d6a7d4c447112cdc4faccec39897564a9b0738c6c466ad12e1acee8d01492" "/opt/rustwide/cargo-home/bin/cargo" "+1.99.0-beta.8" "test" "--frozen" "--release", kill_on_drop: false }`
[INFO] [stderr] warning: function `select_sql` is never used
[INFO] [stderr]    --> src/mysql_generator.rs:631:12
[INFO] [stderr]     |
[INFO] [stderr] 631 |     pub fn select_sql() -> String {
[INFO] [stderr]     |            ^^^^^^^^^^
[INFO] [stderr]     |
[INFO] [stderr]     = note: `#[warn(dead_code)]` (part of `#[warn(unused)]`) on by default
[INFO] [stderr] 
[INFO] [stderr] warning: function `select_sql` is never used
[INFO] [stderr]    --> src/pg_generator.rs:522:12
[INFO] [stderr]     |
[INFO] [stderr] 522 |     pub fn select_sql() -> String {
[INFO] [stderr]     |            ^^^^^^^^^^
[INFO] [stderr] 
[INFO] [stderr] warning: `sql_wrapper` (lib test) generated 2 warnings
[INFO] [stderr]     Finished `release` profile [optimized] target(s) in 0.21s
[INFO] [stderr] warning: the following packages contain code that will be rejected by a future version of Rust: num-bigint-dig v0.8.4, sqlx-postgres v0.7.4
[INFO] [stderr] note: to see what the problems were, use the option `--future-incompat-report`, or run `cargo report future-incompatibilities --id 4`
[INFO] [stderr]      Running unittests src/lib.rs (/opt/rustwide/target/release/deps/sql_wrapper-9c7f67802796bcb7)
[INFO] [stdout] 
[INFO] [stdout] running 19 tests
[INFO] [stdout] test mysql_generator::test::batch_insert_test ... FAILED
[INFO] [stdout] test mysql_generator::test::batch_insert_returning_id_test ... FAILED
[INFO] [stdout] test mysql_generator::test::insert_test ... FAILED
[INFO] [stdout] test mysql_generator::test::gen_file_test ... FAILED
[INFO] [stdout] test mysql_generator::test::delete_by_id_test ... FAILED
[INFO] [stdout] test pg_generator::test::batch_insert_returning_id_test ... FAILED
[INFO] [stdout] test mysql_generator::test::select_by_id_test ... FAILED
[INFO] [stdout] test mysql_generator::test::insert_returning_id_test ... FAILED
[INFO] [stdout] test pg_generator::test::name_struct_test ... ok
[INFO] [stdout] test pg_generator::test::insert_returning_id_test ... FAILED
[INFO] [stdout] test pg_generator::test::delete_by_id_test ... FAILED
[INFO] [stdout] test pg_generator::test::batch_insert_test ... FAILED
[INFO] [stdout] test pg_generator::test::gen_file_test ... FAILED
[INFO] [stdout] test pg_generator::test::insert_test ... FAILED
[INFO] [stdout] test pg_generator::test::test_query_1 ... FAILED
[INFO] [stdout] test pg_generator::test::select_by_id_test ... FAILED
[INFO] [stdout] test pg_generator::test::select_test ... FAILED
[INFO] [stdout] test pg_generator::test::test_vec8 ... ok
[INFO] [stdout] test pg_generator::test::to_string_test ... ok
[INFO] [stdout] 
[INFO] [stdout] failures:
[INFO] [stdout] 
[INFO] [stdout] ---- mysql_generator::test::batch_insert_test stdout ----
[INFO] [stdout] 
[INFO] [stdout] thread 'mysql_generator::test::batch_insert_test' (1919) panicked at src/mysql_generator.rs:233:82:
[INFO] [stdout] called `Result::unwrap()` on an `Err` value: Io(Os { code: 111, kind: ConnectionRefused, message: "Connection refused" })
[INFO] [stdout] stack backtrace:
[INFO] [stdout]    0:     0x649c21eec8d1 - <<std[70759c8f55707aa4]::sys::backtrace::BacktraceLock>::print::DisplayBacktrace as core[df12db4294e9bfd3]::fmt::Display>::fmt
[INFO] [stdout]    1:     0x649c21f05d2a - core[df12db4294e9bfd3]::fmt::write
[INFO] [stdout]    2:     0x649c21ef175c - <alloc[2182bb758b4b3781]::vec::Vec<u8> as core[df12db4294e9bfd3]::io::write::Write>::write_fmt
[INFO] [stdout]    3:     0x649c21ec6eb6 - std[70759c8f55707aa4]::panicking::default_hook::{closure#0}
[INFO] [stdout]    4:     0x649c21ee3fd9 - std[70759c8f55707aa4]::panicking::default_hook
[INFO] [stdout]    5:     0x649c21d66c30 - test[9d35eded1c95d3be]::test_main_inner::<test[9d35eded1c95d3be]::test_main_static::{closure#0}>::{closure#0}
[INFO] [stdout]    6:     0x649c21ee4192 - std[70759c8f55707aa4]::panicking::panic_with_hook
[INFO] [stdout]    7:     0x649c21ec6f62 - std[70759c8f55707aa4]::panicking::panic_handler::{closure#0}
[INFO] [stdout]    8:     0x649c21ebf4e9 - std[70759c8f55707aa4]::sys::backtrace::__rust_end_short_backtrace::<std[70759c8f55707aa4]::panicking::panic_handler::{closure#0}, !>
[INFO] [stdout]    9:     0x649c21ec7e5d - __rustc[8fa7c3cbc660c2b3]::rust_begin_unwind
[INFO] [stdout]   10:     0x649c21f0648c - core[df12db4294e9bfd3]::panicking::panic_fmt
[INFO] [stdout]   11:     0x649c21f06262 - core[df12db4294e9bfd3]::result::unwrap_failed
[INFO] [stdout]   12:     0x649c21d1eb6b - sql_wrapper[306562aa5ccb0332]::mysql_generator::test::batch_insert_test::{closure#0}
[INFO] [stdout]   13:     0x649c21d36c03 - <tokio[714f9f5a9417e7aa]::runtime::scheduler::current_thread::Context>::enter::<core[df12db4294e9bfd3]::task::poll::Poll<()>, <tokio[714f9f5a9417e7aa]::runtime::scheduler::current_thread::CoreGuard>::block_on<core[df12db4294e9bfd3]::pin::Pin<&mut core[df12db4294e9bfd3]::pin::Pin<&mut dyn core[df12db4294e9bfd3]::future::future::Future<Output = ()>>>>::{closure#0}::{closure#0}>
[INFO] [stdout]   14:     0x649c21d521a2 - <tokio[714f9f5a9417e7aa]::runtime::context::scoped::Scoped<tokio[714f9f5a9417e7aa]::runtime::scheduler::Context>>::set::<<tokio[714f9f5a9417e7aa]::runtime::scheduler::current_thread::CoreGuard>::enter<<tokio[714f9f5a9417e7aa]::runtime::scheduler::current_thread::CoreGuard>::block_on<core[df12db4294e9bfd3]::pin::Pin<&mut core[df12db4294e9bfd3]::pin::Pin<&mut dyn core[df12db4294e9bfd3]::future::future::Future<Output = ()>>>>::{closure#0}, core[df12db4294e9bfd3]::option::Option<()>>::{closure#0}, (alloc[2182bb758b4b3781]::boxed::Box<tokio[714f9f5a9417e7aa]::runtime::scheduler::current_thread::Core>, core[df12db4294e9bfd3]::option::Option<()>)>
[INFO] [stdout]   15:     0x649c21d36f57 - <tokio[714f9f5a9417e7aa]::runtime::scheduler::current_thread::CoreGuard>::block_on::<core[df12db4294e9bfd3]::pin::Pin<&mut core[df12db4294e9bfd3]::pin::Pin<&mut dyn core[df12db4294e9bfd3]::future::future::Future<Output = ()>>>>
[INFO] [stdout]   16:     0x649c21d34943 - tokio[714f9f5a9417e7aa]::runtime::context::runtime::enter_runtime::<<tokio[714f9f5a9417e7aa]::runtime::scheduler::current_thread::CurrentThread>::block_on<core[df12db4294e9bfd3]::pin::Pin<&mut dyn core[df12db4294e9bfd3]::future::future::Future<Output = ()>>>::{closure#0}, ()>
[INFO] [stdout]   17:     0x649c21d32f2a - <tokio[714f9f5a9417e7aa]::runtime::runtime::Runtime>::block_on::<core[df12db4294e9bfd3]::pin::Pin<&mut dyn core[df12db4294e9bfd3]::future::future::Future<Output = ()>>>
[INFO] [stdout]   18:     0x649c21d22a7b - sql_wrapper[306562aa5ccb0332]::mysql_generator::test::batch_insert_test
[INFO] [stdout]   19:     0x649c21d4b1d9 - <sql_wrapper[306562aa5ccb0332]::mysql_generator::test::batch_insert_test::{closure#0} as core[df12db4294e9bfd3]::ops::function::FnOnce<()>>::call_once
[INFO] [stdout]   20:     0x649c21d59f1b - test[9d35eded1c95d3be]::__rust_begin_short_backtrace::<core[df12db4294e9bfd3]::result::Result<(), alloc[2182bb758b4b3781]::string::String>, fn() -> core[df12db4294e9bfd3]::result::Result<(), alloc[2182bb758b4b3781]::string::String>>
[INFO] [stdout]   21:     0x649c21d67585 - test[9d35eded1c95d3be]::run_test::{closure#0}
[INFO] [stdout]   22:     0x649c21d60e44 - std[70759c8f55707aa4]::sys::backtrace::__rust_begin_short_backtrace::<test[9d35eded1c95d3be]::run_test::{closure#1}, ()>
[INFO] [stdout]   23:     0x649c21d6a6e2 - <std[70759c8f55707aa4]::thread::lifecycle::spawn_unchecked<test[9d35eded1c95d3be]::run_test::{closure#1}, ()>::{closure#1} as core[df12db4294e9bfd3]::ops::function::FnOnce<()>>::call_once::{shim:vtable#0}
[INFO] [stdout]   24:     0x649c21eeb589 - <std[70759c8f55707aa4]::sys::thread::unix::Thread>::new::thread_start
[INFO] [stdout]   25:     0x765bdd4d9dfa - <unknown>
[INFO] [stdout]   26:     0x765bdd56d3d4 - clone
[INFO] [stdout]   27:                0x0 - <unknown>
[INFO] [stdout] 
[INFO] [stdout] ---- mysql_generator::test::batch_insert_returning_id_test stdout ----
[INFO] [stdout] 
[INFO] [stdout] thread 'mysql_generator::test::batch_insert_returning_id_test' (1918) panicked at src/mysql_generator.rs:247:82:
[INFO] [stdout] called `Result::unwrap()` on an `Err` value: Io(Os { code: 111, kind: ConnectionRefused, message: "Connection refused" })
[INFO] [stdout] stack backtrace:
[INFO] [stdout]    0:     0x649c21eec8d1 - <<std[70759c8f55707aa4]::sys::backtrace::BacktraceLock>::print::DisplayBacktrace as core[df12db4294e9bfd3]::fmt::Display>::fmt
[INFO] [stdout]    1:     0x649c21f05d2a - core[df12db4294e9bfd3]::fmt::write
[INFO] [stdout]    2:     0x649c21ef175c - <alloc[2182bb758b4b3781]::vec::Vec<u8> as core[df12db4294e9bfd3]::io::write::Write>::write_fmt
[INFO] [stdout]    3:     0x649c21ec6eb6 - std[70759c8f55707aa4]::panicking::default_hook::{closure#0}
[INFO] [stdout]    4:     0x649c21ee3fd9 - std[70759c8f55707aa4]::panicking::default_hook
[INFO] [stdout]    5:     0x649c21d66c30 - test[9d35eded1c95d3be]::test_main_inner::<test[9d35eded1c95d3be]::test_main_static::{closure#0}>::{closure#0}
[INFO] [stdout]    6:     0x649c21ee4192 - std[70759c8f55707aa4]::panicking::panic_with_hook
[INFO] [stdout]    7:     0x649c21ec6f62 - std[70759c8f55707aa4]::panicking::panic_handler::{closure#0}
[INFO] [stdout]    8:     0x649c21ebf4e9 - std[70759c8f55707aa4]::sys::backtrace::__rust_end_short_backtrace::<std[70759c8f55707aa4]::panicking::panic_handler::{closure#0}, !>
[INFO] [stdout]    9:     0x649c21ec7e5d - __rustc[8fa7c3cbc660c2b3]::rust_begin_unwind
[INFO] [stdout]   10:     0x649c21f0648c - core[df12db4294e9bfd3]::panicking::panic_fmt
[INFO] [stdout]   11:     0x649c21f06262 - core[df12db4294e9bfd3]::result::unwrap_failed
[INFO] [stdout]   12:     0x649c21d21b43 - sql_wrapper[306562aa5ccb0332]::mysql_generator::test::batch_insert_returning_id_test::{closure#0}
[INFO] [stdout]   13:     0x649c21d36c03 - <tokio[714f9f5a9417e7aa]::runtime::scheduler::current_thread::Context>::enter::<core[df12db4294e9bfd3]::task::poll::Poll<()>, <tokio[714f9f5a9417e7aa]::runtime::scheduler::current_thread::CoreGuard>::block_on<core[df12db4294e9bfd3]::pin::Pin<&mut core[df12db4294e9bfd3]::pin::Pin<&mut dyn core[df12db4294e9bfd3]::future::future::Future<Output = ()>>>>::{closure#0}::{closure#0}>
[INFO] [stdout]   14:     0x649c21d521a2 - <tokio[714f9f5a9417e7aa]::runtime::context::scoped::Scoped<tokio[714f9f5a9417e7aa]::runtime::scheduler::Context>>::set::<<tokio[714f9f5a9417e7aa]::runtime::scheduler::current_thread::CoreGuard>::enter<<tokio[714f9f5a9417e7aa]::runtime::scheduler::current_thread::CoreGuard>::block_on<core[df12db4294e9bfd3]::pin::Pin<&mut core[df12db4294e9bfd3]::pin::Pin<&mut dyn core[df12db4294e9bfd3]::future::future::Future<Output = ()>>>>::{closure#0}, core[df12db4294e9bfd3]::option::Option<()>>::{closure#0}, (alloc[2182bb758b4b3781]::boxed::Box<tokio[714f9f5a9417e7aa]::runtime::scheduler::current_thread::Core>, core[df12db4294e9bfd3]::option::Option<()>)>
[INFO] [stdout]   15:     0x649c21d36f57 - <tokio[714f9f5a9417e7aa]::runtime::scheduler::current_thread::CoreGuard>::block_on::<core[df12db4294e9bfd3]::pin::Pin<&mut core[df12db4294e9bfd3]::pin::Pin<&mut dyn core[df12db4294e9bfd3]::future::future::Future<Output = ()>>>>
[INFO] [stdout]   16:     0x649c21d34943 - tokio[714f9f5a9417e7aa]::runtime::context::runtime::enter_runtime::<<tokio[714f9f5a9417e7aa]::runtime::scheduler::current_thread::CurrentThread>::block_on<core[df12db4294e9bfd3]::pin::Pin<&mut dyn core[df12db4294e9bfd3]::future::future::Future<Output = ()>>>::{closure#0}, ()>
[INFO] [stdout]   17:     0x649c21d32f2a - <tokio[714f9f5a9417e7aa]::runtime::runtime::Runtime>::block_on::<core[df12db4294e9bfd3]::pin::Pin<&mut dyn core[df12db4294e9bfd3]::future::future::Future<Output = ()>>>
[INFO] [stdout]   18:     0x649c21d22fbb - sql_wrapper[306562aa5ccb0332]::mysql_generator::test::batch_insert_returning_id_test
[INFO] [stdout]   19:     0x649c21d4b259 - <sql_wrapper[306562aa5ccb0332]::mysql_generator::test::batch_insert_returning_id_test::{closure#0} as core[df12db4294e9bfd3]::ops::function::FnOnce<()>>::call_once
[INFO] [stdout]   20:     0x649c21d59f1b - test[9d35eded1c95d3be]::__rust_begin_short_backtrace::<core[df12db4294e9bfd3]::result::Result<(), alloc[2182bb758b4b3781]::string::String>, fn() -> core[df12db4294e9bfd3]::result::Result<(), alloc[2182bb758b4b3781]::string::String>>
[INFO] [stdout]   21:     0x649c21d67585 - test[9d35eded1c95d3be]::run_test::{closure#0}
[INFO] [stdout]   22:     0x649c21d60e44 - std[70759c8f55707aa4]::sys::backtrace::__rust_begin_short_backtrace::<test[9d35eded1c95d3be]::run_test::{closure#1}, ()>
[INFO] [stdout]   23:     0x649c21d6a6e2 - <std[70759c8f55707aa4]::thread::lifecycle::spawn_unchecked<test[9d35eded1c95d3be]::run_test::{closure#1}, ()>::{closure#1} as core[df12db4294e9bfd3]::ops::function::FnOnce<()>>::call_once::{shim:vtable#0}
[INFO] [stdout]   24:     0x649c21eeb589 - <std[70759c8f55707aa4]::sys::thread::unix::Thread>::new::thread_start
[INFO] [stdout]   25:     0x765bdd4d9dfa - <unknown>
[INFO] [stdout]   26:     0x765bdd56d3d4 - clone
[INFO] [stdout]   27:                0x0 - <unknown>
[INFO] [stdout] 
[INFO] [stdout] ---- mysql_generator::test::insert_test stdout ----
[INFO] [stdout] 
[INFO] [stdout] thread 'mysql_generator::test::insert_test' (1923) panicked at src/mysql_generator.rs:213:82:
[INFO] [stdout] called `Result::unwrap()` on an `Err` value: Io(Os { code: 111, kind: ConnectionRefused, message: "Connection refused" })
[INFO] [stdout] stack backtrace:
[INFO] [stdout]    0:     0x649c21eec8d1 - <<std[70759c8f55707aa4]::sys::backtrace::BacktraceLock>::print::DisplayBacktrace as core[df12db4294e9bfd3]::fmt::Display>::fmt
[INFO] [stdout]    1:     0x649c21f05d2a - core[df12db4294e9bfd3]::fmt::write
[INFO] [stdout]    2:     0x649c21ef175c - <alloc[2182bb758b4b3781]::vec::Vec<u8> as core[df12db4294e9bfd3]::io::write::Write>::write_fmt
[INFO] [stdout]    3:     0x649c21ec6eb6 - std[70759c8f55707aa4]::panicking::default_hook::{closure#0}
[INFO] [stdout]    4:     0x649c21ee3fd9 - std[70759c8f55707aa4]::panicking::default_hook
[INFO] [stdout]    5:     0x649c21d66c30 - test[9d35eded1c95d3be]::test_main_inner::<test[9d35eded1c95d3be]::test_main_static::{closure#0}>::{closure#0}
[INFO] [stdout]    6:     0x649c21ee4192 - std[70759c8f55707aa4]::panicking::panic_with_hook
[INFO] [stdout]    7:     0x649c21ec6f62 - std[70759c8f55707aa4]::panicking::panic_handler::{closure#0}
[INFO] [stdout]    8:     0x649c21ebf4e9 - std[70759c8f55707aa4]::sys::backtrace::__rust_end_short_backtrace::<std[70759c8f55707aa4]::panicking::panic_handler::{closure#0}, !>
[INFO] [stdout]    9:     0x649c21ec7e5d - __rustc[8fa7c3cbc660c2b3]::rust_begin_unwind
[INFO] [stdout]   10:     0x649c21f0648c - core[df12db4294e9bfd3]::panicking::panic_fmt
[INFO] [stdout]   11:     0x649c21f06262 - core[df12db4294e9bfd3]::result::unwrap_failed
[INFO] [stdout]   12:     0x649c21d1d3a5 - sql_wrapper[306562aa5ccb0332]::mysql_generator::test::insert_test::{closure#0}
[INFO] [stdout]   13:     0x649c21d36c03 - <tokio[714f9f5a9417e7aa]::runtime::scheduler::current_thread::Context>::enter::<core[df12db4294e9bfd3]::task::poll::Poll<()>, <tokio[714f9f5a9417e7aa]::runtime::scheduler::current_thread::CoreGuard>::block_on<core[df12db4294e9bfd3]::pin::Pin<&mut core[df12db4294e9bfd3]::pin::Pin<&mut dyn core[df12db4294e9bfd3]::future::future::Future<Output = ()>>>>::{closure#0}::{closure#0}>
[INFO] [stdout]   14:     0x649c21d521a2 - <tokio[714f9f5a9417e7aa]::runtime::context::scoped::Scoped<tokio[714f9f5a9417e7aa]::runtime::scheduler::Context>>::set::<<tokio[714f9f5a9417e7aa]::runtime::scheduler::current_thread::CoreGuard>::enter<<tokio[714f9f5a9417e7aa]::runtime::scheduler::current_thread::CoreGuard>::block_on<core[df12db4294e9bfd3]::pin::Pin<&mut core[df12db4294e9bfd3]::pin::Pin<&mut dyn core[df12db4294e9bfd3]::future::future::Future<Output = ()>>>>::{closure#0}, core[df12db4294e9bfd3]::option::Option<()>>::{closure#0}, (alloc[2182bb758b4b3781]::boxed::Box<tokio[714f9f5a9417e7aa]::runtime::scheduler::current_thread::Core>, core[df12db4294e9bfd3]::option::Option<()>)>
[INFO] [stdout]   15:     0x649c21d36f57 - <tokio[714f9f5a9417e7aa]::runtime::scheduler::current_thread::CoreGuard>::block_on::<core[df12db4294e9bfd3]::pin::Pin<&mut core[df12db4294e9bfd3]::pin::Pin<&mut dyn core[df12db4294e9bfd3]::future::future::Future<Output = ()>>>>
[INFO] [stdout]   16:     0x649c21d34943 - tokio[714f9f5a9417e7aa]::runtime::context::runtime::enter_runtime::<<tokio[714f9f5a9417e7aa]::runtime::scheduler::current_thread::CurrentThread>::block_on<core[df12db4294e9bfd3]::pin::Pin<&mut dyn core[df12db4294e9bfd3]::future::future::Future<Output = ()>>>::{closure#0}, ()>
[INFO] [stdout]   17:     0x649c21d32f2a - <tokio[714f9f5a9417e7aa]::runtime::runtime::Runtime>::block_on::<core[df12db4294e9bfd3]::pin::Pin<&mut dyn core[df12db4294e9bfd3]::future::future::Future<Output = ()>>>
[INFO] [stdout]   18:     0x649c21d227bb - sql_wrapper[306562aa5ccb0332]::mysql_generator::test::insert_test
[INFO] [stdout]   19:     0x649c21d4b199 - <sql_wrapper[306562aa5ccb0332]::mysql_generator::test::insert_test::{closure#0} as core[df12db4294e9bfd3]::ops::function::FnOnce<()>>::call_once
[INFO] [stdout]   20:     0x649c21d59f1b - test[9d35eded1c95d3be]::__rust_begin_short_backtrace::<core[df12db4294e9bfd3]::result::Result<(), alloc[2182bb758b4b3781]::string::String>, fn() -> core[df12db4294e9bfd3]::result::Result<(), alloc[2182bb758b4b3781]::string::String>>
[INFO] [stdout]   21:     0x649c21d67585 - test[9d35eded1c95d3be]::run_test::{closure#0}
[INFO] [stdout]   22:     0x649c21d60e44 - std[70759c8f55707aa4]::sys::backtrace::__rust_begin_short_backtrace::<test[9d35eded1c95d3be]::run_test::{closure#1}, ()>
[INFO] [stdout]   23:     0x649c21d6a6e2 - <std[70759c8f55707aa4]::thread::lifecycle::spawn_unchecked<test[9d35eded1c95d3be]::run_test::{closure#1}, ()>::{closure#1} as core[df12db4294e9bfd3]::ops::function::FnOnce<()>>::call_once::{shim:vtable#0}
[INFO] [stdout]   24:     0x649c21eeb589 - <std[70759c8f55707aa4]::sys::thread::unix::Thread>::new::thread_start
[INFO] [stdout]   25:     0x765bdd4d9dfa - <unknown>
[INFO] [stdout]   26:     0x765bdd56d3d4 - clone
[INFO] [stdout]   27:                0x0 - <unknown>
[INFO] [stdout] 
[INFO] [stdout] ---- mysql_generator::test::gen_file_test stdout ----
[INFO] [stdout] 
[INFO] [stdout] thread 'mysql_generator::test::gen_file_test' (1921) panicked at src/mysql_generator.rs:9:82:
[INFO] [stdout] called `Result::unwrap()` on an `Err` value: Io(Os { code: 111, kind: ConnectionRefused, message: "Connection refused" })
[INFO] [stdout] stack backtrace:
[INFO] [stdout]    0:     0x649c21eec8d1 - <<std[70759c8f55707aa4]::sys::backtrace::BacktraceLock>::print::DisplayBacktrace as core[df12db4294e9bfd3]::fmt::Display>::fmt
[INFO] [stdout]    1:     0x649c21f05d2a - core[df12db4294e9bfd3]::fmt::write
[INFO] [stdout]    2:     0x649c21ef175c - <alloc[2182bb758b4b3781]::vec::Vec<u8> as core[df12db4294e9bfd3]::io::write::Write>::write_fmt
[INFO] [stdout]    3:     0x649c21ec6eb6 - std[70759c8f55707aa4]::panicking::default_hook::{closure#0}
[INFO] [stdout]    4:     0x649c21ee3fd9 - std[70759c8f55707aa4]::panicking::default_hook
[INFO] [stdout]    5:     0x649c21d66c30 - test[9d35eded1c95d3be]::test_main_inner::<test[9d35eded1c95d3be]::test_main_static::{closure#0}>::{closure#0}
[INFO] [stdout]    6:     0x649c21ee4192 - std[70759c8f55707aa4]::panicking::panic_with_hook
[INFO] [stdout]    7:     0x649c21ec6f62 - std[70759c8f55707aa4]::panicking::panic_handler::{closure#0}
[INFO] [stdout]    8:     0x649c21ebf4e9 - std[70759c8f55707aa4]::sys::backtrace::__rust_end_short_backtrace::<std[70759c8f55707aa4]::panicking::panic_handler::{closure#0}, !>
[INFO] [stdout]    9:     0x649c21ec7e5d - __rustc[8fa7c3cbc660c2b3]::rust_begin_unwind
[INFO] [stdout]   10:     0x649c21f0648c - core[df12db4294e9bfd3]::panicking::panic_fmt
[INFO] [stdout]   11:     0x649c21f06262 - core[df12db4294e9bfd3]::result::unwrap_failed
[INFO] [stdout]   12:     0x649c21d1e122 - sql_wrapper[306562aa5ccb0332]::mysql_generator::test::gen_file_test::{closure#0}
[INFO] [stdout]   13:     0x649c21d36c03 - <tokio[714f9f5a9417e7aa]::runtime::scheduler::current_thread::Context>::enter::<core[df12db4294e9bfd3]::task::poll::Poll<()>, <tokio[714f9f5a9417e7aa]::runtime::scheduler::current_thread::CoreGuard>::block_on<core[df12db4294e9bfd3]::pin::Pin<&mut core[df12db4294e9bfd3]::pin::Pin<&mut dyn core[df12db4294e9bfd3]::future::future::Future<Output = ()>>>>::{closure#0}::{closure#0}>
[INFO] [stdout]   14:     0x649c21d521a2 - <tokio[714f9f5a9417e7aa]::runtime::context::scoped::Scoped<tokio[714f9f5a9417e7aa]::runtime::scheduler::Context>>::set::<<tokio[714f9f5a9417e7aa]::runtime::scheduler::current_thread::CoreGuard>::enter<<tokio[714f9f5a9417e7aa]::runtime::scheduler::current_thread::CoreGuard>::block_on<core[df12db4294e9bfd3]::pin::Pin<&mut core[df12db4294e9bfd3]::pin::Pin<&mut dyn core[df12db4294e9bfd3]::future::future::Future<Output = ()>>>>::{closure#0}, core[df12db4294e9bfd3]::option::Option<()>>::{closure#0}, (alloc[2182bb758b4b3781]::boxed::Box<tokio[714f9f5a9417e7aa]::runtime::scheduler::current_thread::Core>, core[df12db4294e9bfd3]::option::Option<()>)>
[INFO] [stdout]   15:     0x649c21d36f57 - <tokio[714f9f5a9417e7aa]::runtime::scheduler::current_thread::CoreGuard>::block_on::<core[df12db4294e9bfd3]::pin::Pin<&mut core[df12db4294e9bfd3]::pin::Pin<&mut dyn core[df12db4294e9bfd3]::future::future::Future<Output = ()>>>>
[INFO] [stdout]   16:     0x649c21d34943 - tokio[714f9f5a9417e7aa]::runtime::context::runtime::enter_runtime::<<tokio[714f9f5a9417e7aa]::runtime::scheduler::current_thread::CurrentThread>::block_on<core[df12db4294e9bfd3]::pin::Pin<&mut dyn core[df12db4294e9bfd3]::future::future::Future<Output = ()>>>::{closure#0}, ()>
[INFO] [stdout]   17:     0x649c21d32f2a - <tokio[714f9f5a9417e7aa]::runtime::runtime::Runtime>::block_on::<core[df12db4294e9bfd3]::pin::Pin<&mut dyn core[df12db4294e9bfd3]::future::future::Future<Output = ()>>>
[INFO] [stdout]   18:     0x649c21d2290b - sql_wrapper[306562aa5ccb0332]::mysql_generator::test::gen_file_test
[INFO] [stdout]   19:     0x649c21d4b1b9 - <sql_wrapper[306562aa5ccb0332]::mysql_generator::test::gen_file_test::{closure#0} as core[df12db4294e9bfd3]::ops::function::FnOnce<()>>::call_once
[INFO] [stdout]   20:     0x649c21d59f1b - test[9d35eded1c95d3be]::__rust_begin_short_backtrace::<core[df12db4294e9bfd3]::result::Result<(), alloc[2182bb758b4b3781]::string::String>, fn() -> core[df12db4294e9bfd3]::result::Result<(), alloc[2182bb758b4b3781]::string::String>>
[INFO] [stdout]   21:     0x649c21d67585 - test[9d35eded1c95d3be]::run_test::{closure#0}
[INFO] [stdout]   22:     0x649c21d60e44 - std[70759c8f55707aa4]::sys::backtrace::__rust_begin_short_backtrace::<test[9d35eded1c95d3be]::run_test::{closure#1}, ()>
[INFO] [stdout]   23:     0x649c21d6a6e2 - <std[70759c8f55707aa4]::thread::lifecycle::spawn_unchecked<test[9d35eded1c95d3be]::run_test::{closure#1}, ()>::{closure#1} as core[df12db4294e9bfd3]::ops::function::FnOnce<()>>::call_once::{shim:vtable#0}
[INFO] [stdout]   24:     0x649c21eeb589 - <std[70759c8f55707aa4]::sys::thread::unix::Thread>::new::thread_start
[INFO] [stdout]   25:     0x765bdd4d9dfa - <unknown>
[INFO] [stdout]   26:     0x765bdd56d3d4 - clone
[INFO] [stdout]   27:                0x0 - <unknown>
[INFO] [stdout] 
[INFO] [stdout] ---- mysql_generator::test::delete_by_id_test stdout ----
[INFO] [stdout] 
[INFO] [stdout] thread 'mysql_generator::test::delete_by_id_test' (1920) panicked at src/mysql_generator.rs:266:82:
[INFO] [stdout] called `Result::unwrap()` on an `Err` value: Io(Os { code: 111, kind: ConnectionRefused, message: "Connection refused" })
[INFO] [stdout] stack backtrace:
[INFO] [stdout]    0:     0x649c21eec8d1 - <<std[70759c8f55707aa4]::sys::backtrace::BacktraceLock>::print::DisplayBacktrace as core[df12db4294e9bfd3]::fmt::Display>::fmt
[INFO] [stdout]    1:     0x649c21f05d2a - core[df12db4294e9bfd3]::fmt::write
[INFO] [stdout]    2:     0x649c21ef175c - <alloc[2182bb758b4b3781]::vec::Vec<u8> as core[df12db4294e9bfd3]::io::write::Write>::write_fmt
[INFO] [stdout]    3:     0x649c21ec6eb6 - std[70759c8f55707aa4]::panicking::default_hook::{closure#0}
[INFO] [stdout]    4:     0x649c21ee3fd9 - std[70759c8f55707aa4]::panicking::default_hook
[INFO] [stdout]    5:     0x649c21d66c30 - test[9d35eded1c95d3be]::test_main_inner::<test[9d35eded1c95d3be]::test_main_static::{closure#0}>::{closure#0}
[INFO] [stdout]    6:     0x649c21ee4192 - std[70759c8f55707aa4]::panicking::panic_with_hook
[INFO] [stdout]    7:     0x649c21ec6f62 - std[70759c8f55707aa4]::panicking::panic_handler::{closure#0}
[INFO] [stdout]    8:     0x649c21ebf4e9 - std[70759c8f55707aa4]::sys::backtrace::__rust_end_short_backtrace::<std[70759c8f55707aa4]::panicking::panic_handler::{closure#0}, !>
[INFO] [stdout]    9:     0x649c21ec7e5d - __rustc[8fa7c3cbc660c2b3]::rust_begin_unwind
[INFO] [stdout]   10:     0x649c21f0648c - core[df12db4294e9bfd3]::panicking::panic_fmt
[INFO] [stdout]   11:     0x649c21f06262 - core[df12db4294e9bfd3]::result::unwrap_failed
[INFO] [stdout]   12:     0x649c21d1f0e6 - sql_wrapper[306562aa5ccb0332]::mysql_generator::test::delete_by_id_test::{closure#0}
[INFO] [stdout]   13:     0x649c21d36c03 - <tokio[714f9f5a9417e7aa]::runtime::scheduler::current_thread::Context>::enter::<core[df12db4294e9bfd3]::task::poll::Poll<()>, <tokio[714f9f5a9417e7aa]::runtime::scheduler::current_thread::CoreGuard>::block_on<core[df12db4294e9bfd3]::pin::Pin<&mut core[df12db4294e9bfd3]::pin::Pin<&mut dyn core[df12db4294e9bfd3]::future::future::Future<Output = ()>>>>::{closure#0}::{closure#0}>
[INFO] [stdout]   14:     0x649c21d521a2 - <tokio[714f9f5a9417e7aa]::runtime::context::scoped::Scoped<tokio[714f9f5a9417e7aa]::runtime::scheduler::Context>>::set::<<tokio[714f9f5a9417e7aa]::runtime::scheduler::current_thread::CoreGuard>::enter<<tokio[714f9f5a9417e7aa]::runtime::scheduler::current_thread::CoreGuard>::block_on<core[df12db4294e9bfd3]::pin::Pin<&mut core[df12db4294e9bfd3]::pin::Pin<&mut dyn core[df12db4294e9bfd3]::future::future::Future<Output = ()>>>>::{closure#0}, core[df12db4294e9bfd3]::option::Option<()>>::{closure#0}, (alloc[2182bb758b4b3781]::boxed::Box<tokio[714f9f5a9417e7aa]::runtime::scheduler::current_thread::Core>, core[df12db4294e9bfd3]::option::Option<()>)>
[INFO] [stdout]   15:     0x649c21d36f57 - <tokio[714f9f5a9417e7aa]::runtime::scheduler::current_thread::CoreGuard>::block_on::<core[df12db4294e9bfd3]::pin::Pin<&mut core[df12db4294e9bfd3]::pin::Pin<&mut dyn core[df12db4294e9bfd3]::future::future::Future<Output = ()>>>>
[INFO] [stdout]   16:     0x649c21d34943 - tokio[714f9f5a9417e7aa]::runtime::context::runtime::enter_runtime::<<tokio[714f9f5a9417e7aa]::runtime::scheduler::current_thread::CurrentThread>::block_on<core[df12db4294e9bfd3]::pin::Pin<&mut dyn core[df12db4294e9bfd3]::future::future::Future<Output = ()>>>::{closure#0}, ()>
[INFO] [stdout]   17:     0x649c21d32f2a - <tokio[714f9f5a9417e7aa]::runtime::runtime::Runtime>::block_on::<core[df12db4294e9bfd3]::pin::Pin<&mut dyn core[df12db4294e9bfd3]::future::future::Future<Output = ()>>>
[INFO] [stdout]   18:     0x649c21d22bcb - sql_wrapper[306562aa5ccb0332]::mysql_generator::test::delete_by_id_test
[INFO] [stdout]   19:     0x649c21d4b1f9 - <sql_wrapper[306562aa5ccb0332]::mysql_generator::test::delete_by_id_test::{closure#0} as core[df12db4294e9bfd3]::ops::function::FnOnce<()>>::call_once
[INFO] [stdout]   20:     0x649c21d59f1b - test[9d35eded1c95d3be]::__rust_begin_short_backtrace::<core[df12db4294e9bfd3]::result::Result<(), alloc[2182bb758b4b3781]::string::String>, fn() -> core[df12db4294e9bfd3]::result::Result<(), alloc[2182bb758b4b3781]::string::String>>
[INFO] [stdout]   21:     0x649c21d67585 - test[9d35eded1c95d3be]::run_test::{closure#0}
[INFO] [stdout]   22:     0x649c21d60e44 - std[70759c8f55707aa4]::sys::backtrace::__rust_begin_short_backtrace::<test[9d35eded1c95d3be]::run_test::{closure#1}, ()>
[INFO] [stdout]   23:     0x649c21d6a6e2 - <std[70759c8f55707aa4]::thread::lifecycle::spawn_unchecked<test[9d35eded1c95d3be]::run_test::{closure#1}, ()>::{closure#1} as core[df12db4294e9bfd3]::ops::function::FnOnce<()>>::call_once::{shim:vtable#0}
[INFO] [stdout]   24:     0x649c21eeb589 - <std[70759c8f55707aa4]::sys::thread::unix::Thread>::new::thread_start
[INFO] [stdout]   25:     0x765bdd4d9dfa - <unknown>
[INFO] [stdout]   26:     0x765bdd56d3d4 - clone
[INFO] [stdout]   27:                0x0 - <unknown>
[INFO] [stdout] 
[INFO] [stdout] ---- pg_generator::test::batch_insert_returning_id_test stdout ----
[INFO] [stdout] 
[INFO] [stdout] thread 'pg_generator::test::batch_insert_returning_id_test' (1925) panicked at src/pg_generator.rs:609:76:
[INFO] [stdout] called `Result::unwrap()` on an `Err` value: Io(Os { code: 111, kind: ConnectionRefused, message: "Connection refused" })
[INFO] [stdout] stack backtrace:
[INFO] [stdout]    0:     0x649c21eec8d1 - <<std[70759c8f55707aa4]::sys::backtrace::BacktraceLock>::print::DisplayBacktrace as core[df12db4294e9bfd3]::fmt::Display>::fmt
[INFO] [stdout]    1:     0x649c21f05d2a - core[df12db4294e9bfd3]::fmt::write
[INFO] [stdout]    2:     0x649c21ef175c - <alloc[2182bb758b4b3781]::vec::Vec<u8> as core[df12db4294e9bfd3]::io::write::Write>::write_fmt
[INFO] [stdout]    3:     0x649c21ec6eb6 - std[70759c8f55707aa4]::panicking::default_hook::{closure#0}
[INFO] [stdout]    4:     0x649c21ee3fd9 - std[70759c8f55707aa4]::panicking::default_hook
[INFO] [stdout]    5:     0x649c21d66c30 - test[9d35eded1c95d3be]::test_main_inner::<test[9d35eded1c95d3be]::test_main_static::{closure#0}>::{closure#0}
[INFO] [stdout]    6:     0x649c21ee4192 - std[70759c8f55707aa4]::panicking::panic_with_hook
[INFO] [stdout]    7:     0x649c21ec6f62 - std[70759c8f55707aa4]::panicking::panic_handler::{closure#0}
[INFO] [stdout]    8:     0x649c21ebf4e9 - std[70759c8f55707aa4]::sys::backtrace::__rust_end_short_backtrace::<std[70759c8f55707aa4]::panicking::panic_handler::{closure#0}, !>
[INFO] [stdout]    9:     0x649c21ec7e5d - __rustc[8fa7c3cbc660c2b3]::rust_begin_unwind
[INFO] [stdout]   10:     0x649c21f0648c - core[df12db4294e9bfd3]::panicking::panic_fmt
[INFO] [stdout]   11:     0x649c21f06262 - core[df12db4294e9bfd3]::result::unwrap_failed
[INFO] [stdout]   12:     0x649c21ce60cd - sql_wrapper[306562aa5ccb0332]::pg_generator::test::batch_insert_returning_id_test::{closure#0}
[INFO] [stdout]   13:     0x649c21d36c03 - <tokio[714f9f5a9417e7aa]::runtime::scheduler::current_thread::Context>::enter::<core[df12db4294e9bfd3]::task::poll::Poll<()>, <tokio[714f9f5a9417e7aa]::runtime::scheduler::current_thread::CoreGuard>::block_on<core[df12db4294e9bfd3]::pin::Pin<&mut core[df12db4294e9bfd3]::pin::Pin<&mut dyn core[df12db4294e9bfd3]::future::future::Future<Output = ()>>>>::{closure#0}::{closure#0}>
[INFO] [stdout]   14:     0x649c21d521a2 - <tokio[714f9f5a9417e7aa]::runtime::context::scoped::Scoped<tokio[714f9f5a9417e7aa]::runtime::scheduler::Context>>::set::<<tokio[714f9f5a9417e7aa]::runtime::scheduler::current_thread::CoreGuard>::enter<<tokio[714f9f5a9417e7aa]::runtime::scheduler::current_thread::CoreGuard>::block_on<core[df12db4294e9bfd3]::pin::Pin<&mut core[df12db4294e9bfd3]::pin::Pin<&mut dyn core[df12db4294e9bfd3]::future::future::Future<Output = ()>>>>::{closure#0}, core[df12db4294e9bfd3]::option::Option<()>>::{closure#0}, (alloc[2182bb758b4b3781]::boxed::Box<tokio[714f9f5a9417e7aa]::runtime::scheduler::current_thread::Core>, core[df12db4294e9bfd3]::option::Option<()>)>
[INFO] [stdout]   15:     0x649c21d36f57 - <tokio[714f9f5a9417e7aa]::runtime::scheduler::current_thread::CoreGuard>::block_on::<core[df12db4294e9bfd3]::pin::Pin<&mut core[df12db4294e9bfd3]::pin::Pin<&mut dyn core[df12db4294e9bfd3]::future::future::Future<Output = ()>>>>
[INFO] [stdout]   16:     0x649c21d34943 - tokio[714f9f5a9417e7aa]::runtime::context::runtime::enter_runtime::<<tokio[714f9f5a9417e7aa]::runtime::scheduler::current_thread::CurrentThread>::block_on<core[df12db4294e9bfd3]::pin::Pin<&mut dyn core[df12db4294e9bfd3]::future::future::Future<Output = ()>>>::{closure#0}, ()>
[INFO] [stdout]   17:     0x649c21d32f2a - <tokio[714f9f5a9417e7aa]::runtime::runtime::Runtime>::block_on::<core[df12db4294e9bfd3]::pin::Pin<&mut dyn core[df12db4294e9bfd3]::future::future::Future<Output = ()>>>
[INFO] [stdout]   18:     0x649c21ce780b - sql_wrapper[306562aa5ccb0332]::pg_generator::test::batch_insert_returning_id_test
[INFO] [stdout]   19:     0x649c21d4b159 - <sql_wrapper[306562aa5ccb0332]::pg_generator::test::batch_insert_returning_id_test::{closure#0} as core[df12db4294e9bfd3]::ops::function::FnOnce<()>>::call_once
[INFO] [stdout]   20:     0x649c21d59f1b - test[9d35eded1c95d3be]::__rust_begin_short_backtrace::<core[df12db4294e9bfd3]::result::Result<(), alloc[2182bb758b4b3781]::string::String>, fn() -> core[df12db4294e9bfd3]::result::Result<(), alloc[2182bb758b4b3781]::string::String>>
[INFO] [stdout]   21:     0x649c21d67585 - test[9d35eded1c95d3be]::run_test::{closure#0}
[INFO] [stdout]   22:     0x649c21d60e44 - std[70759c8f55707aa4]::sys::backtrace::__rust_begin_short_backtrace::<test[9d35eded1c95d3be]::run_test::{closure#1}, ()>
[INFO] [stdout]   23:     0x649c21d6a6e2 - <std[70759c8f55707aa4]::thread::lifecycle::spawn_unchecked<test[9d35eded1c95d3be]::run_test::{closure#1}, ()>::{closure#1} as core[df12db4294e9bfd3]::ops::function::FnOnce<()>>::call_once::{shim:vtable#0}
[INFO] [stdout]   24:     0x649c21eeb589 - <std[70759c8f55707aa4]::sys::thread::unix::Thread>::new::thread_start
[INFO] [stdout]   25:     0x765bdd4d9dfa - <unknown>
[INFO] [stdout]   26:     0x765bdd56d3d4 - clone
[INFO] [stdout]   27:                0x0 - <unknown>
[INFO] [stdout] 
[INFO] [stdout] ---- mysql_generator::test::select_by_id_test stdout ----
[INFO] [stdout] 
[INFO] [stdout] thread 'mysql_generator::test::select_by_id_test' (1924) panicked at src/mysql_generator.rs:258:82:
[INFO] [stdout] called `Result::unwrap()` on an `Err` value: Io(Os { code: 111, kind: ConnectionRefused, message: "Connection refused" })
[INFO] [stdout] stack backtrace:
[INFO] [stdout]    0:     0x649c21eec8d1 - <<std[70759c8f55707aa4]::sys::backtrace::BacktraceLock>::print::DisplayBacktrace as core[df12db4294e9bfd3]::fmt::Display>::fmt
[INFO] [stdout]    1:     0x649c21f05d2a - core[df12db4294e9bfd3]::fmt::write
[INFO] [stdout]    2:     0x649c21ef175c - <alloc[2182bb758b4b3781]::vec::Vec<u8> as core[df12db4294e9bfd3]::io::write::Write>::write_fmt
[INFO] [stdout]    3:     0x649c21ec6eb6 - std[70759c8f55707aa4]::panicking::default_hook::{closure#0}
[INFO] [stdout]    4:     0x649c21ee3fd9 - std[70759c8f55707aa4]::panicking::default_hook
[INFO] [stdout]    5:     0x649c21d66c30 - test[9d35eded1c95d3be]::test_main_inner::<test[9d35eded1c95d3be]::test_main_static::{closure#0}>::{closure#0}
[INFO] [stdout]    6:     0x649c21ee4192 - std[70759c8f55707aa4]::panicking::panic_with_hook
[INFO] [stdout]    7:     0x649c21ec6f62 - std[70759c8f55707aa4]::panicking::panic_handler::{closure#0}
[INFO] [stdout]    8:     0x649c21ebf4e9 - std[70759c8f55707aa4]::sys::backtrace::__rust_end_short_backtrace::<std[70759c8f55707aa4]::panicking::panic_handler::{closure#0}, !>
[INFO] [stdout]    9:     0x649c21ec7e5d - __rustc[8fa7c3cbc660c2b3]::rust_begin_unwind
[INFO] [stdout]   10:     0x649c21f0648c - core[df12db4294e9bfd3]::panicking::panic_fmt
[INFO] [stdout]   11:     0x649c21f06262 - core[df12db4294e9bfd3]::result::unwrap_failed
[INFO] [stdout]   12:     0x649c21d201eb - sql_wrapper[306562aa5ccb0332]::mysql_generator::test::select_by_id_test::{closure#0}
[INFO] [stdout]   13:     0x649c21d36c03 - <tokio[714f9f5a9417e7aa]::runtime::scheduler::current_thread::Context>::enter::<core[df12db4294e9bfd3]::task::poll::Poll<()>, <tokio[714f9f5a9417e7aa]::runtime::scheduler::current_thread::CoreGuard>::block_on<core[df12db4294e9bfd3]::pin::Pin<&mut core[df12db4294e9bfd3]::pin::Pin<&mut dyn core[df12db4294e9bfd3]::future::future::Future<Output = ()>>>>::{closure#0}::{closure#0}>
[INFO] [stdout]   14:     0x649c21d521a2 - <tokio[714f9f5a9417e7aa]::runtime::context::scoped::Scoped<tokio[714f9f5a9417e7aa]::runtime::scheduler::Context>>::set::<<tokio[714f9f5a9417e7aa]::runtime::scheduler::current_thread::CoreGuard>::enter<<tokio[714f9f5a9417e7aa]::runtime::scheduler::current_thread::CoreGuard>::block_on<core[df12db4294e9bfd3]::pin::Pin<&mut core[df12db4294e9bfd3]::pin::Pin<&mut dyn core[df12db4294e9bfd3]::future::future::Future<Output = ()>>>>::{closure#0}, core[df12db4294e9bfd3]::option::Option<()>>::{closure#0}, (alloc[2182bb758b4b3781]::boxed::Box<tokio[714f9f5a9417e7aa]::runtime::scheduler::current_thread::Core>, core[df12db4294e9bfd3]::option::Option<()>)>
[INFO] [stdout]   15:     0x649c21d36f57 - <tokio[714f9f5a9417e7aa]::runtime::scheduler::current_thread::CoreGuard>::block_on::<core[df12db4294e9bfd3]::pin::Pin<&mut core[df12db4294e9bfd3]::pin::Pin<&mut dyn core[df12db4294e9bfd3]::future::future::Future<Output = ()>>>>
[INFO] [stdout]   16:     0x649c21d34943 - tokio[714f9f5a9417e7aa]::runtime::context::runtime::enter_runtime::<<tokio[714f9f5a9417e7aa]::runtime::scheduler::current_thread::CurrentThread>::block_on<core[df12db4294e9bfd3]::pin::Pin<&mut dyn core[df12db4294e9bfd3]::future::future::Future<Output = ()>>>::{closure#0}, ()>
[INFO] [stdout]   17:     0x649c21d32f2a - <tokio[714f9f5a9417e7aa]::runtime::runtime::Runtime>::block_on::<core[df12db4294e9bfd3]::pin::Pin<&mut dyn core[df12db4294e9bfd3]::future::future::Future<Output = ()>>>
[INFO] [stdout]   18:     0x649c21d22d1b - sql_wrapper[306562aa5ccb0332]::mysql_generator::test::select_by_id_test
[INFO] [stdout]   19:     0x649c21d4b219 - <sql_wrapper[306562aa5ccb0332]::mysql_generator::test::select_by_id_test::{closure#0} as core[df12db4294e9bfd3]::ops::function::FnOnce<()>>::call_once
[INFO] [stdout]   20:     0x649c21d59f1b - test[9d35eded1c95d3be]::__rust_begin_short_backtrace::<core[df12db4294e9bfd3]::result::Result<(), alloc[2182bb758b4b3781]::string::String>, fn() -> core[df12db4294e9bfd3]::result::Result<(), alloc[2182bb758b4b3781]::string::String>>
[INFO] [stdout]   21:     0x649c21d67585 - test[9d35eded1c95d3be]::run_test::{closure#0}
[INFO] [stdout]   22:     0x649c21d60e44 - std[70759c8f55707aa4]::sys::backtrace::__rust_begin_short_backtrace::<test[9d35eded1c95d3be]::run_test::{closure#1}, ()>
[INFO] [stdout]   23:     0x649c21d6a6e2 - <std[70759c8f55707aa4]::thread::lifecycle::spawn_unchecked<test[9d35eded1c95d3be]::run_test::{closure#1}, ()>::{closure#1} as core[df12db4294e9bfd3]::ops::function::FnOnce<()>>::call_once::{shim:vtable#0}
[INFO] [stdout]   24:     0x649c21eeb589 - <std[70759c8f55707aa4]::sys::thread::unix::Thread>::new::thread_start
[INFO] [stdout]   25:     0x765bdd4d9dfa - <unknown>
[INFO] [stdout]   26:     0x765bdd56d3d4 - clone
[INFO] [stdout]   27:                0x0 - <unknown>
[INFO] [stdout] 
[INFO] [stdout] ---- mysql_generator::test::insert_returning_id_test stdout ----
[INFO] [stdout] 
[INFO] [stdout] thread 'mysql_generator::test::insert_returning_id_test' (1922) panicked at src/mysql_generator.rs:224:82:
[INFO] [stdout] called `Result::unwrap()` on an `Err` value: Io(Os { code: 111, kind: ConnectionRefused, message: "Connection refused" })
[INFO] [stdout] stack backtrace:
[INFO] [stdout]    0:     0x649c21eec8d1 - <<std[70759c8f55707aa4]::sys::backtrace::BacktraceLock>::print::DisplayBacktrace as core[df12db4294e9bfd3]::fmt::Display>::fmt
[INFO] [stdout]    1:     0x649c21f05d2a - core[df12db4294e9bfd3]::fmt::write
[INFO] [stdout]    2:     0x649c21ef175c - <alloc[2182bb758b4b3781]::vec::Vec<u8> as core[df12db4294e9bfd3]::io::write::Write>::write_fmt
[INFO] [stdout]    3:     0x649c21ec6eb6 - std[70759c8f55707aa4]::panicking::default_hook::{closure#0}
[INFO] [stdout]    4:     0x649c21ee3fd9 - std[70759c8f55707aa4]::panicking::default_hook
[INFO] [stdout]    5:     0x649c21d66c30 - test[9d35eded1c95d3be]::test_main_inner::<test[9d35eded1c95d3be]::test_main_static::{closure#0}>::{closure#0}
[INFO] [stdout]    6:     0x649c21ee4192 - std[70759c8f55707aa4]::panicking::panic_with_hook
[INFO] [stdout]    7:     0x649c21ec6f62 - std[70759c8f55707aa4]::panicking::panic_handler::{closure#0}
[INFO] [stdout]    8:     0x649c21ebf4e9 - std[70759c8f55707aa4]::sys::backtrace::__rust_end_short_backtrace::<std[70759c8f55707aa4]::panicking::panic_handler::{closure#0}, !>
[INFO] [stdout]    9:     0x649c21ec7e5d - __rustc[8fa7c3cbc660c2b3]::rust_begin_unwind
[INFO] [stdout]   10:     0x649c21f0648c - core[df12db4294e9bfd3]::panicking::panic_fmt
[INFO] [stdout]   11:     0x649c21f06262 - core[df12db4294e9bfd3]::result::unwrap_failed
[INFO] [stdout]   12:     0x649c21d21748 - sql_wrapper[306562aa5ccb0332]::mysql_generator::test::insert_returning_id_test::{closure#0}
[INFO] [stdout]   13:     0x649c21d36c03 - <tokio[714f9f5a9417e7aa]::runtime::scheduler::current_thread::Context>::enter::<core[df12db4294e9bfd3]::task::poll::Poll<()>, <tokio[714f9f5a9417e7aa]::runtime::scheduler::current_thread::CoreGuard>::block_on<core[df12db4294e9bfd3]::pin::Pin<&mut core[df12db4294e9bfd3]::pin::Pin<&mut dyn core[df12db4294e9bfd3]::future::future::Future<Output = ()>>>>::{closure#0}::{closure#0}>
[INFO] [stdout]   14:     0x649c21d521a2 - <tokio[714f9f5a9417e7aa]::runtime::context::scoped::Scoped<tokio[714f9f5a9417e7aa]::runtime::scheduler::Context>>::set::<<tokio[714f9f5a9417e7aa]::runtime::scheduler::current_thread::CoreGuard>::enter<<tokio[714f9f5a9417e7aa]::runtime::scheduler::current_thread::CoreGuard>::block_on<core[df12db4294e9bfd3]::pin::Pin<&mut core[df12db4294e9bfd3]::pin::Pin<&mut dyn core[df12db4294e9bfd3]::future::future::Future<Output = ()>>>>::{closure#0}, core[df12db4294e9bfd3]::option::Option<()>>::{closure#0}, (alloc[2182bb758b4b3781]::boxed::Box<tokio[714f9f5a9417e7aa]::runtime::scheduler::current_thread::Core>, core[df12db4294e9bfd3]::option::Option<()>)>
[INFO] [stdout]   15:     0x649c21d36f57 - <tokio[714f9f5a9417e7aa]::runtime::scheduler::current_thread::CoreGuard>::block_on::<core[df12db4294e9bfd3]::pin::Pin<&mut core[df12db4294e9bfd3]::pin::Pin<&mut dyn core[df12db4294e9bfd3]::future::future::Future<Output = ()>>>>
[INFO] [stdout]   16:     0x649c21d34943 - tokio[714f9f5a9417e7aa]::runtime::context::runtime::enter_runtime::<<tokio[714f9f5a9417e7aa]::runtime::scheduler::current_thread::CurrentThread>::block_on<core[df12db4294e9bfd3]::pin::Pin<&mut dyn core[df12db4294e9bfd3]::future::future::Future<Output = ()>>>::{closure#0}, ()>
[INFO] [stdout]   17:     0x649c21d32f2a - <tokio[714f9f5a9417e7aa]::runtime::runtime::Runtime>::block_on::<core[df12db4294e9bfd3]::pin::Pin<&mut dyn core[df12db4294e9bfd3]::future::future::Future<Output = ()>>>
[INFO] [stdout]   18:     0x649c21d22e6b - sql_wrapper[306562aa5ccb0332]::mysql_generator::test::insert_returning_id_test
[INFO] [stdout]   19:     0x649c21d4b239 - <sql_wrapper[306562aa5ccb0332]::mysql_generator::test::insert_returning_id_test::{closure#0} as core[df12db4294e9bfd3]::ops::function::FnOnce<()>>::call_once
[INFO] [stdout]   20:     0x649c21d59f1b - test[9d35eded1c95d3be]::__rust_begin_short_backtrace::<core[df12db4294e9bfd3]::result::Result<(), alloc[2182bb758b4b3781]::string::String>, fn() -> core[df12db4294e9bfd3]::result::Result<(), alloc[2182bb758b4b3781]::string::String>>
[INFO] [stdout]   21:     0x649c21d67585 - test[9d35eded1c95d3be]::run_test::{closure#0}
[INFO] [stdout]   22:     0x649c21d60e44 - std[70759c8f55707aa4]::sys::backtrace::__rust_begin_short_backtrace::<test[9d35eded1c95d3be]::run_test::{closure#1}, ()>
[INFO] [stdout]   23:     0x649c21d6a6e2 - <std[70759c8f55707aa4]::thread::lifecycle::spawn_unchecked<test[9d35eded1c95d3be]::run_test::{closure#1}, ()>::{closure#1} as core[df12db4294e9bfd3]::ops::function::FnOnce<()>>::call_once::{shim:vtable#0}
[INFO] [stdout]   24:     0x649c21eeb589 - <std[70759c8f55707aa4]::sys::thread::unix::Thread>::new::thread_start
[INFO] [stdout]   25:     0x765bdd4d9dfa - <unknown>
[INFO] [stdout]   26:     0x765bdd56d3d4 - clone
[INFO] [stdout]   27:                0x0 - <unknown>
[INFO] [stdout] 
[INFO] [stdout] ---- pg_generator::test::insert_returning_id_test stdout ----
[INFO] [stdout] 
[INFO] [stdout] thread 'pg_generator::test::insert_returning_id_test' (1937) panicked at src/pg_generator.rs:579:76:
[INFO] [stdout] called `Result::unwrap()` on an `Err` value: Io(Os { code: 111, kind: ConnectionRefused, message: "Connection refused" })
[INFO] [stdout] stack backtrace:
[INFO] [stdout]    0:     0x649c21eec8d1 - <<std[70759c8f55707aa4]::sys::backtrace::BacktraceLock>::print::DisplayBacktrace as core[df12db4294e9bfd3]::fmt::Display>::fmt
[INFO] [stdout]    1:     0x649c21f05d2a - core[df12db4294e9bfd3]::fmt::write
[INFO] [stdout]    2:     0x649c21ef175c - <alloc[2182bb758b4b3781]::vec::Vec<u8> as core[df12db4294e9bfd3]::io::write::Write>::write_fmt
[INFO] [stdout]    3:     0x649c21ec6eb6 - std[70759c8f55707aa4]::panicking::default_hook::{closure#0}
[INFO] [stdout]    4:     0x649c21ee3fd9 - std[70759c8f55707aa4]::panicking::default_hook
[INFO] [stdout]    5:     0x649c21d66c30 - test[9d35eded1c95d3be]::test_main_inner::<test[9d35eded1c95d3be]::test_main_static::{closure#0}>::{closure#0}
[INFO] [stdout]    6:     0x649c21ee4192 - std[70759c8f55707aa4]::panicking::panic_with_hook
[INFO] [stdout]    7:     0x649c21ec6f62 - std[70759c8f55707aa4]::panicking::panic_handler::{closure#0}
[INFO] [stdout]    8:     0x649c21ebf4e9 - std[70759c8f55707aa4]::sys::backtrace::__rust_end_short_backtrace::<std[70759c8f55707aa4]::panicking::panic_handler::{closure#0}, !>
[INFO] [stdout]    9:     0x649c21ec7e5d - __rustc[8fa7c3cbc660c2b3]::rust_begin_unwind
[INFO] [stdout]   10:     0x649c21f0648c - core[df12db4294e9bfd3]::panicking::panic_fmt
[INFO] [stdout]   11:     0x649c21f06262 - core[df12db4294e9bfd3]::result::unwrap_failed
[INFO] [stdout]   12:     0x649c21ce5c6d - sql_wrapper[306562aa5ccb0332]::pg_generator::test::insert_returning_id_test::{closure#0}
[INFO] [stdout]   13:     0x649c21d36c03 - <tokio[714f9f5a9417e7aa]::runtime::scheduler::current_thread::Context>::enter::<core[df12db4294e9bfd3]::task::poll::Poll<()>, <tokio[714f9f5a9417e7aa]::runtime::scheduler::current_thread::CoreGuard>::block_on<core[df12db4294e9bfd3]::pin::Pin<&mut core[df12db4294e9bfd3]::pin::Pin<&mut dyn core[df12db4294e9bfd3]::future::future::Future<Output = ()>>>>::{closure#0}::{closure#0}>
[INFO] [stdout]   14:     0x649c21d521a2 - <tokio[714f9f5a9417e7aa]::runtime::context::scoped::Scoped<tokio[714f9f5a9417e7aa]::runtime::scheduler::Context>>::set::<<tokio[714f9f5a9417e7aa]::runtime::scheduler::current_thread::CoreGuard>::enter<<tokio[714f9f5a9417e7aa]::runtime::scheduler::current_thread::CoreGuard>::block_on<core[df12db4294e9bfd3]::pin::Pin<&mut core[df12db4294e9bfd3]::pin::Pin<&mut dyn core[df12db4294e9bfd3]::future::future::Future<Output = ()>>>>::{closure#0}, core[df12db4294e9bfd3]::option::Option<()>>::{closure#0}, (alloc[2182bb758b4b3781]::boxed::Box<tokio[714f9f5a9417e7aa]::runtime::scheduler::current_thread::Core>, core[df12db4294e9bfd3]::option::Option<()>)>
[INFO] [stdout]   15:     0x649c21d36f57 - <tokio[714f9f5a9417e7aa]::runtime::scheduler::current_thread::CoreGuard>::block_on::<core[df12db4294e9bfd3]::pin::Pin<&mut core[df12db4294e9bfd3]::pin::Pin<&mut dyn core[df12db4294e9bfd3]::future::future::Future<Output = ()>>>>
[INFO] [stdout]   16:     0x649c21d34943 - tokio[714f9f5a9417e7aa]::runtime::context::runtime::enter_runtime::<<tokio[714f9f5a9417e7aa]::runtime::scheduler::current_thread::CurrentThread>::block_on<core[df12db4294e9bfd3]::pin::Pin<&mut dyn core[df12db4294e9bfd3]::future::future::Future<Output = ()>>>::{closure#0}, ()>
[INFO] [stdout]   17:     0x649c21d32f2a - <tokio[714f9f5a9417e7aa]::runtime::runtime::Runtime>::block_on::<core[df12db4294e9bfd3]::pin::Pin<&mut dyn core[df12db4294e9bfd3]::future::future::Future<Output = ()>>>
[INFO] [stdout]   18:     0x649c21ce76bb - sql_wrapper[306562aa5ccb0332]::pg_generator::test::insert_returning_id_test
[INFO] [stdout]   19:     0x649c21d4b139 - <sql_wrapper[306562aa5ccb0332]::pg_generator::test::insert_returning_id_test::{closure#0} as core[df12db4294e9bfd3]::ops::function::FnOnce<()>>::call_once
[INFO] [stdout]   20:     0x649c21d59f1b - test[9d35eded1c95d3be]::__rust_begin_short_backtrace::<core[df12db4294e9bfd3]::result::Result<(), alloc[2182bb758b4b3781]::string::String>, fn() -> core[df12db4294e9bfd3]::result::Result<(), alloc[2182bb758b4b3781]::string::String>>
[INFO] [stdout]   21:     0x649c21d67585 - test[9d35eded1c95d3be]::run_test::{closure#0}
[INFO] [stdout]   22:     0x649c21d60e44 - std[70759c8f55707aa4]::sys::backtrace::__rust_begin_short_backtrace::<test[9d35eded1c95d3be]::run_test::{closure#1}, ()>
[INFO] [stdout]   23:     0x649c21d6a6e2 - <std[70759c8f55707aa4]::thread::lifecycle::spawn_unchecked<test[9d35eded1c95d3be]::run_test::{closure#1}, ()>::{closure#1} as core[df12db4294e9bfd3]::ops::function::FnOnce<()>>::call_once::{shim:vtable#0}
[INFO] [stdout]   24:     0x649c21eeb589 - <std[70759c8f55707aa4]::sys::thread::unix::Thread>::new::thread_start
[INFO] [stdout]   25:     0x765bdd4d9dfa - <unknown>
[INFO] [stdout]   26:     0x765bdd56d3d4 - clone
[INFO] [stdout]   27:                0x0 - <unknown>
[INFO] [stdout] 
[INFO] [stdout] ---- pg_generator::test::delete_by_id_test stdout ----
[INFO] [stdout] 
[INFO] [stdout] thread 'pg_generator::test::delete_by_id_test' (1935) panicked at src/pg_generator.rs:684:76:
[INFO] [stdout] called `Result::unwrap()` on an `Err` value: Io(Os { code: 111, kind: ConnectionRefused, message: "Connection refused" })
[INFO] [stdout] stack backtrace:
[INFO] [stdout]    0:     0x649c21eec8d1 - <<std[70759c8f55707aa4]::sys::backtrace::BacktraceLock>::print::DisplayBacktrace as core[df12db4294e9bfd3]::fmt::Display>::fmt
[INFO] [stdout]    1:     0x649c21f05d2a - core[df12db4294e9bfd3]::fmt::write
[INFO] [stdout]    2:     0x649c21ef175c - <alloc[2182bb758b4b3781]::vec::Vec<u8> as core[df12db4294e9bfd3]::io::write::Write>::write_fmt
[INFO] [stdout]    3:     0x649c21ec6eb6 - std[70759c8f55707aa4]::panicking::default_hook::{closure#0}
[INFO] [stdout]    4:     0x649c21ee3fd9 - std[70759c8f55707aa4]::panicking::default_hook
[INFO] [stdout]    5:     0x649c21d66c30 - test[9d35eded1c95d3be]::test_main_inner::<test[9d35eded1c95d3be]::test_main_static::{closure#0}>::{closure#0}
[INFO] [stdout]    6:     0x649c21ee4192 - std[70759c8f55707aa4]::panicking::panic_with_hook
[INFO] [stdout]    7:     0x649c21ec6f62 - std[70759c8f55707aa4]::panicking::panic_handler::{closure#0}
[INFO] [stdout]    8:     0x649c21ebf4e9 - std[70759c8f55707aa4]::sys::backtrace::__rust_end_short_backtrace::<std[70759c8f55707aa4]::panicking::panic_handler::{closure#0}, !>
[INFO] [stdout]    9:     0x649c21ec7e5d - __rustc[8fa7c3cbc660c2b3]::rust_begin_unwind
[INFO] [stdout]   10:     0x649c21f0648c - core[df12db4294e9bfd3]::panicking::panic_fmt
[INFO] [stdout]   11:     0x649c21f06262 - core[df12db4294e9bfd3]::result::unwrap_failed
[INFO] [stdout]   12:     0x649c21ce4d9a - sql_wrapper[306562aa5ccb0332]::pg_generator::test::delete_by_id_test::{closure#0}
[INFO] [stdout]   13:     0x649c21d36c03 - <tokio[714f9f5a9417e7aa]::runtime::scheduler::current_thread::Context>::enter::<core[df12db4294e9bfd3]::task::poll::Poll<()>, <tokio[714f9f5a9417e7aa]::runtime::scheduler::current_thread::CoreGuard>::block_on<core[df12db4294e9bfd3]::pin::Pin<&mut core[df12db4294e9bfd3]::pin::Pin<&mut dyn core[df12db4294e9bfd3]::future::future::Future<Output = ()>>>>::{closure#0}::{closure#0}>
[INFO] [stdout]   14:     0x649c21d521a2 - <tokio[714f9f5a9417e7aa]::runtime::context::scoped::Scoped<tokio[714f9f5a9417e7aa]::runtime::scheduler::Context>>::set::<<tokio[714f9f5a9417e7aa]::runtime::scheduler::current_thread::CoreGuard>::enter<<tokio[714f9f5a9417e7aa]::runtime::scheduler::current_thread::CoreGuard>::block_on<core[df12db4294e9bfd3]::pin::Pin<&mut core[df12db4294e9bfd3]::pin::Pin<&mut dyn core[df12db4294e9bfd3]::future::future::Future<Output = ()>>>>::{closure#0}, core[df12db4294e9bfd3]::option::Option<()>>::{closure#0}, (alloc[2182bb758b4b3781]::boxed::Box<tokio[714f9f5a9417e7aa]::runtime::scheduler::current_thread::Core>, core[df12db4294e9bfd3]::option::Option<()>)>
[INFO] [stdout]   15:     0x649c21d36f57 - <tokio[714f9f5a9417e7aa]::runtime::scheduler::current_thread::CoreGuard>::block_on::<core[df12db4294e9bfd3]::pin::Pin<&mut core[df12db4294e9bfd3]::pin::Pin<&mut dyn core[df12db4294e9bfd3]::future::future::Future<Output = ()>>>>
[INFO] [stdout]   16:     0x649c21d34943 - tokio[714f9f5a9417e7aa]::runtime::context::runtime::enter_runtime::<<tokio[714f9f5a9417e7aa]::runtime::scheduler::current_thread::CurrentThread>::block_on<core[df12db4294e9bfd3]::pin::Pin<&mut dyn core[df12db4294e9bfd3]::future::future::Future<Output = ()>>>::{closure#0}, ()>
[INFO] [stdout]   17:     0x649c21d32f2a - <tokio[714f9f5a9417e7aa]::runtime::runtime::Runtime>::block_on::<core[df12db4294e9bfd3]::pin::Pin<&mut dyn core[df12db4294e9bfd3]::future::future::Future<Output = ()>>>
[INFO] [stdout]   18:     0x649c21ce741b - sql_wrapper[306562aa5ccb0332]::pg_generator::test::delete_by_id_test
[INFO] [stdout]   19:     0x649c21d4b0f9 - <sql_wrapper[306562aa5ccb0332]::pg_generator::test::delete_by_id_test::{closure#0} as core[df12db4294e9bfd3]::ops::function::FnOnce<()>>::call_once
[INFO] [stdout]   20:     0x649c21d59f1b - test[9d35eded1c95d3be]::__rust_begin_short_backtrace::<core[df12db4294e9bfd3]::result::Result<(), alloc[2182bb758b4b3781]::string::String>, fn() -> core[df12db4294e9bfd3]::result::Result<(), alloc[2182bb758b4b3781]::string::String>>
[INFO] [stdout]   21:     0x649c21d67585 - test[9d35eded1c95d3be]::run_test::{closure#0}
[INFO] [stdout]   22:     0x649c21d60e44 - std[70759c8f55707aa4]::sys::backtrace::__rust_begin_short_backtrace::<test[9d35eded1c95d3be]::run_test::{closure#1}, ()>
[INFO] [stdout]   23:     0x649c21d6a6e2 - <std[70759c8f55707aa4]::thread::lifecycle::spawn_unchecked<test[9d35eded1c95d3be]::run_test::{closure#1}, ()>::{closure#1} as core[df12db4294e9bfd3]::ops::function::FnOnce<()>>::call_once::{shim:vtable#0}
[INFO] [stdout]   24:     0x649c21eeb589 - <std[70759c8f55707aa4]::sys::thread::unix::Thread>::new::thread_start
[INFO] [stdout]   25:     0x765bdd4d9dfa - <unknown>
[INFO] [stdout]   26:     0x765bdd56d3d4 - clone
[INFO] [stdout]   27:                0x0 - <unknown>
[INFO] [stdout] 
[INFO] [stdout] ---- pg_generator::test::batch_insert_test stdout ----
[INFO] [stdout] 
[INFO] [stdout] thread 'pg_generator::test::batch_insert_test' (1934) panicked at src/pg_generator.rs:622:76:
[INFO] [stdout] called `Result::unwrap()` on an `Err` value: Io(Os { code: 111, kind: ConnectionRefused, message: "Connection refused" })
[INFO] [stdout] stack backtrace:
[INFO] [stdout]    0:     0x649c21eec8d1 - <<std[70759c8f55707aa4]::sys::backtrace::BacktraceLock>::print::DisplayBacktrace as core[df12db4294e9bfd3]::fmt::Display>::fmt
[INFO] [stdout]    1:     0x649c21f05d2a - core[df12db4294e9bfd3]::fmt::write
[INFO] [stdout]    2:     0x649c21ef175c - <alloc[2182bb758b4b3781]::vec::Vec<u8> as core[df12db4294e9bfd3]::io::write::Write>::write_fmt
[INFO] [stdout]    3:     0x649c21ec6eb6 - std[70759c8f55707aa4]::panicking::default_hook::{closure#0}
[INFO] [stdout]    4:     0x649c21ee3fd9 - std[70759c8f55707aa4]::panicking::default_hook
[INFO] [stdout]    5:     0x649c21d66c30 - test[9d35eded1c95d3be]::test_main_inner::<test[9d35eded1c95d3be]::test_main_static::{closure#0}>::{closure#0}
[INFO] [stdout]    6:     0x649c21ee4192 - std[70759c8f55707aa4]::panicking::panic_with_hook
[INFO] [stdout]    7:     0x649c21ec6f62 - std[70759c8f55707aa4]::panicking::panic_handler::{closure#0}
[INFO] [stdout]    8:     0x649c21ebf4e9 - std[70759c8f55707aa4]::sys::backtrace::__rust_end_short_backtrace::<std[70759c8f55707aa4]::panicking::panic_handler::{closure#0}, !>
[INFO] [stdout]    9:     0x649c21ec7e5d - __rustc[8fa7c3cbc660c2b3]::rust_begin_unwind
[INFO] [stdout]   10:     0x649c21f0648c - core[df12db4294e9bfd3]::panicking::panic_fmt
[INFO] [stdout]   11:     0x649c21f06262 - core[df12db4294e9bfd3]::result::unwrap_failed
[INFO] [stdout]   12:     0x649c21ce4875 - sql_wrapper[306562aa5ccb0332]::pg_generator::test::batch_insert_test::{closure#0}
[INFO] [stdout]   13:     0x649c21d36c03 - <tokio[714f9f5a9417e7aa]::runtime::scheduler::current_thread::Context>::enter::<core[df12db4294e9bfd3]::task::poll::Poll<()>, <tokio[714f9f5a9417e7aa]::runtime::scheduler::current_thread::CoreGuard>::block_on<core[df12db4294e9bfd3]::pin::Pin<&mut core[df12db4294e9bfd3]::pin::Pin<&mut dyn core[df12db4294e9bfd3]::future::future::Future<Output = ()>>>>::{closure#0}::{closure#0}>
[INFO] [stdout]   14:     0x649c21d521a2 - <tokio[714f9f5a9417e7aa]::runtime::context::scoped::Scoped<tokio[714f9f5a9417e7aa]::runtime::scheduler::Context>>::set::<<tokio[714f9f5a9417e7aa]::runtime::scheduler::current_thread::CoreGuard>::enter<<tokio[714f9f5a9417e7aa]::runtime::scheduler::current_thread::CoreGuard>::block_on<core[df12db4294e9bfd3]::pin::Pin<&mut core[df12db4294e9bfd3]::pin::Pin<&mut dyn core[df12db4294e9bfd3]::future::future::Future<Output = ()>>>>::{closure#0}, core[df12db4294e9bfd3]::option::Option<()>>::{closure#0}, (alloc[2182bb758b4b3781]::boxed::Box<tokio[714f9f5a9417e7aa]::runtime::scheduler::current_thread::Core>, core[df12db4294e9bfd3]::option::Option<()>)>
[INFO] [stdout]   15:     0x649c21d36f57 - <tokio[714f9f5a9417e7aa]::runtime::scheduler::current_thread::CoreGuard>::block_on::<core[df12db4294e9bfd3]::pin::Pin<&mut core[df12db4294e9bfd3]::pin::Pin<&mut dyn core[df12db4294e9bfd3]::future::future::Future<Output = ()>>>>
[INFO] [stdout]   16:     0x649c21d34943 - tokio[714f9f5a9417e7aa]::runtime::context::runtime::enter_runtime::<<tokio[714f9f5a9417e7aa]::runtime::scheduler::current_thread::CurrentThread>::block_on<core[df12db4294e9bfd3]::pin::Pin<&mut dyn core[df12db4294e9bfd3]::future::future::Future<Output = ()>>>::{closure#0}, ()>
[INFO] [stdout]   17:     0x649c21d32f2a - <tokio[714f9f5a9417e7aa]::runtime::runtime::Runtime>::block_on::<core[df12db4294e9bfd3]::pin::Pin<&mut dyn core[df12db4294e9bfd3]::future::future::Future<Output = ()>>>
[INFO] [stdout]   18:     0x649c21ce72cb - sql_wrapper[306562aa5ccb0332]::pg_generator::test::batch_insert_test
[INFO] [stdout]   19:     0x649c21d4b0d9 - <sql_wrapper[306562aa5ccb0332]::pg_generator::test::batch_insert_test::{closure#0} as core[df12db4294e9bfd3]::ops::function::FnOnce<()>>::call_once
[INFO] [stdout]   20:     0x649c21d59f1b - test[9d35eded1c95d3be]::__rust_begin_short_backtrace::<core[df12db4294e9bfd3]::result::Result<(), alloc[2182bb758b4b3781]::string::String>, fn() -> core[df12db4294e9bfd3]::result::Result<(), alloc[2182bb758b4b3781]::string::String>>
[INFO] [stdout]   21:     0x649c21d67585 - test[9d35eded1c95d3be]::run_test::{closure#0}
[INFO] [stdout]   22:     0x649c21d60e44 - std[70759c8f55707aa4]::sys::backtrace::__rust_begin_short_backtrace::<test[9d35eded1c95d3be]::run_test::{closure#1}, ()>
[INFO] [stdout]   23:     0x649c21d6a6e2 - <std[70759c8f55707aa4]::thread::lifecycle::spawn_unchecked<test[9d35eded1c95d3be]::run_test::{closure#1}, ()>::{closure#1} as core[df12db4294e9bfd3]::ops::function::FnOnce<()>>::call_once::{shim:vtable#0}
[INFO] [stdout]   24:     0x649c21eeb589 - <std[70759c8f55707aa4]::sys::thread::unix::Thread>::new::thread_start
[INFO] [stdout]   25:     0x765bdd4d9dfa - <unknown>
[INFO] [stdout]   26:     0x765bdd56d3d4 - clone
[INFO] [stdout]   27:                0x0 - <unknown>
[INFO] [stdout] 
[INFO] [stdout] ---- pg_generator::test::gen_file_test stdout ----
[INFO] [stdout] 
[INFO] [stdout] thread 'pg_generator::test::gen_file_test' (1936) panicked at src/pg_generator.rs:8:76:
[INFO] [stdout] called `Result::unwrap()` on an `Err` value: Io(Os { code: 111, kind: ConnectionRefused, message: "Connection refused" })
[INFO] [stdout] stack backtrace:
[INFO] [stdout]    0:     0x649c21eec8d1 - <<std[70759c8f55707aa4]::sys::backtrace::BacktraceLock>::print::DisplayBacktrace as core[df12db4294e9bfd3]::fmt::Display>::fmt
[INFO] [stdout]    1:     0x649c21f05d2a - core[df12db4294e9bfd3]::fmt::write
[INFO] [stdout]    2:     0x649c21ef175c - <alloc[2182bb758b4b3781]::vec::Vec<u8> as core[df12db4294e9bfd3]::io::write::Write>::write_fmt
[INFO] [stdout]    3:     0x649c21ec6eb6 - std[70759c8f55707aa4]::panicking::default_hook::{closure#0}
[INFO] [stdout]    4:     0x649c21ee3fd9 - std[70759c8f55707aa4]::panicking::default_hook
[INFO] [stdout]    5:     0x649c21d66c30 - test[9d35eded1c95d3be]::test_main_inner::<test[9d35eded1c95d3be]::test_main_static::{closure#0}>::{closure#0}
[INFO] [stdout]    6:     0x649c21ee4192 - std[70759c8f55707aa4]::panicking::panic_with_hook
[INFO] [stdout]    7:     0x649c21ec6f62 - std[70759c8f55707aa4]::panicking::panic_handler::{closure#0}
[INFO] [stdout]    8:     0x649c21ebf4e9 - std[70759c8f55707aa4]::sys::backtrace::__rust_end_short_backtrace::<std[70759c8f55707aa4]::panicking::panic_handler::{closure#0}, !>
[INFO] [stdout]    9:     0x649c21ec7e5d - __rustc[8fa7c3cbc660c2b3]::rust_begin_unwind
[INFO] [stdout]   10:     0x649c21f0648c - core[df12db4294e9bfd3]::panicking::panic_fmt
[INFO] [stdout]   11:     0x649c21f06262 - core[df12db4294e9bfd3]::result::unwrap_failed
[INFO] [stdout]   12:     0x649c21ce3e36 - sql_wrapper[306562aa5ccb0332]::pg_generator::test::gen_file_test::{closure#0}
[INFO] [stdout]   13:     0x649c21d36c03 - <tokio[714f9f5a9417e7aa]::runtime::scheduler::current_thread::Context>::enter::<core[df12db4294e9bfd3]::task::poll::Poll<()>, <tokio[714f9f5a9417e7aa]::runtime::scheduler::current_thread::CoreGuard>::block_on<core[df12db4294e9bfd3]::pin::Pin<&mut core[df12db4294e9bfd3]::pin::Pin<&mut dyn core[df12db4294e9bfd3]::future::future::Future<Output = ()>>>>::{closure#0}::{closure#0}>
[INFO] [stdout]   14:     0x649c21d521a2 - <tokio[714f9f5a9417e7aa]::runtime::context::scoped::Scoped<tokio[714f9f5a9417e7aa]::runtime::scheduler::Context>>::set::<<tokio[714f9f5a9417e7aa]::runtime::scheduler::current_thread::CoreGuard>::enter<<tokio[714f9f5a9417e7aa]::runtime::scheduler::current_thread::CoreGuard>::block_on<core[df12db4294e9bfd3]::pin::Pin<&mut core[df12db4294e9bfd3]::pin::Pin<&mut dyn core[df12db4294e9bfd3]::future::future::Future<Output = ()>>>>::{closure#0}, core[df12db4294e9bfd3]::option::Option<()>>::{closure#0}, (alloc[2182bb758b4b3781]::boxed::Box<tokio[714f9f5a9417e7aa]::runtime::scheduler::current_thread::Core>, core[df12db4294e9bfd3]::option::Option<()>)>
[INFO] [stdout]   15:     0x649c21d36f57 - <tokio[714f9f5a9417e7aa]::runtime::scheduler::current_thread::CoreGuard>::block_on::<core[df12db4294e9bfd3]::pin::Pin<&mut core[df12db4294e9bfd3]::pin::Pin<&mut dyn core[df12db4294e9bfd3]::future::future::Future<Output = ()>>>>
[INFO] [stdout]   16:     0x649c21d34943 - tokio[714f9f5a9417e7aa]::runtime::context::runtime::enter_runtime::<<tokio[714f9f5a9417e7aa]::runtime::scheduler::current_thread::CurrentThread>::block_on<core[df12db4294e9bfd3]::pin::Pin<&mut dyn core[df12db4294e9bfd3]::future::future::Future<Output = ()>>>::{closure#0}, ()>
[INFO] [stdout]   17:     0x649c21d32f2a - <tokio[714f9f5a9417e7aa]::runtime::runtime::Runtime>::block_on::<core[df12db4294e9bfd3]::pin::Pin<&mut dyn core[df12db4294e9bfd3]::future::future::Future<Output = ()>>>
[INFO] [stdout]   18:     0x649c21ce6feb - sql_wrapper[306562aa5ccb0332]::pg_generator::test::gen_file_test
[INFO] [stdout]   19:     0x649c21d4b049 - <sql_wrapper[306562aa5ccb0332]::pg_generator::test::gen_file_test::{closure#0} as core[df12db4294e9bfd3]::ops::function::FnOnce<()>>::call_once
[INFO] [stdout]   20:     0x649c21d59f1b - test[9d35eded1c95d3be]::__rust_begin_short_backtrace::<core[df12db4294e9bfd3]::result::Result<(), alloc[2182bb758b4b3781]::string::String>, fn() -> core[df12db4294e9bfd3]::result::Result<(), alloc[2182bb758b4b3781]::string::String>>
[INFO] [stdout]   21:     0x649c21d67585 - test[9d35eded1c95d3be]::run_test::{closure#0}
[INFO] [stdout]   22:     0x649c21d60e44 - std[70759c8f55707aa4]::sys::backtrace::__rust_begin_short_backtrace::<test[9d35eded1c95d3be]::run_test::{closure#1}, ()>
[INFO] [stdout]   23:     0x649c21d6a6e2 - <std[70759c8f55707aa4]::thread::lifecycle::spawn_unchecked<test[9d35eded1c95d3be]::run_test::{closure#1}, ()>::{closure#1} as core[df12db4294e9bfd3]::ops::function::FnOnce<()>>::call_once::{shim:vtable#0}
[INFO] [stdout]   24:     0x649c21eeb589 - <std[70759c8f55707aa4]::sys::thread::unix::Thread>::new::thread_start
[INFO] [stdout]   25:     0x765bdd4d9dfa - <unknown>
[INFO] [stdout]   26:     0x765bdd56d3d4 - clone
[INFO] [stdout]   27:                0x0 - <unknown>
[INFO] [stdout] 
[INFO] [stdout] ---- pg_generator::test::insert_test stdout ----
[INFO] [stdout] 
[INFO] [stdout] thread 'pg_generator::test::insert_test' (1938) panicked at src/pg_generator.rs:587:76:
[INFO] [stdout] called `Result::unwrap()` on an `Err` value: Io(Os { code: 111, kind: ConnectionRefused, message: "Connection refused" })
[INFO] [stdout] stack backtrace:
[INFO] [stdout]    0:     0x649c21eec8d1 - <<std[70759c8f55707aa4]::sys::backtrace::BacktraceLock>::print::DisplayBacktrace as core[df12db4294e9bfd3]::fmt::Display>::fmt
[INFO] [stdout]    1:     0x649c21f05d2a - core[df12db4294e9bfd3]::fmt::write
[INFO] [stdout]    2:     0x649c21ef175c - <alloc[2182bb758b4b3781]::vec::Vec<u8> as core[df12db4294e9bfd3]::io::write::Write>::write_fmt
[INFO] [stdout]    3:     0x649c21ec6eb6 - std[70759c8f55707aa4]::panicking::default_hook::{closure#0}
[INFO] [stdout]    4:     0x649c21ee3fd9 - std[70759c8f55707aa4]::panicking::default_hook
[INFO] [stdout]    5:     0x649c21d66c30 - test[9d35eded1c95d3be]::test_main_inner::<test[9d35eded1c95d3be]::test_main_static::{closure#0}>::{closure#0}
[INFO] [stdout]    6:     0x649c21ee4192 - std[70759c8f55707aa4]::panicking::panic_with_hook
[INFO] [stdout]    7:     0x649c21ec6f62 - std[70759c8f55707aa4]::panicking::panic_handler::{closure#0}
[INFO] [stdout]    8:     0x649c21ebf4e9 - std[70759c8f55707aa4]::sys::backtrace::__rust_end_short_backtrace::<std[70759c8f55707aa4]::panicking::panic_handler::{closure#0}, !>
[INFO] [stdout]    9:     0x649c21ec7e5d - __rustc[8fa7c3cbc660c2b3]::rust_begin_unwind
[INFO] [stdout]   10:     0x649c21f0648c - core[df12db4294e9bfd3]::panicking::panic_fmt
[INFO] [stdout]   11:     0x649c21f06262 - core[df12db4294e9bfd3]::result::unwrap_failed
[INFO] [stdout]   12:     0x649c21ce258d - sql_wrapper[306562aa5ccb0332]::pg_generator::test::insert_test::{closure#0}
[INFO] [stdout]   13:     0x649c21d36c03 - <tokio[714f9f5a9417e7aa]::runtime::scheduler::current_thread::Context>::enter::<core[df12db4294e9bfd3]::task::poll::Poll<()>, <tokio[714f9f5a9417e7aa]::runtime::scheduler::current_thread::CoreGuard>::block_on<core[df12db4294e9bfd3]::pin::Pin<&mut core[df12db4294e9bfd3]::pin::Pin<&mut dyn core[df12db4294e9bfd3]::future::future::Future<Output = ()>>>>::{closure#0}::{closure#0}>
[INFO] [stdout]   14:     0x649c21d521a2 - <tokio[714f9f5a9417e7aa]::runtime::context::scoped::Scoped<tokio[714f9f5a9417e7aa]::runtime::scheduler::Context>>::set::<<tokio[714f9f5a9417e7aa]::runtime::scheduler::current_thread::CoreGuard>::enter<<tokio[714f9f5a9417e7aa]::runtime::scheduler::current_thread::CoreGuard>::block_on<core[df12db4294e9bfd3]::pin::Pin<&mut core[df12db4294e9bfd3]::pin::Pin<&mut dyn core[df12db4294e9bfd3]::future::future::Future<Output = ()>>>>::{closure#0}, core[df12db4294e9bfd3]::option::Option<()>>::{closure#0}, (alloc[2182bb758b4b3781]::boxed::Box<tokio[714f9f5a9417e7aa]::runtime::scheduler::current_thread::Core>, core[df12db4294e9bfd3]::option::Option<()>)>
[INFO] [stdout]   15:     0x649c21d36f57 - <tokio[714f9f5a9417e7aa]::runtime::scheduler::current_thread::CoreGuard>::block_on::<core[df12db4294e9bfd3]::pin::Pin<&mut core[df12db4294e9bfd3]::pin::Pin<&mut dyn core[df12db4294e9bfd3]::future::future::Future<Output = ()>>>>
[INFO] [stdout]   16:     0x649c21d34943 - tokio[714f9f5a9417e7aa]::runtime::context::runtime::enter_runtime::<<tokio[714f9f5a9417e7aa]::runtime::scheduler::current_thread::CurrentThread>::block_on<core[df12db4294e9bfd3]::pin::Pin<&mut dyn core[df12db4294e9bfd3]::future::future::Future<Output = ()>>>::{closure#0}, ()>
[INFO] [stdout]   17:     0x649c21d32f2a - <tokio[714f9f5a9417e7aa]::runtime::runtime::Runtime>::block_on::<core[df12db4294e9bfd3]::pin::Pin<&mut dyn core[df12db4294e9bfd3]::future::future::Future<Output = ()>>>
[INFO] [stdout]   18:     0x649c21ce6bfb - sql_wrapper[306562aa5ccb0332]::pg_generator::test::insert_test
[INFO] [stdout]   19:     0x649c21d4afe9 - <sql_wrapper[306562aa5ccb0332]::pg_generator::test::insert_test::{closure#0} as core[df12db4294e9bfd3]::ops::function::FnOnce<()>>::call_once
[INFO] [stdout]   20:     0x649c21d59f1b - test[9d35eded1c95d3be]::__rust_begin_short_backtrace::<core[df12db4294e9bfd3]::result::Result<(), alloc[2182bb758b4b3781]::string::String>, fn() -> core[df12db4294e9bfd3]::result::Result<(), alloc[2182bb758b4b3781]::string::String>>
[INFO] [stdout]   21:     0x649c21d67585 - test[9d35eded1c95d3be]::run_test::{closure#0}
[INFO] [stdout]   22:     0x649c21d60e44 - std[70759c8f55707aa4]::sys::backtrace::__rust_begin_short_backtrace::<test[9d35eded1c95d3be]::run_test::{closure#1}, ()>
[INFO] [stdout]   23:     0x649c21d6a6e2 - <std[70759c8f55707aa4]::thread::lifecycle::spawn_unchecked<test[9d35eded1c95d3be]::run_test::{closure#1}, ()>::{closure#1} as core[df12db4294e9bfd3]::ops::function::FnOnce<()>>::call_once::{shim:vtable#0}
[INFO] [stdout]   24:     0x649c21eeb589 - <std[70759c8f55707aa4]::sys::thread::unix::Thread>::new::thread_start
[INFO] [stdout]   25:     0x765bdd4d9dfa - <unknown>
[INFO] [stdout]   26:     0x765bdd56d3d4 - clone
[INFO] [stdout]   27:                0x0 - <unknown>
[INFO] [stdout] 
[INFO] [stdout] ---- pg_generator::test::test_query_1 stdout ----
[INFO] [stdout] 
[INFO] [stdout] thread 'pg_generator::test::test_query_1' (1947) panicked at src/pg_generator.rs:595:76:
[INFO] [stdout] called `Result::unwrap()` on an `Err` value: Io(Os { code: 111, kind: ConnectionRefused, message: "Connection refused" })
[INFO] [stdout] stack backtrace:
[INFO] [stdout]    0:     0x649c21eec8d1 - <<std[70759c8f55707aa4]::sys::backtrace::BacktraceLock>::print::DisplayBacktrace as core[df12db4294e9bfd3]::fmt::Display>::fmt
[INFO] [stdout]    1:     0x649c21f05d2a - core[df12db4294e9bfd3]::fmt::write
[INFO] [stdout]    2:     0x649c21ef175c - <alloc[2182bb758b4b3781]::vec::Vec<u8> as core[df12db4294e9bfd3]::io::write::Write>::write_fmt
[INFO] [stdout]    3:     0x649c21ec6eb6 - std[70759c8f55707aa4]::panicking::default_hook::{closure#0}
[INFO] [stdout]    4:     0x649c21ee3fd9 - std[70759c8f55707aa4]::panicking::default_hook
[INFO] [stdout]    5:     0x649c21d66c30 - test[9d35eded1c95d3be]::test_main_inner::<test[9d35eded1c95d3be]::test_main_static::{closure#0}>::{closure#0}
[INFO] [stdout]    6:     0x649c21ee4192 - std[70759c8f55707aa4]::panicking::panic_with_hook
[INFO] [stdout]    7:     0x649c21ec6f62 - std[70759c8f55707aa4]::panicking::panic_handler::{closure#0}
[INFO] [stdout]    8:     0x649c21ebf4e9 - std[70759c8f55707aa4]::sys::backtrace::__rust_end_short_backtrace::<std[70759c8f55707aa4]::panicking::panic_handler::{closure#0}, !>
[INFO] [stdout]    9:     0x649c21ec7e5d - __rustc[8fa7c3cbc660c2b3]::rust_begin_unwind
[INFO] [stdout]   10:     0x649c21f0648c - core[df12db4294e9bfd3]::panicking::panic_fmt
[INFO] [stdout]   11:     0x649c21f06262 - core[df12db4294e9bfd3]::result::unwrap_failed
[INFO] [stdout]   12:     0x649c21ce2fbb - sql_wrapper[306562aa5ccb0332]::pg_generator::test::test_query_1::{closure#0}
[INFO] [stdout]   13:     0x649c21d36c03 - <tokio[714f9f5a9417e7aa]::runtime::scheduler::current_thread::Context>::enter::<core[df12db4294e9bfd3]::task::poll::Poll<()>, <tokio[714f9f5a9417e7aa]::runtime::scheduler::current_thread::CoreGuard>::block_on<core[df12db4294e9bfd3]::pin::Pin<&mut core[df12db4294e9bfd3]::pin::Pin<&mut dyn core[df12db4294e9bfd3]::future::future::Future<Output = ()>>>>::{closure#0}::{closure#0}>
[INFO] [stdout]   14:     0x649c21d521a2 - <tokio[714f9f5a9417e7aa]::runtime::context::scoped::Scoped<tokio[714f9f5a9417e7aa]::runtime::scheduler::Context>>::set::<<tokio[714f9f5a9417e7aa]::runtime::scheduler::current_thread::CoreGuard>::enter<<tokio[714f9f5a9417e7aa]::runtime::scheduler::current_thread::CoreGuard>::block_on<core[df12db4294e9bfd3]::pin::Pin<&mut core[df12db4294e9bfd3]::pin::Pin<&mut dyn core[df12db4294e9bfd3]::future::future::Future<Output = ()>>>>::{closure#0}, core[df12db4294e9bfd3]::option::Option<()>>::{closure#0}, (alloc[2182bb758b4b3781]::boxed::Box<tokio[714f9f5a9417e7aa]::runtime::scheduler::current_thread::Core>, core[df12db4294e9bfd3]::option::Option<()>)>
[INFO] [stdout]   15:     0x649c21d36f57 - <tokio[714f9f5a9417e7aa]::runtime::scheduler::current_thread::CoreGuard>::block_on::<core[df12db4294e9bfd3]::pin::Pin<&mut core[df12db4294e9bfd3]::pin::Pin<&mut dyn core[df12db4294e9bfd3]::future::future::Future<Output = ()>>>>
[INFO] [stdout]   16:     0x649c21d34943 - tokio[714f9f5a9417e7aa]::runtime::context::runtime::enter_runtime::<<tokio[714f9f5a9417e7aa]::runtime::scheduler::current_thread::CurrentThread>::block_on<core[df12db4294e9bfd3]::pin::Pin<&mut dyn core[df12db4294e9bfd3]::future::future::Future<Output = ()>>>::{closure#0}, ()>
[INFO] [stdout]   17:     0x649c21d32f2a - <tokio[714f9f5a9417e7aa]::runtime::runtime::Runtime>::block_on::<core[df12db4294e9bfd3]::pin::Pin<&mut dyn core[df12db4294e9bfd3]::future::future::Future<Output = ()>>>
[INFO] [stdout]   18:     0x649c21ce6e9b - sql_wrapper[306562aa5ccb0332]::pg_generator::test::test_query_1
[INFO] [stdout]   19:     0x649c21d4b029 - <sql_wrapper[306562aa5ccb0332]::pg_generator::test::test_query_1::{closure#0} as core[df12db4294e9bfd3]::ops::function::FnOnce<()>>::call_once
[INFO] [stdout]   20:     0x649c21d59f1b - test[9d35eded1c95d3be]::__rust_begin_short_backtrace::<core[df12db4294e9bfd3]::result::Result<(), alloc[2182bb758b4b3781]::string::String>, fn() -> core[df12db4294e9bfd3]::result::Result<(), alloc[2182bb758b4b3781]::string::String>>
[INFO] [stdout]   21:     0x649c21d67585 - test[9d35eded1c95d3be]::run_test::{closure#0}
[INFO] [stdout]   22:     0x649c21d60e44 - std[70759c8f55707aa4]::sys::backtrace::__rust_begin_short_backtrace::<test[9d35eded1c95d3be]::run_test::{closure#1}, ()>
[INFO] [stdout]   23:     0x649c21d6a6e2 - <std[70759c8f55707aa4]::thread::lifecycle::spawn_unchecked<test[9d35eded1c95d3be]::run_test::{closure#1}, ()>::{closure#1} as core[df12db4294e9bfd3]::ops::function::FnOnce<()>>::call_once::{shim:vtable#0}
[INFO] [stdout]   24:     0x649c21eeb589 - <std[70759c8f55707aa4]::sys::thread::unix::Thread>::new::thread_start
[INFO] [stdout]   25:     0x765bdd4d9dfa - <unknown>
[INFO] [stdout]   26:     0x765bdd56d3d4 - clone
[INFO] [stdout]   27:                0x0 - <unknown>
[INFO] [stdout] 
[INFO] [stdout] ---- pg_generator::test::select_by_id_test stdout ----
[INFO] [stdout] 
[INFO] [stdout] thread 'pg_generator::test::select_by_id_test' (1940) panicked at src/pg_generator.rs:630:76:
[INFO] [stdout] called `Result::unwrap()` on an `Err` value: Io(Os { code: 111, kind: ConnectionRefused, message: "Connection refused" })
[INFO] [stdout] stack backtrace:
[INFO] [stdout]    0:     0x649c21eec8d1 - <<std[70759c8f55707aa4]::sys::backtrace::BacktraceLock>::print::DisplayBacktrace as core[df12db4294e9bfd3]::fmt::Display>::fmt
[INFO] [stdout]    1:     0x649c21f05d2a - core[df12db4294e9bfd3]::fmt::write
[INFO] [stdout]    2:     0x649c21ef175c - <alloc[2182bb758b4b3781]::vec::Vec<u8> as core[df12db4294e9bfd3]::io::write::Write>::write_fmt
[INFO] [stdout]    3:     0x649c21ec6eb6 - std[70759c8f55707aa4]::panicking::default_hook::{closure#0}
[INFO] [stdout]    4:     0x649c21ee3fd9 - std[70759c8f55707aa4]::panicking::default_hook
[INFO] [stdout]    5:     0x649c21d66c30 - test[9d35eded1c95d3be]::test_main_inner::<test[9d35eded1c95d3be]::test_main_static::{closure#0}>::{closure#0}
[INFO] [stdout]    6:     0x649c21ee4192 - std[70759c8f55707aa4]::panicking::panic_with_hook
[INFO] [stdout]    7:     0x649c21ec6f62 - std[70759c8f55707aa4]::panicking::panic_handler::{closure#0}
[INFO] [stdout]    8:     0x649c21ebf4e9 - std[70759c8f55707aa4]::sys::backtrace::__rust_end_short_backtrace::<std[70759c8f55707aa4]::panicking::panic_handler::{closure#0}, !>
[INFO] [stdout]    9:     0x649c21ec7e5d - __rustc[8fa7c3cbc660c2b3]::rust_begin_unwind
[INFO] [stdout]   10:     0x649c21f0648c - core[df12db4294e9bfd3]::panicking::panic_fmt
[INFO] [stdout]   11:     0x649c21f06262 - core[df12db4294e9bfd3]::result::unwrap_failed
[INFO] [stdout]   12:     0x649c21ce57a4 - sql_wrapper[306562aa5ccb0332]::pg_generator::test::select_by_id_test::{closure#0}
[INFO] [stdout]   13:     0x649c21d36c03 - <tokio[714f9f5a9417e7aa]::runtime::scheduler::current_thread::Context>::enter::<core[df12db4294e9bfd3]::task::poll::Poll<()>, <tokio[714f9f5a9417e7aa]::runtime::scheduler::current_thread::CoreGuard>::block_on<core[df12db4294e9bfd3]::pin::Pin<&mut core[df12db4294e9bfd3]::pin::Pin<&mut dyn core[df12db4294e9bfd3]::future::future::Future<Output = ()>>>>::{closure#0}::{closure#0}>
[INFO] [stdout]   14:     0x649c21d521a2 - <tokio[714f9f5a9417e7aa]::runtime::context::scoped::Scoped<tokio[714f9f5a9417e7aa]::runtime::scheduler::Context>>::set::<<tokio[714f9f5a9417e7aa]::runtime::scheduler::current_thread::CoreGuard>::enter<<tokio[714f9f5a9417e7aa]::runtime::scheduler::current_thread::CoreGuard>::block_on<core[df12db4294e9bfd3]::pin::Pin<&mut core[df12db4294e9bfd3]::pin::Pin<&mut dyn core[df12db4294e9bfd3]::future::future::Future<Output = ()>>>>::{closure#0}, core[df12db4294e9bfd3]::option::Option<()>>::{closure#0}, (alloc[2182bb758b4b3781]::boxed::Box<tokio[714f9f5a9417e7aa]::runtime::scheduler::current_thread::Core>, core[df12db4294e9bfd3]::option::Option<()>)>
[INFO] [stdout]   15:     0x649c21d36f57 - <tokio[714f9f5a9417e7aa]::runtime::scheduler::current_thread::CoreGuard>::block_on::<core[df12db4294e9bfd3]::pin::Pin<&mut core[df12db4294e9bfd3]::pin::Pin<&mut dyn core[df12db4294e9bfd3]::future::future::Future<Output = ()>>>>
[INFO] [stdout]   16:     0x649c21d34943 - tokio[714f9f5a9417e7aa]::runtime::context::runtime::enter_runtime::<<tokio[714f9f5a9417e7aa]::runtime::scheduler::current_thread::CurrentThread>::block_on<core[df12db4294e9bfd3]::pin::Pin<&mut dyn core[df12db4294e9bfd3]::future::future::Future<Output = ()>>>::{closure#0}, ()>
[INFO] [stdout]   17:     0x649c21d32f2a - <tokio[714f9f5a9417e7aa]::runtime::runtime::Runtime>::block_on::<core[df12db4294e9bfd3]::pin::Pin<&mut dyn core[df12db4294e9bfd3]::future::future::Future<Output = ()>>>
[INFO] [stdout]   18:     0x649c21ce756b - sql_wrapper[306562aa5ccb0332]::pg_generator::test::select_by_id_test
[INFO] [stdout]   19:     0x649c21d4b119 - <sql_wrapper[306562aa5ccb0332]::pg_generator::test::select_by_id_test::{closure#0} as core[df12db4294e9bfd3]::ops::function::FnOnce<()>>::call_once
[INFO] [stdout]   20:     0x649c21d59f1b - test[9d35eded1c95d3be]::__rust_begin_short_backtrace::<core[df12db4294e9bfd3]::result::Result<(), alloc[2182bb758b4b3781]::string::String>, fn() -> core[df12db4294e9bfd3]::result::Result<(), alloc[2182bb758b4b3781]::string::String>>
[INFO] [stdout]   21:     0x649c21d67585 - test[9d35eded1c95d3be]::run_test::{closure#0}
[INFO] [stdout]   22:     0x649c21d60e44 - std[70759c8f55707aa4]::sys::backtrace::__rust_begin_short_backtrace::<test[9d35eded1c95d3be]::run_test::{closure#1}, ()>
[INFO] [stdout]   23:     0x649c21d6a6e2 - <std[70759c8f55707aa4]::thread::lifecycle::spawn_unchecked<test[9d35eded1c95d3be]::run_test::{closure#1}, ()>::{closure#1} as core[df12db4294e9bfd3]::ops::function::FnOnce<()>>::call_once::{shim:vtable#0}
[INFO] [stdout]   24:     0x649c21eeb589 - <std[70759c8f55707aa4]::sys::thread::unix::Thread>::new::thread_start
[INFO] [stdout]   25:     0x765bdd4d9dfa - <unknown>
[INFO] [stdout]   26:     0x765bdd56d3d4 - clone
[INFO] [stdout]   27:                0x0 - <unknown>
[INFO] [stdout] 
[INFO] [stdout] ---- pg_generator::test::select_test stdout ----
[INFO] [stdout] 
[INFO] [stdout] thread 'pg_generator::test::select_test' (1941) panicked at src/pg_generator.rs:549:76:
[INFO] [stdout] called `Result::unwrap()` on an `Err` value: Io(Os { code: 111, kind: ConnectionRefused, message: "Connection refused" })
[INFO] [stdout] stack backtrace:
[INFO] [stderr] error: test failed, to rerun pass `--lib`
[INFO] [stdout]    0:     0x649c21eec8d1 - <<std[70759c8f55707aa4]::sys::backtrace::BacktraceLock>::print::DisplayBacktrace as core[df12db4294e9bfd3]::fmt::Display>::fmt
[INFO] [stdout]    1:     0x649c21f05d2a - core[df12db4294e9bfd3]::fmt::write
[INFO] [stdout]    2:     0x649c21ef175c - <alloc[2182bb758b4b3781]::vec::Vec<u8> as core[df12db4294e9bfd3]::io::write::Write>::write_fmt
[INFO] [stdout]    3:     0x649c21ec6eb6 - std[70759c8f55707aa4]::panicking::default_hook::{closure#0}
[INFO] [stdout]    4:     0x649c21ee3fd9 - std[70759c8f55707aa4]::panicking::default_hook
[INFO] [stdout]    5:     0x649c21d66c30 - test[9d35eded1c95d3be]::test_main_inner::<test[9d35eded1c95d3be]::test_main_static::{closure#0}>::{closure#0}
[INFO] [stdout]    6:     0x649c21ee4192 - std[70759c8f55707aa4]::panicking::panic_with_hook
[INFO] [stdout]    7:     0x649c21ec6f62 - std[70759c8f55707aa4]::panicking::panic_handler::{closure#0}
[INFO] [stdout]    8:     0x649c21ebf4e9 - std[70759c8f55707aa4]::sys::backtrace::__rust_end_short_backtrace::<std[70759c8f55707aa4]::panicking::panic_handler::{closure#0}, !>
[INFO] [stdout]    9:     0x649c21ec7e5d - __rustc[8fa7c3cbc660c2b3]::rust_begin_unwind
[INFO] [stdout]   10:     0x649c21f0648c - core[df12db4294e9bfd3]::panicking::panic_fmt
[INFO] [stdout]   11:     0x649c21f06262 - core[df12db4294e9bfd3]::result::unwrap_failed
[INFO] [stdout]   12:     0x649c21ce2a93 - sql_wrapper[306562aa5ccb0332]::pg_generator::test::select_test::{closure#0}
[INFO] [stdout]   13:     0x649c21d36c03 - <tokio[714f9f5a9417e7aa]::runtime::scheduler::current_thread::Context>::enter::<core[df12db4294e9bfd3]::task::poll::Poll<()>, <tokio[714f9f5a9417e7aa]::runtime::scheduler::current_thread::CoreGuard>::block_on<core[df12db4294e9bfd3]::pin::Pin<&mut core[df12db4294e9bfd3]::pin::Pin<&mut dyn core[df12db4294e9bfd3]::future::future::Future<Output = ()>>>>::{closure#0}::{closure#0}>
[INFO] [stdout]   14:     0x649c21d521a2 - <tokio[714f9f5a9417e7aa]::runtime::context::scoped::Scoped<tokio[714f9f5a9417e7aa]::runtime::scheduler::Context>>::set::<<tokio[714f9f5a9417e7aa]::runtime::scheduler::current_thread::CoreGuard>::enter<<tokio[714f9f5a9417e7aa]::runtime::scheduler::current_thread::CoreGuard>::block_on<core[df12db4294e9bfd3]::pin::Pin<&mut core[df12db4294e9bfd3]::pin::Pin<&mut dyn core[df12db4294e9bfd3]::future::future::Future<Output = ()>>>>::{closure#0}, core[df12db4294e9bfd3]::option::Option<()>>::{closure#0}, (alloc[2182bb758b4b3781]::boxed::Box<tokio[714f9f5a9417e7aa]::runtime::scheduler::current_thread::Core>, core[df12db4294e9bfd3]::option::Option<()>)>
[INFO] [stdout]   15:     0x649c21d36f57 - <tokio[714f9f5a9417e7aa]::runtime::scheduler::current_thread::CoreGuard>::block_on::<core[df12db4294e9bfd3]::pin::Pin<&mut core[df12db4294e9bfd3]::pin::Pin<&mut dyn core[df12db4294e9bfd3]::future::future::Future<Output = ()>>>>
[INFO] [stdout]   16:     0x649c21d34943 - tokio[714f9f5a9417e7aa]::runtime::context::runtime::enter_runtime::<<tokio[714f9f5a9417e7aa]::runtime::scheduler::current_thread::CurrentThread>::block_on<core[df12db4294e9bfd3]::pin::Pin<&mut dyn core[df12db4294e9bfd3]::future::future::Future<Output = ()>>>::{closure#0}, ()>
[INFO] [stdout]   17:     0x649c21d32f2a - <tokio[714f9f5a9417e7aa]::runtime::runtime::Runtime>::block_on::<core[df12db4294e9bfd3]::pin::Pin<&mut dyn core[df12db4294e9bfd3]::future::future::Future<Output = ()>>>
[INFO] [stdout]   18:     0x649c21ce6d4b - sql_wrapper[306562aa5ccb0332]::pg_generator::test::select_test
[INFO] [stdout]   19:     0x649c21d4b009 - <sql_wrapper[306562aa5ccb0332]::pg_generator::test::select_test::{closure#0} as core[df12db4294e9bfd3]::ops::function::FnOnce<()>>::call_once
[INFO] [stdout]   20:     0x649c21d59f1b - test[9d35eded1c95d3be]::__rust_begin_short_backtrace::<core[df12db4294e9bfd3]::result::Result<(), alloc[2182bb758b4b3781]::string::String>, fn() -> core[df12db4294e9bfd3]::result::Result<(), alloc[2182bb758b4b3781]::string::String>>
[INFO] [stdout]   21:     0x649c21d67585 - test[9d35eded1c95d3be]::run_test::{closure#0}
[INFO] [stdout]   22:     0x649c21d60e44 - std[70759c8f55707aa4]::sys::backtrace::__rust_begin_short_backtrace::<test[9d35eded1c95d3be]::run_test::{closure#1}, ()>
[INFO] [stdout]   23:     0x649c21d6a6e2 - <std[70759c8f55707aa4]::thread::lifecycle::spawn_unchecked<test[9d35eded1c95d3be]::run_test::{closure#1}, ()>::{closure#1} as core[df12db4294e9bfd3]::ops::function::FnOnce<()>>::call_once::{shim:vtable#0}
[INFO] [stdout]   24:     0x649c21eeb589 - <std[70759c8f55707aa4]::sys::thread::unix::Thread>::new::thread_start
[INFO] [stdout]   25:     0x765bdd4d9dfa - <unknown>
[INFO] [stdout]   26:     0x765bdd56d3d4 - clone
[INFO] [stdout]   27:                0x0 - <unknown>
[INFO] [stdout] 
[INFO] [stdout] 
[INFO] [stdout] failures:
[INFO] [stdout]     mysql_generator::test::batch_insert_returning_id_test
[INFO] [stdout]     mysql_generator::test::batch_insert_test
[INFO] [stdout]     mysql_generator::test::delete_by_id_test
[INFO] [stdout]     mysql_generator::test::gen_file_test
[INFO] [stdout]     mysql_generator::test::insert_returning_id_test
[INFO] [stdout]     mysql_generator::test::insert_test
[INFO] [stdout]     mysql_generator::test::select_by_id_test
[INFO] [stdout]     pg_generator::test::batch_insert_returning_id_test
[INFO] [stdout]     pg_generator::test::batch_insert_test
[INFO] [stdout]     pg_generator::test::delete_by_id_test
[INFO] [stdout]     pg_generator::test::gen_file_test
[INFO] [stdout]     pg_generator::test::insert_returning_id_test
[INFO] [stdout]     pg_generator::test::insert_test
[INFO] [stdout]     pg_generator::test::select_by_id_test
[INFO] [stdout]     pg_generator::test::select_test
[INFO] [stdout]     pg_generator::test::test_query_1
[INFO] [stdout] 
[INFO] [stdout] test result: FAILED. 3 passed; 16 failed; 0 ignored; 0 measured; 0 filtered out; finished in 0.02s
[INFO] [stdout] 
[INFO] running `Command { std: "docker" "inspect" "fb7d6a7d4c447112cdc4faccec39897564a9b0738c6c466ad12e1acee8d01492", kill_on_drop: false }`
[INFO] running `Command { std: "docker" "rm" "-f" "fb7d6a7d4c447112cdc4faccec39897564a9b0738c6c466ad12e1acee8d01492", kill_on_drop: false }`
[INFO] [stdout] fb7d6a7d4c447112cdc4faccec39897564a9b0738c6c466ad12e1acee8d01492
