[INFO] fetching crate sprawling-wire 0.0.12...
[INFO] testing sprawling-wire-0.0.12 against 1.100.0-beta.1+cargoflags=--release for beta-release-1.100-3
[INFO] extracting crate sprawling-wire 0.0.12 into /workspace/builds/worker-6-tc2/source
[INFO] started tweaking crates.io crate sprawling-wire 0.0.12
[INFO] removed 0 missing tests
[INFO] finished tweaking crates.io crate sprawling-wire 0.0.12
[INFO] tweaked toml for crates.io crate sprawling-wire 0.0.12 written to /workspace/builds/worker-6-tc2/source/Cargo.toml
[INFO] validating manifest of crates.io crate sprawling-wire 0.0.12 on toolchain 1.100.0-beta.1
[INFO] running `Command { std: CARGO_HOME="/workspace/cargo-home" RUSTUP_HOME="/workspace/rustup-home" "/workspace/cargo-home/bin/cargo" "+1.100.0-beta.1" "metadata" "--manifest-path" "Cargo.toml" "--no-deps", kill_on_drop: false }`
[INFO] crate crates.io crate sprawling-wire 0.0.12 already has a lockfile, it will not be regenerated
[INFO] running `Command { std: CARGO_HOME="/workspace/cargo-home" RUSTUP_HOME="/workspace/rustup-home" "/workspace/cargo-home/bin/cargo" "+1.100.0-beta.1" "fetch" "--manifest-path" "Cargo.toml", kill_on_drop: false }`
[INFO] [stderr] warning: `package.homepage` is redundant with `package.repository`
[INFO] [stderr]    --> Cargo.toml:98:12
[INFO] [stderr]     |
[INFO] [stderr]  98 | homepage = "https://github.com/2youg1/sprawling-agents"
[INFO] [stderr]     |            ^^^^^^^^^^^^^^^^^^^^^^^^^^^^^^^^^^^^^^^^^^^^
[INFO] [stderr] ...
[INFO] [stderr] 103 | repository = "https://github.com/2youg1/sprawling-agents"
[INFO] [stderr]     |              --------------------------------------------
[INFO] [stderr]     |
[INFO] [stderr]     = note: `cargo::redundant_homepage` is set to `warn` by default
[INFO] [stderr] help: consider removing `package.homepage`
[INFO] [stderr] warning: `sprawling-wire` (manifest) generated 1 warning
[INFO] running `Command { std: "docker" "create" "-v" "/var/lib/crater-agent-workspace/builds/worker-6-tc2/source:/opt/rustwide/workdir:ro,Z" "-v" "/var/lib/crater-agent-workspace/builds/worker-6-tc2/target:/opt/rustwide/target:rw,Z" "-v" "/var/lib/crater-agent-workspace/cargo-home:/opt/rustwide/cargo-home:ro,Z" "-v" "/var/lib/crater-agent-workspace/rustup-home:/opt/rustwide/rustup-home:ro,Z" "-m" "1610612736" "--network" "none" "ghcr.io/rust-lang/crates-build-env/linux@sha256:77db811e55d90add9212f6832c23229e3de5f1c1f9905e8cb07319ea15df73ac" "sleep" "infinity", kill_on_drop: false }`
[INFO] [stdout] 3b019f00388cfc379f03df014ee25fe0f87c4ad4b4afd5a62bfb1959378cfea5
[INFO] running `Command { std: "docker" "start" "3b019f00388cfc379f03df014ee25fe0f87c4ad4b4afd5a62bfb1959378cfea5", kill_on_drop: false }`
[INFO] running `Command { std: "docker" "inspect" "3b019f00388cfc379f03df014ee25fe0f87c4ad4b4afd5a62bfb1959378cfea5", kill_on_drop: false }`
[INFO] running `Command { std: "docker" "exec" "-e" "SOURCE_DIR=/opt/rustwide/workdir" "-e" "CARGO_HOME=/opt/rustwide/cargo-home" "-e" "RUSTUP_HOME=/opt/rustwide/rustup-home" "-e" "CARGO_TARGET_DIR=/opt/rustwide/target" "-w" "/opt/rustwide/workdir" "--user" "0:0" "3b019f00388cfc379f03df014ee25fe0f87c4ad4b4afd5a62bfb1959378cfea5" "/opt/rustwide/cargo-home/bin/cargo" "+1.100.0-beta.1" "metadata" "--no-deps" "--format-version=1", kill_on_drop: false }`
[INFO] running `Command { std: "docker" "inspect" "3b019f00388cfc379f03df014ee25fe0f87c4ad4b4afd5a62bfb1959378cfea5", kill_on_drop: false }`
[INFO] running `Command { std: "docker" "exec" "-e" "SOURCE_DIR=/opt/rustwide/workdir" "-e" "CARGO_HOME=/opt/rustwide/cargo-home" "-e" "RUSTUP_HOME=/opt/rustwide/rustup-home" "-e" "CARGO_TARGET_DIR=/opt/rustwide/target" "-e" "CARGO_INCREMENTAL=0" "-e" "RUST_BACKTRACE=full" "-e" "RUSTFLAGS=--cap-lints=warn" "-e" "RUSTDOCFLAGS=--cap-lints=warn" "-w" "/opt/rustwide/workdir" "--user" "0:0" "3b019f00388cfc379f03df014ee25fe0f87c4ad4b4afd5a62bfb1959378cfea5" "/opt/rustwide/cargo-home/bin/cargo" "+1.100.0-beta.1" "build" "--frozen" "--message-format=json" "--release", kill_on_drop: false }`
[INFO] [stderr] warning: `package.homepage` is redundant with `package.repository`
[INFO] [stderr]    --> Cargo.toml:98:12
[INFO] [stderr]     |
[INFO] [stderr]  98 | homepage = "https://github.com/2youg1/sprawling-agents"
[INFO] [stderr]     |            ^^^^^^^^^^^^^^^^^^^^^^^^^^^^^^^^^^^^^^^^^^^^
[INFO] [stderr] ...
[INFO] [stderr] 103 | repository = "https://github.com/2youg1/sprawling-agents"
[INFO] [stderr]     |              --------------------------------------------
[INFO] [stderr]     |
[INFO] [stderr]     = note: `cargo::redundant_homepage` is set to `warn` by default
[INFO] [stderr] help: consider removing `package.homepage`
[INFO] [stderr] warning: `sprawling-wire` (manifest) generated 1 warning
[INFO] [stderr]    Compiling unicode-ident v1.0.26
[INFO] [stderr]    Compiling smallvec v1.16.2
[INFO] [stderr]    Compiling serde_core v1.0.229
[INFO] [stderr]    Compiling typenum v1.20.1
[INFO] [stderr]    Compiling zerocopy v0.8.59
[INFO] [stderr]    Compiling jobserver v0.1.35
[INFO] [stderr]    Compiling errno v0.3.14
[INFO] [stderr]    Compiling phf_shared v0.14.0
[INFO] [stderr]    Compiling socket2 v0.6.5
[INFO] [stderr]    Compiling mio v1.2.3
[INFO] [stderr]    Compiling serde_json v1.0.154
[INFO] [stderr]    Compiling fs_extra v1.3.0
[INFO] [stderr]    Compiling zeroize v1.9.1
[INFO] [stderr]    Compiling entities v1.0.1
[INFO] [stderr]    Compiling tinyvec v1.13.3
[INFO] [stderr]    Compiling futures-util v0.3.34
[INFO] [stderr]    Compiling proc-macro2 v1.0.107
[INFO] [stderr]    Compiling signal-hook-registry v1.4.8
[INFO] [stderr]    Compiling tracing v0.1.44
[INFO] [stderr]    Compiling constant_time_eq v0.4.2
[INFO] [stderr]    Compiling cc v1.5.1
[INFO] [stderr]    Compiling phf_generator v0.14.0
[INFO] [stderr]    Compiling fearless_simd v1.1.0
[INFO] [stderr]    Compiling arrayvec v0.7.8
[INFO] [stderr]    Compiling phf_codegen v0.14.0
[INFO] [stderr]    Compiling data-encoding v2.11.1
[INFO] [stderr]    Compiling comrak v0.56.0
[INFO] [stderr]    Compiling quote v1.0.47
[INFO] [stderr]    Compiling unicode-normalization v0.1.25
[INFO] [stderr]    Compiling cpufeatures v0.3.1
[INFO] [stderr]    Compiling phf v0.14.0
[INFO] [stderr]    Compiling secrecy v0.10.3
[INFO] [stderr]    Compiling http-body-util v0.1.5
[INFO] [stderr]    Compiling typed-arena v2.0.2
[INFO] [stderr]    Compiling rustc-hash v2.1.3
[INFO] [stderr]    Compiling finl_unicode v1.5.0
[INFO] [stderr]    Compiling syn v3.0.9
[INFO] [stderr]    Compiling aws-lc-rs v1.18.2
[INFO] [stderr]    Compiling base64 v0.22.1
[INFO] [stderr]    Compiling matchit v0.8.4
[INFO] [stderr]    Compiling generic-array v0.14.7
[INFO] [stderr]    Compiling axum-core v0.5.6
[INFO] [stderr]    Compiling caseless v0.2.2
[INFO] [stderr]    Compiling cmake v0.1.58
[INFO] [stderr]    Compiling crypto-common v0.1.7
[INFO] [stderr]    Compiling block-buffer v0.10.4
[INFO] [stderr]    Compiling blake3 v1.8.7
[INFO] [stderr]    Compiling aws-lc-sys v0.46.0
[INFO] [stderr]    Compiling digest v0.10.7
[INFO] [stderr]    Compiling sha1 v0.10.7
[INFO] [stderr]    Compiling uuid v1.28.0
[INFO] [stderr]    Compiling serde_path_to_error v0.1.20
[INFO] [stderr]    Compiling synstructure v0.14.0
[INFO] [stderr]    Compiling ppv-lite86 v0.2.21
[INFO] [stderr]    Compiling zerofrom-derive v0.1.8
[INFO] [stderr]    Compiling yoke-derive v0.8.4
[INFO] [stderr]    Compiling zerovec-derive v0.11.6
[INFO] [stderr]    Compiling displaydoc v0.2.7
[INFO] [stderr]    Compiling thiserror-impl v2.0.21
[INFO] [stderr]    Compiling tokio-macros v2.7.2
[INFO] [stderr]    Compiling serde_derive v1.0.229
[INFO] [stderr]    Compiling rand_chacha v0.9.0
[INFO] [stderr]    Compiling fearless_simd_macros v0.1.0
[INFO] [stderr]    Compiling rand v0.9.5
[INFO] [stderr]    Compiling tokio v1.53.2
[INFO] [stderr]    Compiling zerofrom v0.1.8
[INFO] [stderr]    Compiling yoke v0.8.3
[INFO] [stderr]    Compiling thiserror v2.0.21
[INFO] [stderr]    Compiling zerovec v0.11.8
[INFO] [stderr]    Compiling zerotrie v0.2.5
[INFO] [stderr]    Compiling tungstenite v0.29.0
[INFO] [stderr]    Compiling tinystr v0.8.4
[INFO] [stderr]    Compiling potential_utf v0.1.6
[INFO] [stderr]    Compiling icu_locale_core v2.3.0
[INFO] [stderr]    Compiling icu_collections v2.3.0
[INFO] [stderr]    Compiling serde v1.0.229
[INFO] [stderr]    Compiling icu_provider v2.3.1
[INFO] [stderr]    Compiling icu_properties v2.3.0
[INFO] [stderr]    Compiling icu_normalizer v2.3.0
[INFO] [stderr]    Compiling serde_urlencoded v0.7.1
[INFO] [stderr]    Compiling idna_adapter v1.2.2
[INFO] [stderr]    Compiling idna v1.1.0
[INFO] [stderr]    Compiling memchr-n v0.1.9
[INFO] [stderr]    Compiling url v2.5.8
[INFO] [stderr]    Compiling sprawling-kernel v0.0.12
[INFO] [stderr]    Compiling hyper v1.11.1
[INFO] [stderr]    Compiling tokio-tungstenite v0.29.0
[INFO] [stderr]    Compiling tower v0.5.3
[INFO] [stderr]    Compiling hyper-util v0.1.21
[INFO] [stderr]    Compiling axum v0.8.9
[INFO] [stderr]    Compiling sprawling-documents v0.0.12
[INFO] [stderr]    Compiling sprawling-wire v0.0.12 (/opt/rustwide/workdir)
[INFO] [stderr]     Finished `release` profile [optimized] target(s) in 46.03s
[INFO] running `Command { std: "docker" "inspect" "3b019f00388cfc379f03df014ee25fe0f87c4ad4b4afd5a62bfb1959378cfea5", kill_on_drop: false }`
[INFO] running `Command { std: "docker" "exec" "-e" "SOURCE_DIR=/opt/rustwide/workdir" "-e" "CARGO_HOME=/opt/rustwide/cargo-home" "-e" "RUSTUP_HOME=/opt/rustwide/rustup-home" "-e" "CARGO_TARGET_DIR=/opt/rustwide/target" "-e" "CARGO_INCREMENTAL=0" "-e" "RUST_BACKTRACE=full" "-e" "RUSTFLAGS=--cap-lints=warn" "-e" "RUSTDOCFLAGS=--cap-lints=warn" "-w" "/opt/rustwide/workdir" "--user" "0:0" "3b019f00388cfc379f03df014ee25fe0f87c4ad4b4afd5a62bfb1959378cfea5" "/opt/rustwide/cargo-home/bin/cargo" "+1.100.0-beta.1" "test" "--frozen" "--no-run" "--message-format=json" "--release", kill_on_drop: false }`
[INFO] [stderr] warning: `package.homepage` is redundant with `package.repository`
[INFO] [stderr]    --> Cargo.toml:98:12
[INFO] [stderr]     |
[INFO] [stderr]  98 | homepage = "https://github.com/2youg1/sprawling-agents"
[INFO] [stderr]     |            ^^^^^^^^^^^^^^^^^^^^^^^^^^^^^^^^^^^^^^^^^^^^
[INFO] [stderr] ...
[INFO] [stderr] 103 | repository = "https://github.com/2youg1/sprawling-agents"
[INFO] [stderr]     |              --------------------------------------------
[INFO] [stderr]     |
[INFO] [stderr]     = note: `cargo::redundant_homepage` is set to `warn` by default
[INFO] [stderr] help: consider removing `package.homepage`
[INFO] [stderr] warning: `sprawling-wire` (manifest) generated 1 warning
[INFO] [stderr]    Compiling rand_core v0.10.1
[INFO] [stderr]    Compiling getrandom v0.4.3
[INFO] [stderr]    Compiling target-tuple v1.0.2
[INFO] [stderr]    Compiling num-traits v0.2.19
[INFO] [stderr]    Compiling serde_spanned v1.1.2
[INFO] [stderr]    Compiling toml_datetime v1.1.2+spec-1.1.0
[INFO] [stderr]    Compiling toml_writer v1.1.3+spec-1.1.0
[INFO] [stderr]    Compiling termcolor v1.4.1
[INFO] [stderr]    Compiling bitflags v2.13.2
[INFO] [stderr]    Compiling unarray v0.1.4
[INFO] [stderr]    Compiling glob v0.3.4
[INFO] [stderr]    Compiling rand_xorshift v0.5.0
[INFO] [stderr]    Compiling chacha20 v0.10.2
[INFO] [stderr]    Compiling toml v1.1.8+spec-1.1.0
[INFO] [stderr]    Compiling rand v0.10.3
[INFO] [stderr]    Compiling proptest v1.12.0
[INFO] [stderr]    Compiling trybuild v1.0.122
[INFO] [stderr]    Compiling sprawling-wire v0.0.12 (/opt/rustwide/workdir)
[INFO] [stderr]     Finished `release` profile [optimized] target(s) in 37.27s
[INFO] running `Command { std: "docker" "inspect" "3b019f00388cfc379f03df014ee25fe0f87c4ad4b4afd5a62bfb1959378cfea5", kill_on_drop: false }`
[INFO] running `Command { std: "docker" "exec" "-e" "SOURCE_DIR=/opt/rustwide/workdir" "-e" "CARGO_HOME=/opt/rustwide/cargo-home" "-e" "RUSTUP_HOME=/opt/rustwide/rustup-home" "-e" "CARGO_TARGET_DIR=/opt/rustwide/target" "-e" "CARGO_INCREMENTAL=0" "-e" "RUST_BACKTRACE=full" "-e" "RUSTFLAGS=--cap-lints=warn" "-e" "RUSTDOCFLAGS=--cap-lints=warn" "-w" "/opt/rustwide/workdir" "--user" "0:0" "3b019f00388cfc379f03df014ee25fe0f87c4ad4b4afd5a62bfb1959378cfea5" "/opt/rustwide/cargo-home/bin/cargo" "+1.100.0-beta.1" "test" "--frozen" "--release", kill_on_drop: false }`
[INFO] [stderr] warning: `package.homepage` is redundant with `package.repository`
[INFO] [stderr]    --> Cargo.toml:98:12
[INFO] [stderr]     |
[INFO] [stderr]  98 | homepage = "https://github.com/2youg1/sprawling-agents"
[INFO] [stderr]     |            ^^^^^^^^^^^^^^^^^^^^^^^^^^^^^^^^^^^^^^^^^^^^
[INFO] [stderr] ...
[INFO] [stderr] 103 | repository = "https://github.com/2youg1/sprawling-agents"
[INFO] [stderr]     |              --------------------------------------------
[INFO] [stderr]     |
[INFO] [stderr]     = note: `cargo::redundant_homepage` is set to `warn` by default
[INFO] [stderr] help: consider removing `package.homepage`
[INFO] [stderr] warning: `sprawling-wire` (manifest) generated 1 warning
[INFO] [stderr]     Finished `release` profile [optimized] target(s) in 0.19s
[INFO] [stderr]      Running unittests src/lib.rs (/opt/rustwide/target/release/build/sprawling-wire/6ca3564096c9457f/out/wire-6ca3564096c9457f)
[INFO] [stdout] 
[INFO] [stdout] running 66 tests
[INFO] [stdout] test aggregate::tests::asking_an_unattached_city_is_refused_not_guessed ... ok
[INFO] [stdout] test aggregate::tests::cities_iterate_in_label_order_regardless_of_attachment_order ... ok
[INFO] [stdout] test assets::tests::a_path_outside_the_bundle_is_a_miss_that_names_the_path ... ok
[INFO] [stdout] test aggregate::tests::merging_is_the_same_sequence_however_the_streams_arrive ... ok
[INFO] [stdout] test aggregate::tests::attaching_the_same_label_twice_replaces_rather_than_duplicates ... ok
[INFO] [stdout] test assets::tests::an_unknown_file_misses_and_the_recovery_names_the_rebuild ... ok
[INFO] [stdout] test assets::tests::the_embedded_bundle_answers_the_paths_the_page_asks_for ... ok
[INFO] [stdout] test auth::tests::a_minted_code_has_the_shape_the_constants_promise ... ok
[INFO] [stdout] test auth::tests::the_alphabet_omits_every_pair_a_person_would_confuse ... ok
[INFO] [stdout] test auth::tests::verification_is_blind_to_how_long_the_wrong_guess_was ... ok
[INFO] [stdout] test command::wire::tests::a_wire_frame_carrying_put_secret_fails_to_decode ... ok
[INFO] [stdout] test frames::ask::tests::a_client_frame_round_trips_through_json ... ok
[INFO] [stdout] test frames::monitor::tests::a_beat_in_range_is_a_step_and_one_outside_is_no_frame ... ok
[INFO] [stdout] test carried_name::tests::a_carried_name_rejects_empty_and_control_characters ... ok
[INFO] [stdout] test frames::tests::a_client_frame_round_trips_through_json ... ok
[INFO] [stdout] test frames::tests::a_query_names_itself_with_its_entry_in_the_table ... ok
[INFO] [stdout] test frames::tests::the_newest_release_query_is_not_spelled_like_the_release_verb ... ok
[INFO] [stdout] test preference::tag::tests::a_tag_is_one_word_of_letters_digits_dash_or_underscore ... ok
[INFO] [stdout] test preference::tag::tests::a_tags_patch_replaces_one_sessions_set_and_keeps_the_list_ordered ... ok
[INFO] [stdout] test preference::tag::tests::the_city_is_part_of_a_sessions_name ... ok
[INFO] [stdout] test preference::tests::a_body_size_under_the_floor_is_refused_and_any_size_above_it_reads ... ok
[INFO] [stdout] test preference::tests::a_key_no_field_claims_is_refused ... ok
[INFO] [stdout] test preference::tests::a_patch_travels_under_the_name_of_the_fact_it_changes ... ok
[INFO] [stdout] test preference::tests::a_section_that_states_one_fact_leaves_the_others_at_their_posture ... ok
[INFO] [stdout] test preference::tests::a_word_no_build_offers_is_refused_rather_than_repaired ... ok
[INFO] [stdout] test preference::tests::an_action_is_bound_once_and_unbinding_it_removes_the_entry ... ok
[INFO] [stdout] test preference::tests::an_appearance_written_before_glass_and_blend_still_reads ... ok
[INFO] [stdout] test privacy::tests::a_fault_code_reads_as_it_travels ... ok
[INFO] [stdout] test preference::tests::the_reading_face_reads_back_as_stated_and_absent_as_never_said ... ok
[INFO] [stdout] test reception::admission::tests::only_a_bearer_header_offers_a_token ... ok
[INFO] [stdout] test reception::admission::tests::the_key_and_nothing_else_is_held_on_a_loopback_face ... ok
[INFO] [stdout] test assets::tests::the_disk_arm_reads_per_request_and_never_claims_gzip ... ok
[INFO] [stdout] test reception::entry::tests::a_listener_on_every_interface_is_opened_at_loopback_and_admits_its_own_host_only ... ok
[INFO] [stdout] test reception::admission::tests::the_acting_doors_refuse_an_empty_hand_and_the_editor_door_carries_the_bit ... ok
[INFO] [stdout] test reception::entry::tests::a_routed_listener_admits_its_loopback_names_and_the_public_name_only ... ok
[INFO] [stdout] test reception::entry::tests::the_default_port_is_admitted_without_being_written ... ok
[INFO] [stdout] test reception::inbound::tests::a_frame_from_a_later_wire_is_refused_rather_than_disconnected ... ok
[INFO] [stdout] test reception::inbound::tests::a_frame_this_build_reads_is_handed_on ... ok
[INFO] [stdout] test reception::inbound::tests::every_unreadable_frame_is_counted_in_what_the_peer_is_told ... ok
[INFO] [stdout] test reception::pairing::tests::an_open_code_is_redeemed_once_and_not_after_it_expires ... ok
[INFO] [stdout] test reception::pairing::tests::hex_reads_back_what_it_wrote ... ok
[INFO] [stdout] test reception::tests::a_command_before_the_hello_is_refused_rather_than_queued ... ok
[INFO] [stdout] test reception::tests::a_different_wire_closes_the_session_rather_than_negotiating ... ok
[INFO] [stdout] test reception::tests::a_live_session_delivers_commands_and_answers_queries ... ok
[INFO] [stdout] test reception::tests::a_live_session_watches_and_releases_the_monitor ... ok
[INFO] [stdout] test reception::tests::a_matching_hello_opens_the_session ... ok
[INFO] [stdout] test reception::tests::a_pairing_token_does_not_buy_the_right_to_enrol ... ok
[INFO] [stdout] test reception::tests::a_seq_gap_with_nothing_skipped_is_owed_as_a_range ... ok
[INFO] [stdout] test reception::tests::a_second_hello_is_refused_without_ending_the_session ... ok
[INFO] [stdout] test reception::entry::tests::every_entry_property_holds_over_every_input ... ok
[INFO] [stdout] test reception::tests::a_session_needs_the_key_or_a_live_session_token ... ok
[INFO] [stdout] test reception::tests::a_session_that_delivered_nothing_owes_the_whole_ledger_and_one_that_lost_nothing_owes_none ... ok
[INFO] [stdout] test reception::tests::a_session_that_has_not_been_welcomed_owes_no_range ... ok
[INFO] [stdout] test reception::tests::an_ipv6_loopback_is_also_loopback ... ok
[INFO] [stdout] test reception::tests::an_unspecified_address_is_not_loopback ... ok
[INFO] [stdout] test reception::tests::no_face_is_served_without_a_key ... ok
[INFO] [stdout] test reception::tests::a_skipped_range_is_named_by_the_records_on_either_side_of_it ... ok
[INFO] [stdout] test reception::tests::only_a_caller_on_this_machine_may_enrol_a_credential ... ok
[INFO] [stdout] test server::committed::tests::instrument_fanout_cpu_per_event ... ignored, an instrument: run with --release --run-ignored only
[INFO] [stdout] test server::committed::tests::the_spliced_frame_is_the_serialised_event_frame ... ok
[INFO] [stdout] test reception::tests::the_welcome_names_the_ledger_head_so_a_reconnect_fetches_only_what_it_missed ... ok
[INFO] [stdout] test reception::tests::a_skip_is_reported_once_and_the_debt_settles_at_the_next_record ... ok
[INFO] [stdout] test reception::tests::an_ipv4_mapped_loopback_peer_may_enrol_and_a_mapped_stranger_may_not ... ok
[INFO] [stdout] test server::socket::framing::tests::framing_tells_every_record_once_in_order ... ok
[INFO] [stdout] test reception::pairing::tests::every_trace_judges_each_code_once_and_a_second_apart ... ok
[INFO] [stdout] test reception::sessions::tests::forgotten_and_lapsed_tokens_stay_ended_and_seated_ones_stay_good ... ok
[INFO] [stdout] 
[INFO] [stdout] test result: ok. 65 passed; 0 failed; 1 ignored; 0 measured; 0 filtered out; finished in 0.01s
[INFO] [stdout] 
[INFO] [stderr]      Running tests/control_and_auth.rs (/opt/rustwide/target/release/build/sprawling-wire/6e52bc9e53ee6411/out/control_and_auth-6e52bc9e53ee6411)
[INFO] [stdout] 
[INFO] [stdout] running 9 tests
[INFO] [stdout] test a_minted_token_verifies_against_its_own_digest_and_nothing_else ... ok
[INFO] [stdout] test a_configured_token_must_be_long_enough_to_be_worth_checking ... ok
[INFO] [stdout] test dispatching_work_is_not_an_intervention ... ok
[INFO] [stdout] test halting_a_scope_intervenes_without_naming_a_run ... ok
[INFO] [stdout] test interrupting_a_live_run_always_owes_a_handoff ... ok
[INFO] [stdout] test minting_is_a_function_of_its_entropy_not_of_the_clock ... ok
[INFO] [stdout] test steering_with_nothing_to_say_is_refused_rather_than_recorded ... ok
[INFO] [stdout] test the_display_form_is_readable_by_a_person_reading_it_aloud ... ok
[INFO] [stdout] test the_verbs_are_exactly_the_ones_the_control_surface_shows ... ok
[INFO] [stdout] 
[INFO] [stdout] test result: ok. 9 passed; 0 failed; 0 ignored; 0 measured; 0 filtered out; finished in 0.00s
[INFO] [stdout] 
[INFO] [stderr]      Running tests/dropping.rs (/opt/rustwide/target/release/build/sprawling-wire/8a671707457f250c/out/dropping-8a671707457f250c)
[INFO] [stdout] 
[INFO] [stdout] running 4 tests
[INFO] [stdout] test the_citys_refusal_comes_back_whole ... ok
[INFO] [stdout] test the_kept_path_answers_the_request_that_carried_the_file ... ok
[INFO] [stdout] test a_drop_without_a_name_is_refused ... ok
[INFO] [stdout] test a_file_past_the_framework_default_still_arrives ... ok
[INFO] [stdout] 
[INFO] [stdout] test result: ok. 4 passed; 0 failed; 0 ignored; 0 measured; 0 filtered out; finished in 0.00s
[INFO] [stdout] 
[INFO] [stderr]      Running tests/enrolment.rs (/opt/rustwide/target/release/build/sprawling-wire/ae5b8e387670123b/out/enrolment-ae5b8e387670123b)
[INFO] [stdout] 
[INFO] [stdout] running 3 tests
[INFO] [stdout] test a_stored_credential_answers_with_the_reference_that_replaced_it ... ok
[INFO] [stdout] test a_refusal_reaches_the_request_that_carried_the_credential ... ok
[INFO] [stdout] test neither_answer_within_the_wait_is_its_own_answer ... ok
[INFO] [stdout] 
[INFO] [stdout] test result: ok. 3 passed; 0 failed; 0 ignored; 0 measured; 0 filtered out; finished in 2.00s
[INFO] [stdout] 
[INFO] [stderr]      Running tests/entry.rs (/opt/rustwide/target/release/build/sprawling-wire/6835dcb8bba939af/out/entry-6835dcb8bba939af)
[INFO] [stdout] 
[INFO] [stdout] running 4 tests
[INFO] [stdout] test a_preflight_is_refused ... ok
[INFO] [stdout] test a_cross_site_page_is_refused_before_the_socket_upgrades ... ok
[INFO] [stdout] test an_acting_door_refuses_a_page_on_another_port_of_this_machine ... ok
[INFO] [stdout] test a_foreign_host_is_refused_before_the_socket_upgrades_or_the_page_is_served ... ok
[INFO] [stdout] 
[INFO] [stdout] test result: ok. 4 passed; 0 failed; 0 ignored; 0 measured; 0 filtered out; finished in 0.00s
[INFO] [stdout] 
[INFO] [stderr]      Running tests/pursuit_line.rs (/opt/rustwide/target/release/build/sprawling-wire/bbe38af318225f8c/out/pursuit_line-bbe38af318225f8c)
[INFO] [stdout] 
[INFO] [stdout] running 1 test
[INFO] [stdout] test a_pursuit_verdict_travels_as_its_kind_and_not_as_a_sentence ... ok
[INFO] [stdout] 
[INFO] [stdout] test result: ok. 1 passed; 0 failed; 0 ignored; 0 measured; 0 filtered out; finished in 0.00s
[INFO] [stdout] 
[INFO] [stderr]      Running tests/reading.rs (/opt/rustwide/target/release/build/sprawling-wire/bf32293479181b09/out/reading-bf32293479181b09)
[INFO] [stdout] 
[INFO] [stdout] running 3 tests
[INFO] [stdout] test a_provider_refusal_is_still_a_refusal_on_the_turn ... ok
[INFO] [stdout] test a_vault_that_fell_back_to_session_memory_is_no_note_on_a_turn ... ok
[INFO] [stdout] test a_steer_is_read_as_the_user_the_city_or_a_resident ... ok
[INFO] [stdout] 
[INFO] [stdout] test result: ok. 3 passed; 0 failed; 0 ignored; 0 measured; 0 filtered out; finished in 0.00s
[INFO] [stdout] 
[INFO] [stderr]      Running tests/recording.rs (/opt/rustwide/target/release/build/sprawling-wire/8c99817d191b452e/out/recording-8c99817d191b452e)
[INFO] [stdout] 
[INFO] [stdout] running 4 tests
[INFO] [stdout] test a_recording_that_does_not_say_its_container_is_refused ... ok
[INFO] [stdout] test a_city_with_no_transcription_endpoint_says_what_to_do ... ok
[INFO] [stdout] test a_content_type_with_only_parameters_is_refused_as_undeclared ... ok
[INFO] [stdout] test the_line_of_text_answers_the_request_that_carried_the_recording ... ok
[INFO] [stdout] 
[INFO] [stdout] test result: ok. 4 passed; 0 failed; 0 ignored; 0 measured; 0 filtered out; finished in 0.00s
[INFO] [stdout] 
[INFO] [stderr]      Running tests/trybuild.rs (/opt/rustwide/target/release/build/sprawling-wire/63cb64a6ded20401/out/trybuild-63cb64a6ded20401)
[INFO] [stdout] 
[INFO] [stdout] running 1 test
[INFO] [stderr] warning: `package.homepage` is redundant with `package.repository`
[INFO] [stderr]    --> /opt/rustwide/workdir/Cargo.toml:98:12
[INFO] [stderr]     |
[INFO] [stderr]  98 | homepage = "https://github.com/2youg1/sprawling-agents"
[INFO] [stderr]     |            ^^^^^^^^^^^^^^^^^^^^^^^^^^^^^^^^^^^^^^^^^^^^
[INFO] [stderr] ...
[INFO] [stderr] 103 | repository = "https://github.com/2youg1/sprawling-agents"
[INFO] [stderr]     |              --------------------------------------------
[INFO] [stderr]     |
[INFO] [stderr]     = note: `cargo::redundant_homepage` is set to `warn` by default
[INFO] [stderr] help: consider removing `package.homepage`
[INFO] [stderr] warning: `sprawling-wire` (manifest) generated 1 warning
[INFO] [stderr]    Compiling proc-macro2 v1.0.107
[INFO] [stderr]    Compiling unicode-ident v1.0.26
[INFO] [stderr]    Compiling quote v1.0.47
[INFO] [stderr]    Compiling libc v0.2.190
[INFO] [stderr]     Checking stable_deref_trait v1.2.1
[INFO] [stderr]     Checking cfg-if v1.0.5
[INFO] [stderr]     Checking itoa v1.0.18
[INFO] [stderr]    Compiling shlex v2.0.1
[INFO] [stderr]    Compiling find-msvc-tools v0.1.14
[INFO] [stderr]     Checking bytes v1.12.1
[INFO] [stderr]    Compiling version_check v0.9.5
[INFO] [stderr]    Compiling serde_core v1.0.229
[INFO] [stderr]     Checking pin-project-lite v0.2.17
[INFO] [stderr]     Checking smallvec v1.16.2
[INFO] [stderr]     Checking litemap v0.8.3
[INFO] [stderr]     Checking writeable v0.6.4
[INFO] [stderr]     Checking futures-core v0.3.34
[INFO] [stderr]     Checking typenum v1.20.1
[INFO] [stderr]    Compiling getrandom v0.3.4
[INFO] [stderr]    Compiling icu_properties_data v2.3.0
[INFO] [stderr]    Compiling zerocopy v0.8.59
[INFO] [stderr]    Compiling icu_normalizer_data v2.3.0
[INFO] [stderr]     Checking utf8_iter v1.0.4
[INFO] [stderr]    Compiling thiserror v2.0.21
[INFO] [stderr]    Compiling siphasher v1.0.4
[INFO] [stderr]    Compiling httparse v1.10.1
[INFO] [stderr]    Compiling serde v1.0.229
[INFO] [stderr]     Checking percent-encoding v2.3.2
[INFO] [stderr]     Checking log v0.4.34
[INFO] [stderr]    Compiling zmij v1.0.23
[INFO] [stderr]    Compiling phf_shared v0.14.0
[INFO] [stderr]    Compiling fastrand v2.5.0
[INFO] [stderr]     Checking form_urlencoded v1.2.2
[INFO] [stderr]    Compiling dunce v1.0.5
[INFO] [stderr]    Compiling generic-array v0.14.7
[INFO] [stderr]     Checking once_cell v1.21.4
[INFO] [stderr]    Compiling pkg-config v0.3.34
[INFO] [stderr]    Compiling serde_json v1.0.154
[INFO] [stderr]     Checking cpufeatures v0.3.1
[INFO] [stderr]     Checking http v1.5.0
[INFO] [stderr]    Compiling fs_extra v1.3.0
[INFO] [stderr]     Checking slab v0.4.12
[INFO] [stderr]     Checking tracing-core v0.1.36
[INFO] [stderr]     Checking tower-service v0.3.3
[INFO] [stderr]    Compiling phf_generator v0.14.0
[INFO] [stderr]     Checking cpufeatures v0.2.17
[INFO] [stderr]     Checking futures-task v0.3.34
[INFO] [stderr]     Checking futures-sink v0.3.34
[INFO] [stderr]    Compiling phf_codegen v0.14.0
[INFO] [stderr]     Checking memchr v2.8.3
[INFO] [stderr]     Checking tinyvec v1.13.3
[INFO] [stderr]    Compiling entities v1.0.1
[INFO] [stderr]     Checking zeroize v1.9.1
[INFO] [stderr]     Checking rand_core v0.10.1
[INFO] [stderr]     Checking tracing v0.1.44
[INFO] [stderr]     Checking futures-util v0.3.34
[INFO] [stderr]     Checking futures-channel v0.3.34
[INFO] [stderr]    Compiling comrak v0.56.0
[INFO] [stderr]    Compiling syn v3.0.9
[INFO] [stderr]     Checking httpdate v1.0.3
[INFO] [stderr]     Checking atomic-waker v1.1.2
[INFO] [stderr]     Checking tower-layer v0.3.3
[INFO] [stderr]     Checking unicode-normalization v0.1.25
[INFO] [stderr]     Checking data-encoding v2.11.1
[INFO] [stderr]    Compiling autocfg v1.5.1
[INFO] [stderr]     Checking sync_wrapper v1.0.2
[INFO] [stderr]     Checking fearless_simd v1.1.0
[INFO] [stderr]     Checking http-body v1.1.0
[INFO] [stderr]    Compiling getrandom v0.4.3
[INFO] [stderr]     Checking constant_time_eq v0.4.2
[INFO] [stderr]     Checking arrayvec v0.7.8
[INFO] [stderr]     Checking http-body-util v0.1.5
[INFO] [stderr]     Checking phf v0.14.0
[INFO] [stderr]     Checking block-buffer v0.10.4
[INFO] [stderr]     Checking crypto-common v0.1.7
[INFO] [stderr]     Checking secrecy v0.10.3
[INFO] [stderr]    Compiling aws-lc-rs v1.18.2
[INFO] [stderr]     Checking ryu v1.0.23
[INFO] [stderr]     Checking typed-arena v2.0.2
[INFO] [stderr]     Checking digest v0.10.7
[INFO] [stderr]     Checking mime v0.3.17
[INFO] [stderr]     Checking finl_unicode v1.5.0
[INFO] [stderr]     Checking caseless v0.2.2
[INFO] [stderr]     Checking rustc-hash v2.1.3
[INFO] [stderr]     Checking base64 v0.22.1
[INFO] [stderr]     Checking matchit v0.8.4
[INFO] [stderr]     Checking axum-core v0.5.6
[INFO] [stderr]     Checking chacha20 v0.10.2
[INFO] [stderr]     Checking sha1 v0.10.7
[INFO] [stderr]     Checking errno v0.3.14
[INFO] [stderr]     Checking signal-hook-registry v1.4.8
[INFO] [stderr]     Checking socket2 v0.6.5
[INFO] [stderr]     Checking mio v1.2.3
[INFO] [stderr]     Checking rand_core v0.9.5
[INFO] [stderr]    Compiling num-traits v0.2.19
[INFO] [stderr]    Compiling jobserver v0.1.35
[INFO] [stderr]     Checking rand_xorshift v0.5.0
[INFO] [stderr]     Checking regex-syntax v0.8.11
[INFO] [stderr]     Checking unarray v0.1.4
[INFO] [stderr]     Checking bitflags v2.13.2
[INFO] [stderr]     Checking core_detect v1.0.0
[INFO] [stderr]     Checking rand v0.10.3
[INFO] [stderr]    Compiling cc v1.5.1
[INFO] [stderr]     Checking uuid v1.28.0
[INFO] [stderr]     Checking serde_path_to_error v0.1.20
[INFO] [stderr]    Compiling cmake v0.1.58
[INFO] [stderr]    Compiling aws-lc-sys v0.46.0
[INFO] [stderr]    Compiling blake3 v1.8.7
[INFO] [stderr]     Checking proptest v1.12.0
[INFO] [stderr]     Checking ppv-lite86 v0.2.21
[INFO] [stderr]     Checking rand_chacha v0.9.0
[INFO] [stderr]    Compiling synstructure v0.14.0
[INFO] [stderr]     Checking rand v0.9.5
[INFO] [stderr]    Compiling zerofrom-derive v0.1.8
[INFO] [stderr]    Compiling yoke-derive v0.8.4
[INFO] [stderr]    Compiling zerovec-derive v0.11.6
[INFO] [stderr]    Compiling displaydoc v0.2.7
[INFO] [stderr]    Compiling thiserror-impl v2.0.21
[INFO] [stderr]    Compiling tokio-macros v2.7.2
[INFO] [stderr]    Compiling serde_derive v1.0.229
[INFO] [stderr]    Compiling fearless_simd_macros v0.1.0
[INFO] [stderr]     Checking tokio v1.53.2
[INFO] [stderr]     Checking zerofrom v0.1.8
[INFO] [stderr]     Checking yoke v0.8.3
[INFO] [stderr]     Checking tungstenite v0.29.0
[INFO] [stderr]     Checking zerovec v0.11.8
[INFO] [stderr]     Checking zerotrie v0.2.5
[INFO] [stderr]     Checking tinystr v0.8.4
[INFO] [stderr]     Checking potential_utf v0.1.6
[INFO] [stderr]     Checking icu_collections v2.3.0
[INFO] [stderr]     Checking icu_locale_core v2.3.0
[INFO] [stderr]     Checking icu_provider v2.3.1
[INFO] [stderr]     Checking memchr-n v0.1.9
[INFO] [stderr]     Checking icu_properties v2.3.0
[INFO] [stderr]     Checking icu_normalizer v2.3.0
[INFO] [stderr]     Checking serde_urlencoded v0.7.1
[INFO] [stderr]     Checking idna_adapter v1.2.2
[INFO] [stderr]     Checking idna v1.1.0
[INFO] [stderr]     Checking url v2.5.8
[INFO] [stderr]     Checking hyper v1.11.1
[INFO] [stderr]     Checking tower v0.5.3
[INFO] [stderr]     Checking tokio-tungstenite v0.29.0
[INFO] [stderr]     Checking sprawling-kernel v0.0.12
[INFO] [stderr]     Checking hyper-util v0.1.21
[INFO] [stderr]     Checking axum v0.8.9
[INFO] [stderr]     Checking sprawling-documents v0.0.12
[INFO] [stderr]     Checking sprawling-wire v0.0.12 (/opt/rustwide/workdir)
[INFO] [stderr]     Checking sprawling-wire-tests v0.0.0 (/opt/rustwide/target/tests/trybuild/sprawling-wire)
[INFO] [stderr]     Finished `dev` profile [unoptimized + debuginfo] target(s) in 21.06s
[INFO] [stderr] 
[INFO] [stderr] 
[INFO] [stderr] test tests/ui/aggregate_relays_a_command.rs ... ok
[INFO] [stderr] test tests/ui/put_secret_onto_the_wire.rs ... mismatch
[INFO] [stderr] 
[INFO] [stderr] EXPECTED:
[INFO] [stderr] ┈┈┈┈┈┈┈┈┈┈┈┈┈┈┈┈┈┈┈┈┈┈┈┈┈┈┈┈┈┈┈┈┈┈┈┈┈┈┈┈┈┈┈┈┈┈┈┈┈┈┈┈┈┈┈┈┈┈┈┈
[INFO] [stderr] error[E0277]: the trait bound `Sealed<std::string::String>: serde::Serialize` is not satisfied
[INFO] [stderr]   --> tests/ui/put_secret_onto_the_wire.rs:18:40
[INFO] [stderr]    |
[INFO] [stderr] 18 |     let _bytes = serde_json::to_string(&local);
[INFO] [stderr]    |                  --------------------- ^^^^^^ the trait `serde_core::ser::Serialize` is not implemented for `Sealed<std::string::String>`
[INFO] [stderr]    |                  |
[INFO] [stderr]    |                  required by a bound introduced by this call
[INFO] [stderr]    |
[INFO] [stderr]    = note: for local types consider adding `#[derive(serde::Serialize)]` to your `Sealed<std::string::String>` type
[INFO] [stderr]    = note: for types from other crates check whether the crate offers a `serde` feature flag
[INFO] [stderr]    = help: the following other types implement trait `serde_core::ser::Serialize`:
[INFO] [stderr]              &'a T
[INFO] [stderr]              &'a mut T
[INFO] [stderr]              ()
[INFO] [stderr]              (T,)
[INFO] [stderr]              (T0, T1)
[INFO] [stderr]              (T0, T1, T2)
[INFO] [stderr]              (T0, T1, T2, T3)
[INFO] [stderr]              (T0, T1, T2, T3, T4)
[INFO] [stderr]            and $N others
[INFO] [stderr]    = note: required for `wire::Command` to implement `serde_core::ser::Serialize`
[INFO] [stderr] note: required by a bound in `serde_json::to_string`
[INFO] [stderr]   --> $CARGO/serde_json-$VERSION/src/ser.rs
[INFO] [stderr]    |
[INFO] [stderr]    | pub fn to_string<T>(value: &T) -> Result<String>
[INFO] [stderr]    |        --------- required by a bound in this function
[INFO] [stderr]    | where
[INFO] [stderr]    |     T: ?Sized + Serialize,
[INFO] [stderr]    |                 ^^^^^^^^^ required by this bound in `to_string`
[INFO] [stderr] 
[INFO] [stderr] error[E0308]: mismatched types
[INFO] [stderr]   --> tests/ui/put_secret_onto_the_wire.rs:25:16
[INFO] [stderr]    |
[INFO] [stderr] 25 |         value: "sk-not-a-real-key".to_owned(),
[INFO] [stderr]    |                ^^^^^^^^^^^^^^^^^^^^^^^^^^^^^^ expected `NoSecret`, found `String`
[INFO] [stderr] ┈┈┈┈┈┈┈┈┈┈┈┈┈┈┈┈┈┈┈┈┈┈┈┈┈┈┈┈┈┈┈┈┈┈┈┈┈┈┈┈┈┈┈┈┈┈┈┈┈┈┈┈┈┈┈┈┈┈┈┈
[INFO] [stderr] 
[INFO] [stderr] ACTUAL OUTPUT:
[INFO] [stderr] ┈┈┈┈┈┈┈┈┈┈┈┈┈┈┈┈┈┈┈┈┈┈┈┈┈┈┈┈┈┈┈┈┈┈┈┈┈┈┈┈┈┈┈┈┈┈┈┈┈┈┈┈┈┈┈┈┈┈┈┈
[INFO] [stderr] error[E0277]: the trait bound `Sealed<std::string::String>: serde::Serialize` is not satisfied
[INFO] [stderr]   --> tests/ui/put_secret_onto_the_wire.rs:18:40
[INFO] [stderr]    |
[INFO] [stderr] 18 |     let _bytes = serde_json::to_string(&local);
[INFO] [stderr]    |                  --------------------- ^^^^^^ the trait `serde_core::ser::Serialize` is not implemented for `Sealed<std::string::String>`
[INFO] [stderr]    |                  |
[INFO] [stderr]    |                  required by a bound introduced by this call
[INFO] [stderr]    |
[INFO] [stderr]    = note: for local types consider adding `#[derive(serde::Serialize)]` to your `Sealed<std::string::String>` type
[INFO] [stderr]    = note: for types from other crates check whether the crate offers a `serde` feature flag
[INFO] [stderr]    = help: the following other types implement trait `serde_core::ser::Serialize`:
[INFO] [stderr]              &'a T
[INFO] [stderr]              &'a mut T
[INFO] [stderr]              ()
[INFO] [stderr]              (T,)
[INFO] [stderr]              (T0, T1)
[INFO] [stderr]              (T0, T1, T2)
[INFO] [stderr]              (T0, T1, T2, T3)
[INFO] [stderr]              (T0, T1, T2, T3, T4)
[INFO] [stderr]            and $N others
[INFO] [stderr]    = note: required for `wire::Command` to implement `serde_core::ser::Serialize`
[INFO] [stderr] note: required by a bound in `serde_json::to_string`
[INFO] [stderr]   --> $CARGO/serde_json-$VERSION/src/ser.rs
[INFO] [stderr]    |
[INFO] [stderr]    | pub fn to_string<T>(value: &T) -> Result<String>
[INFO] [stderr]    | where
[INFO] [stderr]    |     T: ?Sized + Serialize,
[INFO] [stderr]    |                 ^^^^^^^^^ required by this bound in `to_string`
[INFO] [stderr] 
[INFO] [stderr] error[E0308]: mismatched types
[INFO] [stderr]   --> tests/ui/put_secret_onto_the_wire.rs:25:16
[INFO] [stderr]    |
[INFO] [stderr] 25 |         value: "sk-not-a-real-key".to_owned(),
[INFO] [stderr]    |                ^^^^^^^^^^^^^^^^^^^^^^^^^^^^^^ expected `NoSecret`, found `String`
[INFO] [stderr] ┈┈┈┈┈┈┈┈┈┈┈┈┈┈┈┈┈┈┈┈┈┈┈┈┈┈┈┈┈┈┈┈┈┈┈┈┈┈┈┈┈┈┈┈┈┈┈┈┈┈┈┈┈┈┈┈┈┈┈┈
[INFO] [stderr] note: If the actual output is the correct output you can bless it by rerunning
[INFO] [stderr]       your test with the environment variable TRYBUILD=overwrite
[INFO] [stderr] 
[INFO] [stderr] 
[INFO] [stderr] 
[INFO] [stdout] test the_wire_counterexamples_do_not_compile ... FAILED
[INFO] [stdout] 
[INFO] [stdout] failures:
[INFO] [stdout] 
[INFO] [stdout] ---- the_wire_counterexamples_do_not_compile stdout ----
[INFO] [stdout] 
[INFO] [stdout] thread 'the_wire_counterexamples_do_not_compile' (3759) panicked at /opt/rustwide/cargo-home/registry/src/index.crates.io-1949cf8c6b5b557f/trybuild-1.0.122/src/run.rs:103:13:
[INFO] [stdout] 1 of 2 tests failed
[INFO] [stdout] stack backtrace:
[INFO] [stdout]    0:     0x5665bf5a1b81 - <<std[617be2ca0a6fd877]::sys::backtrace::BacktraceLock>::print::DisplayBacktrace as core[a373ad73a504971]::fmt::Display>::fmt
[INFO] [stdout]    1:     0x5665bf5b7e3a - core[a373ad73a504971]::fmt::write
[INFO] [stdout]    2:     0x5665bf5a63cc - <alloc[2e1b2a31b91974c5]::vec::Vec<u8> as core[a373ad73a504971]::io::write::Write>::write_fmt
[INFO] [stdout]    3:     0x5665bf57afe6 - std[617be2ca0a6fd877]::panicking::default_hook::{closure#0}
[INFO] [stdout]    4:     0x5665bf599129 - std[617be2ca0a6fd877]::panicking::default_hook
[INFO] [stdout]    5:     0x5665bf532730 - test[aada8e7e76ba119b]::test_main_inner::{closure#0}
[INFO] [stdout]    6:     0x5665bf5992e2 - std[617be2ca0a6fd877]::panicking::panic_with_hook
[INFO] [stdout]    7:     0x5665bf57b092 - std[617be2ca0a6fd877]::panicking::panic_handler::{closure#0}
[INFO] [stdout]    8:     0x5665bf5738e9 - std[617be2ca0a6fd877]::sys::backtrace::__rust_end_short_backtrace::<std[617be2ca0a6fd877]::panicking::panic_handler::{closure#0}, !>
[INFO] [stdout]    9:     0x5665bf57bc9d - __rustc[ea4f61d10b84890b]::rust_begin_unwind
[INFO] [stdout]   10:     0x5665bf5b85ac - core[a373ad73a504971]::panicking::panic_fmt
[INFO] [stdout]   11:     0x5665bf4845ba - <trybuild[faa25d05eb74baf9]::Runner>::run
[INFO] [stdout]   12:     0x5665bf487800 - <trybuild[faa25d05eb74baf9]::TestCases as core[a373ad73a504971]::ops::drop::Drop>::drop
[INFO] [stdout]   13:     0x5665bf47e428 - trybuild[24367f9deb6ee849]::the_wire_counterexamples_do_not_compile
[INFO] [stdout]   14:     0x5665bf47e629 - <trybuild[24367f9deb6ee849]::the_wire_counterexamples_do_not_compile::{closure#0} as core[a373ad73a504971]::ops::function::FnOnce<()>>::call_once
[INFO] [stdout]   15:     0x5665bf525b7b - test[aada8e7e76ba119b]::__rust_begin_short_backtrace::<core[a373ad73a504971]::result::Result<(), alloc[2e1b2a31b91974c5]::string::String>, fn() -> core[a373ad73a504971]::result::Result<(), alloc[2e1b2a31b91974c5]::string::String>>
[INFO] [stdout]   16:     0x5665bf532d55 - test[aada8e7e76ba119b]::run_test::{closure#0}
[INFO] [stdout]   17:     0x5665bf52c644 - std[617be2ca0a6fd877]::sys::backtrace::__rust_begin_short_backtrace::<test[aada8e7e76ba119b]::run_test::{closure#1}, ()>
[INFO] [stdout]   18:     0x5665bf535de2 - <std[617be2ca0a6fd877]::thread::lifecycle::spawn_unchecked<test[aada8e7e76ba119b]::run_test::{closure#1}, ()>::{closure#1} as core[a373ad73a504971]::ops::function::FnOnce<()>>::call_once::{shim:vtable#0}
[INFO] [stdout]   19:     0x5665bf5a0ddf - <std[617be2ca0a6fd877]::sys::thread::unix::Thread>::new::thread_start
[INFO] [stdout]   20:     0x79bb16e7bdfa - <unknown>
[INFO] [stdout]   21:     0x79bb16f0f3d4 - clone
[INFO] [stdout]   22:                0x0 - <unknown>
[INFO] [stdout] 
[INFO] [stdout] 
[INFO] [stdout] failures:
[INFO] [stdout]     the_wire_counterexamples_do_not_compile
[INFO] [stdout] 
[INFO] [stdout] test result: FAILED. 0 passed; 1 failed; 0 ignored; 0 measured; 0 filtered out; finished in 38.13s
[INFO] [stdout] 
[INFO] [stderr] error: test failed, to rerun pass `--test trybuild`
[INFO] running `Command { std: "docker" "inspect" "3b019f00388cfc379f03df014ee25fe0f87c4ad4b4afd5a62bfb1959378cfea5", kill_on_drop: false }`
[INFO] running `Command { std: "docker" "rm" "-f" "3b019f00388cfc379f03df014ee25fe0f87c4ad4b4afd5a62bfb1959378cfea5", kill_on_drop: false }`
[INFO] [stdout] 3b019f00388cfc379f03df014ee25fe0f87c4ad4b4afd5a62bfb1959378cfea5
