[INFO] fetching crate scrubcsv 1.0.0...
[INFO] testing scrubcsv-1.0.0 against 1.100.0-beta.1+cargoflags=--release for beta-release-1.100-3
[INFO] extracting crate scrubcsv 1.0.0 into /workspace/builds/worker-5-tc2/source
[INFO] started tweaking crates.io crate scrubcsv 1.0.0
[INFO] finished tweaking crates.io crate scrubcsv 1.0.0
[INFO] tweaked toml for crates.io crate scrubcsv 1.0.0 written to /workspace/builds/worker-5-tc2/source/Cargo.toml
[INFO] validating manifest of crates.io crate scrubcsv 1.0.0 on toolchain 1.100.0-beta.1
[INFO] running `Command { std: CARGO_HOME="/workspace/cargo-home" RUSTUP_HOME="/workspace/rustup-home" "/workspace/cargo-home/bin/cargo" "+1.100.0-beta.1" "metadata" "--manifest-path" "Cargo.toml" "--no-deps", kill_on_drop: false }`
[INFO] crate crates.io crate scrubcsv 1.0.0 already has a lockfile, it will not be regenerated
[INFO] running `Command { std: CARGO_HOME="/workspace/cargo-home" RUSTUP_HOME="/workspace/rustup-home" "/workspace/cargo-home/bin/cargo" "+1.100.0-beta.1" "fetch" "--manifest-path" "Cargo.toml", kill_on_drop: false }`
[INFO] [stderr] warning: `package.homepage` is redundant with `package.repository`
[INFO] [stderr]   --> Cargo.toml:39:12
[INFO] [stderr]    |
[INFO] [stderr] 39 | homepage = "https://github.com/faradayio/scrubcsv"
[INFO] [stderr]    |            ^^^^^^^^^^^^^^^^^^^^^^^^^^^^^^^^^^^^^^^
[INFO] [stderr] ...
[INFO] [stderr] 43 | repository = "https://github.com/faradayio/scrubcsv"
[INFO] [stderr]    |              ---------------------------------------
[INFO] [stderr]    |
[INFO] [stderr]    = note: `cargo::redundant_homepage` is set to `warn` by default
[INFO] [stderr] help: consider removing `package.homepage`
[INFO] [stderr] warning: `scrubcsv` (manifest) generated 1 warning
[INFO] running `Command { std: "docker" "create" "-v" "/var/lib/crater-agent-workspace/builds/worker-5-tc2/source:/opt/rustwide/workdir:ro,Z" "-v" "/var/lib/crater-agent-workspace/builds/worker-5-tc2/target:/opt/rustwide/target:rw,Z" "-v" "/var/lib/crater-agent-workspace/cargo-home:/opt/rustwide/cargo-home:ro,Z" "-v" "/var/lib/crater-agent-workspace/rustup-home:/opt/rustwide/rustup-home:ro,Z" "-m" "1610612736" "--network" "none" "ghcr.io/rust-lang/crates-build-env/linux@sha256:77db811e55d90add9212f6832c23229e3de5f1c1f9905e8cb07319ea15df73ac" "sleep" "infinity", kill_on_drop: false }`
[INFO] [stdout] 2e6f35dc9dc980ac0d89e227422b0ce340e85dc0f6519d4d5842d1acda36e5ce
[INFO] running `Command { std: "docker" "start" "2e6f35dc9dc980ac0d89e227422b0ce340e85dc0f6519d4d5842d1acda36e5ce", kill_on_drop: false }`
[INFO] running `Command { std: "docker" "inspect" "2e6f35dc9dc980ac0d89e227422b0ce340e85dc0f6519d4d5842d1acda36e5ce", kill_on_drop: false }`
[INFO] running `Command { std: "docker" "exec" "-e" "SOURCE_DIR=/opt/rustwide/workdir" "-e" "CARGO_HOME=/opt/rustwide/cargo-home" "-e" "RUSTUP_HOME=/opt/rustwide/rustup-home" "-e" "CARGO_TARGET_DIR=/opt/rustwide/target" "-w" "/opt/rustwide/workdir" "--user" "0:0" "2e6f35dc9dc980ac0d89e227422b0ce340e85dc0f6519d4d5842d1acda36e5ce" "/opt/rustwide/cargo-home/bin/cargo" "+1.100.0-beta.1" "metadata" "--no-deps" "--format-version=1", kill_on_drop: false }`
[INFO] running `Command { std: "docker" "inspect" "2e6f35dc9dc980ac0d89e227422b0ce340e85dc0f6519d4d5842d1acda36e5ce", kill_on_drop: false }`
[INFO] running `Command { std: "docker" "exec" "-e" "SOURCE_DIR=/opt/rustwide/workdir" "-e" "CARGO_HOME=/opt/rustwide/cargo-home" "-e" "RUSTUP_HOME=/opt/rustwide/rustup-home" "-e" "CARGO_TARGET_DIR=/opt/rustwide/target" "-e" "CARGO_INCREMENTAL=0" "-e" "RUST_BACKTRACE=full" "-e" "RUSTFLAGS=--cap-lints=warn" "-e" "RUSTDOCFLAGS=--cap-lints=warn" "-w" "/opt/rustwide/workdir" "--user" "0:0" "2e6f35dc9dc980ac0d89e227422b0ce340e85dc0f6519d4d5842d1acda36e5ce" "/opt/rustwide/cargo-home/bin/cargo" "+1.100.0-beta.1" "build" "--frozen" "--message-format=json" "--release", kill_on_drop: false }`
[INFO] [stderr] warning: `package.homepage` is redundant with `package.repository`
[INFO] [stderr]   --> Cargo.toml:39:12
[INFO] [stderr]    |
[INFO] [stderr] 39 | homepage = "https://github.com/faradayio/scrubcsv"
[INFO] [stderr]    |            ^^^^^^^^^^^^^^^^^^^^^^^^^^^^^^^^^^^^^^^
[INFO] [stderr] ...
[INFO] [stderr] 43 | repository = "https://github.com/faradayio/scrubcsv"
[INFO] [stderr]    |              ---------------------------------------
[INFO] [stderr]    |
[INFO] [stderr]    = note: `cargo::redundant_homepage` is set to `warn` by default
[INFO] [stderr] help: consider removing `package.homepage`
[INFO] [stderr] warning: `scrubcsv` (manifest) generated 1 warning
[INFO] [stderr]    Compiling libc v0.2.126
[INFO] [stderr]    Compiling memchr v2.5.0
[INFO] [stderr]    Compiling proc-macro2 v1.0.39
[INFO] [stderr]    Compiling unicode-ident v1.0.0
[INFO] [stderr]    Compiling proc-macro-error-attr v1.0.4
[INFO] [stderr]    Compiling syn v1.0.95
[INFO] [stderr]    Compiling proc-macro-error v1.0.4
[INFO] [stderr]    Compiling serde v1.0.137
[INFO] [stderr]    Compiling unicode-segmentation v1.9.0
[INFO] [stderr]    Compiling unicode-width v0.1.9
[INFO] [stderr]    Compiling log v0.4.17
[INFO] [stderr]    Compiling regex-automata v0.1.10
[INFO] [stderr]    Compiling bitflags v1.3.2
[INFO] [stderr]    Compiling strsim v0.8.0
[INFO] [stderr]    Compiling ansi_term v0.12.1
[INFO] [stderr]    Compiling heck v0.3.3
[INFO] [stderr]    Compiling quote v1.0.18
[INFO] [stderr]    Compiling regex-syntax v0.6.26
[INFO] [stderr]    Compiling aho-corasick v0.7.18
[INFO] [stderr]    Compiling vec_map v0.8.2
[INFO] [stderr]    Compiling atty v0.2.14
[INFO] [stderr]    Compiling term_size v0.3.2
[INFO] [stderr]    Compiling textwrap v0.11.0
[INFO] [stderr]    Compiling csv-core v0.1.10
[INFO] [stderr]    Compiling clap v2.34.0
[INFO] [stderr]    Compiling ryu v1.0.10
[INFO] [stderr]    Compiling itoa v0.4.8
[INFO] [stderr]    Compiling termcolor v1.1.3
[INFO] [stderr]    Compiling humansize v1.1.1
[INFO] [stderr]    Compiling regex v1.5.6
[INFO] [stderr]    Compiling bstr v0.2.17
[INFO] [stderr]    Compiling env_logger v0.9.0
[INFO] [stderr]    Compiling structopt-derive v0.4.18
[INFO] [stderr]    Compiling csv v1.1.6
[INFO] [stderr]    Compiling structopt v0.3.26
[INFO] [stderr]    Compiling scrubcsv v1.0.0 (/opt/rustwide/workdir)
[INFO] [stderr]     Finished `release` profile [optimized] target(s) in 48.54s
[INFO] running `Command { std: "docker" "inspect" "2e6f35dc9dc980ac0d89e227422b0ce340e85dc0f6519d4d5842d1acda36e5ce", kill_on_drop: false }`
[INFO] running `Command { std: "docker" "exec" "-e" "SOURCE_DIR=/opt/rustwide/workdir" "-e" "CARGO_HOME=/opt/rustwide/cargo-home" "-e" "RUSTUP_HOME=/opt/rustwide/rustup-home" "-e" "CARGO_TARGET_DIR=/opt/rustwide/target" "-e" "CARGO_INCREMENTAL=0" "-e" "RUST_BACKTRACE=full" "-e" "RUSTFLAGS=--cap-lints=warn" "-e" "RUSTDOCFLAGS=--cap-lints=warn" "-w" "/opt/rustwide/workdir" "--user" "0:0" "2e6f35dc9dc980ac0d89e227422b0ce340e85dc0f6519d4d5842d1acda36e5ce" "/opt/rustwide/cargo-home/bin/cargo" "+1.100.0-beta.1" "test" "--frozen" "--no-run" "--message-format=json" "--release", kill_on_drop: false }`
[INFO] [stderr] warning: `package.homepage` is redundant with `package.repository`
[INFO] [stderr]   --> Cargo.toml:39:12
[INFO] [stderr]    |
[INFO] [stderr] 39 | homepage = "https://github.com/faradayio/scrubcsv"
[INFO] [stderr]    |            ^^^^^^^^^^^^^^^^^^^^^^^^^^^^^^^^^^^^^^^
[INFO] [stderr] ...
[INFO] [stderr] 43 | repository = "https://github.com/faradayio/scrubcsv"
[INFO] [stderr]    |              ---------------------------------------
[INFO] [stderr]    |
[INFO] [stderr]    = note: `cargo::redundant_homepage` is set to `warn` by default
[INFO] [stderr] help: consider removing `package.homepage`
[INFO] [stderr] warning: `scrubcsv` (manifest) generated 1 warning
[INFO] [stderr]    Compiling cli_test_dir v0.1.7
[INFO] [stderr]    Compiling scrubcsv v1.0.0 (/opt/rustwide/workdir)
[INFO] [stderr]     Finished `release` profile [optimized] target(s) in 1.77s
[INFO] running `Command { std: "docker" "inspect" "2e6f35dc9dc980ac0d89e227422b0ce340e85dc0f6519d4d5842d1acda36e5ce", kill_on_drop: false }`
[INFO] running `Command { std: "docker" "exec" "-e" "SOURCE_DIR=/opt/rustwide/workdir" "-e" "CARGO_HOME=/opt/rustwide/cargo-home" "-e" "RUSTUP_HOME=/opt/rustwide/rustup-home" "-e" "CARGO_TARGET_DIR=/opt/rustwide/target" "-e" "CARGO_INCREMENTAL=0" "-e" "RUST_BACKTRACE=full" "-e" "RUSTFLAGS=--cap-lints=warn" "-e" "RUSTDOCFLAGS=--cap-lints=warn" "-w" "/opt/rustwide/workdir" "--user" "0:0" "2e6f35dc9dc980ac0d89e227422b0ce340e85dc0f6519d4d5842d1acda36e5ce" "/opt/rustwide/cargo-home/bin/cargo" "+1.100.0-beta.1" "test" "--frozen" "--release", kill_on_drop: false }`
[INFO] [stderr] warning: `package.homepage` is redundant with `package.repository`
[INFO] [stderr]   --> Cargo.toml:39:12
[INFO] [stderr]    |
[INFO] [stderr] 39 | homepage = "https://github.com/faradayio/scrubcsv"
[INFO] [stderr]    |            ^^^^^^^^^^^^^^^^^^^^^^^^^^^^^^^^^^^^^^^
[INFO] [stderr] ...
[INFO] [stderr] 43 | repository = "https://github.com/faradayio/scrubcsv"
[INFO] [stderr]    |              ---------------------------------------
[INFO] [stderr]    |
[INFO] [stderr]    = note: `cargo::redundant_homepage` is set to `warn` by default
[INFO] [stderr] help: consider removing `package.homepage`
[INFO] [stderr] warning: `scrubcsv` (manifest) generated 1 warning
[INFO] [stderr]     Finished `release` profile [optimized] target(s) in 0.07s
[INFO] [stderr]      Running unittests src/main.rs (/opt/rustwide/target/release/build/scrubcsv/c10bc059a33fd455/out/scrubcsv-c10bc059a33fd455)
[INFO] [stdout] 
[INFO] [stdout] running 3 tests
[INFO] [stdout] test clean_column_names::unique::uniquifier_generates_unique_ids ... ok
[INFO] [stdout] test clean_column_names::unique::name_to_lowercase_id_cleans_non_id_characters ... ok
[INFO] [stderr]      Running tests/tests.rs (/opt/rustwide/target/release/build/scrubcsv/10e91db7a71b6783/out/tests-10e91db7a71b6783)
[INFO] [stdout] test util::parses_char_specifiers ... ok
[INFO] [stdout] 
[INFO] [stdout] test result: ok. 3 passed; 0 failed; 0 ignored; 0 measured; 0 filtered out; finished in 0.00s
[INFO] [stdout] 
[INFO] [stdout] 
[INFO] [stdout] running 16 tests
[INFO] [stderr] WARNING: could not find /opt/rustwide/target/release/build/scrubcsv/10e91db7a71b6783/out/scrubcsv, will search PATH
[INFO] [stderr] WARNING: could not find /opt/rustwide/target/release/build/scrubcsv/10e91db7a71b6783/out/scrubcsv, will search PATH
[INFO] [stderr] WARNING: could not find /opt/rustwide/target/release/build/scrubcsv/10e91db7a71b6783/out/scrubcsv, will search PATH
[INFO] [stderr] WARNING: could not find /opt/rustwide/target/release/build/scrubcsv/10e91db7a71b6783/out/scrubcsv, will search PATH
[INFO] [stderr] WARNING: could not find /opt/rustwide/target/release/build/scrubcsv/10e91db7a71b6783/out/scrubcsv, will search PATH
[INFO] [stderr] WARNING: could not find /opt/rustwide/target/release/build/scrubcsv/10e91db7a71b6783/out/scrubcsv, will search PATH
[INFO] [stderr] WARNING: could not find /opt/rustwide/target/release/build/scrubcsv/10e91db7a71b6783/out/scrubcsv, will search PATH
[INFO] [stdout] test bad_rows ... FAILED
[INFO] [stdout] test clean_column_names_stable ... FAILED
[INFO] [stdout] test null_normalization ... FAILED
[INFO] [stdout] test help_flag ... FAILED
[INFO] [stdout] test basic_file_scrubbing ... FAILED
[INFO] [stderr] WARNING: could not find /opt/rustwide/target/release/build/scrubcsv/10e91db7a71b6783/out/scrubcsv, will search PATH
[INFO] [stderr] WARNING: could not find /opt/rustwide/target/release/build/scrubcsv/10e91db7a71b6783/out/scrubcsv, will search PATH
[INFO] [stdout] test clean_column_names_unique ... FAILED
[INFO] [stdout] test reserve_column_names ... FAILED
[INFO] [stdout] test clean_column_names_stable_rejects_certain_names ... FAILED
[INFO] [stdout] test drop_row_if_null ... FAILED
[INFO] [stderr] WARNING: could not find /opt/rustwide/target/release/build/scrubcsv/10e91db7a71b6783/out/scrubcsv, will search PATH
[INFO] [stderr] WARNING: could not find /opt/rustwide/target/release/build/scrubcsv/10e91db7a71b6783/out/scrubcsv, will search PATH
[INFO] [stderr] WARNING: could not find /opt/rustwide/target/release/build/scrubcsv/10e91db7a71b6783/out/scrubcsv, will search PATH
[INFO] [stderr] WARNING: could not find /opt/rustwide/target/release/build/scrubcsv/10e91db7a71b6783/out/scrubcsv, will search PATH
[INFO] [stderr] WARNING: could not find /opt/rustwide/target/release/build/scrubcsv/10e91db7a71b6783/out/scrubcsv, will search PATH
[INFO] [stderr] WARNING: could not find /opt/rustwide/target/release/build/scrubcsv/10e91db7a71b6783/out/scrubcsv, will search PATH
[INFO] [stdout] test stdin_and_delimiter_and_quiet ... FAILED
[INFO] [stdout] test replace_newlines ... FAILED
[INFO] [stdout] test null_normalization_of_null_bytes ... FAILED
[INFO] [stdout] test quote_and_delimiter ... FAILED
[INFO] [stdout] test trim_whitespace ... FAILED
[INFO] [stdout] test version_flag ... FAILED
[INFO] [stderr] WARNING: could not find /opt/rustwide/target/release/build/scrubcsv/10e91db7a71b6783/out/scrubcsv, will search PATH
[INFO] [stderr] error: test failed, to rerun pass `--test tests`
[INFO] [stdout] test too_many_bad_rows ... FAILED
[INFO] [stdout] 
[INFO] [stdout] failures:
[INFO] [stdout] 
[INFO] [stdout] ---- bad_rows stdout ----
[INFO] [stdout] 
[INFO] [stdout] thread 'bad_rows' (840) panicked at /opt/rustwide/cargo-home/registry/src/index.crates.io-1949cf8c6b5b557f/cli_test_dir-0.1.7/src/lib.rs:458:14:
[INFO] [stdout] error running command: Os { code: 2, kind: NotFound, message: "No such file or directory" }
[INFO] [stdout] stack backtrace:
[INFO] [stdout]    0:     0x64a9ad251731 - <<std[617be2ca0a6fd877]::sys::backtrace::BacktraceLock>::print::DisplayBacktrace as core[a373ad73a504971]::fmt::Display>::fmt
[INFO] [stdout]    1:     0x64a9ad265d9a - core[a373ad73a504971]::fmt::write
[INFO] [stdout]    2:     0x64a9ad255fec - <alloc[2e1b2a31b91974c5]::vec::Vec<u8> as core[a373ad73a504971]::io::write::Write>::write_fmt
[INFO] [stdout]    3:     0x64a9ad22c1b6 - std[617be2ca0a6fd877]::panicking::default_hook::{closure#0}
[INFO] [stdout]    4:     0x64a9ad249629 - std[617be2ca0a6fd877]::panicking::default_hook
[INFO] [stdout]    5:     0x64a9ad1e2f40 - test[aada8e7e76ba119b]::test_main_inner::{closure#0}
[INFO] [stdout]    6:     0x64a9ad2497e2 - std[617be2ca0a6fd877]::panicking::panic_with_hook
[INFO] [stdout]    7:     0x64a9ad22c262 - std[617be2ca0a6fd877]::panicking::panic_handler::{closure#0}
[INFO] [stdout]    8:     0x64a9ad224e59 - std[617be2ca0a6fd877]::sys::backtrace::__rust_end_short_backtrace::<std[617be2ca0a6fd877]::panicking::panic_handler::{closure#0}, !>
[INFO] [stdout]    9:     0x64a9ad22ce6d - __rustc[ea4f61d10b84890b]::rust_begin_unwind
[INFO] [stdout]   10:     0x64a9ad2664cc - core[a373ad73a504971]::panicking::panic_fmt
[INFO] [stdout]   11:     0x64a9ad2662a2 - core[a373ad73a504971]::result::unwrap_failed
[INFO] [stdout]   12:     0x64a9ad1d136b - <std[617be2ca0a6fd877]::process::Command as cli_test_dir[6bd1091965f82dc8]::CommandExt>::output_with_stdin::<&alloc[2e1b2a31b91974c5]::string::String>
[INFO] [stdout]   13:     0x64a9ad1d5e9c - <tests[fd35587131a18550]::bad_rows::{closure#0} as core[a373ad73a504971]::ops::function::FnOnce<()>>::call_once
[INFO] [stdout]   14:     0x64a9ad1d638b - test[aada8e7e76ba119b]::__rust_begin_short_backtrace::<core[a373ad73a504971]::result::Result<(), alloc[2e1b2a31b91974c5]::string::String>, fn() -> core[a373ad73a504971]::result::Result<(), alloc[2e1b2a31b91974c5]::string::String>>
[INFO] [stdout]   15:     0x64a9ad1e3565 - test[aada8e7e76ba119b]::run_test::{closure#0}
[INFO] [stdout]   16:     0x64a9ad1dce54 - std[617be2ca0a6fd877]::sys::backtrace::__rust_begin_short_backtrace::<test[aada8e7e76ba119b]::run_test::{closure#1}, ()>
[INFO] [stdout]   17:     0x64a9ad1e65f2 - <std[617be2ca0a6fd877]::thread::lifecycle::spawn_unchecked<test[aada8e7e76ba119b]::run_test::{closure#1}, ()>::{closure#1} as core[a373ad73a504971]::ops::function::FnOnce<()>>::call_once::{shim:vtable#0}
[INFO] [stdout]   18:     0x64a9ad250f8f - <std[617be2ca0a6fd877]::sys::thread::unix::Thread>::new::thread_start
[INFO] [stdout]   19:     0x79611ee16dfa - <unknown>
[INFO] [stdout]   20:     0x79611eeaa3d4 - clone
[INFO] [stdout]   21:                0x0 - <unknown>
[INFO] [stdout] 
[INFO] [stdout] ---- clean_column_names_stable stdout ----
[INFO] [stdout] 
[INFO] [stdout] thread 'clean_column_names_stable' (842) panicked at /opt/rustwide/cargo-home/registry/src/index.crates.io-1949cf8c6b5b557f/cli_test_dir-0.1.7/src/lib.rs:458:14:
[INFO] [stdout] error running command: Os { code: 2, kind: NotFound, message: "No such file or directory" }
[INFO] [stdout] stack backtrace:
[INFO] [stdout]    0:     0x64a9ad251731 - <<std[617be2ca0a6fd877]::sys::backtrace::BacktraceLock>::print::DisplayBacktrace as core[a373ad73a504971]::fmt::Display>::fmt
[INFO] [stdout]    1:     0x64a9ad265d9a - core[a373ad73a504971]::fmt::write
[INFO] [stdout]    2:     0x64a9ad255fec - <alloc[2e1b2a31b91974c5]::vec::Vec<u8> as core[a373ad73a504971]::io::write::Write>::write_fmt
[INFO] [stdout]    3:     0x64a9ad22c1b6 - std[617be2ca0a6fd877]::panicking::default_hook::{closure#0}
[INFO] [stdout]    4:     0x64a9ad249629 - std[617be2ca0a6fd877]::panicking::default_hook
[INFO] [stdout]    5:     0x64a9ad1e2f40 - test[aada8e7e76ba119b]::test_main_inner::{closure#0}
[INFO] [stdout]    6:     0x64a9ad2497e2 - std[617be2ca0a6fd877]::panicking::panic_with_hook
[INFO] [stdout]    7:     0x64a9ad22c262 - std[617be2ca0a6fd877]::panicking::panic_handler::{closure#0}
[INFO] [stdout]    8:     0x64a9ad224e59 - std[617be2ca0a6fd877]::sys::backtrace::__rust_end_short_backtrace::<std[617be2ca0a6fd877]::panicking::panic_handler::{closure#0}, !>
[INFO] [stdout]    9:     0x64a9ad22ce6d - __rustc[ea4f61d10b84890b]::rust_begin_unwind
[INFO] [stdout]   10:     0x64a9ad2664cc - core[a373ad73a504971]::panicking::panic_fmt
[INFO] [stdout]   11:     0x64a9ad2662a2 - core[a373ad73a504971]::result::unwrap_failed
[INFO] [stdout]   12:     0x64a9ad1d1b89 - <std[617be2ca0a6fd877]::process::Command as cli_test_dir[6bd1091965f82dc8]::CommandExt>::output_with_stdin::<&str>
[INFO] [stdout]   13:     0x64a9ad1d4d00 - <tests[fd35587131a18550]::clean_column_names_stable::{closure#0} as core[a373ad73a504971]::ops::function::FnOnce<()>>::call_once
[INFO] [stdout]   14:     0x64a9ad1d638b - test[aada8e7e76ba119b]::__rust_begin_short_backtrace::<core[a373ad73a504971]::result::Result<(), alloc[2e1b2a31b91974c5]::string::String>, fn() -> core[a373ad73a504971]::result::Result<(), alloc[2e1b2a31b91974c5]::string::String>>
[INFO] [stdout]   15:     0x64a9ad1e3565 - test[aada8e7e76ba119b]::run_test::{closure#0}
[INFO] [stdout]   16:     0x64a9ad1dce54 - std[617be2ca0a6fd877]::sys::backtrace::__rust_begin_short_backtrace::<test[aada8e7e76ba119b]::run_test::{closure#1}, ()>
[INFO] [stdout]   17:     0x64a9ad1e65f2 - <std[617be2ca0a6fd877]::thread::lifecycle::spawn_unchecked<test[aada8e7e76ba119b]::run_test::{closure#1}, ()>::{closure#1} as core[a373ad73a504971]::ops::function::FnOnce<()>>::call_once::{shim:vtable#0}
[INFO] [stdout]   18:     0x64a9ad250f8f - <std[617be2ca0a6fd877]::sys::thread::unix::Thread>::new::thread_start
[INFO] [stdout]   19:     0x79611ee16dfa - <unknown>
[INFO] [stdout]   20:     0x79611eeaa3d4 - clone
[INFO] [stdout]   21:                0x0 - <unknown>
[INFO] [stdout] 
[INFO] [stdout] ---- null_normalization stdout ----
[INFO] [stdout] 
[INFO] [stdout] thread 'null_normalization' (850) panicked at /opt/rustwide/cargo-home/registry/src/index.crates.io-1949cf8c6b5b557f/cli_test_dir-0.1.7/src/lib.rs:458:14:
[INFO] [stdout] error running command: Os { code: 2, kind: NotFound, message: "No such file or directory" }
[INFO] [stdout] stack backtrace:
[INFO] [stdout]    0:     0x64a9ad251731 - <<std[617be2ca0a6fd877]::sys::backtrace::BacktraceLock>::print::DisplayBacktrace as core[a373ad73a504971]::fmt::Display>::fmt
[INFO] [stdout]    1:     0x64a9ad265d9a - core[a373ad73a504971]::fmt::write
[INFO] [stdout]    2:     0x64a9ad255fec - <alloc[2e1b2a31b91974c5]::vec::Vec<u8> as core[a373ad73a504971]::io::write::Write>::write_fmt
[INFO] [stdout]    3:     0x64a9ad22c1b6 - std[617be2ca0a6fd877]::panicking::default_hook::{closure#0}
[INFO] [stdout]    4:     0x64a9ad249629 - std[617be2ca0a6fd877]::panicking::default_hook
[INFO] [stdout]    5:     0x64a9ad1e2f40 - test[aada8e7e76ba119b]::test_main_inner::{closure#0}
[INFO] [stdout]    6:     0x64a9ad2497e2 - std[617be2ca0a6fd877]::panicking::panic_with_hook
[INFO] [stdout]    7:     0x64a9ad22c262 - std[617be2ca0a6fd877]::panicking::panic_handler::{closure#0}
[INFO] [stdout]    8:     0x64a9ad224e59 - std[617be2ca0a6fd877]::sys::backtrace::__rust_end_short_backtrace::<std[617be2ca0a6fd877]::panicking::panic_handler::{closure#0}, !>
[INFO] [stdout]    9:     0x64a9ad22ce6d - __rustc[ea4f61d10b84890b]::rust_begin_unwind
[INFO] [stdout]   10:     0x64a9ad2664cc - core[a373ad73a504971]::panicking::panic_fmt
[INFO] [stdout]   11:     0x64a9ad2662a2 - core[a373ad73a504971]::result::unwrap_failed
[INFO] [stdout]   12:     0x64a9ad1d1b89 - <std[617be2ca0a6fd877]::process::Command as cli_test_dir[6bd1091965f82dc8]::CommandExt>::output_with_stdin::<&str>
[INFO] [stdout]   13:     0x64a9ad1d43fa - <tests[fd35587131a18550]::null_normalization::{closure#0} as core[a373ad73a504971]::ops::function::FnOnce<()>>::call_once
[INFO] [stdout]   14:     0x64a9ad1d638b - test[aada8e7e76ba119b]::__rust_begin_short_backtrace::<core[a373ad73a504971]::result::Result<(), alloc[2e1b2a31b91974c5]::string::String>, fn() -> core[a373ad73a504971]::result::Result<(), alloc[2e1b2a31b91974c5]::string::String>>
[INFO] [stdout]   15:     0x64a9ad1e3565 - test[aada8e7e76ba119b]::run_test::{closure#0}
[INFO] [stdout]   16:     0x64a9ad1dce54 - std[617be2ca0a6fd877]::sys::backtrace::__rust_begin_short_backtrace::<test[aada8e7e76ba119b]::run_test::{closure#1}, ()>
[INFO] [stdout]   17:     0x64a9ad1e65f2 - <std[617be2ca0a6fd877]::thread::lifecycle::spawn_unchecked<test[aada8e7e76ba119b]::run_test::{closure#1}, ()>::{closure#1} as core[a373ad73a504971]::ops::function::FnOnce<()>>::call_once::{shim:vtable#0}
[INFO] [stdout]   18:     0x64a9ad250f8f - <std[617be2ca0a6fd877]::sys::thread::unix::Thread>::new::thread_start
[INFO] [stdout]   19:     0x79611ee16dfa - <unknown>
[INFO] [stdout]   20:     0x79611eeaa3d4 - clone
[INFO] [stdout]   21:                0x0 - <unknown>
[INFO] [stdout] 
[INFO] [stdout] ---- help_flag stdout ----
[INFO] [stdout] 
[INFO] [stdout] thread 'help_flag' (849) panicked at /opt/rustwide/cargo-home/registry/src/index.crates.io-1949cf8c6b5b557f/cli_test_dir-0.1.7/src/lib.rs:559:25:
[INFO] [stdout] error running command: Os { code: 2, kind: NotFound, message: "No such file or directory" }
[INFO] [stdout] stack backtrace:
[INFO] [stdout]    0:     0x64a9ad251731 - <<std[617be2ca0a6fd877]::sys::backtrace::BacktraceLock>::print::DisplayBacktrace as core[a373ad73a504971]::fmt::Display>::fmt
[INFO] [stdout]    1:     0x64a9ad265d9a - core[a373ad73a504971]::fmt::write
[INFO] [stdout]    2:     0x64a9ad255fec - <alloc[2e1b2a31b91974c5]::vec::Vec<u8> as core[a373ad73a504971]::io::write::Write>::write_fmt
[INFO] [stdout]    3:     0x64a9ad22c1b6 - std[617be2ca0a6fd877]::panicking::default_hook::{closure#0}
[INFO] [stdout]    4:     0x64a9ad249629 - std[617be2ca0a6fd877]::panicking::default_hook
[INFO] [stdout]    5:     0x64a9ad1e2f40 - test[aada8e7e76ba119b]::test_main_inner::{closure#0}
[INFO] [stdout]    6:     0x64a9ad2497e2 - std[617be2ca0a6fd877]::panicking::panic_with_hook
[INFO] [stdout]    7:     0x64a9ad22c262 - std[617be2ca0a6fd877]::panicking::panic_handler::{closure#0}
[INFO] [stdout]    8:     0x64a9ad224e59 - std[617be2ca0a6fd877]::sys::backtrace::__rust_end_short_backtrace::<std[617be2ca0a6fd877]::panicking::panic_handler::{closure#0}, !>
[INFO] [stdout]    9:     0x64a9ad22ce6d - __rustc[ea4f61d10b84890b]::rust_begin_unwind
[INFO] [stdout]   10:     0x64a9ad2664cc - core[a373ad73a504971]::panicking::panic_fmt
[INFO] [stdout]   11:     0x64a9ad218379 - <&mut std[617be2ca0a6fd877]::process::Command as cli_test_dir[6bd1091965f82dc8]::ExpectStatus>::expect_success
[INFO] [stdout]   12:     0x64a9ad1d61d9 - <tests[fd35587131a18550]::help_flag::{closure#0} as core[a373ad73a504971]::ops::function::FnOnce<()>>::call_once
[INFO] [stdout]   13:     0x64a9ad1d638b - test[aada8e7e76ba119b]::__rust_begin_short_backtrace::<core[a373ad73a504971]::result::Result<(), alloc[2e1b2a31b91974c5]::string::String>, fn() -> core[a373ad73a504971]::result::Result<(), alloc[2e1b2a31b91974c5]::string::String>>
[INFO] [stdout]   14:     0x64a9ad1e3565 - test[aada8e7e76ba119b]::run_test::{closure#0}
[INFO] [stdout]   15:     0x64a9ad1dce54 - std[617be2ca0a6fd877]::sys::backtrace::__rust_begin_short_backtrace::<test[aada8e7e76ba119b]::run_test::{closure#1}, ()>
[INFO] [stdout]   16:     0x64a9ad1e65f2 - <std[617be2ca0a6fd877]::thread::lifecycle::spawn_unchecked<test[aada8e7e76ba119b]::run_test::{closure#1}, ()>::{closure#1} as core[a373ad73a504971]::ops::function::FnOnce<()>>::call_once::{shim:vtable#0}
[INFO] [stdout]   17:     0x64a9ad250f8f - <std[617be2ca0a6fd877]::sys::thread::unix::Thread>::new::thread_start
[INFO] [stdout]   18:     0x79611ee16dfa - <unknown>
[INFO] [stdout]   19:     0x79611eeaa3d4 - clone
[INFO] [stdout]   20:                0x0 - <unknown>
[INFO] [stdout] 
[INFO] [stdout] ---- basic_file_scrubbing stdout ----
[INFO] [stdout] 
[INFO] [stdout] thread 'basic_file_scrubbing' (841) panicked at /opt/rustwide/cargo-home/registry/src/index.crates.io-1949cf8c6b5b557f/cli_test_dir-0.1.7/src/lib.rs:559:25:
[INFO] [stdout] error running command: Os { code: 2, kind: NotFound, message: "No such file or directory" }
[INFO] [stdout] stack backtrace:
[INFO] [stdout]    0:     0x64a9ad251731 - <<std[617be2ca0a6fd877]::sys::backtrace::BacktraceLock>::print::DisplayBacktrace as core[a373ad73a504971]::fmt::Display>::fmt
[INFO] [stdout]    1:     0x64a9ad265d9a - core[a373ad73a504971]::fmt::write
[INFO] [stdout]    2:     0x64a9ad255fec - <alloc[2e1b2a31b91974c5]::vec::Vec<u8> as core[a373ad73a504971]::io::write::Write>::write_fmt
[INFO] [stdout]    3:     0x64a9ad22c1b6 - std[617be2ca0a6fd877]::panicking::default_hook::{closure#0}
[INFO] [stdout]    4:     0x64a9ad249629 - std[617be2ca0a6fd877]::panicking::default_hook
[INFO] [stdout]    5:     0x64a9ad1e2f40 - test[aada8e7e76ba119b]::test_main_inner::{closure#0}
[INFO] [stdout]    6:     0x64a9ad2497e2 - std[617be2ca0a6fd877]::panicking::panic_with_hook
[INFO] [stdout]    7:     0x64a9ad22c262 - std[617be2ca0a6fd877]::panicking::panic_handler::{closure#0}
[INFO] [stdout]    8:     0x64a9ad224e59 - std[617be2ca0a6fd877]::sys::backtrace::__rust_end_short_backtrace::<std[617be2ca0a6fd877]::panicking::panic_handler::{closure#0}, !>
[INFO] [stdout]    9:     0x64a9ad22ce6d - __rustc[ea4f61d10b84890b]::rust_begin_unwind
[INFO] [stdout]   10:     0x64a9ad2664cc - core[a373ad73a504971]::panicking::panic_fmt
[INFO] [stdout]   11:     0x64a9ad218379 - <&mut std[617be2ca0a6fd877]::process::Command as cli_test_dir[6bd1091965f82dc8]::ExpectStatus>::expect_success
[INFO] [stdout]   12:     0x64a9ad1d489c - <tests[fd35587131a18550]::basic_file_scrubbing::{closure#0} as core[a373ad73a504971]::ops::function::FnOnce<()>>::call_once
[INFO] [stdout]   13:     0x64a9ad1d638b - test[aada8e7e76ba119b]::__rust_begin_short_backtrace::<core[a373ad73a504971]::result::Result<(), alloc[2e1b2a31b91974c5]::string::String>, fn() -> core[a373ad73a504971]::result::Result<(), alloc[2e1b2a31b91974c5]::string::String>>
[INFO] [stdout]   14:     0x64a9ad1e3565 - test[aada8e7e76ba119b]::run_test::{closure#0}
[INFO] [stdout]   15:     0x64a9ad1dce54 - std[617be2ca0a6fd877]::sys::backtrace::__rust_begin_short_backtrace::<test[aada8e7e76ba119b]::run_test::{closure#1}, ()>
[INFO] [stdout]   16:     0x64a9ad1e65f2 - <std[617be2ca0a6fd877]::thread::lifecycle::spawn_unchecked<test[aada8e7e76ba119b]::run_test::{closure#1}, ()>::{closure#1} as core[a373ad73a504971]::ops::function::FnOnce<()>>::call_once::{shim:vtable#0}
[INFO] [stdout]   17:     0x64a9ad250f8f - <std[617be2ca0a6fd877]::sys::thread::unix::Thread>::new::thread_start
[INFO] [stdout]   18:     0x79611ee16dfa - <unknown>
[INFO] [stdout]   19:     0x79611eeaa3d4 - clone
[INFO] [stdout]   20:                0x0 - <unknown>
[INFO] [stdout] 
[INFO] [stdout] ---- clean_column_names_unique stdout ----
[INFO] [stdout] 
[INFO] [stdout] thread 'clean_column_names_unique' (844) panicked at /opt/rustwide/cargo-home/registry/src/index.crates.io-1949cf8c6b5b557f/cli_test_dir-0.1.7/src/lib.rs:458:14:
[INFO] [stdout] error running command: Os { code: 2, kind: NotFound, message: "No such file or directory" }
[INFO] [stdout] stack backtrace:
[INFO] [stdout]    0:     0x64a9ad251731 - <<std[617be2ca0a6fd877]::sys::backtrace::BacktraceLock>::print::DisplayBacktrace as core[a373ad73a504971]::fmt::Display>::fmt
[INFO] [stdout]    1:     0x64a9ad265d9a - core[a373ad73a504971]::fmt::write
[INFO] [stdout]    2:     0x64a9ad255fec - <alloc[2e1b2a31b91974c5]::vec::Vec<u8> as core[a373ad73a504971]::io::write::Write>::write_fmt
[INFO] [stdout]    3:     0x64a9ad22c1b6 - std[617be2ca0a6fd877]::panicking::default_hook::{closure#0}
[INFO] [stdout]    4:     0x64a9ad249629 - std[617be2ca0a6fd877]::panicking::default_hook
[INFO] [stdout]    5:     0x64a9ad1e2f40 - test[aada8e7e76ba119b]::test_main_inner::{closure#0}
[INFO] [stdout]    6:     0x64a9ad2497e2 - std[617be2ca0a6fd877]::panicking::panic_with_hook
[INFO] [stdout]    7:     0x64a9ad22c262 - std[617be2ca0a6fd877]::panicking::panic_handler::{closure#0}
[INFO] [stdout]    8:     0x64a9ad224e59 - std[617be2ca0a6fd877]::sys::backtrace::__rust_end_short_backtrace::<std[617be2ca0a6fd877]::panicking::panic_handler::{closure#0}, !>
[INFO] [stdout]    9:     0x64a9ad22ce6d - __rustc[ea4f61d10b84890b]::rust_begin_unwind
[INFO] [stdout]   10:     0x64a9ad2664cc - core[a373ad73a504971]::panicking::panic_fmt
[INFO] [stdout]   11:     0x64a9ad2662a2 - core[a373ad73a504971]::result::unwrap_failed
[INFO] [stdout]   12:     0x64a9ad1d1b89 - <std[617be2ca0a6fd877]::process::Command as cli_test_dir[6bd1091965f82dc8]::CommandExt>::output_with_stdin::<&str>
[INFO] [stdout]   13:     0x64a9ad1d4f60 - <tests[fd35587131a18550]::clean_column_names_unique::{closure#0} as core[a373ad73a504971]::ops::function::FnOnce<()>>::call_once
[INFO] [stdout]   14:     0x64a9ad1d638b - test[aada8e7e76ba119b]::__rust_begin_short_backtrace::<core[a373ad73a504971]::result::Result<(), alloc[2e1b2a31b91974c5]::string::String>, fn() -> core[a373ad73a504971]::result::Result<(), alloc[2e1b2a31b91974c5]::string::String>>
[INFO] [stdout]   15:     0x64a9ad1e3565 - test[aada8e7e76ba119b]::run_test::{closure#0}
[INFO] [stdout]   16:     0x64a9ad1dce54 - std[617be2ca0a6fd877]::sys::backtrace::__rust_begin_short_backtrace::<test[aada8e7e76ba119b]::run_test::{closure#1}, ()>
[INFO] [stdout]   17:     0x64a9ad1e65f2 - <std[617be2ca0a6fd877]::thread::lifecycle::spawn_unchecked<test[aada8e7e76ba119b]::run_test::{closure#1}, ()>::{closure#1} as core[a373ad73a504971]::ops::function::FnOnce<()>>::call_once::{shim:vtable#0}
[INFO] [stdout]   18:     0x64a9ad250f8f - <std[617be2ca0a6fd877]::sys::thread::unix::Thread>::new::thread_start
[INFO] [stdout]   19:     0x79611ee16dfa - <unknown>
[INFO] [stdout]   20:     0x79611eeaa3d4 - clone
[INFO] [stdout]   21:                0x0 - <unknown>
[INFO] [stdout] 
[INFO] [stdout] ---- reserve_column_names stdout ----
[INFO] [stdout] 
[INFO] [stdout] thread 'reserve_column_names' (859) panicked at /opt/rustwide/cargo-home/registry/src/index.crates.io-1949cf8c6b5b557f/cli_test_dir-0.1.7/src/lib.rs:458:14:
[INFO] [stdout] error running command: Os { code: 2, kind: NotFound, message: "No such file or directory" }
[INFO] [stdout] stack backtrace:
[INFO] [stdout]    0:     0x64a9ad251731 - <<std[617be2ca0a6fd877]::sys::backtrace::BacktraceLock>::print::DisplayBacktrace as core[a373ad73a504971]::fmt::Display>::fmt
[INFO] [stdout]    1:     0x64a9ad265d9a - core[a373ad73a504971]::fmt::write
[INFO] [stdout]    2:     0x64a9ad255fec - <alloc[2e1b2a31b91974c5]::vec::Vec<u8> as core[a373ad73a504971]::io::write::Write>::write_fmt
[INFO] [stdout]    3:     0x64a9ad22c1b6 - std[617be2ca0a6fd877]::panicking::default_hook::{closure#0}
[INFO] [stdout]    4:     0x64a9ad249629 - std[617be2ca0a6fd877]::panicking::default_hook
[INFO] [stdout]    5:     0x64a9ad1e2f40 - test[aada8e7e76ba119b]::test_main_inner::{closure#0}
[INFO] [stdout]    6:     0x64a9ad2497e2 - std[617be2ca0a6fd877]::panicking::panic_with_hook
[INFO] [stdout]    7:     0x64a9ad22c262 - std[617be2ca0a6fd877]::panicking::panic_handler::{closure#0}
[INFO] [stdout]    8:     0x64a9ad224e59 - std[617be2ca0a6fd877]::sys::backtrace::__rust_end_short_backtrace::<std[617be2ca0a6fd877]::panicking::panic_handler::{closure#0}, !>
[INFO] [stdout]    9:     0x64a9ad22ce6d - __rustc[ea4f61d10b84890b]::rust_begin_unwind
[INFO] [stdout]   10:     0x64a9ad2664cc - core[a373ad73a504971]::panicking::panic_fmt
[INFO] [stdout]   11:     0x64a9ad2662a2 - core[a373ad73a504971]::result::unwrap_failed
[INFO] [stdout]   12:     0x64a9ad1d1b89 - <std[617be2ca0a6fd877]::process::Command as cli_test_dir[6bd1091965f82dc8]::CommandExt>::output_with_stdin::<&str>
[INFO] [stdout]   13:     0x64a9ad1d4aaa - <tests[fd35587131a18550]::reserve_column_names::{closure#0} as core[a373ad73a504971]::ops::function::FnOnce<()>>::call_once
[INFO] [stdout]   14:     0x64a9ad1d638b - test[aada8e7e76ba119b]::__rust_begin_short_backtrace::<core[a373ad73a504971]::result::Result<(), alloc[2e1b2a31b91974c5]::string::String>, fn() -> core[a373ad73a504971]::result::Result<(), alloc[2e1b2a31b91974c5]::string::String>>
[INFO] [stdout]   15:     0x64a9ad1e3565 - test[aada8e7e76ba119b]::run_test::{closure#0}
[INFO] [stdout]   16:     0x64a9ad1dce54 - std[617be2ca0a6fd877]::sys::backtrace::__rust_begin_short_backtrace::<test[aada8e7e76ba119b]::run_test::{closure#1}, ()>
[INFO] [stdout]   17:     0x64a9ad1e65f2 - <std[617be2ca0a6fd877]::thread::lifecycle::spawn_unchecked<test[aada8e7e76ba119b]::run_test::{closure#1}, ()>::{closure#1} as core[a373ad73a504971]::ops::function::FnOnce<()>>::call_once::{shim:vtable#0}
[INFO] [stdout]   18:     0x64a9ad250f8f - <std[617be2ca0a6fd877]::sys::thread::unix::Thread>::new::thread_start
[INFO] [stdout]   19:     0x79611ee16dfa - <unknown>
[INFO] [stdout]   20:     0x79611eeaa3d4 - clone
[INFO] [stdout]   21:                0x0 - <unknown>
[INFO] [stdout] 
[INFO] [stdout] ---- clean_column_names_stable_rejects_certain_names stdout ----
[INFO] [stdout] 
[INFO] [stdout] thread 'clean_column_names_stable_rejects_certain_names' (843) panicked at /opt/rustwide/cargo-home/registry/src/index.crates.io-1949cf8c6b5b557f/cli_test_dir-0.1.7/src/lib.rs:458:14:
[INFO] [stdout] error running command: Os { code: 2, kind: NotFound, message: "No such file or directory" }
[INFO] [stdout] stack backtrace:
[INFO] [stdout]    0:     0x64a9ad251731 - <<std[617be2ca0a6fd877]::sys::backtrace::BacktraceLock>::print::DisplayBacktrace as core[a373ad73a504971]::fmt::Display>::fmt
[INFO] [stdout]    1:     0x64a9ad265d9a - core[a373ad73a504971]::fmt::write
[INFO] [stdout]    2:     0x64a9ad255fec - <alloc[2e1b2a31b91974c5]::vec::Vec<u8> as core[a373ad73a504971]::io::write::Write>::write_fmt
[INFO] [stdout]    3:     0x64a9ad22c1b6 - std[617be2ca0a6fd877]::panicking::default_hook::{closure#0}
[INFO] [stdout]    4:     0x64a9ad249629 - std[617be2ca0a6fd877]::panicking::default_hook
[INFO] [stdout]    5:     0x64a9ad1e2f40 - test[aada8e7e76ba119b]::test_main_inner::{closure#0}
[INFO] [stdout]    6:     0x64a9ad2497e2 - std[617be2ca0a6fd877]::panicking::panic_with_hook
[INFO] [stdout]    7:     0x64a9ad22c262 - std[617be2ca0a6fd877]::panicking::panic_handler::{closure#0}
[INFO] [stdout]    8:     0x64a9ad224e59 - std[617be2ca0a6fd877]::sys::backtrace::__rust_end_short_backtrace::<std[617be2ca0a6fd877]::panicking::panic_handler::{closure#0}, !>
[INFO] [stdout]    9:     0x64a9ad22ce6d - __rustc[ea4f61d10b84890b]::rust_begin_unwind
[INFO] [stdout]   10:     0x64a9ad2664cc - core[a373ad73a504971]::panicking::panic_fmt
[INFO] [stdout]   11:     0x64a9ad2662a2 - core[a373ad73a504971]::result::unwrap_failed
[INFO] [stdout]   12:     0x64a9ad1d1b89 - <std[617be2ca0a6fd877]::process::Command as cli_test_dir[6bd1091965f82dc8]::CommandExt>::output_with_stdin::<&str>
[INFO] [stdout]   13:     0x64a9ad1d5740 - <tests[fd35587131a18550]::clean_column_names_stable_rejects_certain_names::{closure#0} as core[a373ad73a504971]::ops::function::FnOnce<()>>::call_once
[INFO] [stdout]   14:     0x64a9ad1d638b - test[aada8e7e76ba119b]::__rust_begin_short_backtrace::<core[a373ad73a504971]::result::Result<(), alloc[2e1b2a31b91974c5]::string::String>, fn() -> core[a373ad73a504971]::result::Result<(), alloc[2e1b2a31b91974c5]::string::String>>
[INFO] [stdout]   15:     0x64a9ad1e3565 - test[aada8e7e76ba119b]::run_test::{closure#0}
[INFO] [stdout]   16:     0x64a9ad1dce54 - std[617be2ca0a6fd877]::sys::backtrace::__rust_begin_short_backtrace::<test[aada8e7e76ba119b]::run_test::{closure#1}, ()>
[INFO] [stdout]   17:     0x64a9ad1e65f2 - <std[617be2ca0a6fd877]::thread::lifecycle::spawn_unchecked<test[aada8e7e76ba119b]::run_test::{closure#1}, ()>::{closure#1} as core[a373ad73a504971]::ops::function::FnOnce<()>>::call_once::{shim:vtable#0}
[INFO] [stdout]   18:     0x64a9ad250f8f - <std[617be2ca0a6fd877]::sys::thread::unix::Thread>::new::thread_start
[INFO] [stdout]   19:     0x79611ee16dfa - <unknown>
[INFO] [stdout]   20:     0x79611eeaa3d4 - clone
[INFO] [stdout]   21:                0x0 - <unknown>
[INFO] [stdout] 
[INFO] [stdout] ---- drop_row_if_null stdout ----
[INFO] [stdout] 
[INFO] [stdout] thread 'drop_row_if_null' (848) panicked at /opt/rustwide/cargo-home/registry/src/index.crates.io-1949cf8c6b5b557f/cli_test_dir-0.1.7/src/lib.rs:458:14:
[INFO] [stdout] error running command: Os { code: 2, kind: NotFound, message: "No such file or directory" }
[INFO] [stdout] stack backtrace:
[INFO] [stdout]    0:     0x64a9ad251731 - <<std[617be2ca0a6fd877]::sys::backtrace::BacktraceLock>::print::DisplayBacktrace as core[a373ad73a504971]::fmt::Display>::fmt
[INFO] [stdout]    1:     0x64a9ad265d9a - core[a373ad73a504971]::fmt::write
[INFO] [stdout]    2:     0x64a9ad255fec - <alloc[2e1b2a31b91974c5]::vec::Vec<u8> as core[a373ad73a504971]::io::write::Write>::write_fmt
[INFO] [stdout]    3:     0x64a9ad22c1b6 - std[617be2ca0a6fd877]::panicking::default_hook::{closure#0}
[INFO] [stdout]    4:     0x64a9ad249629 - std[617be2ca0a6fd877]::panicking::default_hook
[INFO] [stdout]    5:     0x64a9ad1e2f40 - test[aada8e7e76ba119b]::test_main_inner::{closure#0}
[INFO] [stdout]    6:     0x64a9ad2497e2 - std[617be2ca0a6fd877]::panicking::panic_with_hook
[INFO] [stdout]    7:     0x64a9ad22c262 - std[617be2ca0a6fd877]::panicking::panic_handler::{closure#0}
[INFO] [stdout]    8:     0x64a9ad224e59 - std[617be2ca0a6fd877]::sys::backtrace::__rust_end_short_backtrace::<std[617be2ca0a6fd877]::panicking::panic_handler::{closure#0}, !>
[INFO] [stdout]    9:     0x64a9ad22ce6d - __rustc[ea4f61d10b84890b]::rust_begin_unwind
[INFO] [stdout]   10:     0x64a9ad2664cc - core[a373ad73a504971]::panicking::panic_fmt
[INFO] [stdout]   11:     0x64a9ad2662a2 - core[a373ad73a504971]::result::unwrap_failed
[INFO] [stdout]   12:     0x64a9ad1d1b89 - <std[617be2ca0a6fd877]::process::Command as cli_test_dir[6bd1091965f82dc8]::CommandExt>::output_with_stdin::<&str>
[INFO] [stdout]   13:     0x64a9ad1d3c6e - <tests[fd35587131a18550]::drop_row_if_null::{closure#0} as core[a373ad73a504971]::ops::function::FnOnce<()>>::call_once
[INFO] [stdout]   14:     0x64a9ad1d638b - test[aada8e7e76ba119b]::__rust_begin_short_backtrace::<core[a373ad73a504971]::result::Result<(), alloc[2e1b2a31b91974c5]::string::String>, fn() -> core[a373ad73a504971]::result::Result<(), alloc[2e1b2a31b91974c5]::string::String>>
[INFO] [stdout]   15:     0x64a9ad1e3565 - test[aada8e7e76ba119b]::run_test::{closure#0}
[INFO] [stdout]   16:     0x64a9ad1dce54 - std[617be2ca0a6fd877]::sys::backtrace::__rust_begin_short_backtrace::<test[aada8e7e76ba119b]::run_test::{closure#1}, ()>
[INFO] [stdout]   17:     0x64a9ad1e65f2 - <std[617be2ca0a6fd877]::thread::lifecycle::spawn_unchecked<test[aada8e7e76ba119b]::run_test::{closure#1}, ()>::{closure#1} as core[a373ad73a504971]::ops::function::FnOnce<()>>::call_once::{shim:vtable#0}
[INFO] [stdout]   18:     0x64a9ad250f8f - <std[617be2ca0a6fd877]::sys::thread::unix::Thread>::new::thread_start
[INFO] [stdout]   19:     0x79611ee16dfa - <unknown>
[INFO] [stdout]   20:     0x79611eeaa3d4 - clone
[INFO] [stdout]   21:                0x0 - <unknown>
[INFO] [stdout] 
[INFO] [stdout] ---- stdin_and_delimiter_and_quiet stdout ----
[INFO] [stdout] 
[INFO] [stdout] thread 'stdin_and_delimiter_and_quiet' (860) panicked at /opt/rustwide/cargo-home/registry/src/index.crates.io-1949cf8c6b5b557f/cli_test_dir-0.1.7/src/lib.rs:458:14:
[INFO] [stdout] error running command: Os { code: 2, kind: NotFound, message: "No such file or directory" }
[INFO] [stdout] stack backtrace:
[INFO] [stdout]    0:     0x64a9ad251731 - <<std[617be2ca0a6fd877]::sys::backtrace::BacktraceLock>::print::DisplayBacktrace as core[a373ad73a504971]::fmt::Display>::fmt
[INFO] [stdout]    1:     0x64a9ad265d9a - core[a373ad73a504971]::fmt::write
[INFO] [stdout]    2:     0x64a9ad255fec - <alloc[2e1b2a31b91974c5]::vec::Vec<u8> as core[a373ad73a504971]::io::write::Write>::write_fmt
[INFO] [stdout]    3:     0x64a9ad22c1b6 - std[617be2ca0a6fd877]::panicking::default_hook::{closure#0}
[INFO] [stdout]    4:     0x64a9ad249629 - std[617be2ca0a6fd877]::panicking::default_hook
[INFO] [stdout]    5:     0x64a9ad1e2f40 - test[aada8e7e76ba119b]::test_main_inner::{closure#0}
[INFO] [stdout]    6:     0x64a9ad2497e2 - std[617be2ca0a6fd877]::panicking::panic_with_hook
[INFO] [stdout]    7:     0x64a9ad22c262 - std[617be2ca0a6fd877]::panicking::panic_handler::{closure#0}
[INFO] [stdout]    8:     0x64a9ad224e59 - std[617be2ca0a6fd877]::sys::backtrace::__rust_end_short_backtrace::<std[617be2ca0a6fd877]::panicking::panic_handler::{closure#0}, !>
[INFO] [stdout]    9:     0x64a9ad22ce6d - __rustc[ea4f61d10b84890b]::rust_begin_unwind
[INFO] [stdout]   10:     0x64a9ad2664cc - core[a373ad73a504971]::panicking::panic_fmt
[INFO] [stdout]   11:     0x64a9ad2662a2 - core[a373ad73a504971]::result::unwrap_failed
[INFO] [stdout]   12:     0x64a9ad1d1b89 - <std[617be2ca0a6fd877]::process::Command as cli_test_dir[6bd1091965f82dc8]::CommandExt>::output_with_stdin::<&str>
[INFO] [stdout]   13:     0x64a9ad1d5204 - <tests[fd35587131a18550]::stdin_and_delimiter_and_quiet::{closure#0} as core[a373ad73a504971]::ops::function::FnOnce<()>>::call_once
[INFO] [stdout]   14:     0x64a9ad1d638b - test[aada8e7e76ba119b]::__rust_begin_short_backtrace::<core[a373ad73a504971]::result::Result<(), alloc[2e1b2a31b91974c5]::string::String>, fn() -> core[a373ad73a504971]::result::Result<(), alloc[2e1b2a31b91974c5]::string::String>>
[INFO] [stdout]   15:     0x64a9ad1e3565 - test[aada8e7e76ba119b]::run_test::{closure#0}
[INFO] [stdout]   16:     0x64a9ad1dce54 - std[617be2ca0a6fd877]::sys::backtrace::__rust_begin_short_backtrace::<test[aada8e7e76ba119b]::run_test::{closure#1}, ()>
[INFO] [stdout]   17:     0x64a9ad1e65f2 - <std[617be2ca0a6fd877]::thread::lifecycle::spawn_unchecked<test[aada8e7e76ba119b]::run_test::{closure#1}, ()>::{closure#1} as core[a373ad73a504971]::ops::function::FnOnce<()>>::call_once::{shim:vtable#0}
[INFO] [stdout]   18:     0x64a9ad250f8f - <std[617be2ca0a6fd877]::sys::thread::unix::Thread>::new::thread_start
[INFO] [stdout]   19:     0x79611ee16dfa - <unknown>
[INFO] [stdout]   20:     0x79611eeaa3d4 - clone
[INFO] [stdout]   21:                0x0 - <unknown>
[INFO] [stdout] 
[INFO] [stdout] ---- replace_newlines stdout ----
[INFO] [stdout] 
[INFO] [stdout] thread 'replace_newlines' (857) panicked at /opt/rustwide/cargo-home/registry/src/index.crates.io-1949cf8c6b5b557f/cli_test_dir-0.1.7/src/lib.rs:458:14:
[INFO] [stdout] error running command: Os { code: 2, kind: NotFound, message: "No such file or directory" }
[INFO] [stdout] stack backtrace:
[INFO] [stdout]    0:     0x64a9ad251731 - <<std[617be2ca0a6fd877]::sys::backtrace::BacktraceLock>::print::DisplayBacktrace as core[a373ad73a504971]::fmt::Display>::fmt
[INFO] [stdout]    1:     0x64a9ad265d9a - core[a373ad73a504971]::fmt::write
[INFO] [stdout]    2:     0x64a9ad255fec - <alloc[2e1b2a31b91974c5]::vec::Vec<u8> as core[a373ad73a504971]::io::write::Write>::write_fmt
[INFO] [stdout]    3:     0x64a9ad22c1b6 - std[617be2ca0a6fd877]::panicking::default_hook::{closure#0}
[INFO] [stdout]    4:     0x64a9ad249629 - std[617be2ca0a6fd877]::panicking::default_hook
[INFO] [stdout]    5:     0x64a9ad1e2f40 - test[aada8e7e76ba119b]::test_main_inner::{closure#0}
[INFO] [stdout]    6:     0x64a9ad2497e2 - std[617be2ca0a6fd877]::panicking::panic_with_hook
[INFO] [stdout]    7:     0x64a9ad22c262 - std[617be2ca0a6fd877]::panicking::panic_handler::{closure#0}
[INFO] [stdout]    8:     0x64a9ad224e59 - std[617be2ca0a6fd877]::sys::backtrace::__rust_end_short_backtrace::<std[617be2ca0a6fd877]::panicking::panic_handler::{closure#0}, !>
[INFO] [stdout]    9:     0x64a9ad22ce6d - __rustc[ea4f61d10b84890b]::rust_begin_unwind
[INFO] [stdout]   10:     0x64a9ad2664cc - core[a373ad73a504971]::panicking::panic_fmt
[INFO] [stdout]   11:     0x64a9ad2662a2 - core[a373ad73a504971]::result::unwrap_failed
[INFO] [stdout]   12:     0x64a9ad1d1b89 - <std[617be2ca0a6fd877]::process::Command as cli_test_dir[6bd1091965f82dc8]::CommandExt>::output_with_stdin::<&str>
[INFO] [stdout]   13:     0x64a9ad1d3ef0 - <tests[fd35587131a18550]::replace_newlines::{closure#0} as core[a373ad73a504971]::ops::function::FnOnce<()>>::call_once
[INFO] [stdout]   14:     0x64a9ad1d638b - test[aada8e7e76ba119b]::__rust_begin_short_backtrace::<core[a373ad73a504971]::result::Result<(), alloc[2e1b2a31b91974c5]::string::String>, fn() -> core[a373ad73a504971]::result::Result<(), alloc[2e1b2a31b91974c5]::string::String>>
[INFO] [stdout]   15:     0x64a9ad1e3565 - test[aada8e7e76ba119b]::run_test::{closure#0}
[INFO] [stdout]   16:     0x64a9ad1dce54 - std[617be2ca0a6fd877]::sys::backtrace::__rust_begin_short_backtrace::<test[aada8e7e76ba119b]::run_test::{closure#1}, ()>
[INFO] [stdout]   17:     0x64a9ad1e65f2 - <std[617be2ca0a6fd877]::thread::lifecycle::spawn_unchecked<test[aada8e7e76ba119b]::run_test::{closure#1}, ()>::{closure#1} as core[a373ad73a504971]::ops::function::FnOnce<()>>::call_once::{shim:vtable#0}
[INFO] [stdout]   18:     0x64a9ad250f8f - <std[617be2ca0a6fd877]::sys::thread::unix::Thread>::new::thread_start
[INFO] [stdout]   19:     0x79611ee16dfa - <unknown>
[INFO] [stdout]   20:     0x79611eeaa3d4 - clone
[INFO] [stdout]   21:                0x0 - <unknown>
[INFO] [stdout] 
[INFO] [stdout] ---- null_normalization_of_null_bytes stdout ----
[INFO] [stdout] 
[INFO] [stdout] thread 'null_normalization_of_null_bytes' (855) panicked at /opt/rustwide/cargo-home/registry/src/index.crates.io-1949cf8c6b5b557f/cli_test_dir-0.1.7/src/lib.rs:458:14:
[INFO] [stdout] error running command: Os { code: 2, kind: NotFound, message: "No such file or directory" }
[INFO] [stdout] stack backtrace:
[INFO] [stdout]    0:     0x64a9ad251731 - <<std[617be2ca0a6fd877]::sys::backtrace::BacktraceLock>::print::DisplayBacktrace as core[a373ad73a504971]::fmt::Display>::fmt
[INFO] [stdout]    1:     0x64a9ad265d9a - core[a373ad73a504971]::fmt::write
[INFO] [stdout]    2:     0x64a9ad255fec - <alloc[2e1b2a31b91974c5]::vec::Vec<u8> as core[a373ad73a504971]::io::write::Write>::write_fmt
[INFO] [stdout]    3:     0x64a9ad22c1b6 - std[617be2ca0a6fd877]::panicking::default_hook::{closure#0}
[INFO] [stdout]    4:     0x64a9ad249629 - std[617be2ca0a6fd877]::panicking::default_hook
[INFO] [stdout]    5:     0x64a9ad1e2f40 - test[aada8e7e76ba119b]::test_main_inner::{closure#0}
[INFO] [stdout]    6:     0x64a9ad2497e2 - std[617be2ca0a6fd877]::panicking::panic_with_hook
[INFO] [stdout]    7:     0x64a9ad22c262 - std[617be2ca0a6fd877]::panicking::panic_handler::{closure#0}
[INFO] [stdout]    8:     0x64a9ad224e59 - std[617be2ca0a6fd877]::sys::backtrace::__rust_end_short_backtrace::<std[617be2ca0a6fd877]::panicking::panic_handler::{closure#0}, !>
[INFO] [stdout]    9:     0x64a9ad22ce6d - __rustc[ea4f61d10b84890b]::rust_begin_unwind
[INFO] [stdout]   10:     0x64a9ad2664cc - core[a373ad73a504971]::panicking::panic_fmt
[INFO] [stdout]   11:     0x64a9ad2662a2 - core[a373ad73a504971]::result::unwrap_failed
[INFO] [stdout]   12:     0x64a9ad1d1b89 - <std[617be2ca0a6fd877]::process::Command as cli_test_dir[6bd1091965f82dc8]::CommandExt>::output_with_stdin::<&str>
[INFO] [stdout]   13:     0x64a9ad1d54da - <tests[fd35587131a18550]::null_normalization_of_null_bytes::{closure#0} as core[a373ad73a504971]::ops::function::FnOnce<()>>::call_once
[INFO] [stdout]   14:     0x64a9ad1d638b - test[aada8e7e76ba119b]::__rust_begin_short_backtrace::<core[a373ad73a504971]::result::Result<(), alloc[2e1b2a31b91974c5]::string::String>, fn() -> core[a373ad73a504971]::result::Result<(), alloc[2e1b2a31b91974c5]::string::String>>
[INFO] [stdout]   15:     0x64a9ad1e3565 - test[aada8e7e76ba119b]::run_test::{closure#0}
[INFO] [stdout]   16:     0x64a9ad1dce54 - std[617be2ca0a6fd877]::sys::backtrace::__rust_begin_short_backtrace::<test[aada8e7e76ba119b]::run_test::{closure#1}, ()>
[INFO] [stdout]   17:     0x64a9ad1e65f2 - <std[617be2ca0a6fd877]::thread::lifecycle::spawn_unchecked<test[aada8e7e76ba119b]::run_test::{closure#1}, ()>::{closure#1} as core[a373ad73a504971]::ops::function::FnOnce<()>>::call_once::{shim:vtable#0}
[INFO] [stdout]   18:     0x64a9ad250f8f - <std[617be2ca0a6fd877]::sys::thread::unix::Thread>::new::thread_start
[INFO] [stdout]   19:     0x79611ee16dfa - <unknown>
[INFO] [stdout]   20:     0x79611eeaa3d4 - clone
[INFO] [stdout]   21:                0x0 - <unknown>
[INFO] [stdout] 
[INFO] [stdout] ---- quote_and_delimiter stdout ----
[INFO] [stdout] 
[INFO] [stdout] thread 'quote_and_delimiter' (856) panicked at /opt/rustwide/cargo-home/registry/src/index.crates.io-1949cf8c6b5b557f/cli_test_dir-0.1.7/src/lib.rs:559:25:
[INFO] [stdout] error running command: Os { code: 2, kind: NotFound, message: "No such file or directory" }
[INFO] [stdout] stack backtrace:
[INFO] [stdout]    0:     0x64a9ad251731 - <<std[617be2ca0a6fd877]::sys::backtrace::BacktraceLock>::print::DisplayBacktrace as core[a373ad73a504971]::fmt::Display>::fmt
[INFO] [stdout]    1:     0x64a9ad265d9a - core[a373ad73a504971]::fmt::write
[INFO] [stdout]    2:     0x64a9ad255fec - <alloc[2e1b2a31b91974c5]::vec::Vec<u8> as core[a373ad73a504971]::io::write::Write>::write_fmt
[INFO] [stdout]    3:     0x64a9ad22c1b6 - std[617be2ca0a6fd877]::panicking::default_hook::{closure#0}
[INFO] [stdout]    4:     0x64a9ad249629 - std[617be2ca0a6fd877]::panicking::default_hook
[INFO] [stdout]    5:     0x64a9ad1e2f40 - test[aada8e7e76ba119b]::test_main_inner::{closure#0}
[INFO] [stdout]    6:     0x64a9ad2497e2 - std[617be2ca0a6fd877]::panicking::panic_with_hook
[INFO] [stdout]    7:     0x64a9ad22c262 - std[617be2ca0a6fd877]::panicking::panic_handler::{closure#0}
[INFO] [stdout]    8:     0x64a9ad224e59 - std[617be2ca0a6fd877]::sys::backtrace::__rust_end_short_backtrace::<std[617be2ca0a6fd877]::panicking::panic_handler::{closure#0}, !>
[INFO] [stdout]    9:     0x64a9ad22ce6d - __rustc[ea4f61d10b84890b]::rust_begin_unwind
[INFO] [stdout]   10:     0x64a9ad2664cc - core[a373ad73a504971]::panicking::panic_fmt
[INFO] [stdout]   11:     0x64a9ad218379 - <&mut std[617be2ca0a6fd877]::process::Command as cli_test_dir[6bd1091965f82dc8]::ExpectStatus>::expect_success
[INFO] [stdout]   12:     0x64a9ad1d46e8 - <tests[fd35587131a18550]::quote_and_delimiter::{closure#0} as core[a373ad73a504971]::ops::function::FnOnce<()>>::call_once
[INFO] [stdout]   13:     0x64a9ad1d638b - test[aada8e7e76ba119b]::__rust_begin_short_backtrace::<core[a373ad73a504971]::result::Result<(), alloc[2e1b2a31b91974c5]::string::String>, fn() -> core[a373ad73a504971]::result::Result<(), alloc[2e1b2a31b91974c5]::string::String>>
[INFO] [stdout]   14:     0x64a9ad1e3565 - test[aada8e7e76ba119b]::run_test::{closure#0}
[INFO] [stdout]   15:     0x64a9ad1dce54 - std[617be2ca0a6fd877]::sys::backtrace::__rust_begin_short_backtrace::<test[aada8e7e76ba119b]::run_test::{closure#1}, ()>
[INFO] [stdout]   16:     0x64a9ad1e65f2 - <std[617be2ca0a6fd877]::thread::lifecycle::spawn_unchecked<test[aada8e7e76ba119b]::run_test::{closure#1}, ()>::{closure#1} as core[a373ad73a504971]::ops::function::FnOnce<()>>::call_once::{shim:vtable#0}
[INFO] [stdout]   17:     0x64a9ad250f8f - <std[617be2ca0a6fd877]::sys::thread::unix::Thread>::new::thread_start
[INFO] [stdout]   18:     0x79611ee16dfa - <unknown>
[INFO] [stdout]   19:     0x79611eeaa3d4 - clone
[INFO] [stdout]   20:                0x0 - <unknown>
[INFO] [stdout] 
[INFO] [stdout] ---- trim_whitespace stdout ----
[INFO] [stdout] 
[INFO] [stdout] thread 'trim_whitespace' (867) panicked at /opt/rustwide/cargo-home/registry/src/index.crates.io-1949cf8c6b5b557f/cli_test_dir-0.1.7/src/lib.rs:458:14:
[INFO] [stdout] error running command: Os { code: 2, kind: NotFound, message: "No such file or directory" }
[INFO] [stdout] stack backtrace:
[INFO] [stdout]    0:     0x64a9ad251731 - <<std[617be2ca0a6fd877]::sys::backtrace::BacktraceLock>::print::DisplayBacktrace as core[a373ad73a504971]::fmt::Display>::fmt
[INFO] [stdout]    1:     0x64a9ad265d9a - core[a373ad73a504971]::fmt::write
[INFO] [stdout]    2:     0x64a9ad255fec - <alloc[2e1b2a31b91974c5]::vec::Vec<u8> as core[a373ad73a504971]::io::write::Write>::write_fmt
[INFO] [stdout]    3:     0x64a9ad22c1b6 - std[617be2ca0a6fd877]::panicking::default_hook::{closure#0}
[INFO] [stdout]    4:     0x64a9ad249629 - std[617be2ca0a6fd877]::panicking::default_hook
[INFO] [stdout]    5:     0x64a9ad1e2f40 - test[aada8e7e76ba119b]::test_main_inner::{closure#0}
[INFO] [stdout]    6:     0x64a9ad2497e2 - std[617be2ca0a6fd877]::panicking::panic_with_hook
[INFO] [stdout]    7:     0x64a9ad22c262 - std[617be2ca0a6fd877]::panicking::panic_handler::{closure#0}
[INFO] [stdout]    8:     0x64a9ad224e59 - std[617be2ca0a6fd877]::sys::backtrace::__rust_end_short_backtrace::<std[617be2ca0a6fd877]::panicking::panic_handler::{closure#0}, !>
[INFO] [stdout]    9:     0x64a9ad22ce6d - __rustc[ea4f61d10b84890b]::rust_begin_unwind
[INFO] [stdout]   10:     0x64a9ad2664cc - core[a373ad73a504971]::panicking::panic_fmt
[INFO] [stdout]   11:     0x64a9ad2662a2 - core[a373ad73a504971]::result::unwrap_failed
[INFO] [stdout]   12:     0x64a9ad1d1b89 - <std[617be2ca0a6fd877]::process::Command as cli_test_dir[6bd1091965f82dc8]::CommandExt>::output_with_stdin::<&str>
[INFO] [stdout]   13:     0x64a9ad1d39b0 - <tests[fd35587131a18550]::trim_whitespace::{closure#0} as core[a373ad73a504971]::ops::function::FnOnce<()>>::call_once
[INFO] [stdout]   14:     0x64a9ad1d638b - test[aada8e7e76ba119b]::__rust_begin_short_backtrace::<core[a373ad73a504971]::result::Result<(), alloc[2e1b2a31b91974c5]::string::String>, fn() -> core[a373ad73a504971]::result::Result<(), alloc[2e1b2a31b91974c5]::string::String>>
[INFO] [stdout]   15:     0x64a9ad1e3565 - test[aada8e7e76ba119b]::run_test::{closure#0}
[INFO] [stdout]   16:     0x64a9ad1dce54 - std[617be2ca0a6fd877]::sys::backtrace::__rust_begin_short_backtrace::<test[aada8e7e76ba119b]::run_test::{closure#1}, ()>
[INFO] [stdout]   17:     0x64a9ad1e65f2 - <std[617be2ca0a6fd877]::thread::lifecycle::spawn_unchecked<test[aada8e7e76ba119b]::run_test::{closure#1}, ()>::{closure#1} as core[a373ad73a504971]::ops::function::FnOnce<()>>::call_once::{shim:vtable#0}
[INFO] [stdout]   18:     0x64a9ad250f8f - <std[617be2ca0a6fd877]::sys::thread::unix::Thread>::new::thread_start
[INFO] [stdout]   19:     0x79611ee16dfa - <unknown>
[INFO] [stdout]   20:     0x79611eeaa3d4 - clone
[INFO] [stdout]   21:                0x0 - <unknown>
[INFO] [stdout] 
[INFO] [stdout] ---- version_flag stdout ----
[INFO] [stdout] 
[INFO] [stdout] thread 'version_flag' (868) panicked at /opt/rustwide/cargo-home/registry/src/index.crates.io-1949cf8c6b5b557f/cli_test_dir-0.1.7/src/lib.rs:559:25:
[INFO] [stdout] error running command: Os { code: 2, kind: NotFound, message: "No such file or directory" }
[INFO] [stdout] stack backtrace:
[INFO] [stdout]    0:     0x64a9ad251731 - <<std[617be2ca0a6fd877]::sys::backtrace::BacktraceLock>::print::DisplayBacktrace as core[a373ad73a504971]::fmt::Display>::fmt
[INFO] [stdout]    1:     0x64a9ad265d9a - core[a373ad73a504971]::fmt::write
[INFO] [stdout]    2:     0x64a9ad255fec - <alloc[2e1b2a31b91974c5]::vec::Vec<u8> as core[a373ad73a504971]::io::write::Write>::write_fmt
[INFO] [stdout]    3:     0x64a9ad22c1b6 - std[617be2ca0a6fd877]::panicking::default_hook::{closure#0}
[INFO] [stdout]    4:     0x64a9ad249629 - std[617be2ca0a6fd877]::panicking::default_hook
[INFO] [stdout]    5:     0x64a9ad1e2f40 - test[aada8e7e76ba119b]::test_main_inner::{closure#0}
[INFO] [stdout]    6:     0x64a9ad2497e2 - std[617be2ca0a6fd877]::panicking::panic_with_hook
[INFO] [stdout]    7:     0x64a9ad22c262 - std[617be2ca0a6fd877]::panicking::panic_handler::{closure#0}
[INFO] [stdout]    8:     0x64a9ad224e59 - std[617be2ca0a6fd877]::sys::backtrace::__rust_end_short_backtrace::<std[617be2ca0a6fd877]::panicking::panic_handler::{closure#0}, !>
[INFO] [stdout]    9:     0x64a9ad22ce6d - __rustc[ea4f61d10b84890b]::rust_begin_unwind
[INFO] [stdout]   10:     0x64a9ad2664cc - core[a373ad73a504971]::panicking::panic_fmt
[INFO] [stdout]   11:     0x64a9ad218379 - <&mut std[617be2ca0a6fd877]::process::Command as cli_test_dir[6bd1091965f82dc8]::ExpectStatus>::expect_success
[INFO] [stdout]   12:     0x64a9ad1d3819 - <tests[fd35587131a18550]::version_flag::{closure#0} as core[a373ad73a504971]::ops::function::FnOnce<()>>::call_once
[INFO] [stdout]   13:     0x64a9ad1d638b - test[aada8e7e76ba119b]::__rust_begin_short_backtrace::<core[a373ad73a504971]::result::Result<(), alloc[2e1b2a31b91974c5]::string::String>, fn() -> core[a373ad73a504971]::result::Result<(), alloc[2e1b2a31b91974c5]::string::String>>
[INFO] [stdout]   14:     0x64a9ad1e3565 - test[aada8e7e76ba119b]::run_test::{closure#0}
[INFO] [stdout]   15:     0x64a9ad1dce54 - std[617be2ca0a6fd877]::sys::backtrace::__rust_begin_short_backtrace::<test[aada8e7e76ba119b]::run_test::{closure#1}, ()>
[INFO] [stdout]   16:     0x64a9ad1e65f2 - <std[617be2ca0a6fd877]::thread::lifecycle::spawn_unchecked<test[aada8e7e76ba119b]::run_test::{closure#1}, ()>::{closure#1} as core[a373ad73a504971]::ops::function::FnOnce<()>>::call_once::{shim:vtable#0}
[INFO] [stdout]   17:     0x64a9ad250f8f - <std[617be2ca0a6fd877]::sys::thread::unix::Thread>::new::thread_start
[INFO] [stdout]   18:     0x79611ee16dfa - <unknown>
[INFO] [stdout]   19:     0x79611eeaa3d4 - clone
[INFO] [stdout]   20:                0x0 - <unknown>
[INFO] [stdout] 
[INFO] [stdout] ---- too_many_bad_rows stdout ----
[INFO] [stdout] 
[INFO] [stdout] thread 'too_many_bad_rows' (865) panicked at /opt/rustwide/cargo-home/registry/src/index.crates.io-1949cf8c6b5b557f/cli_test_dir-0.1.7/src/lib.rs:458:14:
[INFO] [stdout] error running command: Os { code: 2, kind: NotFound, message: "No such file or directory" }
[INFO] [stdout] stack backtrace:
[INFO] [stdout]    0:     0x64a9ad251731 - <<std[617be2ca0a6fd877]::sys::backtrace::BacktraceLock>::print::DisplayBacktrace as core[a373ad73a504971]::fmt::Display>::fmt
[INFO] [stdout]    1:     0x64a9ad265d9a - core[a373ad73a504971]::fmt::write
[INFO] [stdout]    2:     0x64a9ad255fec - <alloc[2e1b2a31b91974c5]::vec::Vec<u8> as core[a373ad73a504971]::io::write::Write>::write_fmt
[INFO] [stdout]    3:     0x64a9ad22c1b6 - std[617be2ca0a6fd877]::panicking::default_hook::{closure#0}
[INFO] [stdout]    4:     0x64a9ad249629 - std[617be2ca0a6fd877]::panicking::default_hook
[INFO] [stdout]    5:     0x64a9ad1e2f40 - test[aada8e7e76ba119b]::test_main_inner::{closure#0}
[INFO] [stdout]    6:     0x64a9ad2497e2 - std[617be2ca0a6fd877]::panicking::panic_with_hook
[INFO] [stdout]    7:     0x64a9ad22c262 - std[617be2ca0a6fd877]::panicking::panic_handler::{closure#0}
[INFO] [stdout]    8:     0x64a9ad224e59 - std[617be2ca0a6fd877]::sys::backtrace::__rust_end_short_backtrace::<std[617be2ca0a6fd877]::panicking::panic_handler::{closure#0}, !>
[INFO] [stdout]    9:     0x64a9ad22ce6d - __rustc[ea4f61d10b84890b]::rust_begin_unwind
[INFO] [stdout]   10:     0x64a9ad2664cc - core[a373ad73a504971]::panicking::panic_fmt
[INFO] [stdout]   11:     0x64a9ad2662a2 - core[a373ad73a504971]::result::unwrap_failed
[INFO] [stdout]   12:     0x64a9ad1d1b89 - <std[617be2ca0a6fd877]::process::Command as cli_test_dir[6bd1091965f82dc8]::CommandExt>::output_with_stdin::<&str>
[INFO] [stdout]   13:     0x64a9ad1d4153 - <tests[fd35587131a18550]::too_many_bad_rows::{closure#0} as core[a373ad73a504971]::ops::function::FnOnce<()>>::call_once
[INFO] [stdout]   14:     0x64a9ad1d638b - test[aada8e7e76ba119b]::__rust_begin_short_backtrace::<core[a373ad73a504971]::result::Result<(), alloc[2e1b2a31b91974c5]::string::String>, fn() -> core[a373ad73a504971]::result::Result<(), alloc[2e1b2a31b91974c5]::string::String>>
[INFO] [stdout]   15:     0x64a9ad1e3565 - test[aada8e7e76ba119b]::run_test::{closure#0}
[INFO] [stdout]   16:     0x64a9ad1dce54 - std[617be2ca0a6fd877]::sys::backtrace::__rust_begin_short_backtrace::<test[aada8e7e76ba119b]::run_test::{closure#1}, ()>
[INFO] [stdout]   17:     0x64a9ad1e65f2 - <std[617be2ca0a6fd877]::thread::lifecycle::spawn_unchecked<test[aada8e7e76ba119b]::run_test::{closure#1}, ()>::{closure#1} as core[a373ad73a504971]::ops::function::FnOnce<()>>::call_once::{shim:vtable#0}
[INFO] [stdout]   18:     0x64a9ad250f8f - <std[617be2ca0a6fd877]::sys::thread::unix::Thread>::new::thread_start
[INFO] [stdout]   19:     0x79611ee16dfa - <unknown>
[INFO] [stdout]   20:     0x79611eeaa3d4 - clone
[INFO] [stdout]   21:                0x0 - <unknown>
[INFO] [stdout] 
[INFO] [stdout] 
[INFO] [stdout] failures:
[INFO] [stdout]     bad_rows
[INFO] [stdout]     basic_file_scrubbing
[INFO] [stdout]     clean_column_names_stable
[INFO] [stdout]     clean_column_names_stable_rejects_certain_names
[INFO] [stdout]     clean_column_names_unique
[INFO] [stdout]     drop_row_if_null
[INFO] [stdout]     help_flag
[INFO] [stdout]     null_normalization
[INFO] [stdout]     null_normalization_of_null_bytes
[INFO] [stdout]     quote_and_delimiter
[INFO] [stdout]     replace_newlines
[INFO] [stdout]     reserve_column_names
[INFO] [stdout]     stdin_and_delimiter_and_quiet
[INFO] [stdout]     too_many_bad_rows
[INFO] [stdout]     trim_whitespace
[INFO] [stdout]     version_flag
[INFO] [stdout] 
[INFO] [stdout] test result: FAILED. 0 passed; 16 failed; 0 ignored; 0 measured; 0 filtered out; finished in 0.01s
[INFO] [stdout] 
[INFO] running `Command { std: "docker" "inspect" "2e6f35dc9dc980ac0d89e227422b0ce340e85dc0f6519d4d5842d1acda36e5ce", kill_on_drop: false }`
[INFO] running `Command { std: "docker" "rm" "-f" "2e6f35dc9dc980ac0d89e227422b0ce340e85dc0f6519d4d5842d1acda36e5ce", kill_on_drop: false }`
[INFO] [stdout] 2e6f35dc9dc980ac0d89e227422b0ce340e85dc0f6519d4d5842d1acda36e5ce
