[INFO] fetching crate rulisp 0.8.0...
[INFO] testing rulisp-0.8.0 against 1.100.0-beta.1+cargoflags=--release for beta-release-1.100-3
[INFO] extracting crate rulisp 0.8.0 into /workspace/builds/worker-0-tc2/source
[INFO] started tweaking crates.io crate rulisp 0.8.0
[INFO] removed 0 missing tests
[INFO] finished tweaking crates.io crate rulisp 0.8.0
[INFO] tweaked toml for crates.io crate rulisp 0.8.0 written to /workspace/builds/worker-0-tc2/source/Cargo.toml
[INFO] validating manifest of crates.io crate rulisp 0.8.0 on toolchain 1.100.0-beta.1
[INFO] running `Command { std: CARGO_HOME="/workspace/cargo-home" RUSTUP_HOME="/workspace/rustup-home" "/workspace/cargo-home/bin/cargo" "+1.100.0-beta.1" "metadata" "--manifest-path" "Cargo.toml" "--no-deps", kill_on_drop: false }`
[INFO] crate crates.io crate rulisp 0.8.0 already has a lockfile, it will not be regenerated
[INFO] running `Command { std: CARGO_HOME="/workspace/cargo-home" RUSTUP_HOME="/workspace/rustup-home" "/workspace/cargo-home/bin/cargo" "+1.100.0-beta.1" "fetch" "--manifest-path" "Cargo.toml", kill_on_drop: false }`
[INFO] running `Command { std: "docker" "create" "-v" "/var/lib/crater-agent-workspace/builds/worker-0-tc2/source:/opt/rustwide/workdir:ro,Z" "-v" "/var/lib/crater-agent-workspace/builds/worker-0-tc2/target:/opt/rustwide/target:rw,Z" "-v" "/var/lib/crater-agent-workspace/cargo-home:/opt/rustwide/cargo-home:ro,Z" "-v" "/var/lib/crater-agent-workspace/rustup-home:/opt/rustwide/rustup-home:ro,Z" "-m" "1610612736" "--network" "none" "ghcr.io/rust-lang/crates-build-env/linux@sha256:77db811e55d90add9212f6832c23229e3de5f1c1f9905e8cb07319ea15df73ac" "sleep" "infinity", kill_on_drop: false }`
[INFO] [stdout] f258d1b77311363be99b757d2477c0e5e03fefc65827c68a7e9b0ba6a570e0ae
[INFO] running `Command { std: "docker" "start" "f258d1b77311363be99b757d2477c0e5e03fefc65827c68a7e9b0ba6a570e0ae", kill_on_drop: false }`
[INFO] running `Command { std: "docker" "inspect" "f258d1b77311363be99b757d2477c0e5e03fefc65827c68a7e9b0ba6a570e0ae", kill_on_drop: false }`
[INFO] running `Command { std: "docker" "exec" "-e" "SOURCE_DIR=/opt/rustwide/workdir" "-e" "CARGO_HOME=/opt/rustwide/cargo-home" "-e" "RUSTUP_HOME=/opt/rustwide/rustup-home" "-e" "CARGO_TARGET_DIR=/opt/rustwide/target" "-w" "/opt/rustwide/workdir" "--user" "0:0" "f258d1b77311363be99b757d2477c0e5e03fefc65827c68a7e9b0ba6a570e0ae" "/opt/rustwide/cargo-home/bin/cargo" "+1.100.0-beta.1" "metadata" "--no-deps" "--format-version=1", kill_on_drop: false }`
[INFO] running `Command { std: "docker" "inspect" "f258d1b77311363be99b757d2477c0e5e03fefc65827c68a7e9b0ba6a570e0ae", kill_on_drop: false }`
[INFO] running `Command { std: "docker" "exec" "-e" "SOURCE_DIR=/opt/rustwide/workdir" "-e" "CARGO_HOME=/opt/rustwide/cargo-home" "-e" "RUSTUP_HOME=/opt/rustwide/rustup-home" "-e" "CARGO_TARGET_DIR=/opt/rustwide/target" "-e" "CARGO_INCREMENTAL=0" "-e" "RUST_BACKTRACE=full" "-e" "RUSTFLAGS=--cap-lints=warn" "-e" "RUSTDOCFLAGS=--cap-lints=warn" "-w" "/opt/rustwide/workdir" "--user" "0:0" "f258d1b77311363be99b757d2477c0e5e03fefc65827c68a7e9b0ba6a570e0ae" "/opt/rustwide/cargo-home/bin/cargo" "+1.100.0-beta.1" "build" "--frozen" "--message-format=json" "--release", kill_on_drop: false }`
[INFO] [stderr]    Compiling proc-macro2 v1.0.106
[INFO] [stderr]    Compiling quote v1.0.46
[INFO] [stderr]    Compiling unicode-ident v1.0.24
[INFO] [stderr]    Compiling rulisp-runtime v0.8.0
[INFO] [stderr]    Compiling syn v2.0.118
[INFO] [stderr]    Compiling rulisp-macros v0.8.0
[INFO] [stderr]    Compiling rulisp v0.8.0 (/opt/rustwide/workdir)
[INFO] [stderr]     Finished `release` profile [optimized] target(s) in 5.80s
[INFO] running `Command { std: "docker" "inspect" "f258d1b77311363be99b757d2477c0e5e03fefc65827c68a7e9b0ba6a570e0ae", kill_on_drop: false }`
[INFO] running `Command { std: "docker" "exec" "-e" "SOURCE_DIR=/opt/rustwide/workdir" "-e" "CARGO_HOME=/opt/rustwide/cargo-home" "-e" "RUSTUP_HOME=/opt/rustwide/rustup-home" "-e" "CARGO_TARGET_DIR=/opt/rustwide/target" "-e" "CARGO_INCREMENTAL=0" "-e" "RUST_BACKTRACE=full" "-e" "RUSTFLAGS=--cap-lints=warn" "-e" "RUSTDOCFLAGS=--cap-lints=warn" "-w" "/opt/rustwide/workdir" "--user" "0:0" "f258d1b77311363be99b757d2477c0e5e03fefc65827c68a7e9b0ba6a570e0ae" "/opt/rustwide/cargo-home/bin/cargo" "+1.100.0-beta.1" "test" "--frozen" "--no-run" "--message-format=json" "--release", kill_on_drop: false }`
[INFO] [stderr]    Compiling serde_core v1.0.228
[INFO] [stderr]    Compiling zmij v1.0.23
[INFO] [stderr]    Compiling serde v1.0.228
[INFO] [stderr]    Compiling target-triple v1.0.0
[INFO] [stderr]    Compiling serde_json v1.0.150
[INFO] [stderr]    Compiling winnow v1.0.4
[INFO] [stderr]    Compiling toml_writer v1.1.2+spec-1.1.0
[INFO] [stderr]    Compiling memchr v2.8.3
[INFO] [stderr]    Compiling itoa v1.0.18
[INFO] [stderr]    Compiling termcolor v1.4.1
[INFO] [stderr]    Compiling glob v0.3.3
[INFO] [stderr]    Compiling serde_derive v1.0.228
[INFO] [stderr]    Compiling toml_parser v1.1.2+spec-1.1.0
[INFO] [stderr]    Compiling serde_spanned v1.1.1
[INFO] [stderr]    Compiling toml_datetime v1.1.1+spec-1.1.0
[INFO] [stderr]    Compiling toml v1.1.3+spec-1.1.0
[INFO] [stderr]    Compiling trybuild v1.0.118
[INFO] [stderr]    Compiling rulisp v0.8.0 (/opt/rustwide/workdir)
[INFO] [stderr]     Finished `release` profile [optimized] target(s) in 18.49s
[INFO] running `Command { std: "docker" "inspect" "f258d1b77311363be99b757d2477c0e5e03fefc65827c68a7e9b0ba6a570e0ae", kill_on_drop: false }`
[INFO] running `Command { std: "docker" "exec" "-e" "SOURCE_DIR=/opt/rustwide/workdir" "-e" "CARGO_HOME=/opt/rustwide/cargo-home" "-e" "RUSTUP_HOME=/opt/rustwide/rustup-home" "-e" "CARGO_TARGET_DIR=/opt/rustwide/target" "-e" "CARGO_INCREMENTAL=0" "-e" "RUST_BACKTRACE=full" "-e" "RUSTFLAGS=--cap-lints=warn" "-e" "RUSTDOCFLAGS=--cap-lints=warn" "-w" "/opt/rustwide/workdir" "--user" "0:0" "f258d1b77311363be99b757d2477c0e5e03fefc65827c68a7e9b0ba6a570e0ae" "/opt/rustwide/cargo-home/bin/cargo" "+1.100.0-beta.1" "test" "--frozen" "--release", kill_on_drop: false }`
[INFO] [stderr]     Finished `release` profile [optimized] target(s) in 0.05s
[INFO] [stderr]      Running unittests src/lib.rs (/opt/rustwide/target/release/build/rulisp/5bec8f69d5a32345/out/rulisp-5bec8f69d5a32345)
[INFO] [stdout] 
[INFO] [stdout] running 6 tests
[INFO] [stdout] test inbox::tests::order_full_and_closed ... ok
[INFO] [stdout] test inbox::tests::capacity_is_at_least_one ... ok
[INFO] [stdout] test inbox::tests::send_timeout_takes_any_duration ... ok
[INFO] [stdout] test inbox::tests::send_timeout_waits_for_room ... ok
[INFO] [stdout] test inbox::tests::recv_wakes_on_send_and_on_close ... ok
[INFO] [stdout] test inbox::tests::recv_is_capped ... ok
[INFO] [stdout] 
[INFO] [stdout] test result: ok. 6 passed; 0 failed; 0 ignored; 0 measured; 0 filtered out; finished in 0.10s
[INFO] [stdout] 
[INFO] [stderr]      Running tests/compile_fail.rs (/opt/rustwide/target/release/build/rulisp/6adc585d5e8d98dd/out/compile_fail-6adc585d5e8d98dd)
[INFO] [stdout] 
[INFO] [stdout] running 1 test
[INFO] [stderr]    Compiling proc-macro2 v1.0.106
[INFO] [stderr]    Compiling unicode-ident v1.0.24
[INFO] [stderr]    Compiling quote v1.0.46
[INFO] [stderr]     Checking rulisp-runtime v0.8.0
[INFO] [stderr]    Compiling syn v2.0.118
[INFO] [stderr]    Compiling rulisp-macros v0.8.0
[INFO] [stderr]     Checking rulisp v0.8.0 (/opt/rustwide/workdir)
[INFO] [stderr]     Checking rulisp-tests v0.0.0 (/opt/rustwide/target/tests/trybuild/rulisp)
[INFO] [stderr]     Finished `dev` profile [unoptimized + debuginfo] target(s) in 6.65s
[INFO] [stderr] 
[INFO] [stderr] 
[INFO] [stderr] test tests/ui/bad_type.rs ... ok
[INFO] [stderr] test tests/ui/ctor_name_bad.rs ... ok
[INFO] [stderr] test tests/ui/ctor_self.rs ... ok
[INFO] [stderr] test tests/ui/module_typo.rs ... mismatch
[INFO] [stderr] 
[INFO] [stderr] EXPECTED:
[INFO] [stderr] ┈┈┈┈┈┈┈┈┈┈┈┈┈┈┈┈┈┈┈┈┈┈┈┈┈┈┈┈┈┈┈┈┈┈┈┈┈┈┈┈┈┈┈┈┈┈┈┈┈┈┈┈┈┈┈┈┈┈┈┈
[INFO] [stderr] error[E0425]: cannot find value `__RULISP_META_GREEET` in this scope
[INFO] [stderr]   --> tests/ui/module_typo.rs:9:1
[INFO] [stderr]    |
[INFO] [stderr]  4 |   #[rulisp::export]
[INFO] [stderr]    |   ----------------- similarly named constant `__RULISP_META_GREET` defined here
[INFO] [stderr] ...
[INFO] [stderr]  9 | / rulisp::module! {
[INFO] [stderr] 10 | |     name: "rulisp-tests",
[INFO] [stderr] 11 | |     handles: [],
[INFO] [stderr] 12 | |     fns: [greeet],
[INFO] [stderr] 13 | | }
[INFO] [stderr]    | |_^
[INFO] [stderr]    |
[INFO] [stderr]    = note: this error originates in the macro `rulisp::module` (in Nightly builds, run with -Z macro-backtrace for more info)
[INFO] [stderr] help: a constant with a similar name exists
[INFO] [stderr]    |
[INFO] [stderr]  9 - rulisp::module! {
[INFO] [stderr] 10 -     name: "rulisp-tests",
[INFO] [stderr] 11 -     handles: [],
[INFO] [stderr] 12 -     fns: [greeet],
[INFO] [stderr] 13 - }
[INFO] [stderr]  9 + __RULISP_META_GREET
[INFO] [stderr]    |
[INFO] [stderr] ┈┈┈┈┈┈┈┈┈┈┈┈┈┈┈┈┈┈┈┈┈┈┈┈┈┈┈┈┈┈┈┈┈┈┈┈┈┈┈┈┈┈┈┈┈┈┈┈┈┈┈┈┈┈┈┈┈┈┈┈
[INFO] [stderr] 
[INFO] [stderr] ACTUAL OUTPUT:
[INFO] [stderr] ┈┈┈┈┈┈┈┈┈┈┈┈┈┈┈┈┈┈┈┈┈┈┈┈┈┈┈┈┈┈┈┈┈┈┈┈┈┈┈┈┈┈┈┈┈┈┈┈┈┈┈┈┈┈┈┈┈┈┈┈
[INFO] [stderr] error[E0425]: cannot find value `__RULISP_META_GREEET` in this scope
[INFO] [stderr]   --> tests/ui/module_typo.rs:9:1
[INFO] [stderr]    |
[INFO] [stderr]  9 | / rulisp::module! {
[INFO] [stderr] 10 | |     name: "rulisp-tests",
[INFO] [stderr] 11 | |     handles: [],
[INFO] [stderr] 12 | |     fns: [greeet],
[INFO] [stderr] 13 | | }
[INFO] [stderr]    | |_^ not found in this scope
[INFO] [stderr]    |
[INFO] [stderr] note: similarly named constant `__RULISP_META_GREET` defined here
[INFO] [stderr]   --> tests/ui/module_typo.rs:4:1
[INFO] [stderr]    |
[INFO] [stderr]  4 | #[rulisp::export]
[INFO] [stderr]    | ^^^^^^^^^^^^^^^^^
[INFO] [stderr]    = note: this error originates in the macro `rulisp::module` which comes from the expansion of the attribute macro `rulisp::export` (in Nightly builds, run with -Z macro-backtrace for more info)
[INFO] [stderr] help: a constant with a similar name exists
[INFO] [stderr]    |
[INFO] [stderr]  9 - rulisp::module! {
[INFO] [stderr] 10 -     name: "rulisp-tests",
[INFO] [stderr] 11 -     handles: [],
[INFO] [stderr] 12 -     fns: [greeet],
[INFO] [stderr] 13 - }
[INFO] [stderr]  9 + __RULISP_META_GREET
[INFO] [stderr]    |
[INFO] [stderr] ┈┈┈┈┈┈┈┈┈┈┈┈┈┈┈┈┈┈┈┈┈┈┈┈┈┈┈┈┈┈┈┈┈┈┈┈┈┈┈┈┈┈┈┈┈┈┈┈┈┈┈┈┈┈┈┈┈┈┈┈
[INFO] [stderr] note: If the actual output is the correct output you can bless it by rerunning
[INFO] [stderr]       your test with the environment variable TRYBUILD=overwrite
[INFO] [stderr] 
[INFO] [stderr] test tests/ui/mut_self.rs ... ok
[INFO] [stderr] test tests/ui/non_send_handle.rs ... mismatch
[INFO] [stderr] 
[INFO] [stderr] EXPECTED:
[INFO] [stderr] ┈┈┈┈┈┈┈┈┈┈┈┈┈┈┈┈┈┈┈┈┈┈┈┈┈┈┈┈┈┈┈┈┈┈┈┈┈┈┈┈┈┈┈┈┈┈┈┈┈┈┈┈┈┈┈┈┈┈┈┈
[INFO] [stderr] error[E0277]: `Rc<std::vec::Vec<u8>>` cannot be shared between threads safely
[INFO] [stderr]  --> tests/ui/non_send_handle.rs:7:12
[INFO] [stderr]   |
[INFO] [stderr] 7 | pub struct Bad {
[INFO] [stderr]   |            ^^^ `Rc<std::vec::Vec<u8>>` cannot be shared between threads safely
[INFO] [stderr]   |
[INFO] [stderr]   = help: within `Bad`, the trait `Sync` is not implemented for `Rc<std::vec::Vec<u8>>`
[INFO] [stderr] note: required because it appears within the type `Bad`
[INFO] [stderr]  --> tests/ui/non_send_handle.rs:7:12
[INFO] [stderr]   |
[INFO] [stderr] 7 | pub struct Bad {
[INFO] [stderr]   |            ^^^
[INFO] [stderr] note: required by a bound in `HandleType`
[INFO] [stderr]  --> src/lib.rs
[INFO] [stderr]   |
[INFO] [stderr]   | pub trait HandleType: Send + Sync + 'static {
[INFO] [stderr]   |                              ^^^^ required by this bound in `HandleType`
[INFO] [stderr] 
[INFO] [stderr] error[E0277]: `Rc<std::vec::Vec<u8>>` cannot be sent between threads safely
[INFO] [stderr]  --> tests/ui/non_send_handle.rs:7:12
[INFO] [stderr]   |
[INFO] [stderr] 7 | pub struct Bad {
[INFO] [stderr]   |            ^^^ `Rc<std::vec::Vec<u8>>` cannot be sent between threads safely
[INFO] [stderr]   |
[INFO] [stderr]   = help: within `Bad`, the trait `Send` is not implemented for `Rc<std::vec::Vec<u8>>`
[INFO] [stderr] note: required because it appears within the type `Bad`
[INFO] [stderr]  --> tests/ui/non_send_handle.rs:7:12
[INFO] [stderr]   |
[INFO] [stderr] 7 | pub struct Bad {
[INFO] [stderr]   |            ^^^
[INFO] [stderr] note: required by a bound in `HandleType`
[INFO] [stderr]  --> src/lib.rs
[INFO] [stderr]   |
[INFO] [stderr]   | pub trait HandleType: Send + Sync + 'static {
[INFO] [stderr]   |                       ^^^^ required by this bound in `HandleType`
[INFO] [stderr] ┈┈┈┈┈┈┈┈┈┈┈┈┈┈┈┈┈┈┈┈┈┈┈┈┈┈┈┈┈┈┈┈┈┈┈┈┈┈┈┈┈┈┈┈┈┈┈┈┈┈┈┈┈┈┈┈┈┈┈┈
[INFO] [stderr] 
[INFO] [stderr] ACTUAL OUTPUT:
[INFO] [stderr] ┈┈┈┈┈┈┈┈┈┈┈┈┈┈┈┈┈┈┈┈┈┈┈┈┈┈┈┈┈┈┈┈┈┈┈┈┈┈┈┈┈┈┈┈┈┈┈┈┈┈┈┈┈┈┈┈┈┈┈┈
[INFO] [stderr] error[E0277]: `Rc<std::vec::Vec<u8>>` cannot be shared between threads safely
[INFO] [stderr]  --> tests/ui/non_send_handle.rs:7:12
[INFO] [stderr]   |
[INFO] [stderr] 7 | pub struct Bad {
[INFO] [stderr]   |            ^^^ `Rc<std::vec::Vec<u8>>` cannot be shared between threads safely
[INFO] [stderr]   |
[INFO] [stderr]   = help: within `Bad`, the trait `Sync` is not implemented for `Rc<std::vec::Vec<u8>>`
[INFO] [stderr] note: required because it appears within the type `Bad`
[INFO] [stderr]  --> tests/ui/non_send_handle.rs:8:5
[INFO] [stderr]   |
[INFO] [stderr] 7 | pub struct Bad {
[INFO] [stderr] 8 |     data: Rc<Vec<u8>>,
[INFO] [stderr]   |     ^^^^^^^^^^^^^^^^^ required by this field
[INFO] [stderr] note: required by a bound in `HandleType`
[INFO] [stderr]  --> src/lib.rs
[INFO] [stderr]   |
[INFO] [stderr]   | pub trait HandleType: Send + Sync + 'static {
[INFO] [stderr]   |                              ^^^^ required by this bound in `HandleType`
[INFO] [stderr] 
[INFO] [stderr] error[E0277]: `Rc<std::vec::Vec<u8>>` cannot be sent between threads safely
[INFO] [stderr]  --> tests/ui/non_send_handle.rs:7:12
[INFO] [stderr]   |
[INFO] [stderr] 7 | pub struct Bad {
[INFO] [stderr]   |            ^^^ `Rc<std::vec::Vec<u8>>` cannot be sent between threads safely
[INFO] [stderr]   |
[INFO] [stderr]   = help: within `Bad`, the trait `Send` is not implemented for `Rc<std::vec::Vec<u8>>`
[INFO] [stderr] note: required because it appears within the type `Bad`
[INFO] [stderr]  --> tests/ui/non_send_handle.rs:8:5
[INFO] [stderr]   |
[INFO] [stderr] 7 | pub struct Bad {
[INFO] [stderr] 8 |     data: Rc<Vec<u8>>,
[INFO] [stderr]   |     ^^^^^^^^^^^^^^^^^ required by this field
[INFO] [stderr] note: required by a bound in `HandleType`
[INFO] [stderr]  --> src/lib.rs
[INFO] [stderr]   |
[INFO] [stderr]   | pub trait HandleType: Send + Sync + 'static {
[INFO] [stderr]   |                       ^^^^ required by this bound in `HandleType`
[INFO] [stderr] ┈┈┈┈┈┈┈┈┈┈┈┈┈┈┈┈┈┈┈┈┈┈┈┈┈┈┈┈┈┈┈┈┈┈┈┈┈┈┈┈┈┈┈┈┈┈┈┈┈┈┈┈┈┈┈┈┈┈┈┈
[INFO] [stderr] note: If the actual output is the correct output you can bless it by rerunning
[INFO] [stderr]       your test with the environment variable TRYBUILD=overwrite
[INFO] [stderr] 
[INFO] [stderr] test tests/ui/on_dump_with_params.rs ... ok
[INFO] [stderr] test tests/ui/option_handle_result.rs ... ok
[INFO] [stderr] test tests/ui/static_lifetime.rs ... ok
[INFO] [stderr] test tests/ui/stored_callback.rs ... mismatch
[INFO] [stderr] 
[INFO] [stderr] EXPECTED:
[INFO] [stderr] ┈┈┈┈┈┈┈┈┈┈┈┈┈┈┈┈┈┈┈┈┈┈┈┈┈┈┈┈┈┈┈┈┈┈┈┈┈┈┈┈┈┈┈┈┈┈┈┈┈┈┈┈┈┈┈┈┈┈┈┈
[INFO] [stderr] error[E0277]: `*const ()` cannot be sent between threads safely
[INFO] [stderr]  --> tests/ui/stored_callback.rs:7:15
[INFO] [stderr]   |
[INFO] [stderr] 7 | static STASH: Mutex<Option<Callback<'static, (&'static str,), ()>>> = Mutex::new(None);
[INFO] [stderr]   |               ^^^^^^^^^^^^^^^^^^^^^^^^^^^^^^^^^^^^^^^^^^^^^^^^^^^^^ `*const ()` cannot be sent between threads safely
[INFO] [stderr]   |
[INFO] [stderr]   = help: within `std::option::Option<rulisp::Callback<'static, (&'static str,), ()>>`, the trait `Send` is not implemented for `*const ()`
[INFO] [stderr] note: required because it appears within the type `rulisp::Callback<'static, (&'static str,), ()>`
[INFO] [stderr]  --> src/lib.rs
[INFO] [stderr]   |
[INFO] [stderr]   | pub struct Callback<'a, A, R> {
[INFO] [stderr]   |            ^^^^^^^^
[INFO] [stderr] note: required because it appears within the type `std::option::Option<rulisp::Callback<'static, (&'static str,), ()>>`
[INFO] [stderr]  --> $RUST/core/src/option.rs
[INFO] [stderr]   = note: required for `std::sync::Mutex<std::option::Option<rulisp::Callback<'static, (&'static str,), ()>>>` to implement `Sync`
[INFO] [stderr]   = note: shared static variables must have a type that implements `Sync`
[INFO] [stderr] 
[INFO] [stderr] error[E0277]: `*mut ()` cannot be sent between threads safely
[INFO] [stderr]  --> tests/ui/stored_callback.rs:7:15
[INFO] [stderr]   |
[INFO] [stderr] 7 | static STASH: Mutex<Option<Callback<'static, (&'static str,), ()>>> = Mutex::new(None);
[INFO] [stderr]   |               ^^^^^^^^^^^^^^^^^^^^^^^^^^^^^^^^^^^^^^^^^^^^^^^^^^^^^ `*mut ()` cannot be sent between threads safely
[INFO] [stderr]   |
[INFO] [stderr]   = help: within `std::option::Option<rulisp::Callback<'static, (&'static str,), ()>>`, the trait `Send` is not implemented for `*mut ()`
[INFO] [stderr]   = note: required because it appears within the type `(*mut (), &'static (), fn((&'static str,)))`
[INFO] [stderr] note: required because it appears within the type `PhantomData<(*mut (), &'static (), fn((&'static str,)))>`
[INFO] [stderr]  --> $RUST/core/src/marker.rs
[INFO] [stderr] note: required because it appears within the type `rulisp::Callback<'static, (&'static str,), ()>`
[INFO] [stderr]  --> src/lib.rs
[INFO] [stderr]   |
[INFO] [stderr]   | pub struct Callback<'a, A, R> {
[INFO] [stderr]   |            ^^^^^^^^
[INFO] [stderr] note: required because it appears within the type `std::option::Option<rulisp::Callback<'static, (&'static str,), ()>>`
[INFO] [stderr]  --> $RUST/core/src/option.rs
[INFO] [stderr]   = note: required for `std::sync::Mutex<std::option::Option<rulisp::Callback<'static, (&'static str,), ()>>>` to implement `Sync`
[INFO] [stderr]   = note: shared static variables must have a type that implements `Sync`
[INFO] [stderr] 
[INFO] [stderr] error[E0521]: borrowed data escapes outside of function
[INFO] [stderr]   --> tests/ui/stored_callback.rs:11:6
[INFO] [stderr]    |
[INFO] [stderr] 10 | pub fn keep(f: Callback<(&str,), ()>) {
[INFO] [stderr]    |             -
[INFO] [stderr]    |             |
[INFO] [stderr]    |             `f` is a reference that is only valid in the function body
[INFO] [stderr]    |             has type `rulisp::Callback<'1, (&str,), ()>`
[INFO] [stderr] 11 |     *STASH.lock().unwrap() = Some(f);
[INFO] [stderr]    |      ^^^^^^^^^^^^
[INFO] [stderr]    |      |
[INFO] [stderr]    |      `f` escapes the function body here
[INFO] [stderr]    |      argument requires that `'1` must outlive `'static`
[INFO] [stderr]    |
[INFO] [stderr]    = note: requirement occurs because of the type `std::sync::Mutex<std::option::Option<rulisp::Callback<'_, (&str,), ()>>>`, which makes the generic argument `std::option::Option<rulisp::Callback<'_, (&str,), ()>>` invariant
[INFO] [stderr]    = note: the struct `std::sync::Mutex<T>` is invariant over the parameter `T`
[INFO] [stderr]    = help: see <https://doc.rust-lang.org/nomicon/subtyping.html> for more information about variance
[INFO] [stderr] ┈┈┈┈┈┈┈┈┈┈┈┈┈┈┈┈┈┈┈┈┈┈┈┈┈┈┈┈┈┈┈┈┈┈┈┈┈┈┈┈┈┈┈┈┈┈┈┈┈┈┈┈┈┈┈┈┈┈┈┈
[INFO] [stderr] 
[INFO] [stderr] ACTUAL OUTPUT:
[INFO] [stderr] ┈┈┈┈┈┈┈┈┈┈┈┈┈┈┈┈┈┈┈┈┈┈┈┈┈┈┈┈┈┈┈┈┈┈┈┈┈┈┈┈┈┈┈┈┈┈┈┈┈┈┈┈┈┈┈┈┈┈┈┈
[INFO] [stderr] error[E0277]: `*const ()` cannot be sent between threads safely
[INFO] [stderr]  --> tests/ui/stored_callback.rs:7:15
[INFO] [stderr]   |
[INFO] [stderr] 7 | static STASH: Mutex<Option<Callback<'static, (&'static str,), ()>>> = Mutex::new(None);
[INFO] [stderr]   |               ^^^^^^^^^^^^^^^^^^^^^^^^^^^^^^^^^^^^^^^^^^^^^^^^^^^^^ `*const ()` cannot be sent between threads safely
[INFO] [stderr]   |
[INFO] [stderr]   = help: within `std::option::Option<rulisp::Callback<'static, (&'static str,), ()>>`, the trait `Send` is not implemented for `*const ()`
[INFO] [stderr] note: required because it appears within the type `rulisp::Callback<'static, (&'static str,), ()>`
[INFO] [stderr]  --> src/lib.rs
[INFO] [stderr]   |
[INFO] [stderr]   | pub struct Callback<'a, A, R> {
[INFO] [stderr]   |            ^^^^^^^^
[INFO] [stderr] note: required because it appears within the type `std::option::Option<rulisp::Callback<'static, (&'static str,), ()>>`
[INFO] [stderr]  --> $RUST/core/src/option.rs
[INFO] [stderr]   = note: required for `std::sync::Mutex<std::option::Option<rulisp::Callback<'static, (&'static str,), ()>>>` to implement `Sync`
[INFO] [stderr]   = note: shared static variables must have a type that implements `Sync`
[INFO] [stderr] 
[INFO] [stderr] error[E0277]: `*mut ()` cannot be sent between threads safely
[INFO] [stderr]  --> tests/ui/stored_callback.rs:7:15
[INFO] [stderr]   |
[INFO] [stderr] 7 | static STASH: Mutex<Option<Callback<'static, (&'static str,), ()>>> = Mutex::new(None);
[INFO] [stderr]   |               ^^^^^^^^^^^^^^^^^^^^^^^^^^^^^^^^^^^^^^^^^^^^^^^^^^^^^ `*mut ()` cannot be sent between threads safely
[INFO] [stderr]   |
[INFO] [stderr]   = help: within `std::option::Option<rulisp::Callback<'static, (&'static str,), ()>>`, the trait `Send` is not implemented for `*mut ()`
[INFO] [stderr]   = note: required because it appears within the type `(*mut (), &'static (), fn((&'static str,)))`
[INFO] [stderr] note: required because it appears within the type `PhantomData<(*mut (), &'static (), fn((&'static str,)))>`
[INFO] [stderr]  --> $RUST/core/src/marker.rs
[INFO] [stderr] note: required because it appears within the type `rulisp::Callback<'static, (&'static str,), ()>`
[INFO] [stderr]  --> src/lib.rs
[INFO] [stderr]   |
[INFO] [stderr]   | pub struct Callback<'a, A, R> {
[INFO] [stderr]   |            ^^^^^^^^
[INFO] [stderr] note: required because it appears within the type `std::option::Option<rulisp::Callback<'static, (&'static str,), ()>>`
[INFO] [stderr]  --> $RUST/core/src/option.rs
[INFO] [stderr]   = note: required for `std::sync::Mutex<std::option::Option<rulisp::Callback<'static, (&'static str,), ()>>>` to implement `Sync`
[INFO] [stderr]   = note: shared static variables must have a type that implements `Sync`
[INFO] [stderr] 
[INFO] [stderr] error[E0521]: borrowed data escapes outside of function
[INFO] [stderr]   --> tests/ui/stored_callback.rs:11:6
[INFO] [stderr]    |
[INFO] [stderr] 10 | pub fn keep(f: Callback<(&str,), ()>) {
[INFO] [stderr]    |             -
[INFO] [stderr]    |             |
[INFO] [stderr]    |             `f` is only valid in the function body
[INFO] [stderr]    |             has type `rulisp::Callback<'1, (&str,), ()>`
[INFO] [stderr] 11 |     *STASH.lock().unwrap() = Some(f);
[INFO] [stderr]    |      ^^^^^^^^^^^^
[INFO] [stderr]    |      |
[INFO] [stderr]    |      `f` escapes the function body here
[INFO] [stderr]    |      argument requires that `'1` must outlive `'static`
[INFO] [stderr]    |
[INFO] [stderr]    = note: requirement occurs because of the type `std::sync::Mutex<std::option::Option<rulisp::Callback<'_, (&str,), ()>>>`, which makes the generic argument `std::option::Option<rulisp::Callback<'_, (&str,), ()>>` invariant
[INFO] [stderr]    = note: the struct `std::sync::Mutex<T>` is invariant over the parameter `T`
[INFO] [stderr]    = help: see <https://doc.rust-lang.org/nomicon/subtyping.html> for more information about variance
[INFO] [stderr] ┈┈┈┈┈┈┈┈┈┈┈┈┈┈┈┈┈┈┈┈┈┈┈┈┈┈┈┈┈┈┈┈┈┈┈┈┈┈┈┈┈┈┈┈┈┈┈┈┈┈┈┈┈┈┈┈┈┈┈┈
[INFO] [stderr] note: If the actual output is the correct output you can bless it by rerunning
[INFO] [stderr]       your test with the environment variable TRYBUILD=overwrite
[INFO] [stderr] 
[INFO] [stderr] 
[INFO] [stderr] 
[INFO] [stderr] error: test failed, to rerun pass `--test compile_fail`
[INFO] [stdout] test ui ... FAILED
[INFO] [stdout] 
[INFO] [stdout] failures:
[INFO] [stdout] 
[INFO] [stdout] ---- ui stdout ----
[INFO] [stdout] 
[INFO] [stdout] thread 'ui' (758) panicked at /opt/rustwide/cargo-home/registry/src/index.crates.io-1949cf8c6b5b557f/trybuild-1.0.118/src/run.rs:102:13:
[INFO] [stdout] 3 of 10 tests failed
[INFO] [stdout] stack backtrace:
[INFO] [stdout]    0:     0x5657fc8c6431 - <<std[617be2ca0a6fd877]::sys::backtrace::BacktraceLock>::print::DisplayBacktrace as core[a373ad73a504971]::fmt::Display>::fmt
[INFO] [stdout]    1:     0x5657fc8dc71a - core[a373ad73a504971]::fmt::write
[INFO] [stdout]    2:     0x5657fc8cac7c - <alloc[2e1b2a31b91974c5]::vec::Vec<u8> as core[a373ad73a504971]::io::write::Write>::write_fmt
[INFO] [stdout]    3:     0x5657fc89f896 - std[617be2ca0a6fd877]::panicking::default_hook::{closure#0}
[INFO] [stdout]    4:     0x5657fc8bd9d9 - std[617be2ca0a6fd877]::panicking::default_hook
[INFO] [stdout]    5:     0x5657fc856fe0 - test[aada8e7e76ba119b]::test_main_inner::{closure#0}
[INFO] [stdout]    6:     0x5657fc8bdb92 - std[617be2ca0a6fd877]::panicking::panic_with_hook
[INFO] [stdout]    7:     0x5657fc89f942 - std[617be2ca0a6fd877]::panicking::panic_handler::{closure#0}
[INFO] [stdout]    8:     0x5657fc898199 - std[617be2ca0a6fd877]::sys::backtrace::__rust_end_short_backtrace::<std[617be2ca0a6fd877]::panicking::panic_handler::{closure#0}, !>
[INFO] [stdout]    9:     0x5657fc8a054d - __rustc[ea4f61d10b84890b]::rust_begin_unwind
[INFO] [stdout]   10:     0x5657fc8dce8c - core[a373ad73a504971]::panicking::panic_fmt
[INFO] [stdout]   11:     0x5657fc7abb53 - <trybuild[713f658ad66cc8da]::Runner>::run
[INFO] [stdout]   12:     0x5657fc7aed80 - <trybuild[713f658ad66cc8da]::TestCases as core[a373ad73a504971]::ops::drop::Drop>::drop
[INFO] [stdout]   13:     0x5657fc7a4d18 - compile_fail[f9d58634b3316bf5]::ui
[INFO] [stdout]   14:     0x5657fc7a4f19 - <compile_fail[f9d58634b3316bf5]::ui::{closure#0} as core[a373ad73a504971]::ops::function::FnOnce<()>>::call_once
[INFO] [stdout]   15:     0x5657fc84a42b - test[aada8e7e76ba119b]::__rust_begin_short_backtrace::<core[a373ad73a504971]::result::Result<(), alloc[2e1b2a31b91974c5]::string::String>, fn() -> core[a373ad73a504971]::result::Result<(), alloc[2e1b2a31b91974c5]::string::String>>
[INFO] [stdout]   16:     0x5657fc857605 - test[aada8e7e76ba119b]::run_test::{closure#0}
[INFO] [stdout]   17:     0x5657fc850ef4 - std[617be2ca0a6fd877]::sys::backtrace::__rust_begin_short_backtrace::<test[aada8e7e76ba119b]::run_test::{closure#1}, ()>
[INFO] [stdout]   18:     0x5657fc85a692 - <std[617be2ca0a6fd877]::thread::lifecycle::spawn_unchecked<test[aada8e7e76ba119b]::run_test::{closure#1}, ()>::{closure#1} as core[a373ad73a504971]::ops::function::FnOnce<()>>::call_once::{shim:vtable#0}
[INFO] [stdout]   19:     0x5657fc8c568f - <std[617be2ca0a6fd877]::sys::thread::unix::Thread>::new::thread_start
[INFO] [stdout]   20:     0x7b65cb2f4dfa - <unknown>
[INFO] [stdout]   21:     0x7b65cb3883d4 - clone
[INFO] [stdout]   22:                0x0 - <unknown>
[INFO] [stdout] 
[INFO] [stdout] 
[INFO] [stdout] failures:
[INFO] [stdout]     ui
[INFO] [stdout] 
[INFO] [stdout] test result: FAILED. 0 passed; 1 failed; 0 ignored; 0 measured; 0 filtered out; finished in 7.30s
[INFO] [stdout] 
[INFO] running `Command { std: "docker" "inspect" "f258d1b77311363be99b757d2477c0e5e03fefc65827c68a7e9b0ba6a570e0ae", kill_on_drop: false }`
[INFO] running `Command { std: "docker" "rm" "-f" "f258d1b77311363be99b757d2477c0e5e03fefc65827c68a7e9b0ba6a570e0ae", kill_on_drop: false }`
[INFO] [stdout] f258d1b77311363be99b757d2477c0e5e03fefc65827c68a7e9b0ba6a570e0ae
