[INFO] fetching crate rstask 0.3.0...
[INFO] testing rstask-0.3.0 against 1.100.0-beta.1+cargoflags=--release for beta-release-1.100-3
[INFO] extracting crate rstask 0.3.0 into /workspace/builds/worker-6-tc2/source
[INFO] started tweaking crates.io crate rstask 0.3.0
[INFO] removed 0 missing tests
[INFO] finished tweaking crates.io crate rstask 0.3.0
[INFO] tweaked toml for crates.io crate rstask 0.3.0 written to /workspace/builds/worker-6-tc2/source/Cargo.toml
[INFO] validating manifest of crates.io crate rstask 0.3.0 on toolchain 1.100.0-beta.1
[INFO] running `Command { std: CARGO_HOME="/workspace/cargo-home" RUSTUP_HOME="/workspace/rustup-home" "/workspace/cargo-home/bin/cargo" "+1.100.0-beta.1" "metadata" "--manifest-path" "Cargo.toml" "--no-deps", kill_on_drop: false }`
[INFO] crate crates.io crate rstask 0.3.0 already has a lockfile, it will not be regenerated
[INFO] running `Command { std: CARGO_HOME="/workspace/cargo-home" RUSTUP_HOME="/workspace/rustup-home" "/workspace/cargo-home/bin/cargo" "+1.100.0-beta.1" "fetch" "--manifest-path" "Cargo.toml", kill_on_drop: false }`
[INFO] running `Command { std: "docker" "create" "-v" "/var/lib/crater-agent-workspace/builds/worker-6-tc2/source:/opt/rustwide/workdir:ro,Z" "-v" "/var/lib/crater-agent-workspace/builds/worker-6-tc2/target:/opt/rustwide/target:rw,Z" "-v" "/var/lib/crater-agent-workspace/cargo-home:/opt/rustwide/cargo-home:ro,Z" "-v" "/var/lib/crater-agent-workspace/rustup-home:/opt/rustwide/rustup-home:ro,Z" "-m" "1610612736" "--network" "none" "ghcr.io/rust-lang/crates-build-env/linux@sha256:77db811e55d90add9212f6832c23229e3de5f1c1f9905e8cb07319ea15df73ac" "sleep" "infinity", kill_on_drop: false }`
[INFO] [stdout] f20c284d6bca334afaafdde8cb9a2d3fbd3e34a7c34e8ae9a026359128891d45
[INFO] running `Command { std: "docker" "start" "f20c284d6bca334afaafdde8cb9a2d3fbd3e34a7c34e8ae9a026359128891d45", kill_on_drop: false }`
[INFO] running `Command { std: "docker" "inspect" "f20c284d6bca334afaafdde8cb9a2d3fbd3e34a7c34e8ae9a026359128891d45", kill_on_drop: false }`
[INFO] running `Command { std: "docker" "exec" "-e" "SOURCE_DIR=/opt/rustwide/workdir" "-e" "CARGO_HOME=/opt/rustwide/cargo-home" "-e" "RUSTUP_HOME=/opt/rustwide/rustup-home" "-e" "CARGO_TARGET_DIR=/opt/rustwide/target" "-w" "/opt/rustwide/workdir" "--user" "0:0" "f20c284d6bca334afaafdde8cb9a2d3fbd3e34a7c34e8ae9a026359128891d45" "/opt/rustwide/cargo-home/bin/cargo" "+1.100.0-beta.1" "metadata" "--no-deps" "--format-version=1", kill_on_drop: false }`
[INFO] running `Command { std: "docker" "inspect" "f20c284d6bca334afaafdde8cb9a2d3fbd3e34a7c34e8ae9a026359128891d45", kill_on_drop: false }`
[INFO] running `Command { std: "docker" "exec" "-e" "SOURCE_DIR=/opt/rustwide/workdir" "-e" "CARGO_HOME=/opt/rustwide/cargo-home" "-e" "RUSTUP_HOME=/opt/rustwide/rustup-home" "-e" "CARGO_TARGET_DIR=/opt/rustwide/target" "-e" "CARGO_INCREMENTAL=0" "-e" "RUST_BACKTRACE=full" "-e" "RUSTFLAGS=--cap-lints=warn" "-e" "RUSTDOCFLAGS=--cap-lints=warn" "-w" "/opt/rustwide/workdir" "--user" "0:0" "f20c284d6bca334afaafdde8cb9a2d3fbd3e34a7c34e8ae9a026359128891d45" "/opt/rustwide/cargo-home/bin/cargo" "+1.100.0-beta.1" "build" "--frozen" "--message-format=json" "--release", kill_on_drop: false }`
[INFO] [stderr]    Compiling proc-macro2 v1.0.106
[INFO] [stderr]    Compiling unicode-ident v1.0.24
[INFO] [stderr]    Compiling quote v1.0.44
[INFO] [stderr]    Compiling libc v0.2.182
[INFO] [stderr]    Compiling find-msvc-tools v0.1.9
[INFO] [stderr]    Compiling shlex v1.3.0
[INFO] [stderr]    Compiling cfg-if v1.0.4
[INFO] [stderr]    Compiling signal-hook v0.3.18
[INFO] [stderr]    Compiling bitflags v2.11.0
[INFO] [stderr]    Compiling parking_lot_core v0.9.12
[INFO] [stderr]    Compiling smallvec v1.15.1
[INFO] [stderr]    Compiling stable_deref_trait v1.2.1
[INFO] [stderr]    Compiling pkg-config v0.3.32
[INFO] [stderr]    Compiling unicode-segmentation v1.12.0
[INFO] [stderr]    Compiling unicode-width v0.2.2
[INFO] [stderr]    Compiling rustix v1.1.3
[INFO] [stderr]    Compiling serde_core v1.0.228
[INFO] [stderr]    Compiling equivalent v1.0.2
[INFO] [stderr]    Compiling vcpkg v0.2.15
[INFO] [stderr]    Compiling foldhash v0.2.0
[INFO] [stderr]    Compiling convert_case v0.10.0
[INFO] [stderr]    Compiling memchr v2.8.0
[INFO] [stderr]    Compiling allocator-api2 v0.2.21
[INFO] [stderr]    Compiling zmij v1.0.21
[INFO] [stderr]    Compiling linux-raw-sys v0.11.0
[INFO] [stderr]    Compiling litrs v1.0.0
[INFO] [stderr]    Compiling hashbrown v0.16.1
[INFO] [stderr]    Compiling syn v2.0.116
[INFO] [stderr]    Compiling heck v0.5.0
[INFO] [stderr]    Compiling thiserror v2.0.18
[INFO] [stderr]    Compiling jobserver v0.1.34
[INFO] [stderr]    Compiling log v0.4.29
[INFO] [stderr]    Compiling document-features v0.2.12
[INFO] [stderr]    Compiling cc v1.2.56
[INFO] [stderr]    Compiling errno v0.3.14
[INFO] [stderr]    Compiling itoa v1.0.17
[INFO] [stderr]    Compiling signal-hook-registry v1.4.8
[INFO] [stderr]    Compiling scopeguard v1.2.0
[INFO] [stderr]    Compiling rustversion v1.0.22
[INFO] [stderr]    Compiling lock_api v0.4.14
[INFO] [stderr]    Compiling mio v1.1.1
[INFO] [stderr]    Compiling crossbeam-utils v0.8.21
[INFO] [stderr]    Compiling litemap v0.8.1
[INFO] [stderr]    Compiling serde v1.0.228
[INFO] [stderr]    Compiling writeable v0.6.2
[INFO] [stderr]    Compiling strsim v0.11.1
[INFO] [stderr]    Compiling ident_case v1.0.1
[INFO] [stderr]    Compiling ryu v1.0.23
[INFO] [stderr]    Compiling signal-hook-mio v0.2.5
[INFO] [stderr]    Compiling parking_lot v0.12.5
[INFO] [stderr]    Compiling icu_normalizer_data v2.1.1
[INFO] [stderr]    Compiling icu_properties_data v2.1.2
[INFO] [stderr]    Compiling either v1.15.0
[INFO] [stderr]    Compiling openssl-sys v0.9.111
[INFO] [stderr]    Compiling libz-sys v1.1.23
[INFO] [stderr]    Compiling itertools v0.14.0
[INFO] [stderr]    Compiling castaway v0.2.4
[INFO] [stderr]    Compiling aho-corasick v1.1.4
[INFO] [stderr]    Compiling static_assertions v1.1.0
[INFO] [stderr]    Compiling tree-sitter-language v0.1.7
[INFO] [stderr]    Compiling indoc v2.0.7
[INFO] [stderr]    Compiling regex-syntax v0.8.9
[INFO] [stderr]    Compiling instability v0.3.11
[INFO] [stderr]    Compiling unicode-truncate v2.0.1
[INFO] [stderr]    Compiling compact_str v0.9.0
[INFO] [stderr]    Compiling libssh2-sys v0.3.1
[INFO] [stderr]    Compiling lru v0.16.3
[INFO] [stderr]    Compiling powerfmt v0.2.0
[INFO] [stderr]    Compiling synstructure v0.13.2
[INFO] [stderr]    Compiling darling_core v0.23.0
[INFO] [stderr]    Compiling regex-automata v0.4.14
[INFO] [stderr]    Compiling serde_json v1.0.149
[INFO] [stderr]    Compiling once_cell v1.21.3
[INFO] [stderr]    Compiling zerofrom-derive v0.1.6
[INFO] [stderr]    Compiling yoke-derive v0.8.1
[INFO] [stderr]    Compiling zerovec-derive v0.11.2
[INFO] [stderr]    Compiling derive_more-impl v2.1.1
[INFO] [stderr]    Compiling displaydoc v0.2.5
[INFO] [stderr]    Compiling zerofrom v0.1.6
[INFO] [stderr]    Compiling thiserror-impl v2.0.18
[INFO] [stderr]    Compiling yoke v0.8.1
[INFO] [stderr]    Compiling derive_more v2.1.1
[INFO] [stderr]    Compiling serde_derive v1.0.228
[INFO] [stderr]    Compiling zerotrie v0.2.3
[INFO] [stderr]    Compiling darling_macro v0.23.0
[INFO] [stderr]    Compiling zerovec v0.11.5
[INFO] [stderr]    Compiling crossterm v0.29.0
[INFO] [stderr]    Compiling strum_macros v0.27.2
[INFO] [stderr]    Compiling tinystr v0.8.2
[INFO] [stderr]    Compiling potential_utf v0.1.4
[INFO] [stderr]    Compiling icu_locale_core v2.1.1
[INFO] [stderr]    Compiling icu_collections v2.1.1
[INFO] [stderr]    Compiling kasuari v0.4.11
[INFO] [stderr]    Compiling icu_provider v2.1.1
[INFO] [stderr]    Compiling darling v0.23.0
[INFO] [stderr]    Compiling strum v0.27.2
[INFO] [stderr]    Compiling ratatui-core v0.1.0
[INFO] [stderr]    Compiling icu_normalizer v2.1.1
[INFO] [stderr]    Compiling icu_properties v2.1.2
[INFO] [stderr]    Compiling regex v1.12.3
[INFO] [stderr]    Compiling indexmap v2.13.0
[INFO] [stderr]    Compiling deranged v0.5.6
[INFO] [stderr]    Compiling time-core v0.1.8
[INFO] [stderr]    Compiling num-conv v0.2.0
[INFO] [stderr]    Compiling num_threads v0.1.7
[INFO] [stderr]    Compiling yansi v1.0.1
[INFO] [stderr]    Compiling hashbrown v0.14.5
[INFO] [stderr]    Compiling utf8parse v0.2.2
[INFO] [stderr]    Compiling getrandom v0.4.1
[INFO] [stderr]    Compiling autocfg v1.5.0
[INFO] [stderr]    Compiling countme v3.0.1
[INFO] [stderr]    Compiling rustc-hash v1.1.0
[INFO] [stderr]    Compiling text-size v1.1.1
[INFO] [stderr]    Compiling styx-parse v1.0.1
[INFO] [stderr]    Compiling rowan v0.16.1
[INFO] [stderr]    Compiling num-traits v0.2.19
[INFO] [stderr]    Compiling anstyle-parse v0.2.7
[INFO] [stderr]    Compiling time v0.3.47
[INFO] [stderr]    Compiling ariadne v0.6.0
[INFO] [stderr]    Compiling idna_adapter v1.2.1
[INFO] [stderr]    Compiling crossbeam-epoch v0.9.18
[INFO] [stderr]    Compiling libgit2-sys v0.18.3+1.9.2
[INFO] [stderr]    Compiling line-clipping v0.3.5
[INFO] [stderr]    Compiling strict v0.2.0
[INFO] [stderr]    Compiling anstyle-query v1.1.5
[INFO] [stderr]    Compiling colorchoice v1.0.4
[INFO] [stderr]    Compiling percent-encoding v2.3.2
[INFO] [stderr]    Compiling is_terminal_polyfill v1.70.2
[INFO] [stderr]    Compiling utf8_iter v1.0.4
[INFO] [stderr]    Compiling anstyle v1.0.13
[INFO] [stderr]    Compiling form_urlencoded v1.2.2
[INFO] [stderr]    Compiling anstream v0.6.21
[INFO] [stderr]    Compiling idna v1.1.0
[INFO] [stderr]    Compiling crokey-proc_macros v1.4.0
[INFO] [stderr]    Compiling ratatui-widgets v0.3.0
[INFO] [stderr]    Compiling styx-tree v1.0.1
[INFO] [stderr]    Compiling crossbeam-deque v0.8.6
[INFO] [stderr]    Compiling tree-sitter v0.26.5
[INFO] [stderr]    Compiling lazy-regex-proc_macros v3.6.0
[INFO] [stderr]    Compiling styx-cst v1.0.1
[INFO] [stderr]    Compiling crossbeam-channel v0.5.15
[INFO] [stderr]    Compiling crossbeam-queue v0.3.12
[INFO] [stderr]    Compiling tree-sitter-md v0.5.2
[INFO] [stderr]    Compiling clap_lex v1.0.0
[INFO] [stderr]    Compiling option-ext v0.2.0
[INFO] [stderr]    Compiling dirs-sys v0.5.0
[INFO] [stderr]    Compiling clap_builder v4.5.59
[INFO] [stderr]    Compiling crokey v1.4.0
[INFO] [stderr]    Compiling ratatui-macros v0.7.0
[INFO] [stderr]    Compiling crossbeam v0.8.4
[INFO] [stderr]    Compiling lazy-regex v3.6.0
[INFO] [stderr]    Compiling styx-format v1.0.1
[INFO] [stderr]    Compiling url v2.5.8
[INFO] [stderr]    Compiling ratatui-crossterm v0.1.0
[INFO] [stderr]    Compiling coolor v1.1.0
[INFO] [stderr]    Compiling clap_derive v4.5.55
[INFO] [stderr]    Compiling minimad v0.14.0
[INFO] [stderr]    Compiling unsafe-libyaml v0.2.11
[INFO] [stderr]    Compiling numtoa v0.2.4
[INFO] [stderr]    Compiling openssl-probe v0.1.6
[INFO] [stderr]    Compiling streaming-iterator v0.1.9
[INFO] [stderr]    Compiling smawk v0.3.2
[INFO] [stderr]    Compiling unicode-width v0.1.14
[INFO] [stderr]    Compiling unicode-linebreak v0.1.5
[INFO] [stderr]    Compiling iana-time-zone v0.1.65
[INFO] [stderr]    Compiling fastrand v2.3.0
[INFO] [stderr]    Compiling tempfile v3.25.0
[INFO] [stderr]    Compiling chrono v0.4.43
[INFO] [stderr]    Compiling textwrap v0.16.2
[INFO] [stderr]    Compiling serde_yaml v0.9.34+deprecated
[INFO] [stderr]    Compiling termimad v0.34.1
[INFO] [stderr]    Compiling termion v4.0.6
[INFO] [stderr]    Compiling clap v4.5.59
[INFO] [stderr]    Compiling ratatui v0.30.0
[INFO] [stderr]    Compiling serde_styx v1.0.1
[INFO] [stderr]    Compiling dirs v6.0.0
[INFO] [stderr]    Compiling uuid v1.21.0
[INFO] [stderr]    Compiling bincode v1.3.3
[INFO] [stderr]    Compiling terminal_size v0.4.3
[INFO] [stderr]    Compiling linkify v0.10.0
[INFO] [stderr]    Compiling atty v0.2.14
[INFO] [stderr]    Compiling home v0.5.12
[INFO] [stderr]    Compiling lazy_static v1.5.0
[INFO] [stderr]    Compiling clap_complete v4.5.66
[INFO] [stderr]    Compiling mdfrier v0.2.0
[INFO] [stderr]    Compiling git2 v0.20.4
[INFO] [stderr]    Compiling rstask-core v0.3.0
[INFO] [stderr]    Compiling rstask v0.3.0 (/opt/rustwide/workdir)
[INFO] [stderr]     Finished `release` profile [optimized] target(s) in 2m 05s
[INFO] running `Command { std: "docker" "inspect" "f20c284d6bca334afaafdde8cb9a2d3fbd3e34a7c34e8ae9a026359128891d45", kill_on_drop: false }`
[INFO] running `Command { std: "docker" "exec" "-e" "SOURCE_DIR=/opt/rustwide/workdir" "-e" "CARGO_HOME=/opt/rustwide/cargo-home" "-e" "RUSTUP_HOME=/opt/rustwide/rustup-home" "-e" "CARGO_TARGET_DIR=/opt/rustwide/target" "-e" "CARGO_INCREMENTAL=0" "-e" "RUST_BACKTRACE=full" "-e" "RUSTFLAGS=--cap-lints=warn" "-e" "RUSTDOCFLAGS=--cap-lints=warn" "-w" "/opt/rustwide/workdir" "--user" "0:0" "f20c284d6bca334afaafdde8cb9a2d3fbd3e34a7c34e8ae9a026359128891d45" "/opt/rustwide/cargo-home/bin/cargo" "+1.100.0-beta.1" "test" "--frozen" "--no-run" "--message-format=json" "--release", kill_on_drop: false }`
[INFO] [stderr]    Compiling rstask v0.3.0 (/opt/rustwide/workdir)
[INFO] [stderr]     Finished `release` profile [optimized] target(s) in 6.68s
[INFO] running `Command { std: "docker" "inspect" "f20c284d6bca334afaafdde8cb9a2d3fbd3e34a7c34e8ae9a026359128891d45", kill_on_drop: false }`
[INFO] running `Command { std: "docker" "exec" "-e" "SOURCE_DIR=/opt/rustwide/workdir" "-e" "CARGO_HOME=/opt/rustwide/cargo-home" "-e" "RUSTUP_HOME=/opt/rustwide/rustup-home" "-e" "CARGO_TARGET_DIR=/opt/rustwide/target" "-e" "CARGO_INCREMENTAL=0" "-e" "RUST_BACKTRACE=full" "-e" "RUSTFLAGS=--cap-lints=warn" "-e" "RUSTDOCFLAGS=--cap-lints=warn" "-w" "/opt/rustwide/workdir" "--user" "0:0" "f20c284d6bca334afaafdde8cb9a2d3fbd3e34a7c34e8ae9a026359128891d45" "/opt/rustwide/cargo-home/bin/cargo" "+1.100.0-beta.1" "test" "--frozen" "--release", kill_on_drop: false }`
[INFO] [stderr]     Finished `release` profile [optimized] target(s) in 0.23s
[INFO] [stderr]      Running unittests src/main.rs (/opt/rustwide/target/release/build/rstask/cf3fe1af257e4b9c/out/rstask-cf3fe1af257e4b9c)
[INFO] [stdout] 
[INFO] [stdout] running 0 tests
[INFO] [stdout] 
[INFO] [stdout] test result: ok. 0 passed; 0 failed; 0 ignored; 0 measured; 0 filtered out; finished in 0.00s
[INFO] [stdout] 
[INFO] [stderr]      Running tests/due_date.rs (/opt/rustwide/target/release/build/rstask/111f4938803c738b/out/due_date-111f4938803c738b)
[INFO] [stdout] 
[INFO] [stdout] running 26 tests
[INFO] [stderr] hint: Using 'master' as the name for the initial branch. This default branch name
[INFO] [stderr] hint: will change to "main" in Git 3.0. To configure the initial branch name
[INFO] [stderr] hint: to use in all of your new repositories, which will suppress this warning,
[INFO] [stderr] hint: call:
[INFO] [stderr] hint:
[INFO] [stderr] hint: 	git config --global init.defaultBranch <name>
[INFO] [stderr] hint:
[INFO] [stderr] hint: Names commonly chosen instead of 'master' are 'main', 'trunk' and
[INFO] [stderr] hint: 'development'. The just-created branch can be renamed via this command:
[INFO] [stderr] hint:
[INFO] [stderr] hint: 	git branch -m <name>
[INFO] [stderr] hint:
[INFO] [stderr] hint: Disable this message with "git config set advice.defaultBranchName false"
[INFO] [stdout] Initialized empty Git repository in /tmp/.tmpZjXtF7/.git/
[INFO] [stderr] hint: Using 'master' as the name for the initial branch. This default branch name
[INFO] [stderr] hint: will change to "main" in Git 3.0. To configure the initial branch name
[INFO] [stderr] hint: to use in all of your new repositories, which will suppress this warning,
[INFO] [stderr] hint: call:
[INFO] [stderr] hint:
[INFO] [stderr] hint: 	git config --global init.defaultBranch <name>
[INFO] [stderr] hint:
[INFO] [stderr] hint: Names commonly chosen instead of 'master' are 'main', 'trunk' and
[INFO] [stderr] hint: 'development'. The just-created branch can be renamed via this command:
[INFO] [stderr] hint:
[INFO] [stderr] hint: 	git branch -m <name>
[INFO] [stderr] hint:
[INFO] [stderr] hint: Disable this message with "git config set advice.defaultBranchName false"
[INFO] [stderr] hint: Using 'master' as the name for the initial branch. This default branch name
[INFO] [stdout] Initialized empty Git repository in /tmp/.tmpQgCCG5/.git/
[INFO] [stderr] hint: will change to "main" in Git 3.0. To configure the initial branch name
[INFO] [stderr] hint: to use in all of your new repositories, which will suppress this warning,
[INFO] [stderr] hint: call:
[INFO] [stderr] hint:
[INFO] [stderr] hint: 	git config --global init.defaultBranch <name>
[INFO] [stderr] hint:
[INFO] [stderr] hint: Names commonly chosen instead of 'master' are 'main', 'trunk' and
[INFO] [stderr] hint: 'development'. The just-created branch can be renamed via this command:
[INFO] [stderr] hint:
[INFO] [stderr] hint: 	git branch -m <name>
[INFO] [stderr] hint:
[INFO] [stderr] hint: Disable this message with "git config set advice.defaultBranchName false"
[INFO] [stderr] hint: Using 'master' as the name for the initial branch. This default branch name
[INFO] [stderr] hint: will change to "main" in Git 3.0. To configure the initial branch name
[INFO] [stderr] hint: to use in all of your new repositories, which will suppress this warning,
[INFO] [stderr] hint: call:
[INFO] [stderr] hint:
[INFO] [stderr] hint: 	git config --global init.defaultBranch <name>
[INFO] [stderr] hint:
[INFO] [stderr] hint: Names commonly chosen instead of 'master' are 'main', 'trunk' and
[INFO] [stderr] hint: 'development'. The just-created branch can be renamed via this command:
[INFO] [stderr] hint:
[INFO] [stderr] hint: 	git branch -m <name>
[INFO] [stderr] hint:
[INFO] [stderr] hint: Disable this message with "git config set advice.defaultBranchName false"
[INFO] [stderr] hint: Using 'master' as the name for the initial branch. This default branch name
[INFO] [stderr] hint: will change to "main" in Git 3.0. To configure the initial branch name
[INFO] [stderr] hint: to use in all of your new repositories, which will suppress this warning,
[INFO] [stderr] hint: call:
[INFO] [stderr] hint:
[INFO] [stderr] hint: 	git config --global init.defaultBranch <name>
[INFO] [stderr] hint:
[INFO] [stderr] hint: Names commonly chosen instead of 'master' are 'main', 'trunk' and
[INFO] [stderr] hint: 'development'. The just-created branch can be renamed via this command:
[INFO] [stderr] hint:
[INFO] [stderr] hint: 	git branch -m <name>
[INFO] [stderr] hint:
[INFO] [stderr] hint: Disable this message with "git config set advice.defaultBranchName false"
[INFO] [stdout] Initialized empty Git repository in /tmp/.tmpGfAnJW/.git/
[INFO] [stdout] Initialized empty Git repository in /tmp/.tmpIK0xre/.git/
[INFO] [stderr] hint: Using 'master' as the name for the initial branch. This default branch name
[INFO] [stdout] Initialized empty Git repository in /tmp/.tmpbimLD5/.git/
[INFO] [stderr] hint: will change to "main" in Git 3.0. To configure the initial branch name
[INFO] [stdout] Initialized empty Git repository in /tmp/.tmp83k257/.git/
[INFO] [stderr] hint: to use in all of your new repositories, which will suppress this warning,
[INFO] [stdout] Initialized empty Git repository in /tmp/.tmpd3vLnk/.git/
[INFO] [stderr] hint: call:
[INFO] [stdout] Initialized empty Git repository in /tmp/.tmpslf0gg/.git/
[INFO] [stderr] hint:
[INFO] [stderr] hint: 	git config --global init.defaultBranch <name>
[INFO] [stderr] hint:
[INFO] [stderr] hint: Names commonly chosen instead of 'master' are 'main', 'trunk' and
[INFO] [stderr] hint: 'development'. The just-created branch can be renamed via this command:
[INFO] [stderr] hint:
[INFO] [stderr] hint: 	git branch -m <name>
[INFO] [stderr] hint:
[INFO] [stderr] hint: Disable this message with "git config set advice.defaultBranchName false"
[INFO] [stderr] hint: Using 'master' as the name for the initial branch. This default branch name
[INFO] [stderr] hint: will change to "main" in Git 3.0. To configure the initial branch name
[INFO] [stderr] hint: to use in all of your new repositories, which will suppress this warning,
[INFO] [stderr] hint: call:
[INFO] [stderr] hint:
[INFO] [stderr] hint: 	git config --global init.defaultBranch <name>
[INFO] [stderr] hint:
[INFO] [stderr] hint: Names commonly chosen instead of 'master' are 'main', 'trunk' and
[INFO] [stderr] hint: 'development'. The just-created branch can be renamed via this command:
[INFO] [stderr] hint:
[INFO] [stderr] hint: 	git branch -m <name>
[INFO] [stderr] hint:
[INFO] [stderr] hint: Disable this message with "git config set advice.defaultBranchName false"
[INFO] [stderr] hint: Using 'master' as the name for the initial branch. This default branch name
[INFO] [stderr] hint: will change to "main" in Git 3.0. To configure the initial branch name
[INFO] [stderr] hint: to use in all of your new repositories, which will suppress this warning,
[INFO] [stderr] hint: call:
[INFO] [stderr] hint:
[INFO] [stderr] hint: 	git config --global init.defaultBranch <name>
[INFO] [stderr] hint:
[INFO] [stderr] hint: Names commonly chosen instead of 'master' are 'main', 'trunk' and
[INFO] [stderr] hint: 'development'. The just-created branch can be renamed via this command:
[INFO] [stderr] hint:
[INFO] [stderr] hint: 	git branch -m <name>
[INFO] [stderr] hint:
[INFO] [stderr] hint: Disable this message with "git config set advice.defaultBranchName false"
[INFO] [stdout] test test_add_task_with_full_date ... FAILED
[INFO] [stdout] test test_add_task_with_month_day ... FAILED
[INFO] [stderr] hint: Using 'master' as the name for the initial branch. This default branch name
[INFO] [stdout] Initialized empty Git repository in /tmp/.tmphsCzDW/.git/
[INFO] [stderr] hint: will change to "main" in Git 3.0. To configure the initial branch name
[INFO] [stderr] hint: to use in all of your new repositories, which will suppress this warning,
[INFO] [stderr] hint: call:
[INFO] [stderr] hint:
[INFO] [stderr] hint: 	git config --global init.defaultBranch <name>
[INFO] [stderr] hint:
[INFO] [stderr] hint: Names commonly chosen instead of 'master' are 'main', 'trunk' and
[INFO] [stderr] hint: 'development'. The just-created branch can be renamed via this command:
[INFO] [stderr] hint:
[INFO] [stderr] hint: 	git branch -m <name>
[INFO] [stderr] hint:
[INFO] [stderr] hint: Disable this message with "git config set advice.defaultBranchName false"
[INFO] [stdout] test test_add_task_with_weekdays ... FAILED
[INFO] [stderr] hint: Using 'master' as the name for the initial branch. This default branch name
[INFO] [stdout] test test_add_task_with_day ... FAILED
[INFO] [stderr] hint: will change to "main" in Git 3.0. To configure the initial branch name
[INFO] [stdout] Initialized empty Git repository in /tmp/.tmp3bQTW6/.git/
[INFO] [stderr] hint: to use in all of your new repositories, which will suppress this warning,
[INFO] [stdout] test test_add_task_with_tomorrow ... FAILED
[INFO] [stderr] hint: call:
[INFO] [stdout] test test_add_multiple_due_dates_with_context ... FAILED
[INFO] [stderr] hint:
[INFO] [stderr] hint: 	git config --global init.defaultBranch <name>
[INFO] [stderr] hint:
[INFO] [stderr] hint: Names commonly chosen instead of 'master' are 'main', 'trunk' and
[INFO] [stderr] hint: 'development'. The just-created branch can be renamed via this command:
[INFO] [stderr] hint:
[INFO] [stderr] hint: 	git branch -m <name>
[INFO] [stderr] hint:
[INFO] [stderr] hint: Disable this message with "git config set advice.defaultBranchName false"
[INFO] [stdout] test test_add_task_with_yesterday ... FAILED
[INFO] [stderr] hint: Using 'master' as the name for the initial branch. This default branch name
[INFO] [stdout] test test_add_task_with_today ... FAILED
[INFO] [stderr] hint: will change to "main" in Git 3.0. To configure the initial branch name
[INFO] [stderr] hint: to use in all of your new repositories, which will suppress this warning,
[INFO] [stderr] hint: call:
[INFO] [stderr] hint:
[INFO] [stderr] hint: 	git config --global init.defaultBranch <name>
[INFO] [stdout] Initialized empty Git repository in /tmp/.tmpktptrM/.git/
[INFO] [stderr] hint:
[INFO] [stderr] hint: Names commonly chosen instead of 'master' are 'main', 'trunk' and
[INFO] [stderr] hint: 'development'. The just-created branch can be renamed via this command:
[INFO] [stderr] hint:
[INFO] [stderr] hint: 	git branch -m <name>
[INFO] [stderr] hint:
[INFO] [stderr] hint: Disable this message with "git config set advice.defaultBranchName false"
[INFO] [stderr] hint: Using 'master' as the name for the initial branch. This default branch name
[INFO] [stderr] hint: will change to "main" in Git 3.0. To configure the initial branch name
[INFO] [stderr] hint: to use in all of your new repositories, which will suppress this warning,
[INFO] [stderr] hint: call:
[INFO] [stderr] hint:
[INFO] [stderr] hint: 	git config --global init.defaultBranch <name>
[INFO] [stdout] Initialized empty Git repository in /tmp/.tmpy616CB/.git/
[INFO] [stderr] hint:
[INFO] [stderr] hint: Names commonly chosen instead of 'master' are 'main', 'trunk' and
[INFO] [stderr] hint: 'development'. The just-created branch can be renamed via this command:
[INFO] [stderr] hint:
[INFO] [stderr] hint: 	git branch -m <name>
[INFO] [stderr] hint:
[INFO] [stderr] hint: Disable this message with "git config set advice.defaultBranchName false"
[INFO] [stderr] hint: Using 'master' as the name for the initial branch. This default branch name
[INFO] [stderr] hint: will change to "main" in Git 3.0. To configure the initial branch name
[INFO] [stderr] hint: to use in all of your new repositories, which will suppress this warning,
[INFO] [stderr] hint: call:
[INFO] [stderr] hint:
[INFO] [stderr] hint: 	git config --global init.defaultBranch <name>
[INFO] [stderr] hint:
[INFO] [stderr] hint: Names commonly chosen instead of 'master' are 'main', 'trunk' and
[INFO] [stderr] hint: 'development'. The just-created branch can be renamed via this command:
[INFO] [stderr] hint:
[INFO] [stderr] hint: 	git branch -m <name>
[INFO] [stderr] hint:
[INFO] [stderr] hint: Disable this message with "git config set advice.defaultBranchName false"
[INFO] [stdout] Initialized empty Git repository in /tmp/.tmp6Qtbs3/.git/
[INFO] [stdout] test test_case_insensitive_due_keywords ... FAILED
[INFO] [stdout] test test_combined_due_filters ... FAILED
[INFO] [stderr] hint: Using 'master' as the name for the initial branch. This default branch name
[INFO] [stderr] hint: will change to "main" in Git 3.0. To configure the initial branch name
[INFO] [stderr] hint: to use in all of your new repositories, which will suppress this warning,
[INFO] [stderr] hint: call:
[INFO] [stderr] hint:
[INFO] [stderr] hint: 	git config --global init.defaultBranch <name>
[INFO] [stderr] hint:
[INFO] [stderr] hint: Names commonly chosen instead of 'master' are 'main', 'trunk' and
[INFO] [stderr] hint: 'development'. The just-created branch can be renamed via this command:
[INFO] [stderr] hint:
[INFO] [stderr] hint: 	git branch -m <name>
[INFO] [stderr] hint:
[INFO] [stderr] hint: Disable this message with "git config set advice.defaultBranchName false"
[INFO] [stderr] hint: Using 'master' as the name for the initial branch. This default branch name
[INFO] [stdout] Initialized empty Git repository in /tmp/.tmp5prSmy/.git/
[INFO] [stderr] hint: will change to "main" in Git 3.0. To configure the initial branch name
[INFO] [stderr] hint: to use in all of your new repositories, which will suppress this warning,
[INFO] [stderr] hint: call:
[INFO] [stderr] hint:
[INFO] [stderr] hint: 	git config --global init.defaultBranch <name>
[INFO] [stderr] hint:
[INFO] [stderr] hint: Names commonly chosen instead of 'master' are 'main', 'trunk' and
[INFO] [stderr] hint: 'development'. The just-created branch can be renamed via this command:
[INFO] [stderr] hint:
[INFO] [stderr] hint: 	git branch -m <name>
[INFO] [stderr] hint:
[INFO] [stderr] hint: Disable this message with "git config set advice.defaultBranchName false"
[INFO] [stdout] Initialized empty Git repository in /tmp/.tmpSDcdCG/.git/
[INFO] [stderr] hint: Using 'master' as the name for the initial branch. This default branch name
[INFO] [stdout] Initialized empty Git repository in /tmp/.tmpCmJacA/.git/
[INFO] [stderr] hint: will change to "main" in Git 3.0. To configure the initial branch name
[INFO] [stderr] hint: to use in all of your new repositories, which will suppress this warning,
[INFO] [stderr] hint: call:
[INFO] [stderr] hint:
[INFO] [stderr] hint: 	git config --global init.defaultBranch <name>
[INFO] [stderr] hint:
[INFO] [stderr] hint: Names commonly chosen instead of 'master' are 'main', 'trunk' and
[INFO] [stderr] hint: 'development'. The just-created branch can be renamed via this command:
[INFO] [stderr] hint:
[INFO] [stderr] hint: 	git branch -m <name>
[INFO] [stderr] hint:
[INFO] [stderr] hint: Disable this message with "git config set advice.defaultBranchName false"
[INFO] [stdout] test test_filter_tasks_by_exact_date ... FAILED
[INFO] [stdout] test test_due_dates_merge_with_context ... FAILED
[INFO] [stdout] test test_filter_tasks_by_next_weekdays ... FAILED
[INFO] [stderr] hint: Using 'master' as the name for the initial branch. This default branch name
[INFO] [stderr] hint: will change to "main" in Git 3.0. To configure the initial branch name
[INFO] [stderr] hint: to use in all of your new repositories, which will suppress this warning,
[INFO] [stderr] hint: call:
[INFO] [stderr] hint:
[INFO] [stderr] hint: 	git config --global init.defaultBranch <name>
[INFO] [stderr] hint:
[INFO] [stderr] hint: Names commonly chosen instead of 'master' are 'main', 'trunk' and
[INFO] [stderr] hint: 'development'. The just-created branch can be renamed via this command:
[INFO] [stderr] hint:
[INFO] [stderr] hint: 	git branch -m <name>
[INFO] [stderr] hint:
[INFO] [stderr] hint: Disable this message with "git config set advice.defaultBranchName false"
[INFO] [stderr] hint: Using 'master' as the name for the initial branch. This default branch name
[INFO] [stdout] Initialized empty Git repository in /tmp/.tmpvteqTu/.git/
[INFO] [stderr] hint: will change to "main" in Git 3.0. To configure the initial branch name
[INFO] [stdout] Initialized empty Git repository in /tmp/.tmpbun2WF/.git/
[INFO] [stderr] hint: to use in all of your new repositories, which will suppress this warning,
[INFO] [stdout] Initialized empty Git repository in /tmp/.tmpRLaV9Q/.git/
[INFO] [stderr] hint: call:
[INFO] [stderr] hint:
[INFO] [stderr] hint: 	git config --global init.defaultBranch <name>
[INFO] [stderr] hint:
[INFO] [stderr] hint: Names commonly chosen instead of 'master' are 'main', 'trunk' and
[INFO] [stderr] hint: 'development'. The just-created branch can be renamed via this command:
[INFO] [stderr] hint:
[INFO] [stderr] hint: 	git branch -m <name>
[INFO] [stderr] hint:
[INFO] [stderr] hint: Disable this message with "git config set advice.defaultBranchName false"
[INFO] [stderr] hint: Using 'master' as the name for the initial branch. This default branch name
[INFO] [stderr] hint: will change to "main" in Git 3.0. To configure the initial branch name
[INFO] [stderr] hint: to use in all of your new repositories, which will suppress this warning,
[INFO] [stderr] hint: call:
[INFO] [stderr] hint:
[INFO] [stderr] hint: 	git config --global init.defaultBranch <name>
[INFO] [stderr] hint:
[INFO] [stderr] hint: Names commonly chosen instead of 'master' are 'main', 'trunk' and
[INFO] [stderr] hint: 'development'. The just-created branch can be renamed via this command:
[INFO] [stderr] hint:
[INFO] [stderr] hint: 	git branch -m <name>
[INFO] [stderr] hint:
[INFO] [stderr] hint: Disable this message with "git config set advice.defaultBranchName false"
[INFO] [stderr] hint: Using 'master' as the name for the initial branch. This default branch name
[INFO] [stdout] Initialized empty Git repository in /tmp/.tmpFZqhuM/.git/
[INFO] [stderr] hint: will change to "main" in Git 3.0. To configure the initial branch name
[INFO] [stdout] Initialized empty Git repository in /tmp/.tmprp53ow/.git/
[INFO] [stderr] hint: to use in all of your new repositories, which will suppress this warning,
[INFO] [stderr] hint: call:
[INFO] [stderr] hint:
[INFO] [stderr] hint: 	git config --global init.defaultBranch <name>
[INFO] [stderr] hint:
[INFO] [stderr] hint: Names commonly chosen instead of 'master' are 'main', 'trunk' and
[INFO] [stderr] hint: 'development'. The just-created branch can be renamed via this command:
[INFO] [stderr] hint:
[INFO] [stderr] hint: 	git branch -m <name>
[INFO] [stderr] hint:
[INFO] [stderr] hint: Disable this message with "git config set advice.defaultBranchName false"
[INFO] [stderr] hint: Using 'master' as the name for the initial branch. This default branch name
[INFO] [stderr] hint: will change to "main" in Git 3.0. To configure the initial branch name
[INFO] [stderr] hint: to use in all of your new repositories, which will suppress this warning,
[INFO] [stderr] hint: call:
[INFO] [stderr] hint:
[INFO] [stderr] hint: 	git config --global init.defaultBranch <name>
[INFO] [stderr] hint:
[INFO] [stderr] hint: Names commonly chosen instead of 'master' are 'main', 'trunk' and
[INFO] [stderr] hint: 'development'. The just-created branch can be renamed via this command:
[INFO] [stderr] hint:
[INFO] [stderr] hint: 	git branch -m <name>
[INFO] [stderr] hint:
[INFO] [stderr] hint: Disable this message with "git config set advice.defaultBranchName false"
[INFO] [stdout] test test_filter_tasks_due_after_with_full_date ... FAILED
[INFO] [stdout] test test_filter_tasks_by_this_weekdays ... FAILED
[INFO] [stdout] test test_filter_tasks_by_overdue ... FAILED
[INFO] [stdout] test test_invalid_date_formats ... FAILED
[INFO] [stdout] test test_filter_tasks_due_before ... FAILED
[INFO] [stdout] test test_filter_tasks_due_after ... FAILED
[INFO] [stderr] hint: Using 'master' as the name for the initial branch. This default branch name
[INFO] [stdout] Initialized empty Git repository in /tmp/.tmpc3tKJr/.git/
[INFO] [stderr] hint: will change to "main" in Git 3.0. To configure the initial branch name
[INFO] [stdout] test test_filter_tasks_by_today ... FAILED
[INFO] [stderr] hint: to use in all of your new repositories, which will suppress this warning,
[INFO] [stderr] hint: call:
[INFO] [stderr] hint:
[INFO] [stdout] Initialized empty Git repository in /tmp/.tmp0IHTzH/.git/
[INFO] [stderr] hint: 	git config --global init.defaultBranch <name>
[INFO] [stderr] hint:
[INFO] [stderr] hint: Names commonly chosen instead of 'master' are 'main', 'trunk' and
[INFO] [stderr] hint: 'development'. The just-created branch can be renamed via this command:
[INFO] [stderr] hint:
[INFO] [stderr] hint: 	git branch -m <name>
[INFO] [stderr] hint:
[INFO] [stderr] hint: Disable this message with "git config set advice.defaultBranchName false"
[INFO] [stderr] hint: Using 'master' as the name for the initial branch. This default branch name
[INFO] [stderr] hint: will change to "main" in Git 3.0. To configure the initial branch name
[INFO] [stderr] hint: to use in all of your new repositories, which will suppress this warning,
[INFO] [stderr] hint: call:
[INFO] [stderr] hint:
[INFO] [stderr] hint: 	git config --global init.defaultBranch <name>
[INFO] [stderr] hint:
[INFO] [stderr] hint: Names commonly chosen instead of 'master' are 'main', 'trunk' and
[INFO] [stderr] hint: 'development'. The just-created branch can be renamed via this command:
[INFO] [stderr] hint:
[INFO] [stderr] hint: 	git branch -m <name>
[INFO] [stderr] hint:
[INFO] [stderr] hint: Disable this message with "git config set advice.defaultBranchName false"
[INFO] [stderr] hint: Using 'master' as the name for the initial branch. This default branch name
[INFO] [stderr] hint: will change to "main" in Git 3.0. To configure the initial branch name
[INFO] [stderr] hint: to use in all of your new repositories, which will suppress this warning,
[INFO] [stderr] hint: call:
[INFO] [stderr] hint:
[INFO] [stderr] hint: 	git config --global init.defaultBranch <name>
[INFO] [stderr] hint:
[INFO] [stderr] hint: Names commonly chosen instead of 'master' are 'main', 'trunk' and
[INFO] [stdout] Initialized empty Git repository in /tmp/.tmpr1OPvh/.git/
[INFO] [stderr] hint: 'development'. The just-created branch can be renamed via this command:
[INFO] [stderr] hint:
[INFO] [stderr] hint: 	git branch -m <name>
[INFO] [stderr] hint:
[INFO] [stderr] hint: Disable this message with "git config set advice.defaultBranchName false"
[INFO] [stdout] test test_filter_tasks_due_on ... FAILED
[INFO] [stdout] Initialized empty Git repository in /tmp/.tmpgCpZ3k/.git/
[INFO] [stderr] hint: Using 'master' as the name for the initial branch. This default branch name
[INFO] [stderr] hint: will change to "main" in Git 3.0. To configure the initial branch name
[INFO] [stderr] hint: to use in all of your new repositories, which will suppress this warning,
[INFO] [stderr] hint: call:
[INFO] [stderr] hint:
[INFO] [stderr] hint: 	git config --global init.defaultBranch <name>
[INFO] [stderr] hint:
[INFO] [stderr] hint: Names commonly chosen instead of 'master' are 'main', 'trunk' and
[INFO] [stderr] hint: 'development'. The just-created branch can be renamed via this command:
[INFO] [stderr] hint:
[INFO] [stderr] hint: 	git branch -m <name>
[INFO] [stderr] hint:
[INFO] [stderr] hint: Disable this message with "git config set advice.defaultBranchName false"
[INFO] [stderr] hint: Using 'master' as the name for the initial branch. This default branch name
[INFO] [stdout] Initialized empty Git repository in /tmp/.tmpGIxkdG/.git/
[INFO] [stderr] hint: will change to "main" in Git 3.0. To configure the initial branch name
[INFO] [stderr] hint: to use in all of your new repositories, which will suppress this warning,
[INFO] [stderr] hint: call:
[INFO] [stderr] hint:
[INFO] [stderr] hint: 	git config --global init.defaultBranch <name>
[INFO] [stderr] hint:
[INFO] [stderr] hint: Names commonly chosen instead of 'master' are 'main', 'trunk' and
[INFO] [stderr] hint: 'development'. The just-created branch can be renamed via this command:
[INFO] [stderr] hint:
[INFO] [stderr] hint: 	git branch -m <name>
[INFO] [stderr] hint:
[INFO] [stderr] hint: Disable this message with "git config set advice.defaultBranchName false"
[INFO] [stdout] test test_show_resolved_displays_due_dates ... FAILED
[INFO] [stdout] test test_modify_command_with_due_dates ... FAILED
[INFO] [stdout] test test_templates_with_due_dates ... FAILED
[INFO] [stdout] test test_next_command_shows_due_dates ... FAILED
[INFO] [stdout] test test_multiple_due_dates ... FAILED
[INFO] [stdout] 
[INFO] [stdout] failures:
[INFO] [stdout] 
[INFO] [stdout] ---- test_add_task_with_full_date stdout ----
[INFO] [stdout] 
[INFO] [stdout] thread 'test_add_task_with_full_date' (4716) panicked at tests/common/mod.rs:103:35:
[INFO] [stdout] Failed to execute command: Os { code: 2, kind: NotFound, message: "No such file or directory" }
[INFO] [stdout] stack backtrace:
[INFO] [stdout]    0:     0x568ff4357571 - <<std[617be2ca0a6fd877]::sys::backtrace::BacktraceLock>::print::DisplayBacktrace as core[a373ad73a504971]::fmt::Display>::fmt
[INFO] [stdout]    1:     0x568ff436c3ca - core[a373ad73a504971]::fmt::write
[INFO] [stdout]    2:     0x568ff435ba3c - <alloc[2e1b2a31b91974c5]::vec::Vec<u8> as core[a373ad73a504971]::io::write::Write>::write_fmt
[INFO] [stdout]    3:     0x568ff4331a86 - std[617be2ca0a6fd877]::panicking::default_hook::{closure#0}
[INFO] [stdout]    4:     0x568ff434ec59 - std[617be2ca0a6fd877]::panicking::default_hook
[INFO] [stdout]    5:     0x568ff42d8d40 - test[aada8e7e76ba119b]::test_main_inner::{closure#0}
[INFO] [stdout]    6:     0x568ff434ee12 - std[617be2ca0a6fd877]::panicking::panic_with_hook
[INFO] [stdout]    7:     0x568ff4331b32 - std[617be2ca0a6fd877]::panicking::panic_handler::{closure#0}
[INFO] [stdout]    8:     0x568ff432a599 - std[617be2ca0a6fd877]::sys::backtrace::__rust_end_short_backtrace::<std[617be2ca0a6fd877]::panicking::panic_handler::{closure#0}, !>
[INFO] [stdout]    9:     0x568ff433273d - __rustc[ea4f61d10b84890b]::rust_begin_unwind
[INFO] [stdout]   10:     0x568ff436cafc - core[a373ad73a504971]::panicking::panic_fmt
[INFO] [stdout]   11:     0x568ff436c8d2 - core[a373ad73a504971]::result::unwrap_failed
[INFO] [stdout]   12:     0x568ff42cc0d0 - <due_date[fbc8f520bb9d8e65]::common::TestCmd>::run
[INFO] [stdout]   13:     0x568ff42c435e - <due_date[fbc8f520bb9d8e65]::test_add_task_with_full_date::{closure#0} as core[a373ad73a504971]::ops::function::FnOnce<()>>::call_once
[INFO] [stdout]   14:     0x568ff42cc18b - test[aada8e7e76ba119b]::__rust_begin_short_backtrace::<core[a373ad73a504971]::result::Result<(), alloc[2e1b2a31b91974c5]::string::String>, fn() -> core[a373ad73a504971]::result::Result<(), alloc[2e1b2a31b91974c5]::string::String>>
[INFO] [stdout]   15:     0x568ff42d9365 - test[aada8e7e76ba119b]::run_test::{closure#0}
[INFO] [stdout]   16:     0x568ff42d2c54 - std[617be2ca0a6fd877]::sys::backtrace::__rust_begin_short_backtrace::<test[aada8e7e76ba119b]::run_test::{closure#1}, ()>
[INFO] [stdout]   17:     0x568ff42dc3f2 - <std[617be2ca0a6fd877]::thread::lifecycle::spawn_unchecked<test[aada8e7e76ba119b]::run_test::{closure#1}, ()>::{closure#1} as core[a373ad73a504971]::ops::function::FnOnce<()>>::call_once::{shim:vtable#0}
[INFO] [stdout]   18:     0x568ff435675f - <std[617be2ca0a6fd877]::sys::thread::unix::Thread>::new::thread_start
[INFO] [stdout]   19:     0x7ae48af4adfa - <unknown>
[INFO] [stdout]   20:     0x7ae48afde3d4 - clone
[INFO] [stdout]   21:                0x0 - <unknown>
[INFO] [stdout] 
[INFO] [stdout] ---- test_add_task_with_month_day stdout ----
[INFO] [stdout] 
[INFO] [stdout] thread 'test_add_task_with_month_day' (4717) panicked at tests/common/mod.rs:103:35:
[INFO] [stdout] Failed to execute command: Os { code: 2, kind: NotFound, message: "No such file or directory" }
[INFO] [stdout] stack backtrace:
[INFO] [stdout]    0:     0x568ff4357571 - <<std[617be2ca0a6fd877]::sys::backtrace::BacktraceLock>::print::DisplayBacktrace as core[a373ad73a504971]::fmt::Display>::fmt
[INFO] [stdout]    1:     0x568ff436c3ca - core[a373ad73a504971]::fmt::write
[INFO] [stdout]    2:     0x568ff435ba3c - <alloc[2e1b2a31b91974c5]::vec::Vec<u8> as core[a373ad73a504971]::io::write::Write>::write_fmt
[INFO] [stdout]    3:     0x568ff4331a86 - std[617be2ca0a6fd877]::panicking::default_hook::{closure#0}
[INFO] [stdout]    4:     0x568ff434ec59 - std[617be2ca0a6fd877]::panicking::default_hook
[INFO] [stdout]    5:     0x568ff42d8d40 - test[aada8e7e76ba119b]::test_main_inner::{closure#0}
[INFO] [stdout]    6:     0x568ff434ee12 - std[617be2ca0a6fd877]::panicking::panic_with_hook
[INFO] [stdout]    7:     0x568ff4331b32 - std[617be2ca0a6fd877]::panicking::panic_handler::{closure#0}
[INFO] [stdout]    8:     0x568ff432a599 - std[617be2ca0a6fd877]::sys::backtrace::__rust_end_short_backtrace::<std[617be2ca0a6fd877]::panicking::panic_handler::{closure#0}, !>
[INFO] [stdout]    9:     0x568ff433273d - __rustc[ea4f61d10b84890b]::rust_begin_unwind
[INFO] [stdout]   10:     0x568ff436cafc - core[a373ad73a504971]::panicking::panic_fmt
[INFO] [stdout]   11:     0x568ff436c8d2 - core[a373ad73a504971]::result::unwrap_failed
[INFO] [stdout]   12:     0x568ff42cc0d0 - <due_date[fbc8f520bb9d8e65]::common::TestCmd>::run
[INFO] [stdout]   13:     0x568ff42c47ea - <due_date[fbc8f520bb9d8e65]::test_add_task_with_month_day::{closure#0} as core[a373ad73a504971]::ops::function::FnOnce<()>>::call_once
[INFO] [stdout]   14:     0x568ff42cc18b - test[aada8e7e76ba119b]::__rust_begin_short_backtrace::<core[a373ad73a504971]::result::Result<(), alloc[2e1b2a31b91974c5]::string::String>, fn() -> core[a373ad73a504971]::result::Result<(), alloc[2e1b2a31b91974c5]::string::String>>
[INFO] [stdout]   15:     0x568ff42d9365 - test[aada8e7e76ba119b]::run_test::{closure#0}
[INFO] [stdout]   16:     0x568ff42d2c54 - std[617be2ca0a6fd877]::sys::backtrace::__rust_begin_short_backtrace::<test[aada8e7e76ba119b]::run_test::{closure#1}, ()>
[INFO] [stdout]   17:     0x568ff42dc3f2 - <std[617be2ca0a6fd877]::thread::lifecycle::spawn_unchecked<test[aada8e7e76ba119b]::run_test::{closure#1}, ()>::{closure#1} as core[a373ad73a504971]::ops::function::FnOnce<()>>::call_once::{shim:vtable#0}
[INFO] [stdout]   18:     0x568ff435675f - <std[617be2ca0a6fd877]::sys::thread::unix::Thread>::new::thread_start
[INFO] [stdout]   19:     0x7ae48af4adfa - <unknown>
[INFO] [stdout]   20:     0x7ae48afde3d4 - clone
[INFO] [stdout]   21:                0x0 - <unknown>
[INFO] [stdout] 
[INFO] [stdout] ---- test_add_task_with_weekdays stdout ----
[INFO] [stdout] 
[INFO] [stdout] thread 'test_add_task_with_weekdays' (4722) panicked at tests/common/mod.rs:103:35:
[INFO] [stdout] Failed to execute command: Os { code: 2, kind: NotFound, message: "No such file or directory" }
[INFO] [stdout] stack backtrace:
[INFO] [stdout]    0:     0x568ff4357571 - <<std[617be2ca0a6fd877]::sys::backtrace::BacktraceLock>::print::DisplayBacktrace as core[a373ad73a504971]::fmt::Display>::fmt
[INFO] [stdout]    1:     0x568ff436c3ca - core[a373ad73a504971]::fmt::write
[INFO] [stdout]    2:     0x568ff435ba3c - <alloc[2e1b2a31b91974c5]::vec::Vec<u8> as core[a373ad73a504971]::io::write::Write>::write_fmt
[INFO] [stdout]    3:     0x568ff4331a86 - std[617be2ca0a6fd877]::panicking::default_hook::{closure#0}
[INFO] [stdout]    4:     0x568ff434ec59 - std[617be2ca0a6fd877]::panicking::default_hook
[INFO] [stdout]    5:     0x568ff42d8d40 - test[aada8e7e76ba119b]::test_main_inner::{closure#0}
[INFO] [stdout]    6:     0x568ff434ee12 - std[617be2ca0a6fd877]::panicking::panic_with_hook
[INFO] [stdout]    7:     0x568ff4331b32 - std[617be2ca0a6fd877]::panicking::panic_handler::{closure#0}
[INFO] [stdout]    8:     0x568ff432a599 - std[617be2ca0a6fd877]::sys::backtrace::__rust_end_short_backtrace::<std[617be2ca0a6fd877]::panicking::panic_handler::{closure#0}, !>
[INFO] [stdout]    9:     0x568ff433273d - __rustc[ea4f61d10b84890b]::rust_begin_unwind
[INFO] [stdout]   10:     0x568ff436cafc - core[a373ad73a504971]::panicking::panic_fmt
[INFO] [stdout]   11:     0x568ff436c8d2 - core[a373ad73a504971]::result::unwrap_failed
[INFO] [stdout]   12:     0x568ff42cc0d0 - <due_date[fbc8f520bb9d8e65]::common::TestCmd>::run
[INFO] [stdout]   13:     0x568ff42c3462 - <due_date[fbc8f520bb9d8e65]::test_add_task_with_weekdays::{closure#0} as core[a373ad73a504971]::ops::function::FnOnce<()>>::call_once
[INFO] [stdout]   14:     0x568ff42cc18b - test[aada8e7e76ba119b]::__rust_begin_short_backtrace::<core[a373ad73a504971]::result::Result<(), alloc[2e1b2a31b91974c5]::string::String>, fn() -> core[a373ad73a504971]::result::Result<(), alloc[2e1b2a31b91974c5]::string::String>>
[INFO] [stdout]   15:     0x568ff42d9365 - test[aada8e7e76ba119b]::run_test::{closure#0}
[INFO] [stdout]   16:     0x568ff42d2c54 - std[617be2ca0a6fd877]::sys::backtrace::__rust_begin_short_backtrace::<test[aada8e7e76ba119b]::run_test::{closure#1}, ()>
[INFO] [stdout]   17:     0x568ff42dc3f2 - <std[617be2ca0a6fd877]::thread::lifecycle::spawn_unchecked<test[aada8e7e76ba119b]::run_test::{closure#1}, ()>::{closure#1} as core[a373ad73a504971]::ops::function::FnOnce<()>>::call_once::{shim:vtable#0}
[INFO] [stdout]   18:     0x568ff435675f - <std[617be2ca0a6fd877]::sys::thread::unix::Thread>::new::thread_start
[INFO] [stdout]   19:     0x7ae48af4adfa - <unknown>
[INFO] [stdout]   20:     0x7ae48afde3d4 - clone
[INFO] [stdout]   21:                0x0 - <unknown>
[INFO] [stdout] 
[INFO] [stdout] ---- test_add_task_with_day stdout ----
[INFO] [stdout] 
[INFO] [stdout] thread 'test_add_task_with_day' (4715) panicked at tests/common/mod.rs:103:35:
[INFO] [stdout] Failed to execute command: Os { code: 2, kind: NotFound, message: "No such file or directory" }
[INFO] [stdout] stack backtrace:
[INFO] [stdout]    0:     0x568ff4357571 - <<std[617be2ca0a6fd877]::sys::backtrace::BacktraceLock>::print::DisplayBacktrace as core[a373ad73a504971]::fmt::Display>::fmt
[INFO] [stdout]    1:     0x568ff436c3ca - core[a373ad73a504971]::fmt::write
[INFO] [stdout]    2:     0x568ff435ba3c - <alloc[2e1b2a31b91974c5]::vec::Vec<u8> as core[a373ad73a504971]::io::write::Write>::write_fmt
[INFO] [stdout]    3:     0x568ff4331a86 - std[617be2ca0a6fd877]::panicking::default_hook::{closure#0}
[INFO] [stdout]    4:     0x568ff434ec59 - std[617be2ca0a6fd877]::panicking::default_hook
[INFO] [stdout]    5:     0x568ff42d8d40 - test[aada8e7e76ba119b]::test_main_inner::{closure#0}
[INFO] [stdout]    6:     0x568ff434ee12 - std[617be2ca0a6fd877]::panicking::panic_with_hook
[INFO] [stdout]    7:     0x568ff4331b32 - std[617be2ca0a6fd877]::panicking::panic_handler::{closure#0}
[INFO] [stdout]    8:     0x568ff432a599 - std[617be2ca0a6fd877]::sys::backtrace::__rust_end_short_backtrace::<std[617be2ca0a6fd877]::panicking::panic_handler::{closure#0}, !>
[INFO] [stdout]    9:     0x568ff433273d - __rustc[ea4f61d10b84890b]::rust_begin_unwind
[INFO] [stdout]   10:     0x568ff436cafc - core[a373ad73a504971]::panicking::panic_fmt
[INFO] [stdout]   11:     0x568ff436c8d2 - core[a373ad73a504971]::result::unwrap_failed
[INFO] [stdout]   12:     0x568ff42cc0d0 - <due_date[fbc8f520bb9d8e65]::common::TestCmd>::run
[INFO] [stdout]   13:     0x568ff42c0bea - <due_date[fbc8f520bb9d8e65]::test_add_task_with_day::{closure#0} as core[a373ad73a504971]::ops::function::FnOnce<()>>::call_once
[INFO] [stdout]   14:     0x568ff42cc18b - test[aada8e7e76ba119b]::__rust_begin_short_backtrace::<core[a373ad73a504971]::result::Result<(), alloc[2e1b2a31b91974c5]::string::String>, fn() -> core[a373ad73a504971]::result::Result<(), alloc[2e1b2a31b91974c5]::string::String>>
[INFO] [stdout]   15:     0x568ff42d9365 - test[aada8e7e76ba119b]::run_test::{closure#0}
[INFO] [stdout]   16:     0x568ff42d2c54 - std[617be2ca0a6fd877]::sys::backtrace::__rust_begin_short_backtrace::<test[aada8e7e76ba119b]::run_test::{closure#1}, ()>
[INFO] [stdout]   17:     0x568ff42dc3f2 - <std[617be2ca0a6fd877]::thread::lifecycle::spawn_unchecked<test[aada8e7e76ba119b]::run_test::{closure#1}, ()>::{closure#1} as core[a373ad73a504971]::ops::function::FnOnce<()>>::call_once::{shim:vtable#0}
[INFO] [stdout]   18:     0x568ff435675f - <std[617be2ca0a6fd877]::sys::thread::unix::Thread>::new::thread_start
[INFO] [stdout]   19:     0x7ae48af4adfa - <unknown>
[INFO] [stdout]   20:     0x7ae48afde3d4 - clone
[INFO] [stdout]   21:                0x0 - <unknown>
[INFO] [stdout] 
[INFO] [stdout] ---- test_add_task_with_tomorrow stdout ----
[INFO] [stdout] 
[INFO] [stdout] thread 'test_add_task_with_tomorrow' (4719) panicked at tests/common/mod.rs:103:35:
[INFO] [stdout] Failed to execute command: Os { code: 2, kind: NotFound, message: "No such file or directory" }
[INFO] [stdout] stack backtrace:
[INFO] [stdout]    0:     0x568ff4357571 - <<std[617be2ca0a6fd877]::sys::backtrace::BacktraceLock>::print::DisplayBacktrace as core[a373ad73a504971]::fmt::Display>::fmt
[INFO] [stdout]    1:     0x568ff436c3ca - core[a373ad73a504971]::fmt::write
[INFO] [stdout]    2:     0x568ff435ba3c - <alloc[2e1b2a31b91974c5]::vec::Vec<u8> as core[a373ad73a504971]::io::write::Write>::write_fmt
[INFO] [stdout]    3:     0x568ff4331a86 - std[617be2ca0a6fd877]::panicking::default_hook::{closure#0}
[INFO] [stdout]    4:     0x568ff434ec59 - std[617be2ca0a6fd877]::panicking::default_hook
[INFO] [stdout]    5:     0x568ff42d8d40 - test[aada8e7e76ba119b]::test_main_inner::{closure#0}
[INFO] [stdout]    6:     0x568ff434ee12 - std[617be2ca0a6fd877]::panicking::panic_with_hook
[INFO] [stdout]    7:     0x568ff4331b32 - std[617be2ca0a6fd877]::panicking::panic_handler::{closure#0}
[INFO] [stdout]    8:     0x568ff432a599 - std[617be2ca0a6fd877]::sys::backtrace::__rust_end_short_backtrace::<std[617be2ca0a6fd877]::panicking::panic_handler::{closure#0}, !>
[INFO] [stdout]    9:     0x568ff433273d - __rustc[ea4f61d10b84890b]::rust_begin_unwind
[INFO] [stdout]   10:     0x568ff436cafc - core[a373ad73a504971]::panicking::panic_fmt
[INFO] [stdout]   11:     0x568ff436c8d2 - core[a373ad73a504971]::result::unwrap_failed
[INFO] [stdout]   12:     0x568ff42cc0d0 - <due_date[fbc8f520bb9d8e65]::common::TestCmd>::run
[INFO] [stdout]   13:     0x568ff42c2d8a - <due_date[fbc8f520bb9d8e65]::test_add_task_with_tomorrow::{closure#0} as core[a373ad73a504971]::ops::function::FnOnce<()>>::call_once
[INFO] [stdout]   14:     0x568ff42cc18b - test[aada8e7e76ba119b]::__rust_begin_short_backtrace::<core[a373ad73a504971]::result::Result<(), alloc[2e1b2a31b91974c5]::string::String>, fn() -> core[a373ad73a504971]::result::Result<(), alloc[2e1b2a31b91974c5]::string::String>>
[INFO] [stdout]   15:     0x568ff42d9365 - test[aada8e7e76ba119b]::run_test::{closure#0}
[INFO] [stdout]   16:     0x568ff42d2c54 - std[617be2ca0a6fd877]::sys::backtrace::__rust_begin_short_backtrace::<test[aada8e7e76ba119b]::run_test::{closure#1}, ()>
[INFO] [stdout]   17:     0x568ff42dc3f2 - <std[617be2ca0a6fd877]::thread::lifecycle::spawn_unchecked<test[aada8e7e76ba119b]::run_test::{closure#1}, ()>::{closure#1} as core[a373ad73a504971]::ops::function::FnOnce<()>>::call_once::{shim:vtable#0}
[INFO] [stdout]   18:     0x568ff435675f - <std[617be2ca0a6fd877]::sys::thread::unix::Thread>::new::thread_start
[INFO] [stdout]   19:     0x7ae48af4adfa - <unknown>
[INFO] [stdout]   20:     0x7ae48afde3d4 - clone
[INFO] [stdout]   21:                0x0 - <unknown>
[INFO] [stdout] 
[INFO] [stdout] ---- test_add_multiple_due_dates_with_context stdout ----
[INFO] [stdout] 
[INFO] [stdout] thread 'test_add_multiple_due_dates_with_context' (4714) panicked at tests/common/mod.rs:103:35:
[INFO] [stdout] Failed to execute command: Os { code: 2, kind: NotFound, message: "No such file or directory" }
[INFO] [stdout] stack backtrace:
[INFO] [stdout]    0:     0x568ff4357571 - <<std[617be2ca0a6fd877]::sys::backtrace::BacktraceLock>::print::DisplayBacktrace as core[a373ad73a504971]::fmt::Display>::fmt
[INFO] [stdout]    1:     0x568ff436c3ca - core[a373ad73a504971]::fmt::write
[INFO] [stdout]    2:     0x568ff435ba3c - <alloc[2e1b2a31b91974c5]::vec::Vec<u8> as core[a373ad73a504971]::io::write::Write>::write_fmt
[INFO] [stdout]    3:     0x568ff4331a86 - std[617be2ca0a6fd877]::panicking::default_hook::{closure#0}
[INFO] [stdout]    4:     0x568ff434ec59 - std[617be2ca0a6fd877]::panicking::default_hook
[INFO] [stdout]    5:     0x568ff42d8d40 - test[aada8e7e76ba119b]::test_main_inner::{closure#0}
[INFO] [stdout]    6:     0x568ff434ee12 - std[617be2ca0a6fd877]::panicking::panic_with_hook
[INFO] [stdout]    7:     0x568ff4331b32 - std[617be2ca0a6fd877]::panicking::panic_handler::{closure#0}
[INFO] [stdout]    8:     0x568ff432a599 - std[617be2ca0a6fd877]::sys::backtrace::__rust_end_short_backtrace::<std[617be2ca0a6fd877]::panicking::panic_handler::{closure#0}, !>
[INFO] [stdout]    9:     0x568ff433273d - __rustc[ea4f61d10b84890b]::rust_begin_unwind
[INFO] [stdout]   10:     0x568ff436cafc - core[a373ad73a504971]::panicking::panic_fmt
[INFO] [stdout]   11:     0x568ff436c8d2 - core[a373ad73a504971]::result::unwrap_failed
[INFO] [stdout]   12:     0x568ff42cc0d0 - <due_date[fbc8f520bb9d8e65]::common::TestCmd>::run
[INFO] [stdout]   13:     0x568ff42c90d5 - <due_date[fbc8f520bb9d8e65]::test_add_multiple_due_dates_with_context::{closure#0} as core[a373ad73a504971]::ops::function::FnOnce<()>>::call_once
[INFO] [stdout]   14:     0x568ff42cc18b - test[aada8e7e76ba119b]::__rust_begin_short_backtrace::<core[a373ad73a504971]::result::Result<(), alloc[2e1b2a31b91974c5]::string::String>, fn() -> core[a373ad73a504971]::result::Result<(), alloc[2e1b2a31b91974c5]::string::String>>
[INFO] [stdout]   15:     0x568ff42d9365 - test[aada8e7e76ba119b]::run_test::{closure#0}
[INFO] [stdout]   16:     0x568ff42d2c54 - std[617be2ca0a6fd877]::sys::backtrace::__rust_begin_short_backtrace::<test[aada8e7e76ba119b]::run_test::{closure#1}, ()>
[INFO] [stdout]   17:     0x568ff42dc3f2 - <std[617be2ca0a6fd877]::thread::lifecycle::spawn_unchecked<test[aada8e7e76ba119b]::run_test::{closure#1}, ()>::{closure#1} as core[a373ad73a504971]::ops::function::FnOnce<()>>::call_once::{shim:vtable#0}
[INFO] [stdout]   18:     0x568ff435675f - <std[617be2ca0a6fd877]::sys::thread::unix::Thread>::new::thread_start
[INFO] [stdout]   19:     0x7ae48af4adfa - <unknown>
[INFO] [stdout]   20:     0x7ae48afde3d4 - clone
[INFO] [stdout]   21:                0x0 - <unknown>
[INFO] [stdout] 
[INFO] [stdout] ---- test_add_task_with_yesterday stdout ----
[INFO] [stdout] 
[INFO] [stdout] thread 'test_add_task_with_yesterday' (4723) panicked at tests/common/mod.rs:103:35:
[INFO] [stdout] Failed to execute command: Os { code: 2, kind: NotFound, message: "No such file or directory" }
[INFO] [stdout] stack backtrace:
[INFO] [stdout]    0:     0x568ff4357571 - <<std[617be2ca0a6fd877]::sys::backtrace::BacktraceLock>::print::DisplayBacktrace as core[a373ad73a504971]::fmt::Display>::fmt
[INFO] [stdout]    1:     0x568ff436c3ca - core[a373ad73a504971]::fmt::write
[INFO] [stdout]    2:     0x568ff435ba3c - <alloc[2e1b2a31b91974c5]::vec::Vec<u8> as core[a373ad73a504971]::io::write::Write>::write_fmt
[INFO] [stdout]    3:     0x568ff4331a86 - std[617be2ca0a6fd877]::panicking::default_hook::{closure#0}
[INFO] [stdout]    4:     0x568ff434ec59 - std[617be2ca0a6fd877]::panicking::default_hook
[INFO] [stdout]    5:     0x568ff42d8d40 - test[aada8e7e76ba119b]::test_main_inner::{closure#0}
[INFO] [stdout]    6:     0x568ff434ee12 - std[617be2ca0a6fd877]::panicking::panic_with_hook
[INFO] [stdout]    7:     0x568ff4331b32 - std[617be2ca0a6fd877]::panicking::panic_handler::{closure#0}
[INFO] [stdout]    8:     0x568ff432a599 - std[617be2ca0a6fd877]::sys::backtrace::__rust_end_short_backtrace::<std[617be2ca0a6fd877]::panicking::panic_handler::{closure#0}, !>
[INFO] [stdout]    9:     0x568ff433273d - __rustc[ea4f61d10b84890b]::rust_begin_unwind
[INFO] [stdout]   10:     0x568ff436cafc - core[a373ad73a504971]::panicking::panic_fmt
[INFO] [stdout]   11:     0x568ff436c8d2 - core[a373ad73a504971]::result::unwrap_failed
[INFO] [stdout]   12:     0x568ff42cc0d0 - <due_date[fbc8f520bb9d8e65]::common::TestCmd>::run
[INFO] [stdout]   13:     0x568ff42c4caa - <due_date[fbc8f520bb9d8e65]::test_add_task_with_yesterday::{closure#0} as core[a373ad73a504971]::ops::function::FnOnce<()>>::call_once
[INFO] [stdout]   14:     0x568ff42cc18b - test[aada8e7e76ba119b]::__rust_begin_short_backtrace::<core[a373ad73a504971]::result::Result<(), alloc[2e1b2a31b91974c5]::string::String>, fn() -> core[a373ad73a504971]::result::Result<(), alloc[2e1b2a31b91974c5]::string::String>>
[INFO] [stdout]   15:     0x568ff42d9365 - test[aada8e7e76ba119b]::run_test::{closure#0}
[INFO] [stdout]   16:     0x568ff42d2c54 - std[617be2ca0a6fd877]::sys::backtrace::__rust_begin_short_backtrace::<test[aada8e7e76ba119b]::run_test::{closure#1}, ()>
[INFO] [stdout]   17:     0x568ff42dc3f2 - <std[617be2ca0a6fd877]::thread::lifecycle::spawn_unchecked<test[aada8e7e76ba119b]::run_test::{closure#1}, ()>::{closure#1} as core[a373ad73a504971]::ops::function::FnOnce<()>>::call_once::{shim:vtable#0}
[INFO] [stdout]   18:     0x568ff435675f - <std[617be2ca0a6fd877]::sys::thread::unix::Thread>::new::thread_start
[INFO] [stdout]   19:     0x7ae48af4adfa - <unknown>
[INFO] [stdout]   20:     0x7ae48afde3d4 - clone
[INFO] [stdout]   21:                0x0 - <unknown>
[INFO] [stdout] 
[INFO] [stdout] ---- test_add_task_with_today stdout ----
[INFO] [stdout] 
[INFO] [stdout] thread 'test_add_task_with_today' (4718) panicked at tests/common/mod.rs:103:35:
[INFO] [stdout] Failed to execute command: Os { code: 2, kind: NotFound, message: "No such file or directory" }
[INFO] [stdout] stack backtrace:
[INFO] [stdout]    0:     0x568ff4357571 - <<std[617be2ca0a6fd877]::sys::backtrace::BacktraceLock>::print::DisplayBacktrace as core[a373ad73a504971]::fmt::Display>::fmt
[INFO] [stdout]    1:     0x568ff436c3ca - core[a373ad73a504971]::fmt::write
[INFO] [stdout]    2:     0x568ff435ba3c - <alloc[2e1b2a31b91974c5]::vec::Vec<u8> as core[a373ad73a504971]::io::write::Write>::write_fmt
[INFO] [stdout]    3:     0x568ff4331a86 - std[617be2ca0a6fd877]::panicking::default_hook::{closure#0}
[INFO] [stdout]    4:     0x568ff434ec59 - std[617be2ca0a6fd877]::panicking::default_hook
[INFO] [stdout]    5:     0x568ff42d8d40 - test[aada8e7e76ba119b]::test_main_inner::{closure#0}
[INFO] [stdout]    6:     0x568ff434ee12 - std[617be2ca0a6fd877]::panicking::panic_with_hook
[INFO] [stdout]    7:     0x568ff4331b32 - std[617be2ca0a6fd877]::panicking::panic_handler::{closure#0}
[INFO] [stdout]    8:     0x568ff432a599 - std[617be2ca0a6fd877]::sys::backtrace::__rust_end_short_backtrace::<std[617be2ca0a6fd877]::panicking::panic_handler::{closure#0}, !>
[INFO] [stdout]    9:     0x568ff433273d - __rustc[ea4f61d10b84890b]::rust_begin_unwind
[INFO] [stdout]   10:     0x568ff436cafc - core[a373ad73a504971]::panicking::panic_fmt
[INFO] [stdout]   11:     0x568ff436c8d2 - core[a373ad73a504971]::result::unwrap_failed
[INFO] [stdout]   12:     0x568ff42cc0d0 - <due_date[fbc8f520bb9d8e65]::common::TestCmd>::run
[INFO] [stdout]   13:     0x568ff42c1296 - <due_date[fbc8f520bb9d8e65]::test_add_task_with_today::{closure#0} as core[a373ad73a504971]::ops::function::FnOnce<()>>::call_once
[INFO] [stdout]   14:     0x568ff42cc18b - test[aada8e7e76ba119b]::__rust_begin_short_backtrace::<core[a373ad73a504971]::result::Result<(), alloc[2e1b2a31b91974c5]::string::String>, fn() -> core[a373ad73a504971]::result::Result<(), alloc[2e1b2a31b91974c5]::string::String>>
[INFO] [stdout]   15:     0x568ff42d9365 - test[aada8e7e76ba119b]::run_test::{closure#0}
[INFO] [stdout]   16:     0x568ff42d2c54 - std[617be2ca0a6fd877]::sys::backtrace::__rust_begin_short_backtrace::<test[aada8e7e76ba119b]::run_test::{closure#1}, ()>
[INFO] [stdout]   17:     0x568ff42dc3f2 - <std[617be2ca0a6fd877]::thread::lifecycle::spawn_unchecked<test[aada8e7e76ba119b]::run_test::{closure#1}, ()>::{closure#1} as core[a373ad73a504971]::ops::function::FnOnce<()>>::call_once::{shim:vtable#0}
[INFO] [stdout]   18:     0x568ff435675f - <std[617be2ca0a6fd877]::sys::thread::unix::Thread>::new::thread_start
[INFO] [stdout]   19:     0x7ae48af4adfa - <unknown>
[INFO] [stdout]   20:     0x7ae48afde3d4 - clone
[INFO] [stdout]   21:                0x0 - <unknown>
[INFO] [stdout] 
[INFO] [stdout] ---- test_case_insensitive_due_keywords stdout ----
[INFO] [stdout] 
[INFO] [stdout] thread 'test_case_insensitive_due_keywords' (4742) panicked at tests/common/mod.rs:103:35:
[INFO] [stdout] Failed to execute command: Os { code: 2, kind: NotFound, message: "No such file or directory" }
[INFO] [stdout] stack backtrace:
[INFO] [stdout]    0:     0x568ff4357571 - <<std[617be2ca0a6fd877]::sys::backtrace::BacktraceLock>::print::DisplayBacktrace as core[a373ad73a504971]::fmt::Display>::fmt
[INFO] [stdout]    1:     0x568ff436c3ca - core[a373ad73a504971]::fmt::write
[INFO] [stdout]    2:     0x568ff435ba3c - <alloc[2e1b2a31b91974c5]::vec::Vec<u8> as core[a373ad73a504971]::io::write::Write>::write_fmt
[INFO] [stdout]    3:     0x568ff4331a86 - std[617be2ca0a6fd877]::panicking::default_hook::{closure#0}
[INFO] [stdout]    4:     0x568ff434ec59 - std[617be2ca0a6fd877]::panicking::default_hook
[INFO] [stdout]    5:     0x568ff42d8d40 - test[aada8e7e76ba119b]::test_main_inner::{closure#0}
[INFO] [stdout]    6:     0x568ff434ee12 - std[617be2ca0a6fd877]::panicking::panic_with_hook
[INFO] [stdout]    7:     0x568ff4331b32 - std[617be2ca0a6fd877]::panicking::panic_handler::{closure#0}
[INFO] [stdout]    8:     0x568ff432a599 - std[617be2ca0a6fd877]::sys::backtrace::__rust_end_short_backtrace::<std[617be2ca0a6fd877]::panicking::panic_handler::{closure#0}, !>
[INFO] [stdout]    9:     0x568ff433273d - __rustc[ea4f61d10b84890b]::rust_begin_unwind
[INFO] [stdout]   10:     0x568ff436cafc - core[a373ad73a504971]::panicking::panic_fmt
[INFO] [stdout]   11:     0x568ff436c8d2 - core[a373ad73a504971]::result::unwrap_failed
[INFO] [stdout]   12:     0x568ff42cc0d0 - <due_date[fbc8f520bb9d8e65]::common::TestCmd>::run
[INFO] [stdout]   13:     0x568ff42c7326 - <due_date[fbc8f520bb9d8e65]::test_case_insensitive_due_keywords::{closure#0} as core[a373ad73a504971]::ops::function::FnOnce<()>>::call_once
[INFO] [stdout]   14:     0x568ff42cc18b - test[aada8e7e76ba119b]::__rust_begin_short_backtrace::<core[a373ad73a504971]::result::Result<(), alloc[2e1b2a31b91974c5]::string::String>, fn() -> core[a373ad73a504971]::result::Result<(), alloc[2e1b2a31b91974c5]::string::String>>
[INFO] [stdout]   15:     0x568ff42d9365 - test[aada8e7e76ba119b]::run_test::{closure#0}
[INFO] [stdout]   16:     0x568ff42d2c54 - std[617be2ca0a6fd877]::sys::backtrace::__rust_begin_short_backtrace::<test[aada8e7e76ba119b]::run_test::{closure#1}, ()>
[INFO] [stdout]   17:     0x568ff42dc3f2 - <std[617be2ca0a6fd877]::thread::lifecycle::spawn_unchecked<test[aada8e7e76ba119b]::run_test::{closure#1}, ()>::{closure#1} as core[a373ad73a504971]::ops::function::FnOnce<()>>::call_once::{shim:vtable#0}
[INFO] [stdout]   18:     0x568ff435675f - <std[617be2ca0a6fd877]::sys::thread::unix::Thread>::new::thread_start
[INFO] [stdout]   19:     0x7ae48af4adfa - <unknown>
[INFO] [stdout]   20:     0x7ae48afde3d4 - clone
[INFO] [stdout]   21:                0x0 - <unknown>
[INFO] [stdout] 
[INFO] [stdout] ---- test_combined_due_filters stdout ----
[INFO] [stdout] 
[INFO] [stdout] thread 'test_combined_due_filters' (4748) panicked at tests/common/mod.rs:103:35:
[INFO] [stdout] Failed to execute command: Os { code: 2, kind: NotFound, message: "No such file or directory" }
[INFO] [stdout] stack backtrace:
[INFO] [stdout]    0:     0x568ff4357571 - <<std[617be2ca0a6fd877]::sys::backtrace::BacktraceLock>::print::DisplayBacktrace as core[a373ad73a504971]::fmt::Display>::fmt
[INFO] [stdout]    1:     0x568ff436c3ca - core[a373ad73a504971]::fmt::write
[INFO] [stdout]    2:     0x568ff435ba3c - <alloc[2e1b2a31b91974c5]::vec::Vec<u8> as core[a373ad73a504971]::io::write::Write>::write_fmt
[INFO] [stdout]    3:     0x568ff4331a86 - std[617be2ca0a6fd877]::panicking::default_hook::{closure#0}
[INFO] [stdout]    4:     0x568ff434ec59 - std[617be2ca0a6fd877]::panicking::default_hook
[INFO] [stdout]    5:     0x568ff42d8d40 - test[aada8e7e76ba119b]::test_main_inner::{closure#0}
[INFO] [stdout]    6:     0x568ff434ee12 - std[617be2ca0a6fd877]::panicking::panic_with_hook
[INFO] [stdout]    7:     0x568ff4331b32 - std[617be2ca0a6fd877]::panicking::panic_handler::{closure#0}
[INFO] [stdout]    8:     0x568ff432a599 - std[617be2ca0a6fd877]::sys::backtrace::__rust_end_short_backtrace::<std[617be2ca0a6fd877]::panicking::panic_handler::{closure#0}, !>
[INFO] [stdout]    9:     0x568ff433273d - __rustc[ea4f61d10b84890b]::rust_begin_unwind
[INFO] [stdout]   10:     0x568ff436cafc - core[a373ad73a504971]::panicking::panic_fmt
[INFO] [stdout]   11:     0x568ff436c8d2 - core[a373ad73a504971]::result::unwrap_failed
[INFO] [stdout]   12:     0x568ff42cc0d0 - <due_date[fbc8f520bb9d8e65]::common::TestCmd>::run
[INFO] [stdout]   13:     0x568ff42c1ca4 - <due_date[fbc8f520bb9d8e65]::test_combined_due_filters::{closure#0} as core[a373ad73a504971]::ops::function::FnOnce<()>>::call_once
[INFO] [stdout]   14:     0x568ff42cc18b - test[aada8e7e76ba119b]::__rust_begin_short_backtrace::<core[a373ad73a504971]::result::Result<(), alloc[2e1b2a31b91974c5]::string::String>, fn() -> core[a373ad73a504971]::result::Result<(), alloc[2e1b2a31b91974c5]::string::String>>
[INFO] [stdout]   15:     0x568ff42d9365 - test[aada8e7e76ba119b]::run_test::{closure#0}
[INFO] [stdout]   16:     0x568ff42d2c54 - std[617be2ca0a6fd877]::sys::backtrace::__rust_begin_short_backtrace::<test[aada8e7e76ba119b]::run_test::{closure#1}, ()>
[INFO] [stdout]   17:     0x568ff42dc3f2 - <std[617be2ca0a6fd877]::thread::lifecycle::spawn_unchecked<test[aada8e7e76ba119b]::run_test::{closure#1}, ()>::{closure#1} as core[a373ad73a504971]::ops::function::FnOnce<()>>::call_once::{shim:vtable#0}
[INFO] [stdout]   18:     0x568ff435675f - <std[617be2ca0a6fd877]::sys::thread::unix::Thread>::new::thread_start
[INFO] [stdout]   19:     0x7ae48af4adfa - <unknown>
[INFO] [stdout]   20:     0x7ae48afde3d4 - clone
[INFO] [stdout]   21:                0x0 - <unknown>
[INFO] [stdout] 
[INFO] [stdout] ---- test_filter_tasks_by_exact_date stdout ----
[INFO] [stdout] 
[INFO] [stdout] thread 'test_filter_tasks_by_exact_date' (4759) panicked at tests/common/mod.rs:103:35:
[INFO] [stdout] Failed to execute command: Os { code: 2, kind: NotFound, message: "No such file or directory" }
[INFO] [stdout] stack backtrace:
[INFO] [stdout]    0:     0x568ff4357571 - <<std[617be2ca0a6fd877]::sys::backtrace::BacktraceLock>::print::DisplayBacktrace as core[a373ad73a504971]::fmt::Display>::fmt
[INFO] [stdout]    1:     0x568ff436c3ca - core[a373ad73a504971]::fmt::write
[INFO] [stdout]    2:     0x568ff435ba3c - <alloc[2e1b2a31b91974c5]::vec::Vec<u8> as core[a373ad73a504971]::io::write::Write>::write_fmt
[INFO] [stdout]    3:     0x568ff4331a86 - std[617be2ca0a6fd877]::panicking::default_hook::{closure#0}
[INFO] [stdout]    4:     0x568ff434ec59 - std[617be2ca0a6fd877]::panicking::default_hook
[INFO] [stdout]    5:     0x568ff42d8d40 - test[aada8e7e76ba119b]::test_main_inner::{closure#0}
[INFO] [stdout]    6:     0x568ff434ee12 - std[617be2ca0a6fd877]::panicking::panic_with_hook
[INFO] [stdout]    7:     0x568ff4331b32 - std[617be2ca0a6fd877]::panicking::panic_handler::{closure#0}
[INFO] [stdout]    8:     0x568ff432a599 - std[617be2ca0a6fd877]::sys::backtrace::__rust_end_short_backtrace::<std[617be2ca0a6fd877]::panicking::panic_handler::{closure#0}, !>
[INFO] [stdout]    9:     0x568ff433273d - __rustc[ea4f61d10b84890b]::rust_begin_unwind
[INFO] [stdout]   10:     0x568ff436cafc - core[a373ad73a504971]::panicking::panic_fmt
[INFO] [stdout]   11:     0x568ff436c8d2 - core[a373ad73a504971]::result::unwrap_failed
[INFO] [stdout]   12:     0x568ff42cc0d0 - <due_date[fbc8f520bb9d8e65]::common::TestCmd>::run
[INFO] [stdout]   13:     0x568ff42c6118 - <due_date[fbc8f520bb9d8e65]::test_filter_tasks_by_exact_date::{closure#0} as core[a373ad73a504971]::ops::function::FnOnce<()>>::call_once
[INFO] [stdout]   14:     0x568ff42cc18b - test[aada8e7e76ba119b]::__rust_begin_short_backtrace::<core[a373ad73a504971]::result::Result<(), alloc[2e1b2a31b91974c5]::string::String>, fn() -> core[a373ad73a504971]::result::Result<(), alloc[2e1b2a31b91974c5]::string::String>>
[INFO] [stdout]   15:     0x568ff42d9365 - test[aada8e7e76ba119b]::run_test::{closure#0}
[INFO] [stdout]   16:     0x568ff42d2c54 - std[617be2ca0a6fd877]::sys::backtrace::__rust_begin_short_backtrace::<test[aada8e7e76ba119b]::run_test::{closure#1}, ()>
[INFO] [stdout]   17:     0x568ff42dc3f2 - <std[617be2ca0a6fd877]::thread::lifecycle::spawn_unchecked<test[aada8e7e76ba119b]::run_test::{closure#1}, ()>::{closure#1} as core[a373ad73a504971]::ops::function::FnOnce<()>>::call_once::{shim:vtable#0}
[INFO] [stdout]   18:     0x568ff435675f - <std[617be2ca0a6fd877]::sys::thread::unix::Thread>::new::thread_start
[INFO] [stdout]   19:     0x7ae48af4adfa - <unknown>
[INFO] [stdout]   20:     0x7ae48afde3d4 - clone
[INFO] [stdout]   21:                0x0 - <unknown>
[INFO] [stdout] 
[INFO] [stdout] ---- test_due_dates_merge_with_context stdout ----
[INFO] [stdout] 
[INFO] [stdout] thread 'test_due_dates_merge_with_context' (4758) panicked at tests/common/mod.rs:103:35:
[INFO] [stdout] Failed to execute command: Os { code: 2, kind: NotFound, message: "No such file or directory" }
[INFO] [stdout] stack backtrace:
[INFO] [stdout]    0:     0x568ff4357571 - <<std[617be2ca0a6fd877]::sys::backtrace::BacktraceLock>::print::DisplayBacktrace as core[a373ad73a504971]::fmt::Display>::fmt
[INFO] [stdout]    1:     0x568ff436c3ca - core[a373ad73a504971]::fmt::write
[INFO] [stdout]    2:     0x568ff435ba3c - <alloc[2e1b2a31b91974c5]::vec::Vec<u8> as core[a373ad73a504971]::io::write::Write>::write_fmt
[INFO] [stdout]    3:     0x568ff4331a86 - std[617be2ca0a6fd877]::panicking::default_hook::{closure#0}
[INFO] [stdout]    4:     0x568ff434ec59 - std[617be2ca0a6fd877]::panicking::default_hook
[INFO] [stdout]    5:     0x568ff42d8d40 - test[aada8e7e76ba119b]::test_main_inner::{closure#0}
[INFO] [stdout]    6:     0x568ff434ee12 - std[617be2ca0a6fd877]::panicking::panic_with_hook
[INFO] [stdout]    7:     0x568ff4331b32 - std[617be2ca0a6fd877]::panicking::panic_handler::{closure#0}
[INFO] [stdout]    8:     0x568ff432a599 - std[617be2ca0a6fd877]::sys::backtrace::__rust_end_short_backtrace::<std[617be2ca0a6fd877]::panicking::panic_handler::{closure#0}, !>
[INFO] [stdout]    9:     0x568ff433273d - __rustc[ea4f61d10b84890b]::rust_begin_unwind
[INFO] [stdout]   10:     0x568ff436cafc - core[a373ad73a504971]::panicking::panic_fmt
[INFO] [stdout]   11:     0x568ff436c8d2 - core[a373ad73a504971]::result::unwrap_failed
[INFO] [stdout]   12:     0x568ff42cc0d0 - <due_date[fbc8f520bb9d8e65]::common::TestCmd>::run
[INFO] [stdout]   13:     0x568ff42c667c - <due_date[fbc8f520bb9d8e65]::test_due_dates_merge_with_context::{closure#0} as core[a373ad73a504971]::ops::function::FnOnce<()>>::call_once
[INFO] [stdout]   14:     0x568ff42cc18b - test[aada8e7e76ba119b]::__rust_begin_short_backtrace::<core[a373ad73a504971]::result::Result<(), alloc[2e1b2a31b91974c5]::string::String>, fn() -> core[a373ad73a504971]::result::Result<(), alloc[2e1b2a31b91974c5]::string::String>>
[INFO] [stdout]   15:     0x568ff42d9365 - test[aada8e7e76ba119b]::run_test::{closure#0}
[INFO] [stdout]   16:     0x568ff42d2c54 - std[617be2ca0a6fd877]::sys::backtrace::__rust_begin_short_backtrace::<test[aada8e7e76ba119b]::run_test::{closure#1}, ()>
[INFO] [stdout]   17:     0x568ff42dc3f2 - <std[617be2ca0a6fd877]::thread::lifecycle::spawn_unchecked<test[aada8e7e76ba119b]::run_test::{closure#1}, ()>::{closure#1} as core[a373ad73a504971]::ops::function::FnOnce<()>>::call_once::{shim:vtable#0}
[INFO] [stdout]   18:     0x568ff435675f - <std[617be2ca0a6fd877]::sys::thread::unix::Thread>::new::thread_start
[INFO] [stdout]   19:     0x7ae48af4adfa - <unknown>
[INFO] [stdout]   20:     0x7ae48afde3d4 - clone
[INFO] [stdout]   21:                0x0 - <unknown>
[INFO] [stdout] 
[INFO] [stdout] ---- test_filter_tasks_by_next_weekdays stdout ----
[INFO] [stdout] 
[INFO] [stdout] thread 'test_filter_tasks_by_next_weekdays' (4761) panicked at tests/common/mod.rs:103:35:
[INFO] [stdout] Failed to execute command: Os { code: 2, kind: NotFound, message: "No such file or directory" }
[INFO] [stdout] stack backtrace:
[INFO] [stdout]    0:     0x568ff4357571 - <<std[617be2ca0a6fd877]::sys::backtrace::BacktraceLock>::print::DisplayBacktrace as core[a373ad73a504971]::fmt::Display>::fmt
[INFO] [stdout]    1:     0x568ff436c3ca - core[a373ad73a504971]::fmt::write
[INFO] [stdout]    2:     0x568ff435ba3c - <alloc[2e1b2a31b91974c5]::vec::Vec<u8> as core[a373ad73a504971]::io::write::Write>::write_fmt
[INFO] [stdout]    3:     0x568ff4331a86 - std[617be2ca0a6fd877]::panicking::default_hook::{closure#0}
[INFO] [stdout]    4:     0x568ff434ec59 - std[617be2ca0a6fd877]::panicking::default_hook
[INFO] [stdout]    5:     0x568ff42d8d40 - test[aada8e7e76ba119b]::test_main_inner::{closure#0}
[INFO] [stdout]    6:     0x568ff434ee12 - std[617be2ca0a6fd877]::panicking::panic_with_hook
[INFO] [stdout]    7:     0x568ff4331b32 - std[617be2ca0a6fd877]::panicking::panic_handler::{closure#0}
[INFO] [stdout]    8:     0x568ff432a599 - std[617be2ca0a6fd877]::sys::backtrace::__rust_end_short_backtrace::<std[617be2ca0a6fd877]::panicking::panic_handler::{closure#0}, !>
[INFO] [stdout]    9:     0x568ff433273d - __rustc[ea4f61d10b84890b]::rust_begin_unwind
[INFO] [stdout]   10:     0x568ff436cafc - core[a373ad73a504971]::panicking::panic_fmt
[INFO] [stdout]   11:     0x568ff436c8d2 - core[a373ad73a504971]::result::unwrap_failed
[INFO] [stdout]   12:     0x568ff42cc0d0 - <due_date[fbc8f520bb9d8e65]::common::TestCmd>::run
[INFO] [stdout]   13:     0x568ff42c7d65 - <due_date[fbc8f520bb9d8e65]::test_filter_tasks_by_next_weekdays::{closure#0} as core[a373ad73a504971]::ops::function::FnOnce<()>>::call_once
[INFO] [stdout]   14:     0x568ff42cc18b - test[aada8e7e76ba119b]::__rust_begin_short_backtrace::<core[a373ad73a504971]::result::Result<(), alloc[2e1b2a31b91974c5]::string::String>, fn() -> core[a373ad73a504971]::result::Result<(), alloc[2e1b2a31b91974c5]::string::String>>
[INFO] [stdout]   15:     0x568ff42d9365 - test[aada8e7e76ba119b]::run_test::{closure#0}
[INFO] [stdout]   16:     0x568ff42d2c54 - std[617be2ca0a6fd877]::sys::backtrace::__rust_begin_short_backtrace::<test[aada8e7e76ba119b]::run_test::{closure#1}, ()>
[INFO] [stdout]   17:     0x568ff42dc3f2 - <std[617be2ca0a6fd877]::thread::lifecycle::spawn_unchecked<test[aada8e7e76ba119b]::run_test::{closure#1}, ()>::{closure#1} as core[a373ad73a504971]::ops::function::FnOnce<()>>::call_once::{shim:vtable#0}
[INFO] [stdout]   18:     0x568ff435675f - <std[617be2ca0a6fd877]::sys::thread::unix::Thread>::new::thread_start
[INFO] [stdout]   19:     0x7ae48af4adfa - <unknown>
[INFO] [stderr] error: test failed, to rerun pass `--test due_date`
[INFO] [stdout]   20:     0x7ae48afde3d4 - clone
[INFO] [stdout]   21:                0x0 - <unknown>
[INFO] [stdout] 
[INFO] [stdout] ---- test_filter_tasks_due_after_with_full_date stdout ----
[INFO] [stdout] 
[INFO] [stdout] thread 'test_filter_tasks_due_after_with_full_date' (4781) panicked at tests/common/mod.rs:103:35:
[INFO] [stdout] Failed to execute command: Os { code: 2, kind: NotFound, message: "No such file or directory" }
[INFO] [stdout] stack backtrace:
[INFO] [stdout]    0:     0x568ff4357571 - <<std[617be2ca0a6fd877]::sys::backtrace::BacktraceLock>::print::DisplayBacktrace as core[a373ad73a504971]::fmt::Display>::fmt
[INFO] [stdout]    1:     0x568ff436c3ca - core[a373ad73a504971]::fmt::write
[INFO] [stdout]    2:     0x568ff435ba3c - <alloc[2e1b2a31b91974c5]::vec::Vec<u8> as core[a373ad73a504971]::io::write::Write>::write_fmt
[INFO] [stdout]    3:     0x568ff4331a86 - std[617be2ca0a6fd877]::panicking::default_hook::{closure#0}
[INFO] [stdout]    4:     0x568ff434ec59 - std[617be2ca0a6fd877]::panicking::default_hook
[INFO] [stdout]    5:     0x568ff42d8d40 - test[aada8e7e76ba119b]::test_main_inner::{closure#0}
[INFO] [stdout]    6:     0x568ff434ee12 - std[617be2ca0a6fd877]::panicking::panic_with_hook
[INFO] [stdout]    7:     0x568ff4331b32 - std[617be2ca0a6fd877]::panicking::panic_handler::{closure#0}
[INFO] [stdout]    8:     0x568ff432a599 - std[617be2ca0a6fd877]::sys::backtrace::__rust_end_short_backtrace::<std[617be2ca0a6fd877]::panicking::panic_handler::{closure#0}, !>
[INFO] [stdout]    9:     0x568ff433273d - __rustc[ea4f61d10b84890b]::rust_begin_unwind
[INFO] [stdout]   10:     0x568ff436cafc - core[a373ad73a504971]::panicking::panic_fmt
[INFO] [stdout]   11:     0x568ff436c8d2 - core[a373ad73a504971]::result::unwrap_failed
[INFO] [stdout]   12:     0x568ff42cc0d0 - <due_date[fbc8f520bb9d8e65]::common::TestCmd>::run
[INFO] [stdout]   13:     0x568ff42c9313 - <due_date[fbc8f520bb9d8e65]::test_filter_tasks_due_after_with_full_date::{closure#0} as core[a373ad73a504971]::ops::function::FnOnce<()>>::call_once
[INFO] [stdout]   14:     0x568ff42cc18b - test[aada8e7e76ba119b]::__rust_begin_short_backtrace::<core[a373ad73a504971]::result::Result<(), alloc[2e1b2a31b91974c5]::string::String>, fn() -> core[a373ad73a504971]::result::Result<(), alloc[2e1b2a31b91974c5]::string::String>>
[INFO] [stdout]   15:     0x568ff42d9365 - test[aada8e7e76ba119b]::run_test::{closure#0}
[INFO] [stdout]   16:     0x568ff42d2c54 - std[617be2ca0a6fd877]::sys::backtrace::__rust_begin_short_backtrace::<test[aada8e7e76ba119b]::run_test::{closure#1}, ()>
[INFO] [stdout]   17:     0x568ff42dc3f2 - <std[617be2ca0a6fd877]::thread::lifecycle::spawn_unchecked<test[aada8e7e76ba119b]::run_test::{closure#1}, ()>::{closure#1} as core[a373ad73a504971]::ops::function::FnOnce<()>>::call_once::{shim:vtable#0}
[INFO] [stdout]   18:     0x568ff435675f - <std[617be2ca0a6fd877]::sys::thread::unix::Thread>::new::thread_start
[INFO] [stdout]   19:     0x7ae48af4adfa - <unknown>
[INFO] [stdout]   20:     0x7ae48afde3d4 - clone
[INFO] [stdout]   21:                0x0 - <unknown>
[INFO] [stdout] 
[INFO] [stdout] ---- test_filter_tasks_by_this_weekdays stdout ----
[INFO] [stdout] 
[INFO] [stdout] thread 'test_filter_tasks_by_this_weekdays' (4770) panicked at tests/common/mod.rs:103:35:
[INFO] [stdout] Failed to execute command: Os { code: 2, kind: NotFound, message: "No such file or directory" }
[INFO] [stdout] stack backtrace:
[INFO] [stdout]    0:     0x568ff4357571 - <<std[617be2ca0a6fd877]::sys::backtrace::BacktraceLock>::print::DisplayBacktrace as core[a373ad73a504971]::fmt::Display>::fmt
[INFO] [stdout]    1:     0x568ff436c3ca - core[a373ad73a504971]::fmt::write
[INFO] [stdout]    2:     0x568ff435ba3c - <alloc[2e1b2a31b91974c5]::vec::Vec<u8> as core[a373ad73a504971]::io::write::Write>::write_fmt
[INFO] [stdout]    3:     0x568ff4331a86 - std[617be2ca0a6fd877]::panicking::default_hook::{closure#0}
[INFO] [stdout]    4:     0x568ff434ec59 - std[617be2ca0a6fd877]::panicking::default_hook
[INFO] [stdout]    5:     0x568ff42d8d40 - test[aada8e7e76ba119b]::test_main_inner::{closure#0}
[INFO] [stdout]    6:     0x568ff434ee12 - std[617be2ca0a6fd877]::panicking::panic_with_hook
[INFO] [stdout]    7:     0x568ff4331b32 - std[617be2ca0a6fd877]::panicking::panic_handler::{closure#0}
[INFO] [stdout]    8:     0x568ff432a599 - std[617be2ca0a6fd877]::sys::backtrace::__rust_end_short_backtrace::<std[617be2ca0a6fd877]::panicking::panic_handler::{closure#0}, !>
[INFO] [stdout]    9:     0x568ff433273d - __rustc[ea4f61d10b84890b]::rust_begin_unwind
[INFO] [stdout]   10:     0x568ff436cafc - core[a373ad73a504971]::panicking::panic_fmt
[INFO] [stdout]   11:     0x568ff436c8d2 - core[a373ad73a504971]::result::unwrap_failed
[INFO] [stdout]   12:     0x568ff42cc0d0 - <due_date[fbc8f520bb9d8e65]::common::TestCmd>::run
[INFO] [stdout]   13:     0x568ff42c80e5 - <due_date[fbc8f520bb9d8e65]::test_filter_tasks_by_this_weekdays::{closure#0} as core[a373ad73a504971]::ops::function::FnOnce<()>>::call_once
[INFO] [stdout]   14:     0x568ff42cc18b - test[aada8e7e76ba119b]::__rust_begin_short_backtrace::<core[a373ad73a504971]::result::Result<(), alloc[2e1b2a31b91974c5]::string::String>, fn() -> core[a373ad73a504971]::result::Result<(), alloc[2e1b2a31b91974c5]::string::String>>
[INFO] [stdout]   15:     0x568ff42d9365 - test[aada8e7e76ba119b]::run_test::{closure#0}
[INFO] [stdout]   16:     0x568ff42d2c54 - std[617be2ca0a6fd877]::sys::backtrace::__rust_begin_short_backtrace::<test[aada8e7e76ba119b]::run_test::{closure#1}, ()>
[INFO] [stdout]   17:     0x568ff42dc3f2 - <std[617be2ca0a6fd877]::thread::lifecycle::spawn_unchecked<test[aada8e7e76ba119b]::run_test::{closure#1}, ()>::{closure#1} as core[a373ad73a504971]::ops::function::FnOnce<()>>::call_once::{shim:vtable#0}
[INFO] [stdout]   18:     0x568ff435675f - <std[617be2ca0a6fd877]::sys::thread::unix::Thread>::new::thread_start
[INFO] [stdout]   19:     0x7ae48af4adfa - <unknown>
[INFO] [stdout]   20:     0x7ae48afde3d4 - clone
[INFO] [stdout]   21:                0x0 - <unknown>
[INFO] [stdout] 
[INFO] [stdout] ---- test_filter_tasks_by_overdue stdout ----
[INFO] [stdout] 
[INFO] [stdout] thread 'test_filter_tasks_by_overdue' (4764) panicked at tests/common/mod.rs:103:35:
[INFO] [stdout] Failed to execute command: Os { code: 2, kind: NotFound, message: "No such file or directory" }
[INFO] [stdout] stack backtrace:
[INFO] [stdout]    0:     0x568ff4357571 - <<std[617be2ca0a6fd877]::sys::backtrace::BacktraceLock>::print::DisplayBacktrace as core[a373ad73a504971]::fmt::Display>::fmt
[INFO] [stdout]    1:     0x568ff436c3ca - core[a373ad73a504971]::fmt::write
[INFO] [stdout]    2:     0x568ff435ba3c - <alloc[2e1b2a31b91974c5]::vec::Vec<u8> as core[a373ad73a504971]::io::write::Write>::write_fmt
[INFO] [stdout]    3:     0x568ff4331a86 - std[617be2ca0a6fd877]::panicking::default_hook::{closure#0}
[INFO] [stdout]    4:     0x568ff434ec59 - std[617be2ca0a6fd877]::panicking::default_hook
[INFO] [stdout]    5:     0x568ff42d8d40 - test[aada8e7e76ba119b]::test_main_inner::{closure#0}
[INFO] [stdout]    6:     0x568ff434ee12 - std[617be2ca0a6fd877]::panicking::panic_with_hook
[INFO] [stdout]    7:     0x568ff4331b32 - std[617be2ca0a6fd877]::panicking::panic_handler::{closure#0}
[INFO] [stdout]    8:     0x568ff432a599 - std[617be2ca0a6fd877]::sys::backtrace::__rust_end_short_backtrace::<std[617be2ca0a6fd877]::panicking::panic_handler::{closure#0}, !>
[INFO] [stdout]    9:     0x568ff433273d - __rustc[ea4f61d10b84890b]::rust_begin_unwind
[INFO] [stdout]   10:     0x568ff436cafc - core[a373ad73a504971]::panicking::panic_fmt
[INFO] [stdout]   11:     0x568ff436c8d2 - core[a373ad73a504971]::result::unwrap_failed
[INFO] [stdout]   12:     0x568ff42cc0d0 - <due_date[fbc8f520bb9d8e65]::common::TestCmd>::run
[INFO] [stdout]   13:     0x568ff42c5163 - <due_date[fbc8f520bb9d8e65]::test_filter_tasks_by_overdue::{closure#0} as core[a373ad73a504971]::ops::function::FnOnce<()>>::call_once
[INFO] [stdout]   14:     0x568ff42cc18b - test[aada8e7e76ba119b]::__rust_begin_short_backtrace::<core[a373ad73a504971]::result::Result<(), alloc[2e1b2a31b91974c5]::string::String>, fn() -> core[a373ad73a504971]::result::Result<(), alloc[2e1b2a31b91974c5]::string::String>>
[INFO] [stdout]   15:     0x568ff42d9365 - test[aada8e7e76ba119b]::run_test::{closure#0}
[INFO] [stdout]   16:     0x568ff42d2c54 - std[617be2ca0a6fd877]::sys::backtrace::__rust_begin_short_backtrace::<test[aada8e7e76ba119b]::run_test::{closure#1}, ()>
[INFO] [stdout]   17:     0x568ff42dc3f2 - <std[617be2ca0a6fd877]::thread::lifecycle::spawn_unchecked<test[aada8e7e76ba119b]::run_test::{closure#1}, ()>::{closure#1} as core[a373ad73a504971]::ops::function::FnOnce<()>>::call_once::{shim:vtable#0}
[INFO] [stdout]   18:     0x568ff435675f - <std[617be2ca0a6fd877]::sys::thread::unix::Thread>::new::thread_start
[INFO] [stdout]   19:     0x7ae48af4adfa - <unknown>
[INFO] [stdout]   20:     0x7ae48afde3d4 - clone
[INFO] [stdout]   21:                0x0 - <unknown>
[INFO] [stdout] 
[INFO] [stdout] ---- test_invalid_date_formats stdout ----
[INFO] [stdout] 
[INFO] [stdout] thread 'test_invalid_date_formats' (4797) panicked at tests/common/mod.rs:103:35:
[INFO] [stdout] Failed to execute command: Os { code: 2, kind: NotFound, message: "No such file or directory" }
[INFO] [stdout] stack backtrace:
[INFO] [stdout]    0:     0x568ff4357571 - <<std[617be2ca0a6fd877]::sys::backtrace::BacktraceLock>::print::DisplayBacktrace as core[a373ad73a504971]::fmt::Display>::fmt
[INFO] [stdout]    1:     0x568ff436c3ca - core[a373ad73a504971]::fmt::write
[INFO] [stdout]    2:     0x568ff435ba3c - <alloc[2e1b2a31b91974c5]::vec::Vec<u8> as core[a373ad73a504971]::io::write::Write>::write_fmt
[INFO] [stdout]    3:     0x568ff4331a86 - std[617be2ca0a6fd877]::panicking::default_hook::{closure#0}
[INFO] [stdout]    4:     0x568ff434ec59 - std[617be2ca0a6fd877]::panicking::default_hook
[INFO] [stdout]    5:     0x568ff42d8d40 - test[aada8e7e76ba119b]::test_main_inner::{closure#0}
[INFO] [stdout]    6:     0x568ff434ee12 - std[617be2ca0a6fd877]::panicking::panic_with_hook
[INFO] [stdout]    7:     0x568ff4331b32 - std[617be2ca0a6fd877]::panicking::panic_handler::{closure#0}
[INFO] [stdout]    8:     0x568ff432a599 - std[617be2ca0a6fd877]::sys::backtrace::__rust_end_short_backtrace::<std[617be2ca0a6fd877]::panicking::panic_handler::{closure#0}, !>
[INFO] [stdout]    9:     0x568ff433273d - __rustc[ea4f61d10b84890b]::rust_begin_unwind
[INFO] [stdout]   10:     0x568ff436cafc - core[a373ad73a504971]::panicking::panic_fmt
[INFO] [stdout]   11:     0x568ff436c8d2 - core[a373ad73a504971]::result::unwrap_failed
[INFO] [stdout]   12:     0x568ff42cc0d0 - <due_date[fbc8f520bb9d8e65]::common::TestCmd>::run
[INFO] [stdout]   13:     0x568ff42c226b - <due_date[fbc8f520bb9d8e65]::test_invalid_date_formats::{closure#0} as core[a373ad73a504971]::ops::function::FnOnce<()>>::call_once
[INFO] [stdout]   14:     0x568ff42cc18b - test[aada8e7e76ba119b]::__rust_begin_short_backtrace::<core[a373ad73a504971]::result::Result<(), alloc[2e1b2a31b91974c5]::string::String>, fn() -> core[a373ad73a504971]::result::Result<(), alloc[2e1b2a31b91974c5]::string::String>>
[INFO] [stdout]   15:     0x568ff42d9365 - test[aada8e7e76ba119b]::run_test::{closure#0}
[INFO] [stdout]   16:     0x568ff42d2c54 - std[617be2ca0a6fd877]::sys::backtrace::__rust_begin_short_backtrace::<test[aada8e7e76ba119b]::run_test::{closure#1}, ()>
[INFO] [stdout]   17:     0x568ff42dc3f2 - <std[617be2ca0a6fd877]::thread::lifecycle::spawn_unchecked<test[aada8e7e76ba119b]::run_test::{closure#1}, ()>::{closure#1} as core[a373ad73a504971]::ops::function::FnOnce<()>>::call_once::{shim:vtable#0}
[INFO] [stdout]   18:     0x568ff435675f - <std[617be2ca0a6fd877]::sys::thread::unix::Thread>::new::thread_start
[INFO] [stdout]   19:     0x7ae48af4adfa - <unknown>
[INFO] [stdout]   20:     0x7ae48afde3d4 - clone
[INFO] [stdout]   21:                0x0 - <unknown>
[INFO] [stdout] 
[INFO] [stdout] ---- test_filter_tasks_due_before stdout ----
[INFO] [stdout] 
[INFO] [stdout] thread 'test_filter_tasks_due_before' (4790) panicked at tests/common/mod.rs:103:35:
[INFO] [stdout] Failed to execute command: Os { code: 2, kind: NotFound, message: "No such file or directory" }
[INFO] [stdout] stack backtrace:
[INFO] [stdout]    0:     0x568ff4357571 - <<std[617be2ca0a6fd877]::sys::backtrace::BacktraceLock>::print::DisplayBacktrace as core[a373ad73a504971]::fmt::Display>::fmt
[INFO] [stdout]    1:     0x568ff436c3ca - core[a373ad73a504971]::fmt::write
[INFO] [stdout]    2:     0x568ff435ba3c - <alloc[2e1b2a31b91974c5]::vec::Vec<u8> as core[a373ad73a504971]::io::write::Write>::write_fmt
[INFO] [stdout]    3:     0x568ff4331a86 - std[617be2ca0a6fd877]::panicking::default_hook::{closure#0}
[INFO] [stdout]    4:     0x568ff434ec59 - std[617be2ca0a6fd877]::panicking::default_hook
[INFO] [stdout]    5:     0x568ff42d8d40 - test[aada8e7e76ba119b]::test_main_inner::{closure#0}
[INFO] [stdout]    6:     0x568ff434ee12 - std[617be2ca0a6fd877]::panicking::panic_with_hook
[INFO] [stdout]    7:     0x568ff4331b32 - std[617be2ca0a6fd877]::panicking::panic_handler::{closure#0}
[INFO] [stdout]    8:     0x568ff432a599 - std[617be2ca0a6fd877]::sys::backtrace::__rust_end_short_backtrace::<std[617be2ca0a6fd877]::panicking::panic_handler::{closure#0}, !>
[INFO] [stdout]    9:     0x568ff433273d - __rustc[ea4f61d10b84890b]::rust_begin_unwind
[INFO] [stdout]   10:     0x568ff436cafc - core[a373ad73a504971]::panicking::panic_fmt
[INFO] [stdout]   11:     0x568ff436c8d2 - core[a373ad73a504971]::result::unwrap_failed
[INFO] [stdout]   12:     0x568ff42cc0d0 - <due_date[fbc8f520bb9d8e65]::common::TestCmd>::run
[INFO] [stdout]   13:     0x568ff42c55d6 - <due_date[fbc8f520bb9d8e65]::test_filter_tasks_due_before::{closure#0} as core[a373ad73a504971]::ops::function::FnOnce<()>>::call_once
[INFO] [stdout]   14:     0x568ff42cc18b - test[aada8e7e76ba119b]::__rust_begin_short_backtrace::<core[a373ad73a504971]::result::Result<(), alloc[2e1b2a31b91974c5]::string::String>, fn() -> core[a373ad73a504971]::result::Result<(), alloc[2e1b2a31b91974c5]::string::String>>
[INFO] [stdout]   15:     0x568ff42d9365 - test[aada8e7e76ba119b]::run_test::{closure#0}
[INFO] [stdout]   16:     0x568ff42d2c54 - std[617be2ca0a6fd877]::sys::backtrace::__rust_begin_short_backtrace::<test[aada8e7e76ba119b]::run_test::{closure#1}, ()>
[INFO] [stdout]   17:     0x568ff42dc3f2 - <std[617be2ca0a6fd877]::thread::lifecycle::spawn_unchecked<test[aada8e7e76ba119b]::run_test::{closure#1}, ()>::{closure#1} as core[a373ad73a504971]::ops::function::FnOnce<()>>::call_once::{shim:vtable#0}
[INFO] [stdout]   18:     0x568ff435675f - <std[617be2ca0a6fd877]::sys::thread::unix::Thread>::new::thread_start
[INFO] [stdout]   19:     0x7ae48af4adfa - <unknown>
[INFO] [stdout]   20:     0x7ae48afde3d4 - clone
[INFO] [stdout]   21:                0x0 - <unknown>
[INFO] [stdout] 
[INFO] [stdout] ---- test_filter_tasks_due_after stdout ----
[INFO] [stdout] 
[INFO] [stdout] thread 'test_filter_tasks_due_after' (4779) panicked at tests/common/mod.rs:103:35:
[INFO] [stdout] Failed to execute command: Os { code: 2, kind: NotFound, message: "No such file or directory" }
[INFO] [stdout] stack backtrace:
[INFO] [stdout]    0:     0x568ff4357571 - <<std[617be2ca0a6fd877]::sys::backtrace::BacktraceLock>::print::DisplayBacktrace as core[a373ad73a504971]::fmt::Display>::fmt
[INFO] [stdout]    1:     0x568ff436c3ca - core[a373ad73a504971]::fmt::write
[INFO] [stdout]    2:     0x568ff435ba3c - <alloc[2e1b2a31b91974c5]::vec::Vec<u8> as core[a373ad73a504971]::io::write::Write>::write_fmt
[INFO] [stdout]    3:     0x568ff4331a86 - std[617be2ca0a6fd877]::panicking::default_hook::{closure#0}
[INFO] [stdout]    4:     0x568ff434ec59 - std[617be2ca0a6fd877]::panicking::default_hook
[INFO] [stdout]    5:     0x568ff42d8d40 - test[aada8e7e76ba119b]::test_main_inner::{closure#0}
[INFO] [stdout]    6:     0x568ff434ee12 - std[617be2ca0a6fd877]::panicking::panic_with_hook
[INFO] [stdout]    7:     0x568ff4331b32 - std[617be2ca0a6fd877]::panicking::panic_handler::{closure#0}
[INFO] [stdout]    8:     0x568ff432a599 - std[617be2ca0a6fd877]::sys::backtrace::__rust_end_short_backtrace::<std[617be2ca0a6fd877]::panicking::panic_handler::{closure#0}, !>
[INFO] [stdout]    9:     0x568ff433273d - __rustc[ea4f61d10b84890b]::rust_begin_unwind
[INFO] [stdout]   10:     0x568ff436cafc - core[a373ad73a504971]::panicking::panic_fmt
[INFO] [stdout]   11:     0x568ff436c8d2 - core[a373ad73a504971]::result::unwrap_failed
[INFO] [stdout]   12:     0x568ff42cc0d0 - <due_date[fbc8f520bb9d8e65]::common::TestCmd>::run
[INFO] [stdout]   13:     0x568ff42c3ca8 - <due_date[fbc8f520bb9d8e65]::test_filter_tasks_due_after::{closure#0} as core[a373ad73a504971]::ops::function::FnOnce<()>>::call_once
[INFO] [stdout]   14:     0x568ff42cc18b - test[aada8e7e76ba119b]::__rust_begin_short_backtrace::<core[a373ad73a504971]::result::Result<(), alloc[2e1b2a31b91974c5]::string::String>, fn() -> core[a373ad73a504971]::result::Result<(), alloc[2e1b2a31b91974c5]::string::String>>
[INFO] [stdout]   15:     0x568ff42d9365 - test[aada8e7e76ba119b]::run_test::{closure#0}
[INFO] [stdout]   16:     0x568ff42d2c54 - std[617be2ca0a6fd877]::sys::backtrace::__rust_begin_short_backtrace::<test[aada8e7e76ba119b]::run_test::{closure#1}, ()>
[INFO] [stdout]   17:     0x568ff42dc3f2 - <std[617be2ca0a6fd877]::thread::lifecycle::spawn_unchecked<test[aada8e7e76ba119b]::run_test::{closure#1}, ()>::{closure#1} as core[a373ad73a504971]::ops::function::FnOnce<()>>::call_once::{shim:vtable#0}
[INFO] [stdout]   18:     0x568ff435675f - <std[617be2ca0a6fd877]::sys::thread::unix::Thread>::new::thread_start
[INFO] [stdout]   19:     0x7ae48af4adfa - <unknown>
[INFO] [stdout]   20:     0x7ae48afde3d4 - clone
[INFO] [stdout]   21:                0x0 - <unknown>
[INFO] [stdout] 
[INFO] [stdout] ---- test_filter_tasks_by_today stdout ----
[INFO] [stdout] 
[INFO] [stdout] thread 'test_filter_tasks_by_today' (4772) panicked at tests/common/mod.rs:103:35:
[INFO] [stdout] Failed to execute command: Os { code: 2, kind: NotFound, message: "No such file or directory" }
[INFO] [stdout] stack backtrace:
[INFO] [stdout]    0:     0x568ff4357571 - <<std[617be2ca0a6fd877]::sys::backtrace::BacktraceLock>::print::DisplayBacktrace as core[a373ad73a504971]::fmt::Display>::fmt
[INFO] [stdout]    1:     0x568ff436c3ca - core[a373ad73a504971]::fmt::write
[INFO] [stdout]    2:     0x568ff435ba3c - <alloc[2e1b2a31b91974c5]::vec::Vec<u8> as core[a373ad73a504971]::io::write::Write>::write_fmt
[INFO] [stdout]    3:     0x568ff4331a86 - std[617be2ca0a6fd877]::panicking::default_hook::{closure#0}
[INFO] [stdout]    4:     0x568ff434ec59 - std[617be2ca0a6fd877]::panicking::default_hook
[INFO] [stdout]    5:     0x568ff42d8d40 - test[aada8e7e76ba119b]::test_main_inner::{closure#0}
[INFO] [stdout]    6:     0x568ff434ee12 - std[617be2ca0a6fd877]::panicking::panic_with_hook
[INFO] [stdout]    7:     0x568ff4331b32 - std[617be2ca0a6fd877]::panicking::panic_handler::{closure#0}
[INFO] [stdout]    8:     0x568ff432a599 - std[617be2ca0a6fd877]::sys::backtrace::__rust_end_short_backtrace::<std[617be2ca0a6fd877]::panicking::panic_handler::{closure#0}, !>
[INFO] [stdout]    9:     0x568ff433273d - __rustc[ea4f61d10b84890b]::rust_begin_unwind
[INFO] [stdout]   10:     0x568ff436cafc - core[a373ad73a504971]::panicking::panic_fmt
[INFO] [stdout]   11:     0x568ff436c8d2 - core[a373ad73a504971]::result::unwrap_failed
[INFO] [stdout]   12:     0x568ff42cc0d0 - <due_date[fbc8f520bb9d8e65]::common::TestCmd>::run
[INFO] [stdout]   13:     0x568ff42c2874 - <due_date[fbc8f520bb9d8e65]::test_filter_tasks_by_today::{closure#0} as core[a373ad73a504971]::ops::function::FnOnce<()>>::call_once
[INFO] [stdout]   14:     0x568ff42cc18b - test[aada8e7e76ba119b]::__rust_begin_short_backtrace::<core[a373ad73a504971]::result::Result<(), alloc[2e1b2a31b91974c5]::string::String>, fn() -> core[a373ad73a504971]::result::Result<(), alloc[2e1b2a31b91974c5]::string::String>>
[INFO] [stdout]   15:     0x568ff42d9365 - test[aada8e7e76ba119b]::run_test::{closure#0}
[INFO] [stdout]   16:     0x568ff42d2c54 - std[617be2ca0a6fd877]::sys::backtrace::__rust_begin_short_backtrace::<test[aada8e7e76ba119b]::run_test::{closure#1}, ()>
[INFO] [stdout]   17:     0x568ff42dc3f2 - <std[617be2ca0a6fd877]::thread::lifecycle::spawn_unchecked<test[aada8e7e76ba119b]::run_test::{closure#1}, ()>::{closure#1} as core[a373ad73a504971]::ops::function::FnOnce<()>>::call_once::{shim:vtable#0}
[INFO] [stdout]   18:     0x568ff435675f - <std[617be2ca0a6fd877]::sys::thread::unix::Thread>::new::thread_start
[INFO] [stdout]   19:     0x7ae48af4adfa - <unknown>
[INFO] [stdout]   20:     0x7ae48afde3d4 - clone
[INFO] [stdout]   21:                0x0 - <unknown>
[INFO] [stdout] 
[INFO] [stdout] ---- test_filter_tasks_due_on stdout ----
[INFO] [stdout] 
[INFO] [stdout] thread 'test_filter_tasks_due_on' (4791) panicked at tests/common/mod.rs:103:35:
[INFO] [stdout] Failed to execute command: Os { code: 2, kind: NotFound, message: "No such file or directory" }
[INFO] [stdout] stack backtrace:
[INFO] [stdout]    0:     0x568ff4357571 - <<std[617be2ca0a6fd877]::sys::backtrace::BacktraceLock>::print::DisplayBacktrace as core[a373ad73a504971]::fmt::Display>::fmt
[INFO] [stdout]    1:     0x568ff436c3ca - core[a373ad73a504971]::fmt::write
[INFO] [stdout]    2:     0x568ff435ba3c - <alloc[2e1b2a31b91974c5]::vec::Vec<u8> as core[a373ad73a504971]::io::write::Write>::write_fmt
[INFO] [stdout]    3:     0x568ff4331a86 - std[617be2ca0a6fd877]::panicking::default_hook::{closure#0}
[INFO] [stdout]    4:     0x568ff434ec59 - std[617be2ca0a6fd877]::panicking::default_hook
[INFO] [stdout]    5:     0x568ff42d8d40 - test[aada8e7e76ba119b]::test_main_inner::{closure#0}
[INFO] [stdout]    6:     0x568ff434ee12 - std[617be2ca0a6fd877]::panicking::panic_with_hook
[INFO] [stdout]    7:     0x568ff4331b32 - std[617be2ca0a6fd877]::panicking::panic_handler::{closure#0}
[INFO] [stdout]    8:     0x568ff432a599 - std[617be2ca0a6fd877]::sys::backtrace::__rust_end_short_backtrace::<std[617be2ca0a6fd877]::panicking::panic_handler::{closure#0}, !>
[INFO] [stdout]    9:     0x568ff433273d - __rustc[ea4f61d10b84890b]::rust_begin_unwind
[INFO] [stdout]   10:     0x568ff436cafc - core[a373ad73a504971]::panicking::panic_fmt
[INFO] [stdout]   11:     0x568ff436c8d2 - core[a373ad73a504971]::result::unwrap_failed
[INFO] [stdout]   12:     0x568ff42cc0d0 - <due_date[fbc8f520bb9d8e65]::common::TestCmd>::run
[INFO] [stdout]   13:     0x568ff42c1724 - <due_date[fbc8f520bb9d8e65]::test_filter_tasks_due_on::{closure#0} as core[a373ad73a504971]::ops::function::FnOnce<()>>::call_once
[INFO] [stdout]   14:     0x568ff42cc18b - test[aada8e7e76ba119b]::__rust_begin_short_backtrace::<core[a373ad73a504971]::result::Result<(), alloc[2e1b2a31b91974c5]::string::String>, fn() -> core[a373ad73a504971]::result::Result<(), alloc[2e1b2a31b91974c5]::string::String>>
[INFO] [stdout]   15:     0x568ff42d9365 - test[aada8e7e76ba119b]::run_test::{closure#0}
[INFO] [stdout]   16:     0x568ff42d2c54 - std[617be2ca0a6fd877]::sys::backtrace::__rust_begin_short_backtrace::<test[aada8e7e76ba119b]::run_test::{closure#1}, ()>
[INFO] [stdout]   17:     0x568ff42dc3f2 - <std[617be2ca0a6fd877]::thread::lifecycle::spawn_unchecked<test[aada8e7e76ba119b]::run_test::{closure#1}, ()>::{closure#1} as core[a373ad73a504971]::ops::function::FnOnce<()>>::call_once::{shim:vtable#0}
[INFO] [stdout]   18:     0x568ff435675f - <std[617be2ca0a6fd877]::sys::thread::unix::Thread>::new::thread_start
[INFO] [stdout]   19:     0x7ae48af4adfa - <unknown>
[INFO] [stdout]   20:     0x7ae48afde3d4 - clone
[INFO] [stdout]   21:                0x0 - <unknown>
[INFO] [stdout] 
[INFO] [stdout] ---- test_show_resolved_displays_due_dates stdout ----
[INFO] [stdout] 
[INFO] [stdout] thread 'test_show_resolved_displays_due_dates' (4822) panicked at tests/common/mod.rs:103:35:
[INFO] [stdout] Failed to execute command: Os { code: 2, kind: NotFound, message: "No such file or directory" }
[INFO] [stdout] stack backtrace:
[INFO] [stdout]    0:     0x568ff4357571 - <<std[617be2ca0a6fd877]::sys::backtrace::BacktraceLock>::print::DisplayBacktrace as core[a373ad73a504971]::fmt::Display>::fmt
[INFO] [stdout]    1:     0x568ff436c3ca - core[a373ad73a504971]::fmt::write
[INFO] [stdout]    2:     0x568ff435ba3c - <alloc[2e1b2a31b91974c5]::vec::Vec<u8> as core[a373ad73a504971]::io::write::Write>::write_fmt
[INFO] [stdout]    3:     0x568ff4331a86 - std[617be2ca0a6fd877]::panicking::default_hook::{closure#0}
[INFO] [stdout]    4:     0x568ff434ec59 - std[617be2ca0a6fd877]::panicking::default_hook
[INFO] [stdout]    5:     0x568ff42d8d40 - test[aada8e7e76ba119b]::test_main_inner::{closure#0}
[INFO] [stdout]    6:     0x568ff434ee12 - std[617be2ca0a6fd877]::panicking::panic_with_hook
[INFO] [stdout]    7:     0x568ff4331b32 - std[617be2ca0a6fd877]::panicking::panic_handler::{closure#0}
[INFO] [stdout]    8:     0x568ff432a599 - std[617be2ca0a6fd877]::sys::backtrace::__rust_end_short_backtrace::<std[617be2ca0a6fd877]::panicking::panic_handler::{closure#0}, !>
[INFO] [stdout]    9:     0x568ff433273d - __rustc[ea4f61d10b84890b]::rust_begin_unwind
[INFO] [stdout]   10:     0x568ff436cafc - core[a373ad73a504971]::panicking::panic_fmt
[INFO] [stdout]   11:     0x568ff436c8d2 - core[a373ad73a504971]::result::unwrap_failed
[INFO] [stdout]   12:     0x568ff42cc0d0 - <due_date[fbc8f520bb9d8e65]::common::TestCmd>::run
[INFO] [stdout]   13:     0x568ff42c8915 - <due_date[fbc8f520bb9d8e65]::test_show_resolved_displays_due_dates::{closure#0} as core[a373ad73a504971]::ops::function::FnOnce<()>>::call_once
[INFO] [stdout]   14:     0x568ff42cc18b - test[aada8e7e76ba119b]::__rust_begin_short_backtrace::<core[a373ad73a504971]::result::Result<(), alloc[2e1b2a31b91974c5]::string::String>, fn() -> core[a373ad73a504971]::result::Result<(), alloc[2e1b2a31b91974c5]::string::String>>
[INFO] [stdout]   15:     0x568ff42d9365 - test[aada8e7e76ba119b]::run_test::{closure#0}
[INFO] [stdout]   16:     0x568ff42d2c54 - std[617be2ca0a6fd877]::sys::backtrace::__rust_begin_short_backtrace::<test[aada8e7e76ba119b]::run_test::{closure#1}, ()>
[INFO] [stdout]   17:     0x568ff42dc3f2 - <std[617be2ca0a6fd877]::thread::lifecycle::spawn_unchecked<test[aada8e7e76ba119b]::run_test::{closure#1}, ()>::{closure#1} as core[a373ad73a504971]::ops::function::FnOnce<()>>::call_once::{shim:vtable#0}
[INFO] [stdout]   18:     0x568ff435675f - <std[617be2ca0a6fd877]::sys::thread::unix::Thread>::new::thread_start
[INFO] [stdout]   19:     0x7ae48af4adfa - <unknown>
[INFO] [stdout]   20:     0x7ae48afde3d4 - clone
[INFO] [stdout]   21:                0x0 - <unknown>
[INFO] [stdout] 
[INFO] [stdout] ---- test_modify_command_with_due_dates stdout ----
[INFO] [stdout] 
[INFO] [stdout] thread 'test_modify_command_with_due_dates' (4809) panicked at tests/common/mod.rs:103:35:
[INFO] [stdout] Failed to execute command: Os { code: 2, kind: NotFound, message: "No such file or directory" }
[INFO] [stdout] stack backtrace:
[INFO] [stdout]    0:     0x568ff4357571 - <<std[617be2ca0a6fd877]::sys::backtrace::BacktraceLock>::print::DisplayBacktrace as core[a373ad73a504971]::fmt::Display>::fmt
[INFO] [stdout]    1:     0x568ff436c3ca - core[a373ad73a504971]::fmt::write
[INFO] [stdout]    2:     0x568ff435ba3c - <alloc[2e1b2a31b91974c5]::vec::Vec<u8> as core[a373ad73a504971]::io::write::Write>::write_fmt
[INFO] [stdout]    3:     0x568ff4331a86 - std[617be2ca0a6fd877]::panicking::default_hook::{closure#0}
[INFO] [stdout]    4:     0x568ff434ec59 - std[617be2ca0a6fd877]::panicking::default_hook
[INFO] [stdout]    5:     0x568ff42d8d40 - test[aada8e7e76ba119b]::test_main_inner::{closure#0}
[INFO] [stdout]    6:     0x568ff434ee12 - std[617be2ca0a6fd877]::panicking::panic_with_hook
[INFO] [stdout]    7:     0x568ff4331b32 - std[617be2ca0a6fd877]::panicking::panic_handler::{closure#0}
[INFO] [stdout]    8:     0x568ff432a599 - std[617be2ca0a6fd877]::sys::backtrace::__rust_end_short_backtrace::<std[617be2ca0a6fd877]::panicking::panic_handler::{closure#0}, !>
[INFO] [stdout]    9:     0x568ff433273d - __rustc[ea4f61d10b84890b]::rust_begin_unwind
[INFO] [stdout]   10:     0x568ff436cafc - core[a373ad73a504971]::panicking::panic_fmt
[INFO] [stdout]   11:     0x568ff436c8d2 - core[a373ad73a504971]::result::unwrap_failed
[INFO] [stdout]   12:     0x568ff42cc0d0 - <due_date[fbc8f520bb9d8e65]::common::TestCmd>::run
[INFO] [stdout]   13:     0x568ff42c8468 - <due_date[fbc8f520bb9d8e65]::test_modify_command_with_due_dates::{closure#0} as core[a373ad73a504971]::ops::function::FnOnce<()>>::call_once
[INFO] [stdout]   14:     0x568ff42cc18b - test[aada8e7e76ba119b]::__rust_begin_short_backtrace::<core[a373ad73a504971]::result::Result<(), alloc[2e1b2a31b91974c5]::string::String>, fn() -> core[a373ad73a504971]::result::Result<(), alloc[2e1b2a31b91974c5]::string::String>>
[INFO] [stdout]   15:     0x568ff42d9365 - test[aada8e7e76ba119b]::run_test::{closure#0}
[INFO] [stdout]   16:     0x568ff42d2c54 - std[617be2ca0a6fd877]::sys::backtrace::__rust_begin_short_backtrace::<test[aada8e7e76ba119b]::run_test::{closure#1}, ()>
[INFO] [stdout]   17:     0x568ff42dc3f2 - <std[617be2ca0a6fd877]::thread::lifecycle::spawn_unchecked<test[aada8e7e76ba119b]::run_test::{closure#1}, ()>::{closure#1} as core[a373ad73a504971]::ops::function::FnOnce<()>>::call_once::{shim:vtable#0}
[INFO] [stdout]   18:     0x568ff435675f - <std[617be2ca0a6fd877]::sys::thread::unix::Thread>::new::thread_start
[INFO] [stdout]   19:     0x7ae48af4adfa - <unknown>
[INFO] [stdout]   20:     0x7ae48afde3d4 - clone
[INFO] [stdout]   21:                0x0 - <unknown>
[INFO] [stdout] 
[INFO] [stdout] ---- test_templates_with_due_dates stdout ----
[INFO] [stdout] 
[INFO] [stdout] thread 'test_templates_with_due_dates' (4824) panicked at tests/common/mod.rs:103:35:
[INFO] [stdout] Failed to execute command: Os { code: 2, kind: NotFound, message: "No such file or directory" }
[INFO] [stdout] stack backtrace:
[INFO] [stdout]    0:     0x568ff4357571 - <<std[617be2ca0a6fd877]::sys::backtrace::BacktraceLock>::print::DisplayBacktrace as core[a373ad73a504971]::fmt::Display>::fmt
[INFO] [stdout]    1:     0x568ff436c3ca - core[a373ad73a504971]::fmt::write
[INFO] [stdout]    2:     0x568ff435ba3c - <alloc[2e1b2a31b91974c5]::vec::Vec<u8> as core[a373ad73a504971]::io::write::Write>::write_fmt
[INFO] [stdout]    3:     0x568ff4331a86 - std[617be2ca0a6fd877]::panicking::default_hook::{closure#0}
[INFO] [stdout]    4:     0x568ff434ec59 - std[617be2ca0a6fd877]::panicking::default_hook
[INFO] [stdout]    5:     0x568ff42d8d40 - test[aada8e7e76ba119b]::test_main_inner::{closure#0}
[INFO] [stdout]    6:     0x568ff434ee12 - std[617be2ca0a6fd877]::panicking::panic_with_hook
[INFO] [stdout]    7:     0x568ff4331b32 - std[617be2ca0a6fd877]::panicking::panic_handler::{closure#0}
[INFO] [stdout]    8:     0x568ff432a599 - std[617be2ca0a6fd877]::sys::backtrace::__rust_end_short_backtrace::<std[617be2ca0a6fd877]::panicking::panic_handler::{closure#0}, !>
[INFO] [stdout]    9:     0x568ff433273d - __rustc[ea4f61d10b84890b]::rust_begin_unwind
[INFO] [stdout]   10:     0x568ff436cafc - core[a373ad73a504971]::panicking::panic_fmt
[INFO] [stdout]   11:     0x568ff436c8d2 - core[a373ad73a504971]::result::unwrap_failed
[INFO] [stdout]   12:     0x568ff42cc0d0 - <due_date[fbc8f520bb9d8e65]::common::TestCmd>::run
[INFO] [stdout]   13:     0x568ff42c5c88 - <due_date[fbc8f520bb9d8e65]::test_templates_with_due_dates::{closure#0} as core[a373ad73a504971]::ops::function::FnOnce<()>>::call_once
[INFO] [stdout]   14:     0x568ff42cc18b - test[aada8e7e76ba119b]::__rust_begin_short_backtrace::<core[a373ad73a504971]::result::Result<(), alloc[2e1b2a31b91974c5]::string::String>, fn() -> core[a373ad73a504971]::result::Result<(), alloc[2e1b2a31b91974c5]::string::String>>
[INFO] [stdout]   15:     0x568ff42d9365 - test[aada8e7e76ba119b]::run_test::{closure#0}
[INFO] [stdout]   16:     0x568ff42d2c54 - std[617be2ca0a6fd877]::sys::backtrace::__rust_begin_short_backtrace::<test[aada8e7e76ba119b]::run_test::{closure#1}, ()>
[INFO] [stdout]   17:     0x568ff42dc3f2 - <std[617be2ca0a6fd877]::thread::lifecycle::spawn_unchecked<test[aada8e7e76ba119b]::run_test::{closure#1}, ()>::{closure#1} as core[a373ad73a504971]::ops::function::FnOnce<()>>::call_once::{shim:vtable#0}
[INFO] [stdout]   18:     0x568ff435675f - <std[617be2ca0a6fd877]::sys::thread::unix::Thread>::new::thread_start
[INFO] [stdout]   19:     0x7ae48af4adfa - <unknown>
[INFO] [stdout]   20:     0x7ae48afde3d4 - clone
[INFO] [stdout]   21:                0x0 - <unknown>
[INFO] [stdout] 
[INFO] [stdout] ---- test_next_command_shows_due_dates stdout ----
[INFO] [stdout] 
[INFO] [stdout] thread 'test_next_command_shows_due_dates' (4814) panicked at tests/common/mod.rs:103:35:
[INFO] [stdout] Failed to execute command: Os { code: 2, kind: NotFound, message: "No such file or directory" }
[INFO] [stdout] stack backtrace:
[INFO] [stdout]    0:     0x568ff4357571 - <<std[617be2ca0a6fd877]::sys::backtrace::BacktraceLock>::print::DisplayBacktrace as core[a373ad73a504971]::fmt::Display>::fmt
[INFO] [stdout]    1:     0x568ff436c3ca - core[a373ad73a504971]::fmt::write
[INFO] [stdout]    2:     0x568ff435ba3c - <alloc[2e1b2a31b91974c5]::vec::Vec<u8> as core[a373ad73a504971]::io::write::Write>::write_fmt
[INFO] [stdout]    3:     0x568ff4331a86 - std[617be2ca0a6fd877]::panicking::default_hook::{closure#0}
[INFO] [stdout]    4:     0x568ff434ec59 - std[617be2ca0a6fd877]::panicking::default_hook
[INFO] [stdout]    5:     0x568ff42d8d40 - test[aada8e7e76ba119b]::test_main_inner::{closure#0}
[INFO] [stdout]    6:     0x568ff434ee12 - std[617be2ca0a6fd877]::panicking::panic_with_hook
[INFO] [stdout]    7:     0x568ff4331b32 - std[617be2ca0a6fd877]::panicking::panic_handler::{closure#0}
[INFO] [stdout]    8:     0x568ff432a599 - std[617be2ca0a6fd877]::sys::backtrace::__rust_end_short_backtrace::<std[617be2ca0a6fd877]::panicking::panic_handler::{closure#0}, !>
[INFO] [stdout]    9:     0x568ff433273d - __rustc[ea4f61d10b84890b]::rust_begin_unwind
[INFO] [stdout]   10:     0x568ff436cafc - core[a373ad73a504971]::panicking::panic_fmt
[INFO] [stdout]   11:     0x568ff436c8d2 - core[a373ad73a504971]::result::unwrap_failed
[INFO] [stdout]   12:     0x568ff42cc0d0 - <due_date[fbc8f520bb9d8e65]::common::TestCmd>::run
[INFO] [stdout]   13:     0x568ff42c6c3e - <due_date[fbc8f520bb9d8e65]::test_next_command_shows_due_dates::{closure#0} as core[a373ad73a504971]::ops::function::FnOnce<()>>::call_once
[INFO] [stdout]   14:     0x568ff42cc18b - test[aada8e7e76ba119b]::__rust_begin_short_backtrace::<core[a373ad73a504971]::result::Result<(), alloc[2e1b2a31b91974c5]::string::String>, fn() -> core[a373ad73a504971]::result::Result<(), alloc[2e1b2a31b91974c5]::string::String>>
[INFO] [stdout]   15:     0x568ff42d9365 - test[aada8e7e76ba119b]::run_test::{closure#0}
[INFO] [stdout]   16:     0x568ff42d2c54 - std[617be2ca0a6fd877]::sys::backtrace::__rust_begin_short_backtrace::<test[aada8e7e76ba119b]::run_test::{closure#1}, ()>
[INFO] [stdout]   17:     0x568ff42dc3f2 - <std[617be2ca0a6fd877]::thread::lifecycle::spawn_unchecked<test[aada8e7e76ba119b]::run_test::{closure#1}, ()>::{closure#1} as core[a373ad73a504971]::ops::function::FnOnce<()>>::call_once::{shim:vtable#0}
[INFO] [stdout]   18:     0x568ff435675f - <std[617be2ca0a6fd877]::sys::thread::unix::Thread>::new::thread_start
[INFO] [stdout]   19:     0x7ae48af4adfa - <unknown>
[INFO] [stdout]   20:     0x7ae48afde3d4 - clone
[INFO] [stdout]   21:                0x0 - <unknown>
[INFO] [stdout] 
[INFO] [stdout] ---- test_multiple_due_dates stdout ----
[INFO] [stdout] 
[INFO] [stdout] thread 'test_multiple_due_dates' (4813) panicked at tests/common/mod.rs:103:35:
[INFO] [stdout] Failed to execute command: Os { code: 2, kind: NotFound, message: "No such file or directory" }
[INFO] [stdout] stack backtrace:
[INFO] [stdout]    0:     0x568ff4357571 - <<std[617be2ca0a6fd877]::sys::backtrace::BacktraceLock>::print::DisplayBacktrace as core[a373ad73a504971]::fmt::Display>::fmt
[INFO] [stdout]    1:     0x568ff436c3ca - core[a373ad73a504971]::fmt::write
[INFO] [stdout]    2:     0x568ff435ba3c - <alloc[2e1b2a31b91974c5]::vec::Vec<u8> as core[a373ad73a504971]::io::write::Write>::write_fmt
[INFO] [stdout]    3:     0x568ff4331a86 - std[617be2ca0a6fd877]::panicking::default_hook::{closure#0}
[INFO] [stdout]    4:     0x568ff434ec59 - std[617be2ca0a6fd877]::panicking::default_hook
[INFO] [stdout]    5:     0x568ff42d8d40 - test[aada8e7e76ba119b]::test_main_inner::{closure#0}
[INFO] [stdout]    6:     0x568ff434ee12 - std[617be2ca0a6fd877]::panicking::panic_with_hook
[INFO] [stdout]    7:     0x568ff4331b32 - std[617be2ca0a6fd877]::panicking::panic_handler::{closure#0}
[INFO] [stdout]    8:     0x568ff432a599 - std[617be2ca0a6fd877]::sys::backtrace::__rust_end_short_backtrace::<std[617be2ca0a6fd877]::panicking::panic_handler::{closure#0}, !>
[INFO] [stdout]    9:     0x568ff433273d - __rustc[ea4f61d10b84890b]::rust_begin_unwind
[INFO] [stdout]   10:     0x568ff436cafc - core[a373ad73a504971]::panicking::panic_fmt
[INFO] [stdout]   11:     0x568ff436c8d2 - core[a373ad73a504971]::result::unwrap_failed
[INFO] [stdout]   12:     0x568ff42cc0d0 - <due_date[fbc8f520bb9d8e65]::common::TestCmd>::run
[INFO] [stdout]   13:     0x568ff42c10b6 - <due_date[fbc8f520bb9d8e65]::test_multiple_due_dates::{closure#0} as core[a373ad73a504971]::ops::function::FnOnce<()>>::call_once
[INFO] [stdout]   14:     0x568ff42cc18b - test[aada8e7e76ba119b]::__rust_begin_short_backtrace::<core[a373ad73a504971]::result::Result<(), alloc[2e1b2a31b91974c5]::string::String>, fn() -> core[a373ad73a504971]::result::Result<(), alloc[2e1b2a31b91974c5]::string::String>>
[INFO] [stdout]   15:     0x568ff42d9365 - test[aada8e7e76ba119b]::run_test::{closure#0}
[INFO] [stdout]   16:     0x568ff42d2c54 - std[617be2ca0a6fd877]::sys::backtrace::__rust_begin_short_backtrace::<test[aada8e7e76ba119b]::run_test::{closure#1}, ()>
[INFO] [stdout]   17:     0x568ff42dc3f2 - <std[617be2ca0a6fd877]::thread::lifecycle::spawn_unchecked<test[aada8e7e76ba119b]::run_test::{closure#1}, ()>::{closure#1} as core[a373ad73a504971]::ops::function::FnOnce<()>>::call_once::{shim:vtable#0}
[INFO] [stdout]   18:     0x568ff435675f - <std[617be2ca0a6fd877]::sys::thread::unix::Thread>::new::thread_start
[INFO] [stdout]   19:     0x7ae48af4adfa - <unknown>
[INFO] [stdout]   20:     0x7ae48afde3d4 - clone
[INFO] [stdout]   21:                0x0 - <unknown>
[INFO] [stdout] 
[INFO] [stdout] 
[INFO] [stdout] failures:
[INFO] [stdout]     test_add_multiple_due_dates_with_context
[INFO] [stdout]     test_add_task_with_day
[INFO] [stdout]     test_add_task_with_full_date
[INFO] [stdout]     test_add_task_with_month_day
[INFO] [stdout]     test_add_task_with_today
[INFO] [stdout]     test_add_task_with_tomorrow
[INFO] [stdout]     test_add_task_with_weekdays
[INFO] [stdout]     test_add_task_with_yesterday
[INFO] [stdout]     test_case_insensitive_due_keywords
[INFO] [stdout]     test_combined_due_filters
[INFO] [stdout]     test_due_dates_merge_with_context
[INFO] [stdout]     test_filter_tasks_by_exact_date
[INFO] [stdout]     test_filter_tasks_by_next_weekdays
[INFO] [stdout]     test_filter_tasks_by_overdue
[INFO] [stdout]     test_filter_tasks_by_this_weekdays
[INFO] [stdout]     test_filter_tasks_by_today
[INFO] [stdout]     test_filter_tasks_due_after
[INFO] [stdout]     test_filter_tasks_due_after_with_full_date
[INFO] [stdout]     test_filter_tasks_due_before
[INFO] [stdout]     test_filter_tasks_due_on
[INFO] [stdout]     test_invalid_date_formats
[INFO] [stdout]     test_modify_command_with_due_dates
[INFO] [stdout]     test_multiple_due_dates
[INFO] [stdout]     test_next_command_shows_due_dates
[INFO] [stdout]     test_show_resolved_displays_due_dates
[INFO] [stdout]     test_templates_with_due_dates
[INFO] [stdout] 
[INFO] [stdout] test result: FAILED. 0 passed; 26 failed; 0 ignored; 0 measured; 0 filtered out; finished in 0.10s
[INFO] [stdout] 
[INFO] running `Command { std: "docker" "inspect" "f20c284d6bca334afaafdde8cb9a2d3fbd3e34a7c34e8ae9a026359128891d45", kill_on_drop: false }`
[INFO] running `Command { std: "docker" "rm" "-f" "f20c284d6bca334afaafdde8cb9a2d3fbd3e34a7c34e8ae9a026359128891d45", kill_on_drop: false }`
[INFO] [stdout] f20c284d6bca334afaafdde8cb9a2d3fbd3e34a7c34e8ae9a026359128891d45
