[INFO] fetching crate revise 0.1.5...
[INFO] testing revise-0.1.5 against 1.99.0-beta.8+cargoflags=--release for beta-release-1.100-3
[INFO] extracting crate revise 0.1.5 into /workspace/builds/worker-3-tc1/source
[INFO] started tweaking crates.io crate revise 0.1.5
[INFO] finished tweaking crates.io crate revise 0.1.5
[INFO] tweaked toml for crates.io crate revise 0.1.5 written to /workspace/builds/worker-3-tc1/source/Cargo.toml
[INFO] validating manifest of crates.io crate revise 0.1.5 on toolchain 1.99.0-beta.8
[INFO] running `Command { std: CARGO_HOME="/workspace/cargo-home" RUSTUP_HOME="/workspace/rustup-home" "/workspace/cargo-home/bin/cargo" "+1.99.0-beta.8" "metadata" "--manifest-path" "Cargo.toml" "--no-deps", kill_on_drop: false }`
[INFO] crate crates.io crate revise 0.1.5 already has a lockfile, it will not be regenerated
[INFO] running `Command { std: CARGO_HOME="/workspace/cargo-home" RUSTUP_HOME="/workspace/rustup-home" "/workspace/cargo-home/bin/cargo" "+1.99.0-beta.8" "fetch" "--manifest-path" "Cargo.toml", kill_on_drop: false }`
[INFO] [stderr]     Updating crates.io index
[INFO] [stderr]  Downloading crates ...
[INFO] [stderr]   Downloaded thiserror-impl v1.0.49
[INFO] [stderr]   Downloaded thiserror v1.0.49
[INFO] [stderr]   Downloaded redox_termios v0.1.2
[INFO] [stderr]   Downloaded wayland-sys v0.29.5
[INFO] [stderr]   Downloaded error-code v2.3.1
[INFO] [stderr]   Downloaded winapi-wsapoll v0.1.1
[INFO] [stderr]   Downloaded clipboard-win v4.5.0
[INFO] [stderr]   Downloaded downcast-rs v1.2.0
[INFO] [stderr]   Downloaded tree_magic_mini v3.0.3
[INFO] [stderr]   Downloaded x11-clipboard v0.7.1
[INFO] [stderr]   Downloaded memoffset v0.6.5
[INFO] [stderr]   Downloaded bytecount v0.6.3
[INFO] [stderr]   Downloaded str-buf v1.0.6
[INFO] [stderr]   Downloaded os_pipe v1.1.4
[INFO] [stderr]   Downloaded derive-new v0.5.9
[INFO] [stderr]   Downloaded quote v1.0.33
[INFO] [stderr]   Downloaded gethostname v0.2.3
[INFO] [stderr]   Downloaded errno v0.3.3
[INFO] [stderr]   Downloaded cli-clipboard v0.4.0
[INFO] [stderr]   Downloaded wayland-scanner v0.29.5
[INFO] [stderr]   Downloaded fixedbitset v0.4.2
[INFO] [stderr]   Downloaded wl-clipboard-rs v0.7.0
[INFO] [stderr]   Downloaded wayland-commons v0.29.5
[INFO] [stderr]   Downloaded tempfile v3.8.0
[INFO] [stderr]   Downloaded termion v2.0.1
[INFO] [stderr]   Downloaded bitflags v2.4.0
[INFO] [stderr]   Downloaded xml-rs v0.8.18
[INFO] [stderr]   Downloaded proc-macro2 v1.0.67
[INFO] [stderr]   Downloaded cc v1.0.83
[INFO] [stderr]   Downloaded wayland-client v0.29.5
[INFO] [stderr]   Downloaded indexmap v2.0.0
[INFO] [stderr]   Downloaded syn v2.0.36
[INFO] [stderr]   Downloaded memchr v2.6.3
[INFO] [stderr]   Downloaded unicode-segmentation v1.10.1
[INFO] [stderr]   Downloaded hashbrown v0.14.0
[INFO] [stderr]   Downloaded wayland-protocols v0.29.5
[INFO] [stderr]   Downloaded petgraph v0.6.4
[INFO] [stderr]   Downloaded x11rb v0.10.1
[INFO] [stderr]   Downloaded nix v0.24.3
[INFO] [stderr]   Downloaded rustix v0.38.13
[INFO] [stderr]   Downloaded x11rb-protocol v0.10.0
[INFO] [stderr]   Downloaded libc v0.2.148
[INFO] [stderr]   Downloaded linux-raw-sys v0.4.7
[INFO] running `Command { std: "docker" "create" "-v" "/var/lib/crater-agent-workspace/builds/worker-3-tc1/source:/opt/rustwide/workdir:ro,Z" "-v" "/var/lib/crater-agent-workspace/builds/worker-3-tc1/target:/opt/rustwide/target:rw,Z" "-v" "/var/lib/crater-agent-workspace/cargo-home:/opt/rustwide/cargo-home:ro,Z" "-v" "/var/lib/crater-agent-workspace/rustup-home:/opt/rustwide/rustup-home:ro,Z" "-m" "1610612736" "--network" "none" "ghcr.io/rust-lang/crates-build-env/linux@sha256:77db811e55d90add9212f6832c23229e3de5f1c1f9905e8cb07319ea15df73ac" "sleep" "infinity", kill_on_drop: false }`
[INFO] [stdout] d85eb45e0722b6fe1037339c7b91cb83c37eeb5f9b50b49c370465c445291b9f
[INFO] running `Command { std: "docker" "start" "d85eb45e0722b6fe1037339c7b91cb83c37eeb5f9b50b49c370465c445291b9f", kill_on_drop: false }`
[INFO] running `Command { std: "docker" "inspect" "d85eb45e0722b6fe1037339c7b91cb83c37eeb5f9b50b49c370465c445291b9f", kill_on_drop: false }`
[INFO] running `Command { std: "docker" "exec" "-e" "SOURCE_DIR=/opt/rustwide/workdir" "-e" "CARGO_HOME=/opt/rustwide/cargo-home" "-e" "RUSTUP_HOME=/opt/rustwide/rustup-home" "-e" "CARGO_TARGET_DIR=/opt/rustwide/target" "-w" "/opt/rustwide/workdir" "--user" "0:0" "d85eb45e0722b6fe1037339c7b91cb83c37eeb5f9b50b49c370465c445291b9f" "/opt/rustwide/cargo-home/bin/cargo" "+1.99.0-beta.8" "metadata" "--no-deps" "--format-version=1", kill_on_drop: false }`
[INFO] running `Command { std: "docker" "inspect" "d85eb45e0722b6fe1037339c7b91cb83c37eeb5f9b50b49c370465c445291b9f", kill_on_drop: false }`
[INFO] running `Command { std: "docker" "exec" "-e" "SOURCE_DIR=/opt/rustwide/workdir" "-e" "CARGO_HOME=/opt/rustwide/cargo-home" "-e" "RUSTUP_HOME=/opt/rustwide/rustup-home" "-e" "CARGO_TARGET_DIR=/opt/rustwide/target" "-e" "CARGO_INCREMENTAL=0" "-e" "RUST_BACKTRACE=full" "-e" "RUSTFLAGS=--cap-lints=warn" "-e" "RUSTDOCFLAGS=--cap-lints=warn" "-w" "/opt/rustwide/workdir" "--user" "0:0" "d85eb45e0722b6fe1037339c7b91cb83c37eeb5f9b50b49c370465c445291b9f" "/opt/rustwide/cargo-home/bin/cargo" "+1.99.0-beta.8" "build" "--frozen" "--message-format=json" "--release", kill_on_drop: false }`
[INFO] [stderr]    Compiling proc-macro2 v1.0.67
[INFO] [stderr]    Compiling unicode-ident v1.0.12
[INFO] [stderr]    Compiling libc v0.2.148
[INFO] [stderr]    Compiling autocfg v1.1.0
[INFO] [stderr]    Compiling cfg-if v1.0.0
[INFO] [stderr]    Compiling xml-rs v0.8.18
[INFO] [stderr]    Compiling bitflags v1.3.2
[INFO] [stderr]    Compiling pkg-config v0.3.27
[INFO] [stderr]    Compiling once_cell v1.18.0
[INFO] [stderr]    Compiling hashbrown v0.14.0
[INFO] [stderr]    Compiling smallvec v1.11.0
[INFO] [stderr]    Compiling rustix v0.38.13
[INFO] [stderr]    Compiling equivalent v1.0.1
[INFO] [stderr]    Compiling syn v1.0.109
[INFO] [stderr]    Compiling minimal-lexical v0.2.1
[INFO] [stderr]    Compiling memchr v2.6.3
[INFO] [stderr]    Compiling fixedbitset v0.4.2
[INFO] [stderr]    Compiling downcast-rs v1.2.0
[INFO] [stderr]    Compiling thiserror v1.0.49
[INFO] [stderr]    Compiling linux-raw-sys v0.4.7
[INFO] [stderr]    Compiling bitflags v2.4.0
[INFO] [stderr]    Compiling bytecount v0.6.3
[INFO] [stderr]    Compiling lazy_static v1.4.0
[INFO] [stderr]    Compiling fnv v1.0.7
[INFO] [stderr]    Compiling fastrand v2.0.0
[INFO] [stderr]    Compiling nom v7.1.3
[INFO] [stderr]    Compiling memoffset v0.6.5
[INFO] [stderr]    Compiling log v0.4.20
[INFO] [stderr]    Compiling numtoa v0.1.0
[INFO] [stderr]    Compiling unicode-segmentation v1.10.1
[INFO] [stderr]    Compiling wayland-sys v0.29.5
[INFO] [stderr]    Compiling indexmap v2.0.0
[INFO] [stderr]    Compiling quote v1.0.33
[INFO] [stderr]    Compiling wayland-scanner v0.29.5
[INFO] [stderr]    Compiling syn v2.0.36
[INFO] [stderr]    Compiling petgraph v0.6.4
[INFO] [stderr]    Compiling nix v0.24.3
[INFO] [stderr]    Compiling gethostname v0.2.3
[INFO] [stderr]    Compiling os_pipe v1.1.4
[INFO] [stderr]    Compiling termion v2.0.1
[INFO] [stderr]    Compiling wayland-client v0.29.5
[INFO] [stderr]    Compiling wayland-protocols v0.29.5
[INFO] [stderr]    Compiling tempfile v3.8.0
[INFO] [stderr]    Compiling tree_magic_mini v3.0.3
[INFO] [stderr]    Compiling thiserror-impl v1.0.49
[INFO] [stderr]    Compiling derive-new v0.5.9
[INFO] [stderr]    Compiling wayland-commons v0.29.5
[INFO] [stderr]    Compiling x11rb-protocol v0.10.0
[INFO] [stderr]    Compiling x11rb v0.10.1
[INFO] [stderr]    Compiling x11-clipboard v0.7.1
[INFO] [stderr]    Compiling wl-clipboard-rs v0.7.0
[INFO] [stderr]    Compiling cli-clipboard v0.4.0
[INFO] [stderr]    Compiling revise v0.1.5 (/opt/rustwide/workdir)
[INFO] [stderr]     Finished `release` profile [optimized] target(s) in 27.25s
[INFO] [stderr] warning: the following packages contain code that will be rejected by a future version of Rust: wl-clipboard-rs v0.7.0
[INFO] [stderr] note: to see what the problems were, use the option `--future-incompat-report`, or run `cargo report future-incompatibilities --id 3`
[INFO] running `Command { std: "docker" "inspect" "d85eb45e0722b6fe1037339c7b91cb83c37eeb5f9b50b49c370465c445291b9f", kill_on_drop: false }`
[INFO] running `Command { std: "docker" "exec" "-e" "SOURCE_DIR=/opt/rustwide/workdir" "-e" "CARGO_HOME=/opt/rustwide/cargo-home" "-e" "RUSTUP_HOME=/opt/rustwide/rustup-home" "-e" "CARGO_TARGET_DIR=/opt/rustwide/target" "-e" "CARGO_INCREMENTAL=0" "-e" "RUST_BACKTRACE=full" "-e" "RUSTFLAGS=--cap-lints=warn" "-e" "RUSTDOCFLAGS=--cap-lints=warn" "-w" "/opt/rustwide/workdir" "--user" "0:0" "d85eb45e0722b6fe1037339c7b91cb83c37eeb5f9b50b49c370465c445291b9f" "/opt/rustwide/cargo-home/bin/cargo" "+1.99.0-beta.8" "test" "--frozen" "--no-run" "--message-format=json" "--release", kill_on_drop: false }`
[INFO] [stderr]    Compiling libc v0.2.148
[INFO] [stderr]    Compiling cfg-if v1.0.0
[INFO] [stderr]    Compiling bitflags v1.3.2
[INFO] [stderr]    Compiling once_cell v1.18.0
[INFO] [stderr]    Compiling hashbrown v0.14.0
[INFO] [stderr]    Compiling smallvec v1.11.0
[INFO] [stderr]    Compiling equivalent v1.0.1
[INFO] [stderr]    Compiling memchr v2.6.3
[INFO] [stderr]    Compiling fixedbitset v0.4.2
[INFO] [stderr]    Compiling downcast-rs v1.2.0
[INFO] [stderr]    Compiling linux-raw-sys v0.4.7
[INFO] [stderr]    Compiling memoffset v0.6.5
[INFO] [stderr]    Compiling bitflags v2.4.0
[INFO] [stderr]    Compiling wayland-sys v0.29.5
[INFO] [stderr]    Compiling minimal-lexical v0.2.1
[INFO] [stderr]    Compiling lazy_static v1.4.0
[INFO] [stderr]    Compiling fnv v1.0.7
[INFO] [stderr]    Compiling fastrand v2.0.0
[INFO] [stderr]    Compiling bytecount v0.6.3
[INFO] [stderr]    Compiling thiserror v1.0.49
[INFO] [stderr]    Compiling log v0.4.20
[INFO] [stderr]    Compiling numtoa v0.1.0
[INFO] [stderr]    Compiling unicode-segmentation v1.10.1
[INFO] [stderr]    Compiling rustix v0.38.13
[INFO] [stderr]    Compiling nom v7.1.3
[INFO] [stderr]    Compiling indexmap v2.0.0
[INFO] [stderr]    Compiling petgraph v0.6.4
[INFO] [stderr]    Compiling nix v0.24.3
[INFO] [stderr]    Compiling gethostname v0.2.3
[INFO] [stderr]    Compiling os_pipe v1.1.4
[INFO] [stderr]    Compiling termion v2.0.1
[INFO] [stderr]    Compiling tempfile v3.8.0
[INFO] [stderr]    Compiling tree_magic_mini v3.0.3
[INFO] [stderr]    Compiling wayland-commons v0.29.5
[INFO] [stderr]    Compiling x11rb-protocol v0.10.0
[INFO] [stderr]    Compiling wayland-client v0.29.5
[INFO] [stderr]    Compiling wayland-protocols v0.29.5
[INFO] [stderr]    Compiling wl-clipboard-rs v0.7.0
[INFO] [stderr]    Compiling x11rb v0.10.1
[INFO] [stderr]    Compiling x11-clipboard v0.7.1
[INFO] [stderr]    Compiling cli-clipboard v0.4.0
[INFO] [stderr]    Compiling revise v0.1.5 (/opt/rustwide/workdir)
[INFO] [stderr]     Finished `release` profile [optimized] target(s) in 26.22s
[INFO] [stderr] warning: the following packages contain code that will be rejected by a future version of Rust: wl-clipboard-rs v0.7.0
[INFO] [stderr] note: to see what the problems were, use the option `--future-incompat-report`, or run `cargo report future-incompatibilities --id 3`
[INFO] running `Command { std: "docker" "inspect" "d85eb45e0722b6fe1037339c7b91cb83c37eeb5f9b50b49c370465c445291b9f", kill_on_drop: false }`
[INFO] running `Command { std: "docker" "exec" "-e" "SOURCE_DIR=/opt/rustwide/workdir" "-e" "CARGO_HOME=/opt/rustwide/cargo-home" "-e" "RUSTUP_HOME=/opt/rustwide/rustup-home" "-e" "CARGO_TARGET_DIR=/opt/rustwide/target" "-e" "CARGO_INCREMENTAL=0" "-e" "RUST_BACKTRACE=full" "-e" "RUSTFLAGS=--cap-lints=warn" "-e" "RUSTDOCFLAGS=--cap-lints=warn" "-w" "/opt/rustwide/workdir" "--user" "0:0" "d85eb45e0722b6fe1037339c7b91cb83c37eeb5f9b50b49c370465c445291b9f" "/opt/rustwide/cargo-home/bin/cargo" "+1.99.0-beta.8" "test" "--frozen" "--release", kill_on_drop: false }`
[INFO] [stderr]     Finished `release` profile [optimized] target(s) in 0.07s
[INFO] [stderr] warning: the following packages contain code that will be rejected by a future version of Rust: wl-clipboard-rs v0.7.0
[INFO] [stderr] note: to see what the problems were, use the option `--future-incompat-report`, or run `cargo report future-incompatibilities --id 3`
[INFO] [stderr]      Running unittests src/main.rs (/opt/rustwide/target/release/deps/revise-eb8669e35d130a8d)
[INFO] [stdout] 
[INFO] [stdout] running 3 tests
[INFO] [stdout] test row::row_tests::test_highlight_match ... ok
[INFO] [stdout] test row::row_tests::test_find ... ok
[INFO] [stdout] test document::document_tests::test_save ... FAILED
[INFO] [stdout] 
[INFO] [stdout] failures:
[INFO] [stdout] 
[INFO] [stdout] ---- document::document_tests::test_save stdout ----
[INFO] [stdout] 
[INFO] [stdout] thread 'document::document_tests::test_save' (7467) panicked at src/document.rs:268:9:
[INFO] [stdout] assertion `left == right` failed
[INFO] [stdout]   left: None
[INFO] [stdout]  right: Some(())
[INFO] [stdout] stack backtrace:
[INFO] [stdout]    0:     0x5c0524a54f97 - <unknown>
[INFO] [stdout]    1:     0x5c0524a3f064 - <unknown>
[INFO] [stdout]    2:     0x5c0524a5455b - <unknown>
[INFO] [stdout]    3:     0x5c0524a54159 - <unknown>
[INFO] [stdout]    4:     0x5c0524a53dda - <unknown>
[INFO] [stdout]    5:     0x5c0524a53913 - <unknown>
[INFO] [stdout]    6:     0x5c0524a79a61 - <unknown>
[INFO] [stdout]    7:     0x5c0524a79a19 - <unknown>
[INFO] [stdout]    8:     0x5c0524a79f1c - <unknown>
[INFO] [stdout]    9:     0x5c0524a3eefb - <unknown>
[INFO] [stdout]   10:     0x5c0524a3ee24 - <unknown>
[INFO] [stdout]   11:     0x5c0524a376d2 - <unknown>
[INFO] [stdout]   12:     0x5c0524a3d6f9 - <unknown>
[INFO] [stdout]   13:     0x5c0524a8feeb - <unknown>
[INFO] [stdout]   14:     0x5c0524a8b842 - <unknown>
[INFO] [stdout]   15:     0x5c0524a8b2ec - <unknown>
[INFO] [stdout]   16:     0x5c0524aa692c - <unknown>
[INFO] [stdout]   17:     0x5c0524a7b21a - <unknown>
[INFO] [stdout]   18:     0x75384d725dfa - <unknown>
[INFO] [stdout]   19:     0x75384d7b93d4 - clone
[INFO] [stdout]   20:                0x0 - <unknown>
[INFO] [stdout] 
[INFO] [stdout] 
[INFO] [stdout] failures:
[INFO] [stdout]     document::document_tests::test_save
[INFO] [stdout] 
[INFO] [stdout] test result: FAILED. 2 passed; 1 failed; 0 ignored; 0 measured; 0 filtered out; finished in 0.00s
[INFO] [stdout] 
[INFO] [stderr] error: test failed, to rerun pass `--bin revise`
[INFO] running `Command { std: "docker" "inspect" "d85eb45e0722b6fe1037339c7b91cb83c37eeb5f9b50b49c370465c445291b9f", kill_on_drop: false }`
[INFO] running `Command { std: "docker" "rm" "-f" "d85eb45e0722b6fe1037339c7b91cb83c37eeb5f9b50b49c370465c445291b9f", kill_on_drop: false }`
[INFO] [stdout] d85eb45e0722b6fe1037339c7b91cb83c37eeb5f9b50b49c370465c445291b9f
