[INFO] fetching crate redis_cluster_async_tls 0.7.2-alpha.0...
[INFO] testing redis_cluster_async_tls-0.7.2-alpha.0 against 1.99.0-beta.8+cargoflags=--release for beta-release-1.100-3
[INFO] extracting crate redis_cluster_async_tls 0.7.2-alpha.0 into /workspace/builds/worker-7-tc1/source
[INFO] started tweaking crates.io crate redis_cluster_async_tls 0.7.2-alpha.0
[INFO] finished tweaking crates.io crate redis_cluster_async_tls 0.7.2-alpha.0
[INFO] tweaked toml for crates.io crate redis_cluster_async_tls 0.7.2-alpha.0 written to /workspace/builds/worker-7-tc1/source/Cargo.toml
[INFO] validating manifest of crates.io crate redis_cluster_async_tls 0.7.2-alpha.0 on toolchain 1.99.0-beta.8
[INFO] running `Command { std: CARGO_HOME="/workspace/cargo-home" RUSTUP_HOME="/workspace/rustup-home" "/workspace/cargo-home/bin/cargo" "+1.99.0-beta.8" "metadata" "--manifest-path" "Cargo.toml" "--no-deps", kill_on_drop: false }`
[INFO] running `Command { std: CARGO_HOME="/workspace/cargo-home" RUSTUP_HOME="/workspace/rustup-home" "/workspace/cargo-home/bin/cargo" "+1.99.0-beta.8" "generate-lockfile" "--manifest-path" "Cargo.toml", kill_on_drop: false }`
[INFO] [stderr]     Updating crates.io index
[INFO] [stderr]      Locking 142 packages to highest compatible versions
[INFO] [stderr]       Adding env_logger v0.8.4 (available: v0.11.11)
[INFO] [stderr]       Adding proptest v0.10.1 (available: v1.12.0)
[INFO] [stderr]       Adding rand v0.8.8 (available: v0.10.3)
[INFO] [stderr]       Adding redis v0.21.8 (available: v1.7.1)
[INFO] running `Command { std: CARGO_HOME="/workspace/cargo-home" RUSTUP_HOME="/workspace/rustup-home" "/workspace/cargo-home/bin/cargo" "+1.99.0-beta.8" "fetch" "--manifest-path" "Cargo.toml", kill_on_drop: false }`
[INFO] [stderr]  Downloading crates ...
[INFO] [stderr]   Downloaded tokio-macros v2.7.2
[INFO] [stderr]   Downloaded schannel v0.1.30
[INFO] [stderr]   Downloaded lazy_static v1.5.1
[INFO] [stderr]   Downloaded redis v0.21.8
[INFO] [stderr]   Downloaded bit-set v0.5.3
[INFO] [stderr]   Downloaded bit-vec v0.6.3
[INFO] [stderr]   Downloaded crc16 v0.4.0
[INFO] [stderr]   Downloaded rand_xorshift v0.2.0
[INFO] [stderr]   Downloaded humantime v2.4.0
[INFO] [stderr]   Downloaded env_logger v0.8.4
[INFO] [stderr]   Downloaded openssl-sys v0.9.117
[INFO] [stderr]   Downloaded rand v0.8.8
[INFO] [stderr]   Downloaded combine v4.6.9
[INFO] [stderr]   Downloaded zerocopy-derive v0.8.63
[INFO] [stderr]   Downloaded regex v1.13.1
[INFO] [stderr]   Downloaded proptest v0.10.1
[INFO] [stderr]   Downloaded aho-corasick v1.1.5
[INFO] [stderr]   Downloaded openssl v0.10.81
[INFO] [stderr]   Downloaded zerocopy v0.8.63
[INFO] [stderr]   Downloaded regex-syntax v0.8.11
[INFO] [stderr]   Downloaded regex-automata v0.4.18
[INFO] running `Command { std: "docker" "create" "-v" "/var/lib/crater-agent-workspace/builds/worker-7-tc1/source:/opt/rustwide/workdir:ro,Z" "-v" "/var/lib/crater-agent-workspace/builds/worker-7-tc1/target:/opt/rustwide/target:rw,Z" "-v" "/var/lib/crater-agent-workspace/cargo-home:/opt/rustwide/cargo-home:ro,Z" "-v" "/var/lib/crater-agent-workspace/rustup-home:/opt/rustwide/rustup-home:ro,Z" "-m" "1610612736" "--network" "none" "ghcr.io/rust-lang/crates-build-env/linux@sha256:77db811e55d90add9212f6832c23229e3de5f1c1f9905e8cb07319ea15df73ac" "sleep" "infinity", kill_on_drop: false }`
[INFO] [stdout] a222917ba714eaa78429c8fa9d23c632d0411aff8ff26ac444528066a3130694
[INFO] running `Command { std: "docker" "start" "a222917ba714eaa78429c8fa9d23c632d0411aff8ff26ac444528066a3130694", kill_on_drop: false }`
[INFO] running `Command { std: "docker" "inspect" "a222917ba714eaa78429c8fa9d23c632d0411aff8ff26ac444528066a3130694", kill_on_drop: false }`
[INFO] running `Command { std: "docker" "exec" "-e" "SOURCE_DIR=/opt/rustwide/workdir" "-e" "CARGO_HOME=/opt/rustwide/cargo-home" "-e" "RUSTUP_HOME=/opt/rustwide/rustup-home" "-e" "CARGO_TARGET_DIR=/opt/rustwide/target" "-w" "/opt/rustwide/workdir" "--user" "0:0" "a222917ba714eaa78429c8fa9d23c632d0411aff8ff26ac444528066a3130694" "/opt/rustwide/cargo-home/bin/cargo" "+1.99.0-beta.8" "metadata" "--no-deps" "--format-version=1", kill_on_drop: false }`
[INFO] running `Command { std: "docker" "inspect" "a222917ba714eaa78429c8fa9d23c632d0411aff8ff26ac444528066a3130694", kill_on_drop: false }`
[INFO] running `Command { std: "docker" "exec" "-e" "SOURCE_DIR=/opt/rustwide/workdir" "-e" "CARGO_HOME=/opt/rustwide/cargo-home" "-e" "RUSTUP_HOME=/opt/rustwide/rustup-home" "-e" "CARGO_TARGET_DIR=/opt/rustwide/target" "-e" "CARGO_INCREMENTAL=0" "-e" "RUST_BACKTRACE=full" "-e" "RUSTFLAGS=--cap-lints=warn" "-e" "RUSTDOCFLAGS=--cap-lints=warn" "-w" "/opt/rustwide/workdir" "--user" "0:0" "a222917ba714eaa78429c8fa9d23c632d0411aff8ff26ac444528066a3130694" "/opt/rustwide/cargo-home/bin/cargo" "+1.99.0-beta.8" "build" "--frozen" "--message-format=json" "--release", kill_on_drop: false }`
[INFO] [stderr]    Compiling proc-macro2 v1.0.107
[INFO] [stderr]    Compiling quote v1.0.47
[INFO] [stderr]    Compiling unicode-ident v1.0.27
[INFO] [stderr]    Compiling libc v0.2.191
[INFO] [stderr]    Compiling stable_deref_trait v1.2.1
[INFO] [stderr]    Compiling find-msvc-tools v0.1.14
[INFO] [stderr]    Compiling shlex v2.0.1
[INFO] [stderr]    Compiling vcpkg v0.2.15
[INFO] [stderr]    Compiling pkg-config v0.3.34
[INFO] [stderr]    Compiling cfg-if v1.0.5
[INFO] [stderr]    Compiling litemap v0.8.3
[INFO] [stderr]    Compiling writeable v0.6.4
[INFO] [stderr]    Compiling cc v1.8.0
[INFO] [stderr]    Compiling icu_normalizer_data v2.3.0
[INFO] [stderr]    Compiling icu_properties_data v2.3.0
[INFO] [stderr]    Compiling memchr v2.8.3
[INFO] [stderr]    Compiling zerocopy v0.8.63
[INFO] [stderr]    Compiling foreign-types-shared v0.1.1
[INFO] [stderr]    Compiling openssl v0.10.81
[INFO] [stderr]    Compiling smallvec v1.16.3
[INFO] [stderr]    Compiling foreign-types v0.3.2
[INFO] [stderr]    Compiling futures-channel v0.3.34
[INFO] [stderr]    Compiling native-tls v0.2.18
[INFO] [stderr]    Compiling bitflags v2.13.2
[INFO] [stderr]    Compiling log v0.4.34
[INFO] [stderr]    Compiling openssl-probe v0.2.1
[INFO] [stderr]    Compiling form_urlencoded v1.2.2
[INFO] [stderr]    Compiling crc16 v0.4.0
[INFO] [stderr]    Compiling syn v3.0.9
[INFO] [stderr]    Compiling syn v2.0.119
[INFO] [stderr]    Compiling sha1_smol v1.0.1
[INFO] [stderr]    Compiling sha1 v0.6.1
[INFO] [stderr]    Compiling socket2 v0.6.5
[INFO] [stderr]    Compiling mio v1.2.4
[INFO] [stderr]    Compiling getrandom v0.2.17
[INFO] [stderr]    Compiling openssl-sys v0.9.117
[INFO] [stderr]    Compiling rand_core v0.6.4
[INFO] [stderr]    Compiling tokio v1.53.3
[INFO] [stderr]    Compiling openssl-macros v0.1.1
[INFO] [stderr]    Compiling synstructure v0.14.0
[INFO] [stderr]    Compiling ppv-lite86 v0.2.21
[INFO] [stderr]    Compiling zerofrom-derive v0.1.8
[INFO] [stderr]    Compiling yoke-derive v0.8.4
[INFO] [stderr]    Compiling zerovec-derive v0.11.6
[INFO] [stderr]    Compiling displaydoc v0.2.7
[INFO] [stderr]    Compiling futures-macro v0.3.34
[INFO] [stderr]    Compiling rand_chacha v0.3.1
[INFO] [stderr]    Compiling async-trait v0.1.92
[INFO] [stderr]    Compiling futures-util v0.3.34
[INFO] [stderr]    Compiling rand v0.8.8
[INFO] [stderr]    Compiling zerofrom v0.1.8
[INFO] [stderr]    Compiling yoke v0.8.3
[INFO] [stderr]    Compiling zerovec v0.11.8
[INFO] [stderr]    Compiling zerotrie v0.2.5
[INFO] [stderr]    Compiling tokio-util v0.7.20
[INFO] [stderr]    Compiling tinystr v0.8.4
[INFO] [stderr]    Compiling potential_utf v0.1.6
[INFO] [stderr]    Compiling icu_collections v2.3.0
[INFO] [stderr]    Compiling icu_locale_core v2.3.0
[INFO] [stderr]    Compiling combine v4.6.9
[INFO] [stderr]    Compiling icu_provider v2.3.1
[INFO] [stderr]    Compiling icu_properties v2.3.0
[INFO] [stderr]    Compiling icu_normalizer v2.3.0
[INFO] [stderr]    Compiling tokio-native-tls v0.3.1
[INFO] [stderr]    Compiling futures-executor v0.3.34
[INFO] [stderr]    Compiling futures v0.3.34
[INFO] [stderr]    Compiling idna_adapter v1.2.2
[INFO] [stderr]    Compiling idna v1.1.0
[INFO] [stderr]    Compiling url v2.5.8
[INFO] [stderr]    Compiling redis v0.21.8
[INFO] [stderr]    Compiling redis_cluster_async_tls v0.7.2-alpha.0 (/opt/rustwide/workdir)
[INFO] [stderr]     Finished `release` profile [optimized] target(s) in 1m 29s
[INFO] running `Command { std: "docker" "inspect" "a222917ba714eaa78429c8fa9d23c632d0411aff8ff26ac444528066a3130694", kill_on_drop: false }`
[INFO] running `Command { std: "docker" "exec" "-e" "SOURCE_DIR=/opt/rustwide/workdir" "-e" "CARGO_HOME=/opt/rustwide/cargo-home" "-e" "RUSTUP_HOME=/opt/rustwide/rustup-home" "-e" "CARGO_TARGET_DIR=/opt/rustwide/target" "-e" "CARGO_INCREMENTAL=0" "-e" "RUST_BACKTRACE=full" "-e" "RUSTFLAGS=--cap-lints=warn" "-e" "RUSTDOCFLAGS=--cap-lints=warn" "-w" "/opt/rustwide/workdir" "--user" "0:0" "a222917ba714eaa78429c8fa9d23c632d0411aff8ff26ac444528066a3130694" "/opt/rustwide/cargo-home/bin/cargo" "+1.99.0-beta.8" "test" "--frozen" "--no-run" "--message-format=json" "--release", kill_on_drop: false }`
[INFO] [stderr]    Compiling parking_lot_core v0.9.12
[INFO] [stderr]    Compiling bitflags v2.13.2
[INFO] [stderr]    Compiling lock_api v0.4.14
[INFO] [stderr]    Compiling errno v0.3.14
[INFO] [stderr]    Compiling getrandom v0.1.16
[INFO] [stderr]    Compiling tokio-macros v2.7.2
[INFO] [stderr]    Compiling log v0.4.34
[INFO] [stderr]    Compiling rustix v1.1.5
[INFO] [stderr]    Compiling signal-hook-registry v1.4.8
[INFO] [stderr]    Compiling getrandom v0.4.3
[INFO] [stderr]    Compiling openssl v0.10.81
[INFO] [stderr]    Compiling parking_lot v0.12.5
[INFO] [stderr]    Compiling autocfg v1.5.1
[INFO] [stderr]    Compiling linux-raw-sys v0.12.1
[INFO] [stderr]    Compiling rand_core v0.5.1
[INFO] [stderr]    Compiling aho-corasick v1.1.5
[INFO] [stderr]    Compiling regex-syntax v0.8.11
[INFO] [stderr]    Compiling tokio v1.53.3
[INFO] [stderr]    Compiling fastrand v2.5.0
[INFO] [stderr]    Compiling num-traits v0.2.19
[INFO] [stderr]    Compiling rand_chacha v0.2.2
[INFO] [stderr]    Compiling wait-timeout v0.2.1
[INFO] [stderr]    Compiling bit-vec v0.6.3
[INFO] [stderr]    Compiling quick-error v1.2.3
[INFO] [stderr]    Compiling anyhow v1.0.104
[INFO] [stderr]    Compiling bit-set v0.5.3
[INFO] [stderr]    Compiling rand v0.7.3
[INFO] [stderr]    Compiling rand_xorshift v0.2.0
[INFO] [stderr]    Compiling atty v0.2.14
[INFO] [stderr]    Compiling regex-automata v0.4.18
[INFO] [stderr]    Compiling termcolor v1.4.1
[INFO] [stderr]    Compiling lazy_static v1.5.1
[INFO] [stderr]    Compiling humantime v2.4.0
[INFO] [stderr]    Compiling tempfile v3.27.0
[INFO] [stderr]    Compiling regex-syntax v0.6.29
[INFO] [stderr]    Compiling native-tls v0.2.18
[INFO] [stderr]    Compiling rusty-fork v0.3.1
[INFO] [stderr]    Compiling proptest v0.10.1
[INFO] [stderr]    Compiling regex v1.13.1
[INFO] [stderr]    Compiling tokio-util v0.7.20
[INFO] [stderr]    Compiling tokio-native-tls v0.3.1
[INFO] [stderr]    Compiling env_logger v0.8.4
[INFO] [stderr]    Compiling combine v4.6.9
[INFO] [stderr]    Compiling redis v0.21.8
[INFO] [stderr]    Compiling redis_cluster_async_tls v0.7.2-alpha.0 (/opt/rustwide/workdir)
[INFO] [stdout] warning: this function depends on never type fallback being `()`
[INFO] [stdout]    --> tests/basic.rs:290:1
[INFO] [stdout]     |
[INFO] [stdout] 290 | async fn do_failover(redis: &mut redis::aio::MultiplexedConnection) -> Result<(), anyhow::Error> {
[INFO] [stdout]     | ^^^^^^^^^^^^^^^^^^^^^^^^^^^^^^^^^^^^^^^^^^^^^^^^^^^^^^^^^^^^^^^^^^^^^^^^^^^^^^^^^^^^^^^^^^^^^^^^
[INFO] [stdout]     |
[INFO] [stdout]     = help: specify the types explicitly
[INFO] [stdout] note: in edition 2024, the requirement `!: FromRedisValue` will fail
[INFO] [stdout]    --> tests/basic.rs:291:36
[INFO] [stdout]     |
[INFO] [stdout] 291 |     cmd("CLUSTER").arg("FAILOVER").query_async(redis).await?;
[INFO] [stdout]     |                                    ^^^^^^^^^^^
[INFO] [stdout]     = warning: this was previously accepted by the compiler but is being phased out; it will become a hard error in Rust 2024 and in a future release in all editions!
[INFO] [stdout]     = note: for more information, see <https://doc.rust-lang.org/edition-guide/rust-2024/never-type-fallback.html>
[INFO] [stdout]     = note: `#[warn(dependency_on_unit_never_type_fallback)]` (part of `#[warn(rust_2024_compatibility)]`) on by default
[INFO] [stdout] help: use `()` annotations to avoid fallback changes
[INFO] [stdout]     |
[INFO] [stdout] 291 |     cmd("CLUSTER").arg("FAILOVER").query_async::<_, ()>(redis).await?;
[INFO] [stdout]     |                                               +++++++++
[INFO] [stdout] 
[INFO] [stdout] 
[INFO] [stdout] warning: use of deprecated associated function `core::num::<impl i32>::max_value`: replaced by the `MAX` associated constant on this type
[INFO] [stdout]    --> tests/basic.rs:262:47
[INFO] [stdout]     |
[INFO] [stdout] 262 |         |(requests in 0..15, value in 0..i32::max_value())| {
[INFO] [stdout]     |                                               ^^^^^^^^^
[INFO] [stdout]     |
[INFO] [stdout]     = note: `#[warn(deprecated)]` on by default
[INFO] [stdout] 
[INFO] [stdout] 
[INFO] [stdout] warning: this function depends on never type fallback being `()`
[INFO] [stdout]    --> tests/basic.rs:295:1
[INFO] [stdout]     |
[INFO] [stdout] 295 | fn test_failover(env: &mut FailoverEnv, requests: i32, value: i32) {
[INFO] [stdout]     | ^^^^^^^^^^^^^^^^^^^^^^^^^^^^^^^^^^^^^^^^^^^^^^^^^^^^^^^^^^^^^^^^^^
[INFO] [stdout]     |
[INFO] [stdout]     = help: specify the types explicitly
[INFO] [stdout] note: in edition 2024, the requirement `!: Default` will fail
[INFO] [stdout]    --> tests/basic.rs:343:14
[INFO] [stdout]     |
[INFO] [stdout] 343 |             .await
[INFO] [stdout]     |              ^^^^^
[INFO] [stdout]     = warning: this was previously accepted by the compiler but is being phased out; it will become a hard error in Rust 2024 and in a future release in all editions!
[INFO] [stdout]     = note: for more information, see <https://doc.rust-lang.org/edition-guide/rust-2024/never-type-fallback.html>
[INFO] [stdout] help: use `()` annotations to avoid fallback changes
[INFO] [stdout]     |
[INFO] [stdout] 342 |             .try_collect::<()>()
[INFO] [stdout]     |                         ++++++
[INFO] [stdout] 
[INFO] [stdout] 
[INFO] [stdout] warning: field `0` is never read
[INFO] [stdout]   --> tests/basic.rs:28:22
[INFO] [stdout]    |
[INFO] [stdout] 28 | pub struct RedisLock(MutexGuard<'static, RedisProcess>);
[INFO] [stdout]    |            --------- ^^^^^^^^^^^^^^^^^^^^^^^^^^^^^^^^^
[INFO] [stdout]    |            |
[INFO] [stdout]    |            field in this struct
[INFO] [stdout]    |
[INFO] [stdout]    = help: consider removing this field
[INFO] [stdout]    = note: `#[warn(dead_code)]` (part of `#[warn(unused)]`) on by default
[INFO] [stdout] 
[INFO] [stdout] 
[INFO] [stderr]     Finished `release` profile [optimized] target(s) in 1m 24s
[INFO] [stderr] warning: the following packages contain code that will be rejected by a future version of Rust: redis_cluster_async_tls v0.7.2-alpha.0 (/opt/rustwide/workdir)
[INFO] [stderr] note: to see what the problems were, use the option `--future-incompat-report`, or run `cargo report future-incompatibilities --id 3`
[INFO] running `Command { std: "docker" "inspect" "a222917ba714eaa78429c8fa9d23c632d0411aff8ff26ac444528066a3130694", kill_on_drop: false }`
[INFO] running `Command { std: "docker" "exec" "-e" "SOURCE_DIR=/opt/rustwide/workdir" "-e" "CARGO_HOME=/opt/rustwide/cargo-home" "-e" "RUSTUP_HOME=/opt/rustwide/rustup-home" "-e" "CARGO_TARGET_DIR=/opt/rustwide/target" "-e" "CARGO_INCREMENTAL=0" "-e" "RUST_BACKTRACE=full" "-e" "RUSTFLAGS=--cap-lints=warn" "-e" "RUSTDOCFLAGS=--cap-lints=warn" "-w" "/opt/rustwide/workdir" "--user" "0:0" "a222917ba714eaa78429c8fa9d23c632d0411aff8ff26ac444528066a3130694" "/opt/rustwide/cargo-home/bin/cargo" "+1.99.0-beta.8" "test" "--frozen" "--release", kill_on_drop: false }`
[INFO] [stderr] warning: this function depends on never type fallback being `()`
[INFO] [stderr]    --> tests/basic.rs:290:1
[INFO] [stderr]     |
[INFO] [stderr] 290 | async fn do_failover(redis: &mut redis::aio::MultiplexedConnection) -> Result<(), anyhow::Error> {
[INFO] [stderr]     | ^^^^^^^^^^^^^^^^^^^^^^^^^^^^^^^^^^^^^^^^^^^^^^^^^^^^^^^^^^^^^^^^^^^^^^^^^^^^^^^^^^^^^^^^^^^^^^^^
[INFO] [stderr]     |
[INFO] [stderr]     = help: specify the types explicitly
[INFO] [stderr] note: in edition 2024, the requirement `!: FromRedisValue` will fail
[INFO] [stderr]    --> tests/basic.rs:291:36
[INFO] [stderr]     |
[INFO] [stderr] 291 |     cmd("CLUSTER").arg("FAILOVER").query_async(redis).await?;
[INFO] [stderr]     |                                    ^^^^^^^^^^^
[INFO] [stderr]     = warning: this was previously accepted by the compiler but is being phased out; it will become a hard error in Rust 2024 and in a future release in all editions!
[INFO] [stderr]     = note: for more information, see <https://doc.rust-lang.org/edition-guide/rust-2024/never-type-fallback.html>
[INFO] [stderr]     = note: `#[warn(dependency_on_unit_never_type_fallback)]` (part of `#[warn(rust_2024_compatibility)]`) on by default
[INFO] [stderr] help: use `()` annotations to avoid fallback changes
[INFO] [stderr]     |
[INFO] [stderr] 291 |     cmd("CLUSTER").arg("FAILOVER").query_async::<_, ()>(redis).await?;
[INFO] [stderr]     |                                               +++++++++
[INFO] [stderr] 
[INFO] [stderr] warning: use of deprecated associated function `core::num::<impl i32>::max_value`: replaced by the `MAX` associated constant on this type
[INFO] [stderr]    --> tests/basic.rs:262:47
[INFO] [stderr]     |
[INFO] [stderr] 262 |         |(requests in 0..15, value in 0..i32::max_value())| {
[INFO] [stderr]     |                                               ^^^^^^^^^
[INFO] [stderr]     |
[INFO] [stderr]     = note: `#[warn(deprecated)]` on by default
[INFO] [stderr] 
[INFO] [stderr] warning: this function depends on never type fallback being `()`
[INFO] [stderr]    --> tests/basic.rs:295:1
[INFO] [stderr]     |
[INFO] [stderr] 295 | fn test_failover(env: &mut FailoverEnv, requests: i32, value: i32) {
[INFO] [stderr]     | ^^^^^^^^^^^^^^^^^^^^^^^^^^^^^^^^^^^^^^^^^^^^^^^^^^^^^^^^^^^^^^^^^^
[INFO] [stderr]     |
[INFO] [stderr]     = help: specify the types explicitly
[INFO] [stderr] note: in edition 2024, the requirement `!: Default` will fail
[INFO] [stderr]    --> tests/basic.rs:343:14
[INFO] [stderr]     |
[INFO] [stderr] 343 |             .await
[INFO] [stderr]     |              ^^^^^
[INFO] [stderr]     = warning: this was previously accepted by the compiler but is being phased out; it will become a hard error in Rust 2024 and in a future release in all editions!
[INFO] [stderr]     = note: for more information, see <https://doc.rust-lang.org/edition-guide/rust-2024/never-type-fallback.html>
[INFO] [stderr] help: use `()` annotations to avoid fallback changes
[INFO] [stderr]     |
[INFO] [stderr] 342 |             .try_collect::<()>()
[INFO] [stderr]     |                         ++++++
[INFO] [stderr] 
[INFO] [stderr] warning: field `0` is never read
[INFO] [stderr]   --> tests/basic.rs:28:22
[INFO] [stderr]    |
[INFO] [stderr] 28 | pub struct RedisLock(MutexGuard<'static, RedisProcess>);
[INFO] [stderr]    |            --------- ^^^^^^^^^^^^^^^^^^^^^^^^^^^^^^^^^
[INFO] [stderr]    |            |
[INFO] [stderr]    |            field in this struct
[INFO] [stderr]    |
[INFO] [stderr]    = help: consider removing this field
[INFO] [stderr]    = note: `#[warn(dead_code)]` (part of `#[warn(unused)]`) on by default
[INFO] [stderr] 
[INFO] [stderr] warning: `redis_cluster_async_tls` (test "basic") generated 4 warnings (run `cargo fix --test "basic" -p redis_cluster_async_tls` to apply 2 suggestions)
[INFO] [stderr]     Finished `release` profile [optimized] target(s) in 0.18s
[INFO] [stderr] warning: the following packages contain code that will be rejected by a future version of Rust: redis_cluster_async_tls v0.7.2-alpha.0 (/opt/rustwide/workdir)
[INFO] [stderr] note: to see what the problems were, use the option `--future-incompat-report`, or run `cargo report future-incompatibilities --id 3`
[INFO] [stderr]      Running unittests src/lib.rs (/opt/rustwide/target/release/deps/redis_cluster_async_tls-5581a87705eea9c9)
[INFO] [stdout] 
[INFO] [stdout] running 1 test
[INFO] [stdout] test tests::slot ... ok
[INFO] [stdout] 
[INFO] [stdout] test result: ok. 1 passed; 0 failed; 0 ignored; 0 measured; 0 filtered out; finished in 0.00s
[INFO] [stdout] 
[INFO] [stderr]      Running tests/basic.rs (/opt/rustwide/target/release/deps/basic-3fe5cace56508069)
[INFO] [stdout] 
[INFO] [stdout] running 7 tests
[INFO] [stdout] test basic_pipe ... ignored
[INFO] [stdout] test basic_script ... ignored
[INFO] [stdout] test basic_failover ... FAILED
[INFO] [stdout] test error_in_inner_connection ... FAILED
[INFO] [stdout] test basic_cmd ... FAILED
[INFO] [stdout] test proptests ... FAILED
[INFO] [stdout] test basic_eval ... FAILED
[INFO] [stdout] 
[INFO] [stdout] failures:
[INFO] [stdout] 
[INFO] [stdout] ---- basic_failover stdout ----
[INFO] [stdout] 
[INFO] [stdout] thread 'basic_failover' (2240) panicked at tests/basic.rs:85:14:
[INFO] [stdout] Unable to query nodes for information: Connection refused (os error 111)
[INFO] [stdout] stack backtrace:
[INFO] [stdout]    0:     0x5dea64a00601 - <<std[70759c8f55707aa4]::sys::backtrace::BacktraceLock>::print::DisplayBacktrace as core[df12db4294e9bfd3]::fmt::Display>::fmt
[INFO] [stdout]    1:     0x5dea64a17f9a - core[df12db4294e9bfd3]::fmt::write
[INFO] [stdout]    2:     0x5dea64a05b7c - <alloc[2182bb758b4b3781]::vec::Vec<u8> as core[df12db4294e9bfd3]::io::write::Write>::write_fmt
[INFO] [stdout]    3:     0x5dea649da376 - std[70759c8f55707aa4]::panicking::default_hook::{closure#0}
[INFO] [stdout]    4:     0x5dea649f83a9 - std[70759c8f55707aa4]::panicking::default_hook
[INFO] [stdout]    5:     0x5dea64912cd0 - test[9d35eded1c95d3be]::test_main_inner::<test[9d35eded1c95d3be]::test_main_static::{closure#0}>::{closure#0}
[INFO] [stdout]    6:     0x5dea649f86d2 - std[70759c8f55707aa4]::panicking::panic_with_hook
[INFO] [stdout]    7:     0x5dea649da422 - std[70759c8f55707aa4]::panicking::panic_handler::{closure#0}
[INFO] [stdout]    8:     0x5dea649d2a19 - std[70759c8f55707aa4]::sys::backtrace::__rust_end_short_backtrace::<std[70759c8f55707aa4]::panicking::panic_handler::{closure#0}, !>
[INFO] [stdout]    9:     0x5dea649db31d - __rustc[8fa7c3cbc660c2b3]::rust_begin_unwind
[INFO] [stdout]   10:     0x5dea64a1877c - core[df12db4294e9bfd3]::panicking::panic_fmt
[INFO] [stdout]   11:     0x5dea64a18552 - core[df12db4294e9bfd3]::result::unwrap_failed
[INFO] [stdout]   12:     0x5dea647f9811 - <basic[7c574b662308c6]::RedisEnv>::new::{closure#0}
[INFO] [stdout]   13:     0x5dea648076a8 - <tokio[802eaeee5dbcae8]::runtime::scheduler::current_thread::Context>::enter::<core[df12db4294e9bfd3]::task::poll::Poll<basic[7c574b662308c6]::RedisEnv>, <tokio[802eaeee5dbcae8]::runtime::scheduler::current_thread::CoreGuard>::block_on<core[df12db4294e9bfd3]::pin::Pin<&mut <basic[7c574b662308c6]::RedisEnv>::new::{closure#0}>>::{closure#0}::{closure#0}>
[INFO] [stdout]   14:     0x5dea6483239c - <std[70759c8f55707aa4]::thread::local::LocalKey<tokio[802eaeee5dbcae8]::runtime::context::Context>>::with::<tokio[802eaeee5dbcae8]::runtime::context::set_scheduler<(alloc[2182bb758b4b3781]::boxed::Box<tokio[802eaeee5dbcae8]::runtime::scheduler::current_thread::Core>, core[df12db4294e9bfd3]::option::Option<basic[7c574b662308c6]::RedisEnv>), <tokio[802eaeee5dbcae8]::runtime::scheduler::current_thread::CoreGuard>::enter<<tokio[802eaeee5dbcae8]::runtime::scheduler::current_thread::CoreGuard>::block_on<core[df12db4294e9bfd3]::pin::Pin<&mut <basic[7c574b662308c6]::RedisEnv>::new::{closure#0}>>::{closure#0}, core[df12db4294e9bfd3]::option::Option<basic[7c574b662308c6]::RedisEnv>>::{closure#0}>::{closure#0}, (alloc[2182bb758b4b3781]::boxed::Box<tokio[802eaeee5dbcae8]::runtime::scheduler::current_thread::Core>, core[df12db4294e9bfd3]::option::Option<basic[7c574b662308c6]::RedisEnv>)>
[INFO] [stdout]   15:     0x5dea6480842a - <tokio[802eaeee5dbcae8]::runtime::scheduler::current_thread::CoreGuard>::block_on::<core[df12db4294e9bfd3]::pin::Pin<&mut <basic[7c574b662308c6]::RedisEnv>::new::{closure#0}>>
[INFO] [stdout]   16:     0x5dea64827b9c - tokio[802eaeee5dbcae8]::runtime::context::runtime::enter_runtime::<<tokio[802eaeee5dbcae8]::runtime::scheduler::current_thread::CurrentThread>::block_on<<basic[7c574b662308c6]::RedisEnv>::new::{closure#0}>::{closure#0}, basic[7c574b662308c6]::RedisEnv>
[INFO] [stdout]   17:     0x5dea647d57bf - <tokio[802eaeee5dbcae8]::runtime::runtime::Runtime>::block_on::<<basic[7c574b662308c6]::RedisEnv>::new::{closure#0}>
[INFO] [stdout]   18:     0x5dea647bf34c - <basic[7c574b662308c6]::FailoverEnv>::new
[INFO] [stdout]   19:     0x5dea647bf9da - <basic[7c574b662308c6]::basic_failover::{closure#0} as core[df12db4294e9bfd3]::ops::function::FnOnce<()>>::call_once
[INFO] [stdout]   20:     0x5dea64905fbb - test[9d35eded1c95d3be]::__rust_begin_short_backtrace::<core[df12db4294e9bfd3]::result::Result<(), alloc[2182bb758b4b3781]::string::String>, fn() -> core[df12db4294e9bfd3]::result::Result<(), alloc[2182bb758b4b3781]::string::String>>
[INFO] [stdout]   21:     0x5dea64913625 - test[9d35eded1c95d3be]::run_test::{closure#0}
[INFO] [stdout]   22:     0x5dea6490cee4 - std[70759c8f55707aa4]::sys::backtrace::__rust_begin_short_backtrace::<test[9d35eded1c95d3be]::run_test::{closure#1}, ()>
[INFO] [stdout]   23:     0x5dea64916782 - <std[70759c8f55707aa4]::thread::lifecycle::spawn_unchecked<test[9d35eded1c95d3be]::run_test::{closure#1}, ()>::{closure#1} as core[df12db4294e9bfd3]::ops::function::FnOnce<()>>::call_once::{shim:vtable#0}
[INFO] [stdout]   24:     0x5dea649ffb29 - <std[70759c8f55707aa4]::sys::thread::unix::Thread>::new::thread_start
[INFO] [stdout]   25:     0x743fb0efedfa - <unknown>
[INFO] [stdout]   26:     0x743fb0f923d4 - clone
[INFO] [stdout]   27:                0x0 - <unknown>
[INFO] [stdout] 
[INFO] [stdout] ---- error_in_inner_connection stdout ----
[INFO] [stdout] 
[INFO] [stdout] thread 'error_in_inner_connection' (2241) panicked at tests/basic.rs:85:14:
[INFO] [stdout] Unable to query nodes for information: Connection refused (os error 111)
[INFO] [stdout] stack backtrace:
[INFO] [stdout]    0:     0x5dea64a00601 - <<std[70759c8f55707aa4]::sys::backtrace::BacktraceLock>::print::DisplayBacktrace as core[df12db4294e9bfd3]::fmt::Display>::fmt
[INFO] [stdout]    1:     0x5dea64a17f9a - core[df12db4294e9bfd3]::fmt::write
[INFO] [stdout]    2:     0x5dea64a05b7c - <alloc[2182bb758b4b3781]::vec::Vec<u8> as core[df12db4294e9bfd3]::io::write::Write>::write_fmt
[INFO] [stdout]    3:     0x5dea649da376 - std[70759c8f55707aa4]::panicking::default_hook::{closure#0}
[INFO] [stdout]    4:     0x5dea649f83a9 - std[70759c8f55707aa4]::panicking::default_hook
[INFO] [stdout]    5:     0x5dea64912cd0 - test[9d35eded1c95d3be]::test_main_inner::<test[9d35eded1c95d3be]::test_main_static::{closure#0}>::{closure#0}
[INFO] [stdout]    6:     0x5dea649f86d2 - std[70759c8f55707aa4]::panicking::panic_with_hook
[INFO] [stdout]    7:     0x5dea649da422 - std[70759c8f55707aa4]::panicking::panic_handler::{closure#0}
[INFO] [stdout]    8:     0x5dea649d2a19 - std[70759c8f55707aa4]::sys::backtrace::__rust_end_short_backtrace::<std[70759c8f55707aa4]::panicking::panic_handler::{closure#0}, !>
[INFO] [stdout]    9:     0x5dea649db31d - __rustc[8fa7c3cbc660c2b3]::rust_begin_unwind
[INFO] [stdout]   10:     0x5dea64a1877c - core[df12db4294e9bfd3]::panicking::panic_fmt
[INFO] [stdout]   11:     0x5dea64a18552 - core[df12db4294e9bfd3]::result::unwrap_failed
[INFO] [stdout]   12:     0x5dea647bda01 - <basic[7c574b662308c6]::RedisEnv>::new::{closure#0}
[INFO] [stdout]   13:     0x5dea647b42f9 - basic[7c574b662308c6]::error_in_inner_connection::{closure#0}
[INFO] [stdout]   14:     0x5dea648072e8 - <tokio[802eaeee5dbcae8]::runtime::scheduler::current_thread::Context>::enter::<core[df12db4294e9bfd3]::task::poll::Poll<core[df12db4294e9bfd3]::result::Result<(), anyhow[8c366fa371e7d33d]::Error>>, <tokio[802eaeee5dbcae8]::runtime::scheduler::current_thread::CoreGuard>::block_on<core[df12db4294e9bfd3]::pin::Pin<&mut core[df12db4294e9bfd3]::pin::Pin<&mut dyn core[df12db4294e9bfd3]::future::future::Future<Output = core[df12db4294e9bfd3]::result::Result<(), anyhow[8c366fa371e7d33d]::Error>>>>>::{closure#0}::{closure#0}>
[INFO] [stdout]   15:     0x5dea64831ee4 - <std[70759c8f55707aa4]::thread::local::LocalKey<tokio[802eaeee5dbcae8]::runtime::context::Context>>::with::<tokio[802eaeee5dbcae8]::runtime::context::set_scheduler<(alloc[2182bb758b4b3781]::boxed::Box<tokio[802eaeee5dbcae8]::runtime::scheduler::current_thread::Core>, core[df12db4294e9bfd3]::option::Option<core[df12db4294e9bfd3]::result::Result<(), anyhow[8c366fa371e7d33d]::Error>>), <tokio[802eaeee5dbcae8]::runtime::scheduler::current_thread::CoreGuard>::enter<<tokio[802eaeee5dbcae8]::runtime::scheduler::current_thread::CoreGuard>::block_on<core[df12db4294e9bfd3]::pin::Pin<&mut core[df12db4294e9bfd3]::pin::Pin<&mut dyn core[df12db4294e9bfd3]::future::future::Future<Output = core[df12db4294e9bfd3]::result::Result<(), anyhow[8c366fa371e7d33d]::Error>>>>>::{closure#0}, core[df12db4294e9bfd3]::option::Option<core[df12db4294e9bfd3]::result::Result<(), anyhow[8c366fa371e7d33d]::Error>>>::{closure#0}>::{closure#0}, (alloc[2182bb758b4b3781]::boxed::Box<tokio[802eaeee5dbcae8]::runtime::scheduler::current_thread::Core>, core[df12db4294e9bfd3]::option::Option<core[df12db4294e9bfd3]::result::Result<(), anyhow[8c366fa371e7d33d]::Error>>)>
[INFO] [stdout]   16:     0x5dea64807d1e - <tokio[802eaeee5dbcae8]::runtime::scheduler::current_thread::CoreGuard>::block_on::<core[df12db4294e9bfd3]::pin::Pin<&mut core[df12db4294e9bfd3]::pin::Pin<&mut dyn core[df12db4294e9bfd3]::future::future::Future<Output = core[df12db4294e9bfd3]::result::Result<(), anyhow[8c366fa371e7d33d]::Error>>>>>
[INFO] [stdout]   17:     0x5dea6482691c - tokio[802eaeee5dbcae8]::runtime::context::runtime::enter_runtime::<<tokio[802eaeee5dbcae8]::runtime::scheduler::current_thread::CurrentThread>::block_on<core[df12db4294e9bfd3]::pin::Pin<&mut dyn core[df12db4294e9bfd3]::future::future::Future<Output = core[df12db4294e9bfd3]::result::Result<(), anyhow[8c366fa371e7d33d]::Error>>>>::{closure#0}, core[df12db4294e9bfd3]::result::Result<(), anyhow[8c366fa371e7d33d]::Error>>
[INFO] [stdout]   18:     0x5dea647d5285 - <tokio[802eaeee5dbcae8]::runtime::runtime::Runtime>::block_on::<core[df12db4294e9bfd3]::pin::Pin<&mut dyn core[df12db4294e9bfd3]::future::future::Future<Output = core[df12db4294e9bfd3]::result::Result<(), anyhow[8c366fa371e7d33d]::Error>>>>
[INFO] [stdout]   19:     0x5dea647bfad2 - <basic[7c574b662308c6]::error_in_inner_connection::{closure#0} as core[df12db4294e9bfd3]::ops::function::FnOnce<()>>::call_once
[INFO] [stdout]   20:     0x5dea64905fbb - test[9d35eded1c95d3be]::__rust_begin_short_backtrace::<core[df12db4294e9bfd3]::result::Result<(), alloc[2182bb758b4b3781]::string::String>, fn() -> core[df12db4294e9bfd3]::result::Result<(), alloc[2182bb758b4b3781]::string::String>>
[INFO] [stdout]   21:     0x5dea64913625 - test[9d35eded1c95d3be]::run_test::{closure#0}
[INFO] [stdout]   22:     0x5dea6490cee4 - std[70759c8f55707aa4]::sys::backtrace::__rust_begin_short_backtrace::<test[9d35eded1c95d3be]::run_test::{closure#1}, ()>
[INFO] [stdout]   23:     0x5dea64916782 - <std[70759c8f55707aa4]::thread::lifecycle::spawn_unchecked<test[9d35eded1c95d3be]::run_test::{closure#1}, ()>::{closure#1} as core[df12db4294e9bfd3]::ops::function::FnOnce<()>>::call_once::{shim:vtable#0}
[INFO] [stdout]   24:     0x5dea649ffb29 - <std[70759c8f55707aa4]::sys::thread::unix::Thread>::new::thread_start
[INFO] [stdout]   25:     0x743fb0efedfa - <unknown>
[INFO] [stdout]   26:     0x743fb0f923d4 - clone
[INFO] [stdout]   27:                0x0 - <unknown>
[INFO] [stdout] 
[INFO] [stdout] ---- basic_cmd stdout ----
[INFO] [stdout] 
[INFO] [stdout] thread 'basic_cmd' (2238) panicked at tests/basic.rs:85:14:
[INFO] [stdout] Unable to query nodes for information: Connection refused (os error 111)
[INFO] [stdout] stack backtrace:
[INFO] [stdout]    0:     0x5dea64a00601 - <<std[70759c8f55707aa4]::sys::backtrace::BacktraceLock>::print::DisplayBacktrace as core[df12db4294e9bfd3]::fmt::Display>::fmt
[INFO] [stdout]    1:     0x5dea64a17f9a - core[df12db4294e9bfd3]::fmt::write
[INFO] [stdout]    2:     0x5dea64a05b7c - <alloc[2182bb758b4b3781]::vec::Vec<u8> as core[df12db4294e9bfd3]::io::write::Write>::write_fmt
[INFO] [stdout]    3:     0x5dea649da376 - std[70759c8f55707aa4]::panicking::default_hook::{closure#0}
[INFO] [stdout]    4:     0x5dea649f83a9 - std[70759c8f55707aa4]::panicking::default_hook
[INFO] [stdout]    5:     0x5dea64912cd0 - test[9d35eded1c95d3be]::test_main_inner::<test[9d35eded1c95d3be]::test_main_static::{closure#0}>::{closure#0}
[INFO] [stdout]    6:     0x5dea649f86d2 - std[70759c8f55707aa4]::panicking::panic_with_hook
[INFO] [stdout]    7:     0x5dea649da422 - std[70759c8f55707aa4]::panicking::panic_handler::{closure#0}
[INFO] [stdout]    8:     0x5dea649d2a19 - std[70759c8f55707aa4]::sys::backtrace::__rust_end_short_backtrace::<std[70759c8f55707aa4]::panicking::panic_handler::{closure#0}, !>
[INFO] [stdout]    9:     0x5dea649db31d - __rustc[8fa7c3cbc660c2b3]::rust_begin_unwind
[INFO] [stdout]   10:     0x5dea64a1877c - core[df12db4294e9bfd3]::panicking::panic_fmt
[INFO] [stdout]   11:     0x5dea64a18552 - core[df12db4294e9bfd3]::result::unwrap_failed
[INFO] [stdout]   12:     0x5dea647bda01 - <basic[7c574b662308c6]::RedisEnv>::new::{closure#0}
[INFO] [stdout]   13:     0x5dea647b7f99 - basic[7c574b662308c6]::basic_cmd::{closure#0}
[INFO] [stdout]   14:     0x5dea64807893 - <tokio[802eaeee5dbcae8]::runtime::scheduler::current_thread::Context>::enter::<core[df12db4294e9bfd3]::task::poll::Poll<()>, <tokio[802eaeee5dbcae8]::runtime::scheduler::current_thread::CoreGuard>::block_on<core[df12db4294e9bfd3]::pin::Pin<&mut core[df12db4294e9bfd3]::pin::Pin<&mut dyn core[df12db4294e9bfd3]::future::future::Future<Output = ()>>>>::{closure#0}::{closure#0}>
[INFO] [stdout]   15:     0x5dea648326a9 - <std[70759c8f55707aa4]::thread::local::LocalKey<tokio[802eaeee5dbcae8]::runtime::context::Context>>::with::<tokio[802eaeee5dbcae8]::runtime::context::set_scheduler<(alloc[2182bb758b4b3781]::boxed::Box<tokio[802eaeee5dbcae8]::runtime::scheduler::current_thread::Core>, core[df12db4294e9bfd3]::option::Option<()>), <tokio[802eaeee5dbcae8]::runtime::scheduler::current_thread::CoreGuard>::enter<<tokio[802eaeee5dbcae8]::runtime::scheduler::current_thread::CoreGuard>::block_on<core[df12db4294e9bfd3]::pin::Pin<&mut core[df12db4294e9bfd3]::pin::Pin<&mut dyn core[df12db4294e9bfd3]::future::future::Future<Output = ()>>>>::{closure#0}, core[df12db4294e9bfd3]::option::Option<()>>::{closure#0}>::{closure#0}, (alloc[2182bb758b4b3781]::boxed::Box<tokio[802eaeee5dbcae8]::runtime::scheduler::current_thread::Core>, core[df12db4294e9bfd3]::option::Option<()>)>
[INFO] [stdout]   16:     0x5dea64807ec7 - <tokio[802eaeee5dbcae8]::runtime::scheduler::current_thread::CoreGuard>::block_on::<core[df12db4294e9bfd3]::pin::Pin<&mut core[df12db4294e9bfd3]::pin::Pin<&mut dyn core[df12db4294e9bfd3]::future::future::Future<Output = ()>>>>
[INFO] [stdout]   17:     0x5dea64826d7b - tokio[802eaeee5dbcae8]::runtime::context::runtime::enter_runtime::<<tokio[802eaeee5dbcae8]::runtime::scheduler::current_thread::CurrentThread>::block_on<core[df12db4294e9bfd3]::pin::Pin<&mut dyn core[df12db4294e9bfd3]::future::future::Future<Output = ()>>>::{closure#0}, ()>
[INFO] [stdout]   18:     0x5dea647d5395 - <tokio[802eaeee5dbcae8]::runtime::runtime::Runtime>::block_on::<core[df12db4294e9bfd3]::pin::Pin<&mut dyn core[df12db4294e9bfd3]::future::future::Future<Output = ()>>>
[INFO] [stdout]   19:     0x5dea647bfcde - <basic[7c574b662308c6]::basic_cmd::{closure#0} as core[df12db4294e9bfd3]::ops::function::FnOnce<()>>::call_once
[INFO] [stdout]   20:     0x5dea64905fbb - test[9d35eded1c95d3be]::__rust_begin_short_backtrace::<core[df12db4294e9bfd3]::result::Result<(), alloc[2182bb758b4b3781]::string::String>, fn() -> core[df12db4294e9bfd3]::result::Result<(), alloc[2182bb758b4b3781]::string::String>>
[INFO] [stdout]   21:     0x5dea64913625 - test[9d35eded1c95d3be]::run_test::{closure#0}
[INFO] [stdout]   22:     0x5dea6490cee4 - std[70759c8f55707aa4]::sys::backtrace::__rust_begin_short_backtrace::<test[9d35eded1c95d3be]::run_test::{closure#1}, ()>
[INFO] [stdout]   23:     0x5dea64916782 - <std[70759c8f55707aa4]::thread::lifecycle::spawn_unchecked<test[9d35eded1c95d3be]::run_test::{closure#1}, ()>::{closure#1} as core[df12db4294e9bfd3]::ops::function::FnOnce<()>>::call_once::{shim:vtable#0}
[INFO] [stdout]   24:     0x5dea649ffb29 - <std[70759c8f55707aa4]::sys::thread::unix::Thread>::new::thread_start
[INFO] [stdout]   25:     0x743fb0efedfa - <unknown>
[INFO] [stdout]   26:     0x743fb0f923d4 - clone
[INFO] [stdout]   27:                0x0 - <unknown>
[INFO] [stdout] 
[INFO] [stdout] ---- proptests stdout ----
[INFO] [stdout] 
[INFO] [stdout] thread 'proptests' (2242) panicked at tests/basic.rs:85:14:
[INFO] [stdout] Unable to query nodes for information: Connection refused (os error 111)
[INFO] [stdout] stack backtrace:
[INFO] [stdout]    0:     0x5dea64a00601 - <<std[70759c8f55707aa4]::sys::backtrace::BacktraceLock>::print::DisplayBacktrace as core[df12db4294e9bfd3]::fmt::Display>::fmt
[INFO] [stdout]    1:     0x5dea64a17f9a - core[df12db4294e9bfd3]::fmt::write
[INFO] [stdout]    2:     0x5dea64a05b7c - <alloc[2182bb758b4b3781]::vec::Vec<u8> as core[df12db4294e9bfd3]::io::write::Write>::write_fmt
[INFO] [stdout]    3:     0x5dea649da376 - std[70759c8f55707aa4]::panicking::default_hook::{closure#0}
[INFO] [stdout]    4:     0x5dea649f83a9 - std[70759c8f55707aa4]::panicking::default_hook
[INFO] [stdout]    5:     0x5dea64912cd0 - test[9d35eded1c95d3be]::test_main_inner::<test[9d35eded1c95d3be]::test_main_static::{closure#0}>::{closure#0}
[INFO] [stdout]    6:     0x5dea649f86d2 - std[70759c8f55707aa4]::panicking::panic_with_hook
[INFO] [stdout]    7:     0x5dea649da422 - std[70759c8f55707aa4]::panicking::panic_handler::{closure#0}
[INFO] [stdout]    8:     0x5dea649d2a19 - std[70759c8f55707aa4]::sys::backtrace::__rust_end_short_backtrace::<std[70759c8f55707aa4]::panicking::panic_handler::{closure#0}, !>
[INFO] [stdout]    9:     0x5dea649db31d - __rustc[8fa7c3cbc660c2b3]::rust_begin_unwind
[INFO] [stdout]   10:     0x5dea64a1877c - core[df12db4294e9bfd3]::panicking::panic_fmt
[INFO] [stdout]   11:     0x5dea64a18552 - core[df12db4294e9bfd3]::result::unwrap_failed
[INFO] [stdout]   12:     0x5dea647f9811 - <basic[7c574b662308c6]::RedisEnv>::new::{closure#0}
[INFO] [stdout]   13:     0x5dea648076a8 - <tokio[802eaeee5dbcae8]::runtime::scheduler::current_thread::Context>::enter::<core[df12db4294e9bfd3]::task::poll::Poll<basic[7c574b662308c6]::RedisEnv>, <tokio[802eaeee5dbcae8]::runtime::scheduler::current_thread::CoreGuard>::block_on<core[df12db4294e9bfd3]::pin::Pin<&mut <basic[7c574b662308c6]::RedisEnv>::new::{closure#0}>>::{closure#0}::{closure#0}>
[INFO] [stdout]   14:     0x5dea6483239c - <std[70759c8f55707aa4]::thread::local::LocalKey<tokio[802eaeee5dbcae8]::runtime::context::Context>>::with::<tokio[802eaeee5dbcae8]::runtime::context::set_scheduler<(alloc[2182bb758b4b3781]::boxed::Box<tokio[802eaeee5dbcae8]::runtime::scheduler::current_thread::Core>, core[df12db4294e9bfd3]::option::Option<basic[7c574b662308c6]::RedisEnv>), <tokio[802eaeee5dbcae8]::runtime::scheduler::current_thread::CoreGuard>::enter<<tokio[802eaeee5dbcae8]::runtime::scheduler::current_thread::CoreGuard>::block_on<core[df12db4294e9bfd3]::pin::Pin<&mut <basic[7c574b662308c6]::RedisEnv>::new::{closure#0}>>::{closure#0}, core[df12db4294e9bfd3]::option::Option<basic[7c574b662308c6]::RedisEnv>>::{closure#0}>::{closure#0}, (alloc[2182bb758b4b3781]::boxed::Box<tokio[802eaeee5dbcae8]::runtime::scheduler::current_thread::Core>, core[df12db4294e9bfd3]::option::Option<basic[7c574b662308c6]::RedisEnv>)>
[INFO] [stdout]   15:     0x5dea6480842a - <tokio[802eaeee5dbcae8]::runtime::scheduler::current_thread::CoreGuard>::block_on::<core[df12db4294e9bfd3]::pin::Pin<&mut <basic[7c574b662308c6]::RedisEnv>::new::{closure#0}>>
[INFO] [stdout]   16:     0x5dea64827b9c - tokio[802eaeee5dbcae8]::runtime::context::runtime::enter_runtime::<<tokio[802eaeee5dbcae8]::runtime::scheduler::current_thread::CurrentThread>::block_on<<basic[7c574b662308c6]::RedisEnv>::new::{closure#0}>::{closure#0}, basic[7c574b662308c6]::RedisEnv>
[INFO] [stdout]   17:     0x5dea647d57bf - <tokio[802eaeee5dbcae8]::runtime::runtime::Runtime>::block_on::<<basic[7c574b662308c6]::RedisEnv>::new::{closure#0}>
[INFO] [stdout]   18:     0x5dea647bf34c - <basic[7c574b662308c6]::FailoverEnv>::new
[INFO] [stdout]   19:     0x5dea647bfdc1 - <basic[7c574b662308c6]::proptests::{closure#0} as core[df12db4294e9bfd3]::ops::function::FnOnce<()>>::call_once
[INFO] [stdout]   20:     0x5dea64905fbb - test[9d35eded1c95d3be]::__rust_begin_short_backtrace::<core[df12db4294e9bfd3]::result::Result<(), alloc[2182bb758b4b3781]::string::String>, fn() -> core[df12db4294e9bfd3]::result::Result<(), alloc[2182bb758b4b3781]::string::String>>
[INFO] [stdout]   21:     0x5dea64913625 - test[9d35eded1c95d3be]::run_test::{closure#0}
[INFO] [stdout]   22:     0x5dea6490cee4 - std[70759c8f55707aa4]::sys::backtrace::__rust_begin_short_backtrace::<test[9d35eded1c95d3be]::run_test::{closure#1}, ()>
[INFO] [stdout]   23:     0x5dea64916782 - <std[70759c8f55707aa4]::thread::lifecycle::spawn_unchecked<test[9d35eded1c95d3be]::run_test::{closure#1}, ()>::{closure#1} as core[df12db4294e9bfd3]::ops::function::FnOnce<()>>::call_once::{shim:vtable#0}
[INFO] [stdout]   24:     0x5dea649ffb29 - <std[70759c8f55707aa4]::sys::thread::unix::Thread>::new::thread_start
[INFO] [stdout]   25:     0x743fb0efedfa - <unknown>
[INFO] [stdout]   26:     0x743fb0f923d4 - clone
[INFO] [stdout]   27:                0x0 - <unknown>
[INFO] [stdout] 
[INFO] [stdout] ---- basic_eval stdout ----
[INFO] [stdout] 
[INFO] [stdout] thread 'basic_eval' (2239) panicked at tests/basic.rs:85:14:
[INFO] [stdout] Unable to query nodes for information: Connection refused (os error 111)
[INFO] [stdout] stack backtrace:
[INFO] [stdout]    0:     0x5dea64a00601 - <<std[70759c8f55707aa4]::sys::backtrace::BacktraceLock>::print::DisplayBacktrace as core[df12db4294e9bfd3]::fmt::Display>::fmt
[INFO] [stdout]    1:     0x5dea64a17f9a - core[df12db4294e9bfd3]::fmt::write
[INFO] [stdout]    2:     0x5dea64a05b7c - <alloc[2182bb758b4b3781]::vec::Vec<u8> as core[df12db4294e9bfd3]::io::write::Write>::write_fmt
[INFO] [stdout]    3:     0x5dea649da376 - std[70759c8f55707aa4]::panicking::default_hook::{closure#0}
[INFO] [stdout]    4:     0x5dea649f83a9 - std[70759c8f55707aa4]::panicking::default_hook
[INFO] [stdout]    5:     0x5dea64912cd0 - test[9d35eded1c95d3be]::test_main_inner::<test[9d35eded1c95d3be]::test_main_static::{closure#0}>::{closure#0}
[INFO] [stdout]    6:     0x5dea649f86d2 - std[70759c8f55707aa4]::panicking::panic_with_hook
[INFO] [stdout]    7:     0x5dea649da422 - std[70759c8f55707aa4]::panicking::panic_handler::{closure#0}
[INFO] [stdout]    8:     0x5dea649d2a19 - std[70759c8f55707aa4]::sys::backtrace::__rust_end_short_backtrace::<std[70759c8f55707aa4]::panicking::panic_handler::{closure#0}, !>
[INFO] [stdout]    9:     0x5dea649db31d - __rustc[8fa7c3cbc660c2b3]::rust_begin_unwind
[INFO] [stdout]   10:     0x5dea64a1877c - core[df12db4294e9bfd3]::panicking::panic_fmt
[INFO] [stdout]   11:     0x5dea64a18552 - core[df12db4294e9bfd3]::result::unwrap_failed
[INFO] [stdout]   12:     0x5dea647bda01 - <basic[7c574b662308c6]::RedisEnv>::new::{closure#0}
[INFO] [stdout]   13:     0x5dea647b0e39 - basic[7c574b662308c6]::basic_eval::{closure#0}
[INFO] [stdout]   14:     0x5dea64807893 - <tokio[802eaeee5dbcae8]::runtime::scheduler::current_thread::Context>::enter::<core[df12db4294e9bfd3]::task::poll::Poll<()>, <tokio[802eaeee5dbcae8]::runtime::scheduler::current_thread::CoreGuard>::block_on<core[df12db4294e9bfd3]::pin::Pin<&mut core[df12db4294e9bfd3]::pin::Pin<&mut dyn core[df12db4294e9bfd3]::future::future::Future<Output = ()>>>>::{closure#0}::{closure#0}>
[INFO] [stdout]   15:     0x5dea648326a9 - <std[70759c8f55707aa4]::thread::local::LocalKey<tokio[802eaeee5dbcae8]::runtime::context::Context>>::with::<tokio[802eaeee5dbcae8]::runtime::context::set_scheduler<(alloc[2182bb758b4b3781]::boxed::Box<tokio[802eaeee5dbcae8]::runtime::scheduler::current_thread::Core>, core[df12db4294e9bfd3]::option::Option<()>), <tokio[802eaeee5dbcae8]::runtime::scheduler::current_thread::CoreGuard>::enter<<tokio[802eaeee5dbcae8]::runtime::scheduler::current_thread::CoreGuard>::block_on<core[df12db4294e9bfd3]::pin::Pin<&mut core[df12db4294e9bfd3]::pin::Pin<&mut dyn core[df12db4294e9bfd3]::future::future::Future<Output = ()>>>>::{closure#0}, core[df12db4294e9bfd3]::option::Option<()>>::{closure#0}>::{closure#0}, (alloc[2182bb758b4b3781]::boxed::Box<tokio[802eaeee5dbcae8]::runtime::scheduler::current_thread::Core>, core[df12db4294e9bfd3]::option::Option<()>)>
[INFO] [stdout]   16:     0x5dea64807ec7 - <tokio[802eaeee5dbcae8]::runtime::scheduler::current_thread::CoreGuard>::block_on::<core[df12db4294e9bfd3]::pin::Pin<&mut core[df12db4294e9bfd3]::pin::Pin<&mut dyn core[df12db4294e9bfd3]::future::future::Future<Output = ()>>>>
[INFO] [stdout]   17:     0x5dea64826d7b - tokio[802eaeee5dbcae8]::runtime::context::runtime::enter_runtime::<<tokio[802eaeee5dbcae8]::runtime::scheduler::current_thread::CurrentThread>::block_on<core[df12db4294e9bfd3]::pin::Pin<&mut dyn core[df12db4294e9bfd3]::future::future::Future<Output = ()>>>::{closure#0}, ()>
[INFO] [stdout]   18:     0x5dea647d5395 - <tokio[802eaeee5dbcae8]::runtime::runtime::Runtime>::block_on::<core[df12db4294e9bfd3]::pin::Pin<&mut dyn core[df12db4294e9bfd3]::future::future::Future<Output = ()>>>
[INFO] [stdout]   19:     0x5dea647bf63e - <basic[7c574b662308c6]::basic_eval::{closure#0} as core[df12db4294e9bfd3]::ops::function::FnOnce<()>>::call_once
[INFO] [stdout]   20:     0x5dea64905fbb - test[9d35eded1c95d3be]::__rust_begin_short_backtrace::<core[df12db4294e9bfd3]::result::Result<(), alloc[2182bb758b4b3781]::string::String>, fn() -> core[df12db4294e9bfd3]::result::Result<(), alloc[2182bb758b4b3781]::string::String>>
[INFO] [stdout]   21:     0x5dea64913625 - test[9d35eded1c95d3be]::run_test::{closure#0}
[INFO] [stdout]   22:     0x5dea6490cee4 - std[70759c8f55707aa4]::sys::backtrace::__rust_begin_short_backtrace::<test[9d35eded1c95d3be]::run_test::{closure#1}, ()>
[INFO] [stdout]   23:     0x5dea64916782 - <std[70759c8f55707aa4]::thread::lifecycle::spawn_unchecked<test[9d35eded1c95d3be]::run_test::{closure#1}, ()>::{closure#1} as core[df12db4294e9bfd3]::ops::function::FnOnce<()>>::call_once::{shim:vtable#0}
[INFO] [stdout]   24:     0x5dea649ffb29 - <std[70759c8f55707aa4]::sys::thread::unix::Thread>::new::thread_start
[INFO] [stdout]   25:     0x743fb0efedfa - <unknown>
[INFO] [stdout]   26:     0x743fb0f923d4 - clone
[INFO] [stdout]   27:                0x0 - <unknown>
[INFO] [stdout] 
[INFO] [stdout] 
[INFO] [stdout] failures:
[INFO] [stdout]     basic_cmd
[INFO] [stdout]     basic_eval
[INFO] [stdout]     basic_failover
[INFO] [stdout]     error_in_inner_connection
[INFO] [stdout]     proptests
[INFO] [stdout] 
[INFO] [stdout] test result: FAILED. 0 passed; 5 failed; 2 ignored; 0 measured; 0 filtered out; finished in 0.02s
[INFO] [stdout] 
[INFO] [stderr] error: test failed, to rerun pass `--test basic`
[INFO] running `Command { std: "docker" "inspect" "a222917ba714eaa78429c8fa9d23c632d0411aff8ff26ac444528066a3130694", kill_on_drop: false }`
[INFO] running `Command { std: "docker" "rm" "-f" "a222917ba714eaa78429c8fa9d23c632d0411aff8ff26ac444528066a3130694", kill_on_drop: false }`
[INFO] [stdout] a222917ba714eaa78429c8fa9d23c632d0411aff8ff26ac444528066a3130694
