[INFO] fetching crate rdcache 0.1.2...
[INFO] testing rdcache-0.1.2 against 1.99.0-beta.8+cargoflags=--release for beta-release-1.100-3
[INFO] extracting crate rdcache 0.1.2 into /workspace/builds/worker-0-tc1/source
[INFO] started tweaking crates.io crate rdcache 0.1.2
[INFO] finished tweaking crates.io crate rdcache 0.1.2
[INFO] tweaked toml for crates.io crate rdcache 0.1.2 written to /workspace/builds/worker-0-tc1/source/Cargo.toml
[INFO] validating manifest of crates.io crate rdcache 0.1.2 on toolchain 1.99.0-beta.8
[INFO] running `Command { std: CARGO_HOME="/workspace/cargo-home" RUSTUP_HOME="/workspace/rustup-home" "/workspace/cargo-home/bin/cargo" "+1.99.0-beta.8" "metadata" "--manifest-path" "Cargo.toml" "--no-deps", kill_on_drop: false }`
[INFO] running `Command { std: CARGO_HOME="/workspace/cargo-home" RUSTUP_HOME="/workspace/rustup-home" "/workspace/cargo-home/bin/cargo" "+1.99.0-beta.8" "generate-lockfile" "--manifest-path" "Cargo.toml", kill_on_drop: false }`
[INFO] [stderr]     Updating crates.io index
[INFO] [stderr]      Locking 129 packages to highest compatible versions
[INFO] [stderr]       Adding generic-array v0.14.7 (available: v0.14.9)
[INFO] [stderr]       Adding rustis v0.13.3 (available: v0.27.1)
[INFO] [stderr]       Adding sha1 v0.10.7 (available: v0.11.0)
[INFO] running `Command { std: CARGO_HOME="/workspace/cargo-home" RUSTUP_HOME="/workspace/rustup-home" "/workspace/cargo-home/bin/cargo" "+1.99.0-beta.8" "fetch" "--manifest-path" "Cargo.toml", kill_on_drop: false }`
[INFO] [stderr]  Downloading crates ...
[INFO] [stderr]   Downloaded fast-float v0.2.0
[INFO] [stderr]   Downloaded uuid v1.28.0
[INFO] [stderr]   Downloaded android_system_properties v0.1.6
[INFO] [stderr]   Downloaded dtoa v1.0.11
[INFO] [stderr]   Downloaded rmp-serde v1.3.1
[INFO] [stderr]   Downloaded rmp v0.8.15
[INFO] [stderr]   Downloaded rand v0.8.8
[INFO] [stderr]   Downloaded js-sys v0.3.106
[INFO] [stderr]   Downloaded rustis v0.13.3
[INFO] running `Command { std: "docker" "create" "-v" "/var/lib/crater-agent-workspace/builds/worker-0-tc1/source:/opt/rustwide/workdir:ro,Z" "-v" "/var/lib/crater-agent-workspace/builds/worker-0-tc1/target:/opt/rustwide/target:rw,Z" "-v" "/var/lib/crater-agent-workspace/cargo-home:/opt/rustwide/cargo-home:ro,Z" "-v" "/var/lib/crater-agent-workspace/rustup-home:/opt/rustwide/rustup-home:ro,Z" "-m" "1610612736" "--network" "none" "ghcr.io/rust-lang/crates-build-env/linux@sha256:77db811e55d90add9212f6832c23229e3de5f1c1f9905e8cb07319ea15df73ac" "sleep" "infinity", kill_on_drop: false }`
[INFO] [stdout] db08dedfe6aae0cf83ece48ce6f09e6b91b1f965e8c81069406fcf9fc6383a18
[INFO] running `Command { std: "docker" "start" "db08dedfe6aae0cf83ece48ce6f09e6b91b1f965e8c81069406fcf9fc6383a18", kill_on_drop: false }`
[INFO] running `Command { std: "docker" "inspect" "db08dedfe6aae0cf83ece48ce6f09e6b91b1f965e8c81069406fcf9fc6383a18", kill_on_drop: false }`
[INFO] running `Command { std: "docker" "exec" "-e" "SOURCE_DIR=/opt/rustwide/workdir" "-e" "CARGO_HOME=/opt/rustwide/cargo-home" "-e" "RUSTUP_HOME=/opt/rustwide/rustup-home" "-e" "CARGO_TARGET_DIR=/opt/rustwide/target" "-w" "/opt/rustwide/workdir" "--user" "0:0" "db08dedfe6aae0cf83ece48ce6f09e6b91b1f965e8c81069406fcf9fc6383a18" "/opt/rustwide/cargo-home/bin/cargo" "+1.99.0-beta.8" "metadata" "--no-deps" "--format-version=1", kill_on_drop: false }`
[INFO] running `Command { std: "docker" "inspect" "db08dedfe6aae0cf83ece48ce6f09e6b91b1f965e8c81069406fcf9fc6383a18", kill_on_drop: false }`
[INFO] running `Command { std: "docker" "exec" "-e" "SOURCE_DIR=/opt/rustwide/workdir" "-e" "CARGO_HOME=/opt/rustwide/cargo-home" "-e" "RUSTUP_HOME=/opt/rustwide/rustup-home" "-e" "CARGO_TARGET_DIR=/opt/rustwide/target" "-e" "CARGO_INCREMENTAL=0" "-e" "RUST_BACKTRACE=full" "-e" "RUSTFLAGS=--cap-lints=warn" "-e" "RUSTDOCFLAGS=--cap-lints=warn" "-w" "/opt/rustwide/workdir" "--user" "0:0" "db08dedfe6aae0cf83ece48ce6f09e6b91b1f965e8c81069406fcf9fc6383a18" "/opt/rustwide/cargo-home/bin/cargo" "+1.99.0-beta.8" "build" "--frozen" "--message-format=json" "--release", kill_on_drop: false }`
[INFO] [stderr]    Compiling proc-macro2 v1.0.107
[INFO] [stderr]    Compiling quote v1.0.47
[INFO] [stderr]    Compiling unicode-ident v1.0.27
[INFO] [stderr]    Compiling libc v0.2.191
[INFO] [stderr]    Compiling cfg-if v1.0.5
[INFO] [stderr]    Compiling stable_deref_trait v1.2.1
[INFO] [stderr]    Compiling serde_core v1.0.229
[INFO] [stderr]    Compiling serde v1.0.229
[INFO] [stderr]    Compiling autocfg v1.5.1
[INFO] [stderr]    Compiling litemap v0.8.3
[INFO] [stderr]    Compiling writeable v0.6.4
[INFO] [stderr]    Compiling version_check v0.9.5
[INFO] [stderr]    Compiling utf8_iter v1.0.4
[INFO] [stderr]    Compiling icu_normalizer_data v2.3.0
[INFO] [stderr]    Compiling icu_properties_data v2.3.0
[INFO] [stderr]    Compiling parking_lot_core v0.9.12
[INFO] [stderr]    Compiling generic-array v0.14.7
[INFO] [stderr]    Compiling zerocopy v0.8.63
[INFO] [stderr]    Compiling num-traits v0.2.19
[INFO] [stderr]    Compiling typenum v1.20.1
[INFO] [stderr]    Compiling lock_api v0.4.14
[INFO] [stderr]    Compiling futures-core v0.3.34
[INFO] [stderr]    Compiling rand_core v0.10.1
[INFO] [stderr]    Compiling futures-sink v0.3.34
[INFO] [stderr]    Compiling pin-project-lite v0.2.17
[INFO] [stderr]    Compiling getrandom v0.4.3
[INFO] [stderr]    Compiling crc16 v0.4.0
[INFO] [stderr]    Compiling percent-encoding v2.3.2
[INFO] [stderr]    Compiling bytes v1.12.1
[INFO] [stderr]    Compiling cpufeatures v0.3.1
[INFO] [stderr]    Compiling syn v3.0.9
[INFO] [stderr]    Compiling chacha20 v0.10.2
[INFO] [stderr]    Compiling form_urlencoded v1.2.2
[INFO] [stderr]    Compiling slab v0.4.12
[INFO] [stderr]    Compiling errno v0.3.14
[INFO] [stderr]    Compiling getrandom v0.2.17
[INFO] [stderr]    Compiling signal-hook-registry v1.4.8
[INFO] [stderr]    Compiling socket2 v0.6.5
[INFO] [stderr]    Compiling rand_core v0.6.4
[INFO] [stderr]    Compiling mio v1.2.4
[INFO] [stderr]    Compiling block-buffer v0.10.4
[INFO] [stderr]    Compiling crypto-common v0.1.7
[INFO] [stderr]    Compiling futures-task v0.3.34
[INFO] [stderr]    Compiling digest v0.10.7
[INFO] [stderr]    Compiling rand v0.10.3
[INFO] [stderr]    Compiling socket2 v0.5.10
[INFO] [stderr]    Compiling rmp v0.8.15
[INFO] [stderr]    Compiling atoi v2.0.0
[INFO] [stderr]    Compiling futures-channel v0.3.34
[INFO] [stderr]    Compiling dtoa v1.0.11
[INFO] [stderr]    Compiling log v0.4.34
[INFO] [stderr]    Compiling itoa v1.0.18
[INFO] [stderr]    Compiling iana-time-zone v0.1.65
[INFO] [stderr]    Compiling fast-float v0.2.0
[INFO] [stderr]    Compiling cpufeatures v0.2.17
[INFO] [stderr]    Compiling memchr v2.8.3
[INFO] [stderr]    Compiling sha1 v0.10.7
[INFO] [stderr]    Compiling chrono v0.4.45
[INFO] [stderr]    Compiling uuid v1.28.0
[INFO] [stderr]    Compiling synstructure v0.14.0
[INFO] [stderr]    Compiling ppv-lite86 v0.2.21
[INFO] [stderr]    Compiling zerovec-derive v0.11.6
[INFO] [stderr]    Compiling serde_derive v1.0.229
[INFO] [stderr]    Compiling displaydoc v0.2.7
[INFO] [stderr]    Compiling tokio-macros v2.7.2
[INFO] [stderr]    Compiling futures-macro v0.3.34
[INFO] [stderr]    Compiling zerofrom-derive v0.1.8
[INFO] [stderr]    Compiling yoke-derive v0.8.4
[INFO] [stderr]    Compiling rand_chacha v0.3.1
[INFO] [stderr]    Compiling rand v0.8.8
[INFO] [stderr]    Compiling futures-util v0.3.34
[INFO] [stderr]    Compiling zerofrom v0.1.8
[INFO] [stderr]    Compiling yoke v0.8.3
[INFO] [stderr]    Compiling zerovec v0.11.8
[INFO] [stderr]    Compiling zerotrie v0.2.5
[INFO] [stderr]    Compiling tinystr v0.8.4
[INFO] [stderr]    Compiling potential_utf v0.1.6
[INFO] [stderr]    Compiling icu_collections v2.3.0
[INFO] [stderr]    Compiling icu_locale_core v2.3.0
[INFO] [stderr]    Compiling smallvec v1.16.3
[INFO] [stderr]    Compiling rmp-serde v1.3.1
[INFO] [stderr]    Compiling parking_lot v0.12.5
[INFO] [stderr]    Compiling icu_provider v2.3.1
[INFO] [stderr]    Compiling tokio v1.53.3
[INFO] [stderr]    Compiling icu_normalizer v2.3.0
[INFO] [stderr]    Compiling icu_properties v2.3.0
[INFO] [stderr]    Compiling idna_adapter v1.2.2
[INFO] [stderr]    Compiling idna v1.1.0
[INFO] [stderr]    Compiling url v2.5.8
[INFO] [stderr]    Compiling tokio-util v0.7.20
[INFO] [stderr]    Compiling rustis v0.13.3
[INFO] [stderr]    Compiling rdcache v0.1.2 (/opt/rustwide/workdir)
[INFO] [stdout] warning: this function depends on never type fallback being `()`
[INFO] [stdout]    --> src/client.rs:97:5
[INFO] [stdout]     |
[INFO] [stdout]  97 |     pub async fn tag_as_deleted(&self, key: impl Into<String>) -> Result<()> {
[INFO] [stdout]     |     ^^^^^^^^^^^^^^^^^^^^^^^^^^^^^^^^^^^^^^^^^^^^^^^^^^^^^^^^^^^^^^^^^^^^^^^^
[INFO] [stdout]     |
[INFO] [stdout]     = help: specify the types explicitly
[INFO] [stdout] note: in edition 2024, the requirement `for<'de> !: Deserialize<'de>` will fail
[INFO] [stdout]    --> src/client.rs:105:14
[INFO] [stdout]     |
[INFO] [stdout] 105 |         self.call_lua(
[INFO] [stdout]     |              ^^^^^^^^
[INFO] [stdout]     = warning: this was previously accepted by the compiler but is being phased out; it will become a hard error in Rust 2024 and in a future release in all editions!
[INFO] [stdout]     = note: for more information, see <https://doc.rust-lang.org/edition-guide/rust-2024/never-type-fallback.html>
[INFO] [stdout]     = note: `#[warn(dependency_on_unit_never_type_fallback)]` (part of `#[warn(rust_2024_compatibility)]`) on by default
[INFO] [stdout] help: use `()` annotations to avoid fallback changes
[INFO] [stdout]     |
[INFO] [stdout] 105 |         self.call_lua::<_, _, ()>(
[INFO] [stdout]     |                      ++++++++++++
[INFO] [stdout] 
[INFO] [stdout] 
[INFO] [stdout] warning: this function depends on never type fallback being `()`
[INFO] [stdout]    --> src/client.rs:158:5
[INFO] [stdout]     |
[INFO] [stdout] 158 | /     async fn fetch_new<F, Fut, V>(
[INFO] [stdout] 159 | |         &self,
[INFO] [stdout] 160 | |         key: &str,
[INFO] [stdout] 161 | |         expire: Duration,
[INFO] [stdout] ...   |
[INFO] [stdout] 167 | |         Fut: Future<Output = Result<Option<V>>>,
[INFO] [stdout] 168 | |         V: DeserializeOwned + Serialize + Debug,
[INFO] [stdout]     | |________________________________________________^
[INFO] [stdout]     |
[INFO] [stdout]     = help: specify the types explicitly
[INFO] [stdout] note: in edition 2024, the requirement `for<'de> !: Deserialize<'de>` will fail
[INFO] [stdout]    --> src/client.rs:183:22
[INFO] [stdout]     |
[INFO] [stdout] 183 |                 self.call_lua(
[INFO] [stdout]     |                      ^^^^^^^^
[INFO] [stdout]     = warning: this was previously accepted by the compiler but is being phased out; it will become a hard error in Rust 2024 and in a future release in all editions!
[INFO] [stdout]     = note: for more information, see <https://doc.rust-lang.org/edition-guide/rust-2024/never-type-fallback.html>
[INFO] [stdout] help: use `()` annotations to avoid fallback changes
[INFO] [stdout]     |
[INFO] [stdout] 183 |                 self.call_lua::<_, _, ()>(
[INFO] [stdout]     |                              ++++++++++++
[INFO] [stdout] 
[INFO] [stdout] 
[INFO] [stderr]     Finished `release` profile [optimized] target(s) in 1m 26s
[INFO] [stderr] warning: the following packages contain code that will be rejected by a future version of Rust: rdcache v0.1.2 (/opt/rustwide/workdir)
[INFO] [stderr] note: to see what the problems were, use the option `--future-incompat-report`, or run `cargo report future-incompatibilities --id 3`
[INFO] running `Command { std: "docker" "inspect" "db08dedfe6aae0cf83ece48ce6f09e6b91b1f965e8c81069406fcf9fc6383a18", kill_on_drop: false }`
[INFO] running `Command { std: "docker" "exec" "-e" "SOURCE_DIR=/opt/rustwide/workdir" "-e" "CARGO_HOME=/opt/rustwide/cargo-home" "-e" "RUSTUP_HOME=/opt/rustwide/rustup-home" "-e" "CARGO_TARGET_DIR=/opt/rustwide/target" "-e" "CARGO_INCREMENTAL=0" "-e" "RUST_BACKTRACE=full" "-e" "RUSTFLAGS=--cap-lints=warn" "-e" "RUSTDOCFLAGS=--cap-lints=warn" "-w" "/opt/rustwide/workdir" "--user" "0:0" "db08dedfe6aae0cf83ece48ce6f09e6b91b1f965e8c81069406fcf9fc6383a18" "/opt/rustwide/cargo-home/bin/cargo" "+1.99.0-beta.8" "test" "--frozen" "--no-run" "--message-format=json" "--release", kill_on_drop: false }`
[INFO] [stderr]    Compiling rdcache v0.1.2 (/opt/rustwide/workdir)
[INFO] [stdout] warning: this function depends on never type fallback being `()`
[INFO] [stdout]    --> src/client.rs:97:5
[INFO] [stdout]     |
[INFO] [stdout]  97 |     pub async fn tag_as_deleted(&self, key: impl Into<String>) -> Result<()> {
[INFO] [stdout]     |     ^^^^^^^^^^^^^^^^^^^^^^^^^^^^^^^^^^^^^^^^^^^^^^^^^^^^^^^^^^^^^^^^^^^^^^^^
[INFO] [stdout]     |
[INFO] [stdout]     = help: specify the types explicitly
[INFO] [stdout] note: in edition 2024, the requirement `for<'de> !: Deserialize<'de>` will fail
[INFO] [stdout]    --> src/client.rs:105:14
[INFO] [stdout]     |
[INFO] [stdout] 105 |         self.call_lua(
[INFO] [stdout]     |              ^^^^^^^^
[INFO] [stdout]     = warning: this was previously accepted by the compiler but is being phased out; it will become a hard error in Rust 2024 and in a future release in all editions!
[INFO] [stdout]     = note: for more information, see <https://doc.rust-lang.org/edition-guide/rust-2024/never-type-fallback.html>
[INFO] [stdout]     = note: `#[warn(dependency_on_unit_never_type_fallback)]` (part of `#[warn(rust_2024_compatibility)]`) on by default
[INFO] [stdout] help: use `()` annotations to avoid fallback changes
[INFO] [stdout]     |
[INFO] [stdout] 105 |         self.call_lua::<_, _, ()>(
[INFO] [stdout]     |                      ++++++++++++
[INFO] [stdout] 
[INFO] [stdout] 
[INFO] [stdout] warning: this function depends on never type fallback being `()`
[INFO] [stdout]    --> src/client.rs:158:5
[INFO] [stdout]     |
[INFO] [stdout] 158 | /     async fn fetch_new<F, Fut, V>(
[INFO] [stdout] 159 | |         &self,
[INFO] [stdout] 160 | |         key: &str,
[INFO] [stdout] 161 | |         expire: Duration,
[INFO] [stdout] ...   |
[INFO] [stdout] 167 | |         Fut: Future<Output = Result<Option<V>>>,
[INFO] [stdout] 168 | |         V: DeserializeOwned + Serialize + Debug,
[INFO] [stdout]     | |________________________________________________^
[INFO] [stdout]     |
[INFO] [stdout]     = help: specify the types explicitly
[INFO] [stdout] note: in edition 2024, the requirement `for<'de> !: Deserialize<'de>` will fail
[INFO] [stdout]    --> src/client.rs:183:22
[INFO] [stdout]     |
[INFO] [stdout] 183 |                 self.call_lua(
[INFO] [stdout]     |                      ^^^^^^^^
[INFO] [stdout]     = warning: this was previously accepted by the compiler but is being phased out; it will become a hard error in Rust 2024 and in a future release in all editions!
[INFO] [stdout]     = note: for more information, see <https://doc.rust-lang.org/edition-guide/rust-2024/never-type-fallback.html>
[INFO] [stdout] help: use `()` annotations to avoid fallback changes
[INFO] [stdout]     |
[INFO] [stdout] 183 |                 self.call_lua::<_, _, ()>(
[INFO] [stdout]     |                              ++++++++++++
[INFO] [stdout] 
[INFO] [stdout] 
[INFO] [stdout] warning: this function depends on never type fallback being `()`
[INFO] [stdout]    --> src/client.rs:97:5
[INFO] [stdout]     |
[INFO] [stdout]  97 |     pub async fn tag_as_deleted(&self, key: impl Into<String>) -> Result<()> {
[INFO] [stdout]     |     ^^^^^^^^^^^^^^^^^^^^^^^^^^^^^^^^^^^^^^^^^^^^^^^^^^^^^^^^^^^^^^^^^^^^^^^^
[INFO] [stdout]     |
[INFO] [stdout]     = help: specify the types explicitly
[INFO] [stdout] note: in edition 2024, the requirement `for<'de> !: Deserialize<'de>` will fail
[INFO] [stdout]    --> src/client.rs:105:14
[INFO] [stdout]     |
[INFO] [stdout] 105 |         self.call_lua(
[INFO] [stdout]     |              ^^^^^^^^
[INFO] [stdout]     = warning: this was previously accepted by the compiler but is being phased out; it will become a hard error in Rust 2024 and in a future release in all editions!
[INFO] [stdout]     = note: for more information, see <https://doc.rust-lang.org/edition-guide/rust-2024/never-type-fallback.html>
[INFO] [stdout]     = note: `#[warn(dependency_on_unit_never_type_fallback)]` (part of `#[warn(rust_2024_compatibility)]`) on by default
[INFO] [stdout] help: use `()` annotations to avoid fallback changes
[INFO] [stdout]     |
[INFO] [stdout] 105 |         self.call_lua::<_, _, ()>(
[INFO] [stdout]     |                      ++++++++++++
[INFO] [stdout] 
[INFO] [stdout] 
[INFO] [stdout] warning: this function depends on never type fallback being `()`
[INFO] [stdout]    --> src/client.rs:158:5
[INFO] [stdout]     |
[INFO] [stdout] 158 | /     async fn fetch_new<F, Fut, V>(
[INFO] [stdout] 159 | |         &self,
[INFO] [stdout] 160 | |         key: &str,
[INFO] [stdout] 161 | |         expire: Duration,
[INFO] [stdout] ...   |
[INFO] [stdout] 167 | |         Fut: Future<Output = Result<Option<V>>>,
[INFO] [stdout] 168 | |         V: DeserializeOwned + Serialize + Debug,
[INFO] [stdout]     | |________________________________________________^
[INFO] [stdout]     |
[INFO] [stdout]     = help: specify the types explicitly
[INFO] [stdout] note: in edition 2024, the requirement `for<'de> !: Deserialize<'de>` will fail
[INFO] [stdout]    --> src/client.rs:183:22
[INFO] [stdout]     |
[INFO] [stdout] 183 |                 self.call_lua(
[INFO] [stdout]     |                      ^^^^^^^^
[INFO] [stdout]     = warning: this was previously accepted by the compiler but is being phased out; it will become a hard error in Rust 2024 and in a future release in all editions!
[INFO] [stdout]     = note: for more information, see <https://doc.rust-lang.org/edition-guide/rust-2024/never-type-fallback.html>
[INFO] [stdout] help: use `()` annotations to avoid fallback changes
[INFO] [stdout]     |
[INFO] [stdout] 183 |                 self.call_lua::<_, _, ()>(
[INFO] [stdout]     |                              ++++++++++++
[INFO] [stdout] 
[INFO] [stdout] 
[INFO] [stderr]     Finished `release` profile [optimized] target(s) in 19.23s
[INFO] [stderr] warning: the following packages contain code that will be rejected by a future version of Rust: rdcache v0.1.2 (/opt/rustwide/workdir)
[INFO] [stderr] note: to see what the problems were, use the option `--future-incompat-report`, or run `cargo report future-incompatibilities --id 4`
[INFO] running `Command { std: "docker" "inspect" "db08dedfe6aae0cf83ece48ce6f09e6b91b1f965e8c81069406fcf9fc6383a18", kill_on_drop: false }`
[INFO] running `Command { std: "docker" "exec" "-e" "SOURCE_DIR=/opt/rustwide/workdir" "-e" "CARGO_HOME=/opt/rustwide/cargo-home" "-e" "RUSTUP_HOME=/opt/rustwide/rustup-home" "-e" "CARGO_TARGET_DIR=/opt/rustwide/target" "-e" "CARGO_INCREMENTAL=0" "-e" "RUST_BACKTRACE=full" "-e" "RUSTFLAGS=--cap-lints=warn" "-e" "RUSTDOCFLAGS=--cap-lints=warn" "-w" "/opt/rustwide/workdir" "--user" "0:0" "db08dedfe6aae0cf83ece48ce6f09e6b91b1f965e8c81069406fcf9fc6383a18" "/opt/rustwide/cargo-home/bin/cargo" "+1.99.0-beta.8" "test" "--frozen" "--release", kill_on_drop: false }`
[INFO] [stderr] warning: this function depends on never type fallback being `()`
[INFO] [stderr]    --> src/client.rs:97:5
[INFO] [stderr]     |
[INFO] [stderr]  97 |     pub async fn tag_as_deleted(&self, key: impl Into<String>) -> Result<()> {
[INFO] [stderr]     |     ^^^^^^^^^^^^^^^^^^^^^^^^^^^^^^^^^^^^^^^^^^^^^^^^^^^^^^^^^^^^^^^^^^^^^^^^
[INFO] [stderr]     |
[INFO] [stderr]     = help: specify the types explicitly
[INFO] [stderr] note: in edition 2024, the requirement `for<'de> !: Deserialize<'de>` will fail
[INFO] [stderr]    --> src/client.rs:105:14
[INFO] [stderr]     |
[INFO] [stderr] 105 |         self.call_lua(
[INFO] [stderr]     |              ^^^^^^^^
[INFO] [stderr]     = warning: this was previously accepted by the compiler but is being phased out; it will become a hard error in Rust 2024 and in a future release in all editions!
[INFO] [stderr]     = note: for more information, see <https://doc.rust-lang.org/edition-guide/rust-2024/never-type-fallback.html>
[INFO] [stderr]     = note: `#[warn(dependency_on_unit_never_type_fallback)]` (part of `#[warn(rust_2024_compatibility)]`) on by default
[INFO] [stderr] help: use `()` annotations to avoid fallback changes
[INFO] [stderr]     |
[INFO] [stderr] 105 |         self.call_lua::<_, _, ()>(
[INFO] [stderr]     |                      ++++++++++++
[INFO] [stderr] 
[INFO] [stderr] warning: this function depends on never type fallback being `()`
[INFO] [stderr]    --> src/client.rs:158:5
[INFO] [stderr]     |
[INFO] [stderr] 158 | /     async fn fetch_new<F, Fut, V>(
[INFO] [stderr] 159 | |         &self,
[INFO] [stderr] 160 | |         key: &str,
[INFO] [stderr] 161 | |         expire: Duration,
[INFO] [stderr] ...   |
[INFO] [stderr] 167 | |         Fut: Future<Output = Result<Option<V>>>,
[INFO] [stderr] 168 | |         V: DeserializeOwned + Serialize + Debug,
[INFO] [stderr]     | |________________________________________________^
[INFO] [stderr]     |
[INFO] [stderr]     = help: specify the types explicitly
[INFO] [stderr] note: in edition 2024, the requirement `for<'de> !: Deserialize<'de>` will fail
[INFO] [stderr]    --> src/client.rs:183:22
[INFO] [stderr]     |
[INFO] [stderr] 183 |                 self.call_lua(
[INFO] [stderr]     |                      ^^^^^^^^
[INFO] [stderr]     = warning: this was previously accepted by the compiler but is being phased out; it will become a hard error in Rust 2024 and in a future release in all editions!
[INFO] [stderr]     = note: for more information, see <https://doc.rust-lang.org/edition-guide/rust-2024/never-type-fallback.html>
[INFO] [stderr] help: use `()` annotations to avoid fallback changes
[INFO] [stderr]     |
[INFO] [stderr] 183 |                 self.call_lua::<_, _, ()>(
[INFO] [stderr]     |                              ++++++++++++
[INFO] [stderr] 
[INFO] [stderr] warning: `rdcache` (lib) generated 2 warnings (run `cargo fix --lib -p rdcache` to apply 2 suggestions)
[INFO] [stderr] warning: `rdcache` (lib test) generated 2 warnings (2 duplicates)
[INFO] [stderr]     Finished `release` profile [optimized] target(s) in 0.14s
[INFO] [stderr] warning: the following packages contain code that will be rejected by a future version of Rust: rdcache v0.1.2 (/opt/rustwide/workdir)
[INFO] [stderr] note: to see what the problems were, use the option `--future-incompat-report`, or run `cargo report future-incompatibilities --id 4`
[INFO] [stderr]      Running unittests src/lib.rs (/opt/rustwide/target/release/deps/rdcache-f5260387ec6f0b52)
[INFO] [stdout] 
[INFO] [stdout] running 6 tests
[INFO] [stdout] test script::tests::test_script_new ... ok
[INFO] [stdout] test error::tests::test_new_encode_error ... ok
[INFO] [stdout] test error::tests::test_new_redis_error ... ok
[INFO] [stdout] test error::tests::test_new_decode_error ... ok
[INFO] [stdout] test client::tests::test_tag_as_deleted ... FAILED
[INFO] [stderr] error: test failed, to rerun pass `--lib`
[INFO] [stdout] test client::tests::test_fetch ... FAILED
[INFO] [stdout] 
[INFO] [stdout] failures:
[INFO] [stdout] 
[INFO] [stdout] ---- client::tests::test_tag_as_deleted stdout ----
[INFO] [stdout] 
[INFO] [stdout] thread 'client::tests::test_tag_as_deleted' (1558) panicked at src/client.rs:285:65:
[INFO] [stdout] called `Result::unwrap()` on an `Err` value: IO("[connection refused] Connection refused (os error 111)")
[INFO] [stdout] stack backtrace:
[INFO] [stdout]    0:     0x5eca8de48aa1 - <<std[70759c8f55707aa4]::sys::backtrace::BacktraceLock>::print::DisplayBacktrace as core[df12db4294e9bfd3]::fmt::Display>::fmt
[INFO] [stdout]    1:     0x5eca8de5f43a - core[df12db4294e9bfd3]::fmt::write
[INFO] [stdout]    2:     0x5eca8de4d4bc - <alloc[2182bb758b4b3781]::vec::Vec<u8> as core[df12db4294e9bfd3]::io::write::Write>::write_fmt
[INFO] [stdout]    3:     0x5eca8de23a06 - std[70759c8f55707aa4]::panicking::default_hook::{closure#0}
[INFO] [stdout]    4:     0x5eca8de40359 - std[70759c8f55707aa4]::panicking::default_hook
[INFO] [stdout]    5:     0x5eca8dd7f640 - test[9d35eded1c95d3be]::test_main_inner::<test[9d35eded1c95d3be]::test_main_static::{closure#0}>::{closure#0}
[INFO] [stdout]    6:     0x5eca8de40682 - std[70759c8f55707aa4]::panicking::panic_with_hook
[INFO] [stdout]    7:     0x5eca8de23ab2 - std[70759c8f55707aa4]::panicking::panic_handler::{closure#0}
[INFO] [stdout]    8:     0x5eca8de1c5c9 - std[70759c8f55707aa4]::sys::backtrace::__rust_end_short_backtrace::<std[70759c8f55707aa4]::panicking::panic_handler::{closure#0}, !>
[INFO] [stdout]    9:     0x5eca8de2489d - __rustc[8fa7c3cbc660c2b3]::rust_begin_unwind
[INFO] [stdout]   10:     0x5eca8de5fb9c - core[df12db4294e9bfd3]::panicking::panic_fmt
[INFO] [stdout]   11:     0x5eca8de5f972 - core[df12db4294e9bfd3]::result::unwrap_failed
[INFO] [stdout]   12:     0x5eca8dd17220 - rdcache[41cc9637d94ecc7b]::client::tests::test_tag_as_deleted::{closure#0}
[INFO] [stdout]   13:     0x5eca8dd4b403 - <tokio[d7064e5671433324]::runtime::scheduler::current_thread::Context>::enter::<core[df12db4294e9bfd3]::task::poll::Poll<()>, <tokio[d7064e5671433324]::runtime::scheduler::current_thread::CoreGuard>::block_on<core[df12db4294e9bfd3]::pin::Pin<&mut core[df12db4294e9bfd3]::pin::Pin<&mut dyn core[df12db4294e9bfd3]::future::future::Future<Output = ()>>>>::{closure#0}::{closure#0}>
[INFO] [stdout]   14:     0x5eca8dd40a6c - <tokio[d7064e5671433324]::runtime::context::scoped::Scoped<tokio[d7064e5671433324]::runtime::scheduler::Context>>::set::<<tokio[d7064e5671433324]::runtime::scheduler::current_thread::CoreGuard>::enter<<tokio[d7064e5671433324]::runtime::scheduler::current_thread::CoreGuard>::block_on<core[df12db4294e9bfd3]::pin::Pin<&mut core[df12db4294e9bfd3]::pin::Pin<&mut dyn core[df12db4294e9bfd3]::future::future::Future<Output = ()>>>>::{closure#0}, core[df12db4294e9bfd3]::option::Option<()>>::{closure#0}, (alloc[2182bb758b4b3781]::boxed::Box<tokio[d7064e5671433324]::runtime::scheduler::current_thread::Core>, core[df12db4294e9bfd3]::option::Option<()>)>
[INFO] [stdout]   15:     0x5eca8dd4b6a7 - <tokio[d7064e5671433324]::runtime::scheduler::current_thread::CoreGuard>::block_on::<core[df12db4294e9bfd3]::pin::Pin<&mut core[df12db4294e9bfd3]::pin::Pin<&mut dyn core[df12db4294e9bfd3]::future::future::Future<Output = ()>>>>
[INFO] [stdout]   16:     0x5eca8dd301fb - tokio[d7064e5671433324]::runtime::context::runtime::enter_runtime::<<tokio[d7064e5671433324]::runtime::scheduler::current_thread::CurrentThread>::block_on<core[df12db4294e9bfd3]::pin::Pin<&mut dyn core[df12db4294e9bfd3]::future::future::Future<Output = ()>>>::{closure#0}, ()>
[INFO] [stdout]   17:     0x5eca8dd471c5 - <tokio[d7064e5671433324]::runtime::runtime::Runtime>::block_on::<core[df12db4294e9bfd3]::pin::Pin<&mut dyn core[df12db4294e9bfd3]::future::future::Future<Output = ()>>>
[INFO] [stdout]   18:     0x5eca8dd1785b - rdcache[41cc9637d94ecc7b]::client::tests::test_tag_as_deleted
[INFO] [stdout]   19:     0x5eca8dd623d9 - <rdcache[41cc9637d94ecc7b]::client::tests::test_tag_as_deleted::{closure#0} as core[df12db4294e9bfd3]::ops::function::FnOnce<()>>::call_once
[INFO] [stdout]   20:     0x5eca8dd7292b - test[9d35eded1c95d3be]::__rust_begin_short_backtrace::<core[df12db4294e9bfd3]::result::Result<(), alloc[2182bb758b4b3781]::string::String>, fn() -> core[df12db4294e9bfd3]::result::Result<(), alloc[2182bb758b4b3781]::string::String>>
[INFO] [stdout]   21:     0x5eca8dd7ff95 - test[9d35eded1c95d3be]::run_test::{closure#0}
[INFO] [stdout]   22:     0x5eca8dd79854 - std[70759c8f55707aa4]::sys::backtrace::__rust_begin_short_backtrace::<test[9d35eded1c95d3be]::run_test::{closure#1}, ()>
[INFO] [stdout]   23:     0x5eca8dd830f2 - <std[70759c8f55707aa4]::thread::lifecycle::spawn_unchecked<test[9d35eded1c95d3be]::run_test::{closure#1}, ()>::{closure#1} as core[df12db4294e9bfd3]::ops::function::FnOnce<()>>::call_once::{shim:vtable#0}
[INFO] [stdout]   24:     0x5eca8de47969 - <std[70759c8f55707aa4]::sys::thread::unix::Thread>::new::thread_start
[INFO] [stdout]   25:     0x7003a8b1adfa - <unknown>
[INFO] [stdout]   26:     0x7003a8bae3d4 - clone
[INFO] [stdout]   27:                0x0 - <unknown>
[INFO] [stdout] 
[INFO] [stdout] ---- client::tests::test_fetch stdout ----
[INFO] [stdout] 
[INFO] [stdout] thread 'client::tests::test_fetch' (1557) panicked at src/client.rs:274:65:
[INFO] [stdout] called `Result::unwrap()` on an `Err` value: IO("[connection refused] Connection refused (os error 111)")
[INFO] [stdout] stack backtrace:
[INFO] [stdout]    0:     0x5eca8de48aa1 - <<std[70759c8f55707aa4]::sys::backtrace::BacktraceLock>::print::DisplayBacktrace as core[df12db4294e9bfd3]::fmt::Display>::fmt
[INFO] [stdout]    1:     0x5eca8de5f43a - core[df12db4294e9bfd3]::fmt::write
[INFO] [stdout]    2:     0x5eca8de4d4bc - <alloc[2182bb758b4b3781]::vec::Vec<u8> as core[df12db4294e9bfd3]::io::write::Write>::write_fmt
[INFO] [stdout]    3:     0x5eca8de23a06 - std[70759c8f55707aa4]::panicking::default_hook::{closure#0}
[INFO] [stdout]    4:     0x5eca8de40359 - std[70759c8f55707aa4]::panicking::default_hook
[INFO] [stdout]    5:     0x5eca8dd7f640 - test[9d35eded1c95d3be]::test_main_inner::<test[9d35eded1c95d3be]::test_main_static::{closure#0}>::{closure#0}
[INFO] [stdout]    6:     0x5eca8de40682 - std[70759c8f55707aa4]::panicking::panic_with_hook
[INFO] [stdout]    7:     0x5eca8de23ab2 - std[70759c8f55707aa4]::panicking::panic_handler::{closure#0}
[INFO] [stdout]    8:     0x5eca8de1c5c9 - std[70759c8f55707aa4]::sys::backtrace::__rust_end_short_backtrace::<std[70759c8f55707aa4]::panicking::panic_handler::{closure#0}, !>
[INFO] [stdout]    9:     0x5eca8de2489d - __rustc[8fa7c3cbc660c2b3]::rust_begin_unwind
[INFO] [stdout]   10:     0x5eca8de5fb9c - core[df12db4294e9bfd3]::panicking::panic_fmt
[INFO] [stdout]   11:     0x5eca8de5f972 - core[df12db4294e9bfd3]::result::unwrap_failed
[INFO] [stdout]   12:     0x5eca8dd16685 - rdcache[41cc9637d94ecc7b]::client::tests::test_fetch::{closure#0}
[INFO] [stdout]   13:     0x5eca8dd4b403 - <tokio[d7064e5671433324]::runtime::scheduler::current_thread::Context>::enter::<core[df12db4294e9bfd3]::task::poll::Poll<()>, <tokio[d7064e5671433324]::runtime::scheduler::current_thread::CoreGuard>::block_on<core[df12db4294e9bfd3]::pin::Pin<&mut core[df12db4294e9bfd3]::pin::Pin<&mut dyn core[df12db4294e9bfd3]::future::future::Future<Output = ()>>>>::{closure#0}::{closure#0}>
[INFO] [stdout]   14:     0x5eca8dd40a6c - <tokio[d7064e5671433324]::runtime::context::scoped::Scoped<tokio[d7064e5671433324]::runtime::scheduler::Context>>::set::<<tokio[d7064e5671433324]::runtime::scheduler::current_thread::CoreGuard>::enter<<tokio[d7064e5671433324]::runtime::scheduler::current_thread::CoreGuard>::block_on<core[df12db4294e9bfd3]::pin::Pin<&mut core[df12db4294e9bfd3]::pin::Pin<&mut dyn core[df12db4294e9bfd3]::future::future::Future<Output = ()>>>>::{closure#0}, core[df12db4294e9bfd3]::option::Option<()>>::{closure#0}, (alloc[2182bb758b4b3781]::boxed::Box<tokio[d7064e5671433324]::runtime::scheduler::current_thread::Core>, core[df12db4294e9bfd3]::option::Option<()>)>
[INFO] [stdout]   15:     0x5eca8dd4b6a7 - <tokio[d7064e5671433324]::runtime::scheduler::current_thread::CoreGuard>::block_on::<core[df12db4294e9bfd3]::pin::Pin<&mut core[df12db4294e9bfd3]::pin::Pin<&mut dyn core[df12db4294e9bfd3]::future::future::Future<Output = ()>>>>
[INFO] [stdout]   16:     0x5eca8dd301fb - tokio[d7064e5671433324]::runtime::context::runtime::enter_runtime::<<tokio[d7064e5671433324]::runtime::scheduler::current_thread::CurrentThread>::block_on<core[df12db4294e9bfd3]::pin::Pin<&mut dyn core[df12db4294e9bfd3]::future::future::Future<Output = ()>>>::{closure#0}, ()>
[INFO] [stdout]   17:     0x5eca8dd471c5 - <tokio[d7064e5671433324]::runtime::runtime::Runtime>::block_on::<core[df12db4294e9bfd3]::pin::Pin<&mut dyn core[df12db4294e9bfd3]::future::future::Future<Output = ()>>>
[INFO] [stdout]   18:     0x5eca8dd17717 - rdcache[41cc9637d94ecc7b]::client::tests::test_fetch
[INFO] [stdout]   19:     0x5eca8dd623b9 - <rdcache[41cc9637d94ecc7b]::client::tests::test_fetch::{closure#0} as core[df12db4294e9bfd3]::ops::function::FnOnce<()>>::call_once
[INFO] [stdout]   20:     0x5eca8dd7292b - test[9d35eded1c95d3be]::__rust_begin_short_backtrace::<core[df12db4294e9bfd3]::result::Result<(), alloc[2182bb758b4b3781]::string::String>, fn() -> core[df12db4294e9bfd3]::result::Result<(), alloc[2182bb758b4b3781]::string::String>>
[INFO] [stdout]   21:     0x5eca8dd7ff95 - test[9d35eded1c95d3be]::run_test::{closure#0}
[INFO] [stdout]   22:     0x5eca8dd79854 - std[70759c8f55707aa4]::sys::backtrace::__rust_begin_short_backtrace::<test[9d35eded1c95d3be]::run_test::{closure#1}, ()>
[INFO] [stdout]   23:     0x5eca8dd830f2 - <std[70759c8f55707aa4]::thread::lifecycle::spawn_unchecked<test[9d35eded1c95d3be]::run_test::{closure#1}, ()>::{closure#1} as core[df12db4294e9bfd3]::ops::function::FnOnce<()>>::call_once::{shim:vtable#0}
[INFO] [stdout]   24:     0x5eca8de47969 - <std[70759c8f55707aa4]::sys::thread::unix::Thread>::new::thread_start
[INFO] [stdout]   25:     0x7003a8b1adfa - <unknown>
[INFO] [stdout]   26:     0x7003a8bae3d4 - clone
[INFO] [stdout]   27:                0x0 - <unknown>
[INFO] [stdout] 
[INFO] [stdout] 
[INFO] [stdout] failures:
[INFO] [stdout]     client::tests::test_fetch
[INFO] [stdout]     client::tests::test_tag_as_deleted
[INFO] [stdout] 
[INFO] [stdout] test result: FAILED. 4 passed; 2 failed; 0 ignored; 0 measured; 0 filtered out; finished in 0.00s
[INFO] [stdout] 
[INFO] running `Command { std: "docker" "inspect" "db08dedfe6aae0cf83ece48ce6f09e6b91b1f965e8c81069406fcf9fc6383a18", kill_on_drop: false }`
[INFO] running `Command { std: "docker" "rm" "-f" "db08dedfe6aae0cf83ece48ce6f09e6b91b1f965e8c81069406fcf9fc6383a18", kill_on_drop: false }`
[INFO] [stdout] db08dedfe6aae0cf83ece48ce6f09e6b91b1f965e8c81069406fcf9fc6383a18
