[INFO] fetching crate pretty-name 1.0.0...
[INFO] testing pretty-name-1.0.0 against 1.100.0-beta.1+cargoflags=--release for beta-release-1.100-3
[INFO] extracting crate pretty-name 1.0.0 into /workspace/builds/worker-2-tc2/source
[INFO] started tweaking crates.io crate pretty-name 1.0.0
[INFO] removed 0 missing tests
[INFO] finished tweaking crates.io crate pretty-name 1.0.0
[INFO] tweaked toml for crates.io crate pretty-name 1.0.0 written to /workspace/builds/worker-2-tc2/source/Cargo.toml
[INFO] validating manifest of crates.io crate pretty-name 1.0.0 on toolchain 1.100.0-beta.1
[INFO] running `Command { std: CARGO_HOME="/workspace/cargo-home" RUSTUP_HOME="/workspace/rustup-home" "/workspace/cargo-home/bin/cargo" "+1.100.0-beta.1" "metadata" "--manifest-path" "Cargo.toml" "--no-deps", kill_on_drop: false }`
[INFO] crate crates.io crate pretty-name 1.0.0 already has a lockfile, it will not be regenerated
[INFO] running `Command { std: CARGO_HOME="/workspace/cargo-home" RUSTUP_HOME="/workspace/rustup-home" "/workspace/cargo-home/bin/cargo" "+1.100.0-beta.1" "fetch" "--manifest-path" "Cargo.toml", kill_on_drop: false }`
[INFO] running `Command { std: "docker" "create" "-v" "/var/lib/crater-agent-workspace/builds/worker-2-tc2/source:/opt/rustwide/workdir:ro,Z" "-v" "/var/lib/crater-agent-workspace/builds/worker-2-tc2/target:/opt/rustwide/target:rw,Z" "-v" "/var/lib/crater-agent-workspace/cargo-home:/opt/rustwide/cargo-home:ro,Z" "-v" "/var/lib/crater-agent-workspace/rustup-home:/opt/rustwide/rustup-home:ro,Z" "-m" "1610612736" "--network" "none" "ghcr.io/rust-lang/crates-build-env/linux@sha256:77db811e55d90add9212f6832c23229e3de5f1c1f9905e8cb07319ea15df73ac" "sleep" "infinity", kill_on_drop: false }`
[INFO] [stdout] 4fa2b7b6d6838b4cea150a9a4135e1332dd69059cf6519502a24999b4fe9767b
[INFO] running `Command { std: "docker" "start" "4fa2b7b6d6838b4cea150a9a4135e1332dd69059cf6519502a24999b4fe9767b", kill_on_drop: false }`
[INFO] running `Command { std: "docker" "inspect" "4fa2b7b6d6838b4cea150a9a4135e1332dd69059cf6519502a24999b4fe9767b", kill_on_drop: false }`
[INFO] running `Command { std: "docker" "exec" "-e" "SOURCE_DIR=/opt/rustwide/workdir" "-e" "CARGO_HOME=/opt/rustwide/cargo-home" "-e" "RUSTUP_HOME=/opt/rustwide/rustup-home" "-e" "CARGO_TARGET_DIR=/opt/rustwide/target" "-w" "/opt/rustwide/workdir" "--user" "0:0" "4fa2b7b6d6838b4cea150a9a4135e1332dd69059cf6519502a24999b4fe9767b" "/opt/rustwide/cargo-home/bin/cargo" "+1.100.0-beta.1" "metadata" "--no-deps" "--format-version=1", kill_on_drop: false }`
[INFO] running `Command { std: "docker" "inspect" "4fa2b7b6d6838b4cea150a9a4135e1332dd69059cf6519502a24999b4fe9767b", kill_on_drop: false }`
[INFO] running `Command { std: "docker" "exec" "-e" "SOURCE_DIR=/opt/rustwide/workdir" "-e" "CARGO_HOME=/opt/rustwide/cargo-home" "-e" "RUSTUP_HOME=/opt/rustwide/rustup-home" "-e" "CARGO_TARGET_DIR=/opt/rustwide/target" "-e" "CARGO_INCREMENTAL=0" "-e" "RUST_BACKTRACE=full" "-e" "RUSTFLAGS=--cap-lints=warn" "-e" "RUSTDOCFLAGS=--cap-lints=warn" "-w" "/opt/rustwide/workdir" "--user" "0:0" "4fa2b7b6d6838b4cea150a9a4135e1332dd69059cf6519502a24999b4fe9767b" "/opt/rustwide/cargo-home/bin/cargo" "+1.100.0-beta.1" "build" "--frozen" "--message-format=json" "--release", kill_on_drop: false }`
[INFO] [stderr]    Compiling proc-macro2 v1.0.107
[INFO] [stderr]    Compiling quote v1.0.47
[INFO] [stderr]    Compiling unicode-ident v1.0.24
[INFO] [stderr]    Compiling prettyplease v0.3.0
[INFO] [stderr]    Compiling syn v3.0.3
[INFO] [stderr]    Compiling pretty-name v1.0.0 (/opt/rustwide/workdir)
[INFO] [stderr]     Finished `release` profile [optimized] target(s) in 17.47s
[INFO] running `Command { std: "docker" "inspect" "4fa2b7b6d6838b4cea150a9a4135e1332dd69059cf6519502a24999b4fe9767b", kill_on_drop: false }`
[INFO] running `Command { std: "docker" "exec" "-e" "SOURCE_DIR=/opt/rustwide/workdir" "-e" "CARGO_HOME=/opt/rustwide/cargo-home" "-e" "RUSTUP_HOME=/opt/rustwide/rustup-home" "-e" "CARGO_TARGET_DIR=/opt/rustwide/target" "-e" "CARGO_INCREMENTAL=0" "-e" "RUST_BACKTRACE=full" "-e" "RUSTFLAGS=--cap-lints=warn" "-e" "RUSTDOCFLAGS=--cap-lints=warn" "-w" "/opt/rustwide/workdir" "--user" "0:0" "4fa2b7b6d6838b4cea150a9a4135e1332dd69059cf6519502a24999b4fe9767b" "/opt/rustwide/cargo-home/bin/cargo" "+1.100.0-beta.1" "test" "--frozen" "--no-run" "--message-format=json" "--release", kill_on_drop: false }`
[INFO] [stderr]    Compiling serde_core v1.0.229
[INFO] [stderr]    Compiling proc-macro2 v1.0.107
[INFO] [stderr]    Compiling quote v1.0.47
[INFO] [stderr]    Compiling unicode-ident v1.0.24
[INFO] [stderr]    Compiling zmij v1.0.23
[INFO] [stderr]    Compiling serde v1.0.229
[INFO] [stderr]    Compiling serde_json v1.0.151
[INFO] [stderr]    Compiling target-triple v1.0.1
[INFO] [stderr]    Compiling winnow v1.0.4
[INFO] [stderr]    Compiling toml_writer v1.1.2+spec-1.1.0
[INFO] [stderr]    Compiling memchr v2.8.3
[INFO] [stderr]    Compiling itoa v1.0.18
[INFO] [stderr]    Compiling glob v0.3.4
[INFO] [stderr]    Compiling termcolor v1.4.1
[INFO] [stderr]    Compiling toml_parser v1.1.3+spec-1.1.0
[INFO] [stderr]    Compiling syn v3.0.3
[INFO] [stderr]    Compiling serde_derive v1.0.229
[INFO] [stderr]    Compiling toml_datetime v1.1.1+spec-1.1.0
[INFO] [stderr]    Compiling serde_spanned v1.1.1
[INFO] [stderr]    Compiling toml v1.1.4+spec-1.1.0
[INFO] [stderr]    Compiling trybuild v1.0.120
[INFO] [stderr]    Compiling pretty-name v1.0.0 (/opt/rustwide/workdir)
[INFO] [stderr]     Finished `release` profile [optimized] target(s) in 13.23s
[INFO] running `Command { std: "docker" "inspect" "4fa2b7b6d6838b4cea150a9a4135e1332dd69059cf6519502a24999b4fe9767b", kill_on_drop: false }`
[INFO] running `Command { std: "docker" "exec" "-e" "SOURCE_DIR=/opt/rustwide/workdir" "-e" "CARGO_HOME=/opt/rustwide/cargo-home" "-e" "RUSTUP_HOME=/opt/rustwide/rustup-home" "-e" "CARGO_TARGET_DIR=/opt/rustwide/target" "-e" "CARGO_INCREMENTAL=0" "-e" "RUST_BACKTRACE=full" "-e" "RUSTFLAGS=--cap-lints=warn" "-e" "RUSTDOCFLAGS=--cap-lints=warn" "-w" "/opt/rustwide/workdir" "--user" "0:0" "4fa2b7b6d6838b4cea150a9a4135e1332dd69059cf6519502a24999b4fe9767b" "/opt/rustwide/cargo-home/bin/cargo" "+1.100.0-beta.1" "test" "--frozen" "--release", kill_on_drop: false }`
[INFO] [stderr]     Finished `release` profile [optimized] target(s) in 0.04s
[INFO] [stderr]      Running unittests src/lib.rs (/opt/rustwide/target/release/build/pretty-name/7505a7579456523b/out/pretty_name-7505a7579456523b)
[INFO] [stderr]      Running tests/formatting.rs (/opt/rustwide/target/release/build/pretty-name/8df28b8e33f5fadf/out/formatting-8df28b8e33f5fadf)
[INFO] [stdout] 
[INFO] [stdout] running 0 tests
[INFO] [stdout] 
[INFO] [stdout] test result: ok. 0 passed; 0 failed; 0 ignored; 0 measured; 0 filtered out; finished in 0.00s
[INFO] [stdout] 
[INFO] [stdout] 
[INFO] [stdout] running 18 tests
[INFO] [stdout] test display_preserves_an_empty_description ... ok
[INFO] [stdout] test display_preserves_macro_const_arguments_without_partial_shortening ... ok
[INFO] [stdout] test display_preserves_reference_lifetimes ... ok
[INFO] [stdout] test display_preserves_an_unclosed_generic_description ... ok
[INFO] [stdout] test display_propagates_destination_errors ... ok
[INFO] [stdout] test display_preserves_macro_types_without_partial_shortening ... ok
[INFO] [stdout] test display_shortens_a_plain_qualified_path ... ok
[INFO] [stdout] test display_shortens_associated_type_constraints ... ok
[INFO] [stdout] test display_shortens_nested_qualified_paths ... ok
[INFO] [stdout] test display_removes_a_leading_global_qualifier ... ok
[INFO] [stdout] test function_display_formats_one_argument ... ok
[INFO] [stdout] test function_display_formats_many_arguments ... ok
[INFO] [stdout] test item_display_preserves_lexical_source_path ... ok
[INFO] [stdout] test member_display_formats_arguments ... ok
[INFO] [stdout] test display_preserves_unparseable_descriptions ... ok
[INFO] [stdout] test display_preserves_qualified_self_projections ... ok
[INFO] [stdout] test function_display_omits_empty_arguments ... ok
[INFO] [stdout] test member_display_formats_resolved_owner ... ok
[INFO] [stdout] 
[INFO] [stdout] test result: ok. 18 passed; 0 failed; 0 ignored; 0 measured; 0 filtered out; finished in 0.00s
[INFO] [stdout] 
[INFO] [stderr]      Running tests/name_macros.rs (/opt/rustwide/target/release/build/pretty-name/ff78a14f8040c7ca/out/name_macros-ff78a14f8040c7ca)
[INFO] [stdout] 
[INFO] [stdout] running 35 tests
[INFO] [stdout] test field_macro_resolves_an_owner_alias ... ok
[INFO] [stdout] test field_macro_does_not_run_deref_during_validation ... ok
[INFO] [stdout] test field_macro_resolves_self_to_the_concrete_owner ... ok
[INFO] [stdout] test function_macro_accepts_a_module_qualified_function ... ok
[INFO] [stdout] test field_macro_returns_simple_owner_and_field_name ... ok
[INFO] [stdout] test function_macro_distinguishes_standard_functions_by_module_path ... ok
[INFO] [stdout] test function_macro_formats_explicit_generic_arguments ... ok
[INFO] [stdout] test function_macro_returns_plain_function_name ... ok
[INFO] [stdout] test function_macro_preserves_a_renamed_module_path ... ok
[INFO] [stdout] test function_macro_accepts_an_absolute_generic_function_path ... ok
[INFO] [stdout] test member_macro_accepts_an_angle_wrapped_associated_function ... ok
[INFO] [stdout] test function_values_distinguish_generic_monomorphizations ... ok
[INFO] [stdout] test function_values_can_be_stored_for_later_formatting ... ok
[INFO] [stdout] test field_macro_shortens_qualified_generic_owner ... ok
[INFO] [stdout] test function_macro_accepts_a_module_qualified_generic_function ... ok
[INFO] [stdout] test function_macro_preserves_a_renamed_import_identifier ... ok
[INFO] [stdout] test member_macro_accepts_an_associated_constant ... ok
[INFO] [stdout] test method_macro_formats_explicit_generic_arguments ... ok
[INFO] [stdout] test method_macro_resolves_a_bounded_owner_parameter ... ok
[INFO] [stdout] test method_macro_resolves_an_owner_alias ... ok
[INFO] [stdout] test method_macro_resolves_self_and_generic_arguments ... ok
[INFO] [stdout] test method_macro_shortens_qualified_owner_and_generic_arguments ... ok
[INFO] [stdout] test self_method_values_distinguish_generic_monomorphizations ... ok
[INFO] [stdout] test self_variant_values_distinguish_generic_monomorphizations ... ok
[INFO] [stdout] test type_macro_accepts_unsized_generic_parameters ... ok
[INFO] [stdout] test type_macro_resolves_aliases_consistently ... ok
[INFO] [stdout] test type_macro_shortens_qualified_generic_paths ... ok
[INFO] [stdout] test member_macro_accepts_an_angle_wrapped_generic_associated_function ... ok
[INFO] [stdout] test method_macro_returns_simple_owner_and_method_name ... ok
[INFO] [stdout] test variant_macro_supports_generic_variant_constructors ... ok
[INFO] [stdout] test variant_macro_supports_unit_and_tuple_variants ... ok
[INFO] [stdout] test variable_macro_returns_variable_and_constant_names ... ok
[INFO] [stdout] test variant_macro_does_not_evaluate_the_referenced_variant ... ok
[INFO] [stdout] test type_macro_resolves_self_to_the_concrete_owner ... ok
[INFO] [stderr]      Running tests/public_values.rs (/opt/rustwide/target/release/build/pretty-name/b2ed43183c777765/out/public_values-b2ed43183c777765)
[INFO] [stdout] test variant_macro_supports_unit_and_tuple_variants_through_self ... ok
[INFO] [stdout] 
[INFO] [stdout] test result: ok. 35 passed; 0 failed; 0 ignored; 0 measured; 0 filtered out; finished in 0.01s
[INFO] [stdout] 
[INFO] [stdout] 
[INFO] [stdout] running 3 tests
[INFO] [stdout] test macro_names_support_the_display_contract ... ok
[INFO] [stdout] test type_name_functions_support_the_display_contract ... ok
[INFO] [stdout] test all_macro_categories_support_the_display_contract ... ok
[INFO] [stderr]      Running tests/type_name.rs (/opt/rustwide/target/release/build/pretty-name/c6df7eaf18fcf38c/out/type_name-c6df7eaf18fcf38c)
[INFO] [stdout] 
[INFO] [stdout] test result: ok. 3 passed; 0 failed; 0 ignored; 0 measured; 0 filtered out; finished in 0.00s
[INFO] [stdout] 
[INFO] [stdout] 
[INFO] [stdout] running 22 tests
[INFO] [stdout] test associated_type_binding_paths_are_shortened ... ok
[INFO] [stdout] test callable_trait_arguments_and_output_paths_are_shortened ... ok
[INFO] [stdout] test raw_pointers_preserve_constness_mutability_and_nesting ... ok
[INFO] [stdout] test long_types_are_extracted_across_pretty_printer_line_wrapping ... ok
[INFO] [stdout] test async_block_names_are_preserved_when_they_cannot_be_parsed_as_rust_types ... ok
[INFO] [stdout] test arrays_preserve_lengths_and_nested_elements ... ok
[INFO] [stdout] test function_pointers_preserve_signature_details ... ok
[INFO] [stdout] test tuples_preserve_arity_and_nested_elements ... ok
[INFO] [stdout] test trait_objects_preserve_bounds_and_shorten_paths ... ok
[INFO] [stdout] test composite_types_shorten_paths_recursively ... ok
[INFO] [stdout] test closure_names_are_preserved_when_they_cannot_be_parsed_as_rust_types ... ok
[INFO] [stdout] test marker_type_arguments_are_shortened ... ok
[INFO] [stdout] test primitives_and_unsized_primitives_keep_their_spelling ... ok
[INFO] [stdout] test type_aliases_display_the_resolved_type ... ok
[INFO] [stdout] test renamed_imports_display_the_resolved_type ... ok
[INFO] [stdout] test generic_containers_shorten_nested_paths ... ok
[INFO] [stderr]      Running tests/type_name_corpus.rs (/opt/rustwide/target/release/build/pretty-name/550bdb2873ba9481/out/type_name_corpus-550bdb2873ba9481)
[INFO] [stdout] test type_name_of_val_reports_the_borrowed_values_type ... ok
[INFO] [stdout] test type_name_returns_an_opaque_display_value ... ok
[INFO] [stdout] test smart_pointer_paths_are_shortened ... ok
[INFO] [stdout] test const_generic_arguments_are_preserved ... ok
[INFO] [stdout] test references_preserve_compiler_spelling_and_structure ... ok
[INFO] [stdout] test type_name_of_val_can_outlive_its_input_borrow ... ok
[INFO] [stdout] 
[INFO] [stdout] test result: ok. 22 passed; 0 failed; 0 ignored; 0 measured; 0 filtered out; finished in 0.01s
[INFO] [stdout] 
[INFO] [stdout] 
[INFO] [stdout] running 20 tests
[INFO] [stdout] test iterator_associated_type ... ok
[INFO] [stdout] test map_with_nested_value ... ok
[INFO] [stdout] test mutable_str_reference ... ok
[INFO] [stdout] test nested_raw_pointer ... ok
[INFO] [stdout] test shared_slice_reference ... ok
[INFO] [stdout] test nested_result ... ok
[INFO] [stdout] test primitive_i32 ... ok
[INFO] [stdout] test borrowed_function ... ok
[INFO] [stdout] test unsized_str ... ok
[INFO] [stdout] test sendable_error_trait_object ... ok
[INFO] [stdout] test higher_order_function ... ok
[INFO] [stdout] test marker_type ... ok
[INFO] [stdout] test singleton_tuple ... ok
[INFO] [stdout] test standard_string_path ... ok
[INFO] [stdout] test debug_trait_object ... ok
[INFO] [stdout] test tuple_array ... ok
[INFO] [stdout] test unsafe_abi_function ... ok
[INFO] [stdout] test inclusive_range ... ok
[INFO] [stdout] test local_const_generic ... ok
[INFO] [stdout] test fixed_array ... ok
[INFO] [stdout] 
[INFO] [stderr]      Running tests/ui.rs (/opt/rustwide/target/release/build/pretty-name/8751a99e3bb5935e/out/ui-8751a99e3bb5935e)
[INFO] [stdout] test result: ok. 20 passed; 0 failed; 0 ignored; 0 measured; 0 filtered out; finished in 0.00s
[INFO] [stdout] 
[INFO] [stdout] 
[INFO] [stdout] running 2 tests
[INFO] [stderr]    Compiling proc-macro2 v1.0.107
[INFO] [stderr]    Compiling unicode-ident v1.0.24
[INFO] [stderr]    Compiling quote v1.0.47
[INFO] [stderr]    Compiling prettyplease v0.3.0
[INFO] [stderr]    Compiling syn v3.0.3
[INFO] [stderr]    Compiling pretty-name v1.0.0 (/opt/rustwide/workdir)
[INFO] [stderr]    Compiling pretty-name-tests v0.0.0 (/opt/rustwide/target/tests/trybuild/pretty-name)
[INFO] [stderr]     Finished `dev` profile [unoptimized + debuginfo] target(s) in 4.38s
[INFO] [stderr] 
[INFO] [stderr] 
[INFO] [stderr] test tests/ui/pass/aliases_and_imports.rs ... ok
[INFO] [stderr] test tests/ui/pass/angle_qualified_field_owner.rs ... ok
[INFO] [stderr] test tests/ui/pass/angle_qualified_method_owner.rs ... ok
[INFO] [stderr] test tests/ui/pass/angle_qualified_variant_owner.rs ... ok
[INFO] [stderr] test tests/ui/pass/explicit_generic_items.rs ... ok
[INFO] [stderr] test tests/ui/pass/macro_lint_isolation.rs ... ok
[INFO] [stderr] test tests/ui/pass/qualified_owners.rs ... ok
[INFO] [stderr] test tests/ui/pass/self_and_generic_owners.rs ... ok
[INFO] [stderr] test tests/ui/pass/variant_associated_items.rs ... ok
[INFO] [stdout] test supported_macro_forms_compile ... ok
[INFO] [stderr] 
[INFO] [stderr] 
[INFO] [stderr]     Checking unicode-ident v1.0.24
[INFO] [stderr]     Checking proc-macro2 v1.0.107
[INFO] [stderr]     Checking quote v1.0.47
[INFO] [stderr]     Checking syn v3.0.3
[INFO] [stderr]     Checking prettyplease v0.3.0
[INFO] [stderr]     Checking pretty-name v1.0.0 (/opt/rustwide/workdir)
[INFO] [stderr]     Checking pretty-name-tests v0.0.0 (/opt/rustwide/target/tests/trybuild/pretty-name)
[INFO] [stderr]     Finished `dev` profile [unoptimized + debuginfo] target(s) in 2.01s
[INFO] [stderr] 
[INFO] [stderr] 
[INFO] [stderr] test tests/ui/fail/anonymous_field_owner.rs ... ok
[INFO] [stderr] test tests/ui/fail/bare_trait_owner.rs ... ok
[INFO] [stderr] test tests/ui/fail/function_const_argument.rs ... ok
[INFO] [stderr] test tests/ui/fail/function_inferred_argument.rs ... ok
[INFO] [stderr] test tests/ui/fail/function_omitted_arguments.rs ... ok
[INFO] [stderr] test tests/ui/fail/function_placeholder.rs ... ok
[INFO] [stderr] test tests/ui/fail/generic_field_name.rs ... ok
[INFO] [stderr] test tests/ui/fail/inference_heavy_method.rs ... mismatch
[INFO] [stderr] 
[INFO] [stderr] EXPECTED:
[INFO] [stderr] ┈┈┈┈┈┈┈┈┈┈┈┈┈┈┈┈┈┈┈┈┈┈┈┈┈┈┈┈┈┈┈┈┈┈┈┈┈┈┈┈┈┈┈┈┈┈┈┈┈┈┈┈┈┈┈┈┈┈┈┈
[INFO] [stderr] error[E0283]: type annotations needed
[INFO] [stderr]   --> tests/ui/fail/inference_heavy_method.rs:22:13
[INFO] [stderr]    |
[INFO] [stderr] 22 |     let _ = pretty_name::nameof_member!(<Owner<u32>>::generated);
[INFO] [stderr]    |             ^^^^^^^^^^^^^^^^^^^^^^^^^^^^^^^^^^^^^^^^^^^^^^^^^^^^ cannot infer type
[INFO] [stderr]    |
[INFO] [stderr]    = note: the type must implement `Param<u32>`
[INFO] [stderr] help: the trait `Param<u32>` is implemented for `Argument`
[INFO] [stderr]   --> tests/ui/fail/inference_heavy_method.rs:7:1
[INFO] [stderr]    |
[INFO] [stderr]  7 | impl Param<u32> for Argument {}
[INFO] [stderr]    | ^^^^^^^^^^^^^^^^^^^^^^^^^^^^
[INFO] [stderr] note: required by a bound in `Owner::<T>::generated`
[INFO] [stderr]   --> tests/ui/fail/inference_heavy_method.rs:16:12
[INFO] [stderr]    |
[INFO] [stderr] 14 |     fn generated<P>(&self, _argument: P)
[INFO] [stderr]    |        --------- required by a bound in this associated function
[INFO] [stderr] 15 |     where
[INFO] [stderr] 16 |         P: Param<T>,
[INFO] [stderr]    |            ^^^^^^^^ required by this bound in `Owner::<T>::generated`
[INFO] [stderr]    = note: this error originates in the macro `pretty_name::nameof_member` (in Nightly builds, run with -Z macro-backtrace for more info)
[INFO] [stderr] ┈┈┈┈┈┈┈┈┈┈┈┈┈┈┈┈┈┈┈┈┈┈┈┈┈┈┈┈┈┈┈┈┈┈┈┈┈┈┈┈┈┈┈┈┈┈┈┈┈┈┈┈┈┈┈┈┈┈┈┈
[INFO] [stderr] 
[INFO] [stderr] ACTUAL OUTPUT:
[INFO] [stderr] ┈┈┈┈┈┈┈┈┈┈┈┈┈┈┈┈┈┈┈┈┈┈┈┈┈┈┈┈┈┈┈┈┈┈┈┈┈┈┈┈┈┈┈┈┈┈┈┈┈┈┈┈┈┈┈┈┈┈┈┈
[INFO] [stderr] error[E0283]: type annotations needed
[INFO] [stderr]   --> tests/ui/fail/inference_heavy_method.rs:22:13
[INFO] [stderr]    |
[INFO] [stderr] 22 |     let _ = pretty_name::nameof_member!(<Owner<u32>>::generated);
[INFO] [stderr]    |             ^^^^^^^^^^^^^^^^^^^^^^^^^^^^^^^^^^^^^^^^^^^^^^^^^^^^ cannot infer type
[INFO] [stderr]    |
[INFO] [stderr]    = note: the type must implement `Param<u32>`
[INFO] [stderr] help: the trait `Param<u32>` is implemented for `Argument`
[INFO] [stderr]   --> tests/ui/fail/inference_heavy_method.rs:7:1
[INFO] [stderr]    |
[INFO] [stderr]  7 | impl Param<u32> for Argument {}
[INFO] [stderr]    | ^^^^^^^^^^^^^^^^^^^^^^^^^^^^
[INFO] [stderr] note: required by a bound in `Owner::<T>::generated`
[INFO] [stderr]   --> tests/ui/fail/inference_heavy_method.rs:16:12
[INFO] [stderr]    |
[INFO] [stderr] 12 | impl<T> Owner<T> {
[INFO] [stderr] 13 |     /// A method whose argument type appears only through its conversion bound.
[INFO] [stderr] 14 |     fn generated<P>(&self, _argument: P)
[INFO] [stderr] 15 |     where
[INFO] [stderr] 16 |         P: Param<T>,
[INFO] [stderr]    |            ^^^^^^^^ required by this bound in `Owner::<T>::generated`
[INFO] [stderr]    = note: this error originates in the macro `pretty_name::nameof_member` (in Nightly builds, run with -Z macro-backtrace for more info)
[INFO] [stderr] ┈┈┈┈┈┈┈┈┈┈┈┈┈┈┈┈┈┈┈┈┈┈┈┈┈┈┈┈┈┈┈┈┈┈┈┈┈┈┈┈┈┈┈┈┈┈┈┈┈┈┈┈┈┈┈┈┈┈┈┈
[INFO] [stderr] note: If the actual output is the correct output you can bless it by rerunning
[INFO] [stderr]       your test with the environment variable TRYBUILD=overwrite
[INFO] [stderr] 
[INFO] [stderr] test tests/ui/fail/legacy_struct_variant_pattern.rs ... ok
[INFO] [stderr] test tests/ui/fail/legacy_tuple_variant_pattern.rs ... ok
[INFO] [stderr] test tests/ui/fail/malformed_field_path.rs ... ok
[INFO] [stderr] test tests/ui/fail/malformed_method_path.rs ... ok
[INFO] [stderr] test tests/ui/fail/malformed_variant_path.rs ... ok
[INFO] [stderr] test tests/ui/fail/method_const_argument.rs ... ok
[INFO] [stderr] test tests/ui/fail/method_inferred_argument.rs ... ok
[INFO] [stderr] test tests/ui/fail/method_omitted_arguments.rs ... ok
[INFO] [stderr] test tests/ui/fail/method_placeholder.rs ... ok
[INFO] [stderr] test tests/ui/fail/missing_field.rs ... ok
[INFO] [stderr] test tests/ui/fail/missing_function.rs ... ok
[INFO] [stderr] test tests/ui/fail/missing_method.rs ... ok
[INFO] [stderr] test tests/ui/fail/missing_type.rs ... ok
[INFO] [stderr] test tests/ui/fail/missing_variable.rs ... ok
[INFO] [stderr] test tests/ui/fail/missing_variant.rs ... ok
[INFO] [stderr] test tests/ui/fail/ordinary_path_rejects_associated_function.rs ... ok
[INFO] [stderr] test tests/ui/fail/qualified_self_method_owner.rs ... ok
[INFO] [stderr] test tests/ui/fail/struct_variant.rs ... ok
[INFO] [stderr] test tests/ui/fail/unclosed_member_owner_generics.rs ... ok
[INFO] [stderr] test tests/ui/fail/unwrapped_associated_function_owner.rs ... ok
[INFO] [stderr] test tests/ui/fail/unwrapped_generic_method_owner.rs ... ok
[INFO] [stderr] test tests/ui/fail/unwrapped_qualified_field_owner.rs ... ok
[INFO] [stderr] test tests/ui/fail/unwrapped_qualified_variant_owner.rs ... ok
[INFO] [stderr] test tests/ui/fail/wrong_field_shape.rs ... ok
[INFO] [stderr] 
[INFO] [stderr] 
[INFO] [stdout] test unsupported_macro_forms_fail_to_compile ... FAILED
[INFO] [stdout] 
[INFO] [stdout] failures:
[INFO] [stdout] 
[INFO] [stdout] ---- unsupported_macro_forms_fail_to_compile stdout ----
[INFO] [stdout] 
[INFO] [stdout] thread 'unsupported_macro_forms_fail_to_compile' (1154) panicked at /opt/rustwide/cargo-home/registry/src/index.crates.io-1949cf8c6b5b557f/trybuild-1.0.120/src/run.rs:103:13:
[INFO] [stdout] 1 of 32 tests failed
[INFO] [stdout] stack backtrace:
[INFO] [stdout]    0:     0x5ff2970ef021 - <<std[617be2ca0a6fd877]::sys::backtrace::BacktraceLock>::print::DisplayBacktrace as core[a373ad73a504971]::fmt::Display>::fmt
[INFO] [stdout]    1:     0x5ff29710530a - core[a373ad73a504971]::fmt::write
[INFO] [stdout]    2:     0x5ff2970f386c - <alloc[2e1b2a31b91974c5]::vec::Vec<u8> as core[a373ad73a504971]::io::write::Write>::write_fmt
[INFO] [stdout]    3:     0x5ff2970c8486 - std[617be2ca0a6fd877]::panicking::default_hook::{closure#0}
[INFO] [stdout]    4:     0x5ff2970e65c9 - std[617be2ca0a6fd877]::panicking::default_hook
[INFO] [stdout]    5:     0x5ff29707fbd0 - test[aada8e7e76ba119b]::test_main_inner::{closure#0}
[INFO] [stdout]    6:     0x5ff2970e6782 - std[617be2ca0a6fd877]::panicking::panic_with_hook
[INFO] [stdout]    7:     0x5ff2970c8532 - std[617be2ca0a6fd877]::panicking::panic_handler::{closure#0}
[INFO] [stdout]    8:     0x5ff2970c0d89 - std[617be2ca0a6fd877]::sys::backtrace::__rust_end_short_backtrace::<std[617be2ca0a6fd877]::panicking::panic_handler::{closure#0}, !>
[INFO] [stdout]    9:     0x5ff2970c913d - __rustc[ea4f61d10b84890b]::rust_begin_unwind
[INFO] [stdout]   10:     0x5ff297105a7c - core[a373ad73a504971]::panicking::panic_fmt
[INFO] [stdout]   11:     0x5ff296fd3778 - <trybuild[eb3d9be7d58457a9]::Runner>::run
[INFO] [stdout]   12:     0x5ff296fd69e0 - <trybuild[eb3d9be7d58457a9]::TestCases as core[a373ad73a504971]::ops::drop::Drop>::drop
[INFO] [stdout]   13:     0x5ff296fcd028 - ui[4ea2d0e8fa868ccc]::unsupported_macro_forms_fail_to_compile
[INFO] [stdout]   14:     0x5ff296fcd249 - <ui[4ea2d0e8fa868ccc]::unsupported_macro_forms_fail_to_compile::{closure#0} as core[a373ad73a504971]::ops::function::FnOnce<()>>::call_once
[INFO] [stdout]   15:     0x5ff29707301b - test[aada8e7e76ba119b]::__rust_begin_short_backtrace::<core[a373ad73a504971]::result::Result<(), alloc[2e1b2a31b91974c5]::string::String>, fn() -> core[a373ad73a504971]::result::Result<(), alloc[2e1b2a31b91974c5]::string::String>>
[INFO] [stdout]   16:     0x5ff2970801f5 - test[aada8e7e76ba119b]::run_test::{closure#0}
[INFO] [stdout]   17:     0x5ff297079ae4 - std[617be2ca0a6fd877]::sys::backtrace::__rust_begin_short_backtrace::<test[aada8e7e76ba119b]::run_test::{closure#1}, ()>
[INFO] [stdout]   18:     0x5ff297083282 - <std[617be2ca0a6fd877]::thread::lifecycle::spawn_unchecked<test[aada8e7e76ba119b]::run_test::{closure#1}, ()>::{closure#1} as core[a373ad73a504971]::ops::function::FnOnce<()>>::call_once::{shim:vtable#0}
[INFO] [stdout]   19:     0x5ff2970ee27f - <std[617be2ca0a6fd877]::sys::thread::unix::Thread>::new::thread_start
[INFO] [stdout]   20:     0x7a19e2caadfa - <unknown>
[INFO] [stdout]   21:     0x7a19e2d3e3d4 - clone
[INFO] [stdout]   22:                0x0 - <unknown>
[INFO] [stdout] 
[INFO] [stdout] 
[INFO] [stdout] failures:
[INFO] [stdout]     unsupported_macro_forms_fail_to_compile
[INFO] [stdout] 
[INFO] [stdout] test result: FAILED. 1 passed; 1 failed; 0 ignored; 0 measured; 0 filtered out; finished in 13.69s
[INFO] [stdout] 
[INFO] [stderr] error: test failed, to rerun pass `--test ui`
[INFO] running `Command { std: "docker" "inspect" "4fa2b7b6d6838b4cea150a9a4135e1332dd69059cf6519502a24999b4fe9767b", kill_on_drop: false }`
[INFO] running `Command { std: "docker" "rm" "-f" "4fa2b7b6d6838b4cea150a9a4135e1332dd69059cf6519502a24999b4fe9767b", kill_on_drop: false }`
[INFO] [stdout] 4fa2b7b6d6838b4cea150a9a4135e1332dd69059cf6519502a24999b4fe9767b
