[INFO] fetching crate pgdb_to_struct 0.1.3...
[INFO] testing pgdb_to_struct-0.1.3 against 1.99.0-beta.8+cargoflags=--release for beta-release-1.100-3
[INFO] extracting crate pgdb_to_struct 0.1.3 into /workspace/builds/worker-7-tc1/source
[INFO] started tweaking crates.io crate pgdb_to_struct 0.1.3
[INFO] finished tweaking crates.io crate pgdb_to_struct 0.1.3
[INFO] tweaked toml for crates.io crate pgdb_to_struct 0.1.3 written to /workspace/builds/worker-7-tc1/source/Cargo.toml
[INFO] validating manifest of crates.io crate pgdb_to_struct 0.1.3 on toolchain 1.99.0-beta.8
[INFO] running `Command { std: CARGO_HOME="/workspace/cargo-home" RUSTUP_HOME="/workspace/rustup-home" "/workspace/cargo-home/bin/cargo" "+1.99.0-beta.8" "metadata" "--manifest-path" "Cargo.toml" "--no-deps", kill_on_drop: false }`
[INFO] crate crates.io crate pgdb_to_struct 0.1.3 already has a lockfile, it will not be regenerated
[INFO] running `Command { std: CARGO_HOME="/workspace/cargo-home" RUSTUP_HOME="/workspace/rustup-home" "/workspace/cargo-home/bin/cargo" "+1.99.0-beta.8" "fetch" "--manifest-path" "Cargo.toml", kill_on_drop: false }`
[INFO] [stderr]     Updating crates.io index
[INFO] [stderr]  Downloading crates ...
[INFO] [stderr]   Downloaded windows-targets v0.48.2
[INFO] [stderr]   Downloaded uuid v1.4.1
[INFO] [stderr]   Downloaded thiserror-impl v1.0.45
[INFO] [stderr]   Downloaded hermit-abi v0.3.2
[INFO] [stderr]   Downloaded wasm-bindgen-shared v0.2.87
[INFO] [stderr]   Downloaded futures-core v0.3.28
[INFO] [stderr]   Downloaded parking_lot_core v0.9.8
[INFO] [stderr]   Downloaded wasm-bindgen-macro v0.2.87
[INFO] [stderr]   Downloaded wasm-bindgen-macro-support v0.2.87
[INFO] [stderr]   Downloaded cpufeatures v0.2.9
[INFO] [stderr]   Downloaded futures-task v0.3.28
[INFO] [stderr]   Downloaded futures-sink v0.3.28
[INFO] [stderr]   Downloaded futures-io v0.3.28
[INFO] [stderr]   Downloaded sqlx-macros v0.7.1
[INFO] [stderr]   Downloaded app_properties v0.1.2
[INFO] [stderr]   Downloaded tokio-macros v2.1.0
[INFO] [stderr]   Downloaded pin-project-lite v0.2.12
[INFO] [stderr]   Downloaded redox_syscall v0.3.5
[INFO] [stderr]   Downloaded lock_api v0.4.10
[INFO] [stderr]   Downloaded proc-macro2 v1.0.66
[INFO] [stderr]   Downloaded slab v0.4.8
[INFO] [stderr]   Downloaded futures-channel v0.3.28
[INFO] [stderr]   Downloaded stringprep v0.1.3
[INFO] [stderr]   Downloaded signature v2.1.0
[INFO] [stderr]   Downloaded errno v0.3.2
[INFO] [stderr]   Downloaded errno-dragonfly v0.1.2
[INFO] [stderr]   Downloaded fastrand v2.0.0
[INFO] [stderr]   Downloaded unicode-ident v1.0.11
[INFO] [stderr]   Downloaded quote v1.0.32
[INFO] [stderr]   Downloaded socket2 v0.5.3
[INFO] [stderr]   Downloaded smallvec v1.11.0
[INFO] [stderr]   Downloaded addr2line v0.20.0
[INFO] [stderr]   Downloaded tracing-attributes v0.1.26
[INFO] [stderr]   Downloaded wasm-bindgen-backend v0.2.87
[INFO] [stderr]   Downloaded thiserror v1.0.45
[INFO] [stderr]   Downloaded sha2 v0.10.7
[INFO] [stderr]   Downloaded rustls-pemfile v1.0.3
[INFO] [stderr]   Downloaded sct v0.7.0
[INFO] [stderr]   Downloaded ahash v0.8.3
[INFO] [stderr]   Downloaded hashlink v0.8.3
[INFO] [stderr]   Downloaded futures-executor v0.3.28
[INFO] [stderr]   Downloaded pin-project-internal v1.1.3
[INFO] [stderr]   Downloaded bitflags v2.4.0
[INFO] [stderr]   Downloaded zeroize v1.6.0
[INFO] [stderr]   Downloaded sqlx-macros-core v0.7.1
[INFO] [stderr]   Downloaded tempfile v3.7.1
[INFO] [stderr]   Downloaded bytes v1.4.0
[INFO] [stderr]   Downloaded sqlx-sqlite v0.7.1
[INFO] [stderr]   Downloaded indexmap v2.0.0
[INFO] [stderr]   Downloaded getrandom v0.2.10
[INFO] [stderr]   Downloaded pin-project v1.1.3
[INFO] [stderr]   Downloaded sqlx-mysql v0.7.1
[INFO] [stderr]   Downloaded backtrace v0.3.68
[INFO] [stderr]   Downloaded cc v1.0.82
[INFO] [stderr]   Downloaded url v2.4.0
[INFO] [stderr]   Downloaded tracing-core v0.1.31
[INFO] [stderr]   Downloaded js-sys v0.3.64
[INFO] [stderr]   Downloaded serde v1.0.183
[INFO] [stderr]   Downloaded base64 v0.21.2
[INFO] [stderr]   Downloaded num-traits v0.2.16
[INFO] [stderr]   Downloaded flume v0.10.14
[INFO] [stderr]   Downloaded serde_yaml v0.9.25
[INFO] [stderr]   Downloaded unsafe-libyaml v0.2.9
[INFO] [stderr]   Downloaded mio v0.8.8
[INFO] [stderr]   Downloaded sqlx-core v0.7.1
[INFO] [stderr]   Downloaded bumpalo v3.13.0
[INFO] [stderr]   Downloaded sqlx-postgres v0.7.1
[INFO] [stderr]   Downloaded rsa v0.9.2
[INFO] [stderr]   Downloaded libm v0.2.7
[INFO] [stderr]   Downloaded sqlx v0.7.1
[INFO] [stderr]   Downloaded hashbrown v0.14.0
[INFO] [stderr]   Downloaded serde_json v1.0.104
[INFO] [stderr]   Downloaded rustls-webpki v0.101.3
[INFO] [stderr]   Downloaded wasm-bindgen v0.2.87
[INFO] [stderr]   Downloaded futures-util v0.3.28
[INFO] [stderr]   Downloaded syn v2.0.28
[INFO] [stderr]   Downloaded webpki-roots v0.24.0
[INFO] [stderr]   Downloaded object v0.31.1
[INFO] [stderr]   Downloaded gimli v0.27.3
[INFO] [stderr]   Downloaded rustls v0.21.6
[INFO] [stderr]   Downloaded windows_x86_64_gnullvm v0.48.2
[INFO] [stderr]   Downloaded rustix v0.38.8
[INFO] [stderr]   Downloaded serde_derive v1.0.183
[INFO] [stderr]   Downloaded windows_aarch64_gnullvm v0.48.2
[INFO] [stderr]   Downloaded tokio v1.31.0
[INFO] [stderr]   Downloaded windows_x86_64_msvc v0.48.2
[INFO] [stderr]   Downloaded windows_aarch64_msvc v0.48.2
[INFO] [stderr]   Downloaded web-sys v0.3.64
[INFO] [stderr]   Downloaded windows_x86_64_gnu v0.48.2
[INFO] [stderr]   Downloaded windows_i686_msvc v0.48.2
[INFO] [stderr]   Downloaded windows_i686_gnu v0.48.2
[INFO] [stderr]   Downloaded linux-raw-sys v0.4.5
[INFO] running `Command { std: "docker" "create" "-v" "/var/lib/crater-agent-workspace/builds/worker-7-tc1/source:/opt/rustwide/workdir:ro,Z" "-v" "/var/lib/crater-agent-workspace/builds/worker-7-tc1/target:/opt/rustwide/target:rw,Z" "-v" "/var/lib/crater-agent-workspace/cargo-home:/opt/rustwide/cargo-home:ro,Z" "-v" "/var/lib/crater-agent-workspace/rustup-home:/opt/rustwide/rustup-home:ro,Z" "-m" "1610612736" "--network" "none" "ghcr.io/rust-lang/crates-build-env/linux@sha256:77db811e55d90add9212f6832c23229e3de5f1c1f9905e8cb07319ea15df73ac" "sleep" "infinity", kill_on_drop: false }`
[INFO] [stdout] 631132566e7d971ad405dd609d12d7a11d5471c204c7d7cdac8bb26d4c5a45af
[INFO] running `Command { std: "docker" "start" "631132566e7d971ad405dd609d12d7a11d5471c204c7d7cdac8bb26d4c5a45af", kill_on_drop: false }`
[INFO] running `Command { std: "docker" "inspect" "631132566e7d971ad405dd609d12d7a11d5471c204c7d7cdac8bb26d4c5a45af", kill_on_drop: false }`
[INFO] running `Command { std: "docker" "exec" "-e" "SOURCE_DIR=/opt/rustwide/workdir" "-e" "CARGO_HOME=/opt/rustwide/cargo-home" "-e" "RUSTUP_HOME=/opt/rustwide/rustup-home" "-e" "CARGO_TARGET_DIR=/opt/rustwide/target" "-w" "/opt/rustwide/workdir" "--user" "0:0" "631132566e7d971ad405dd609d12d7a11d5471c204c7d7cdac8bb26d4c5a45af" "/opt/rustwide/cargo-home/bin/cargo" "+1.99.0-beta.8" "metadata" "--no-deps" "--format-version=1", kill_on_drop: false }`
[INFO] running `Command { std: "docker" "inspect" "631132566e7d971ad405dd609d12d7a11d5471c204c7d7cdac8bb26d4c5a45af", kill_on_drop: false }`
[INFO] running `Command { std: "docker" "exec" "-e" "SOURCE_DIR=/opt/rustwide/workdir" "-e" "CARGO_HOME=/opt/rustwide/cargo-home" "-e" "RUSTUP_HOME=/opt/rustwide/rustup-home" "-e" "CARGO_TARGET_DIR=/opt/rustwide/target" "-e" "CARGO_INCREMENTAL=0" "-e" "RUST_BACKTRACE=full" "-e" "RUSTFLAGS=--cap-lints=warn" "-e" "RUSTDOCFLAGS=--cap-lints=warn" "-w" "/opt/rustwide/workdir" "--user" "0:0" "631132566e7d971ad405dd609d12d7a11d5471c204c7d7cdac8bb26d4c5a45af" "/opt/rustwide/cargo-home/bin/cargo" "+1.99.0-beta.8" "build" "--frozen" "--message-format=json" "--release", kill_on_drop: false }`
[INFO] [stderr]    Compiling libc v0.2.147
[INFO] [stderr]    Compiling typenum v1.16.0
[INFO] [stderr]    Compiling serde v1.0.183
[INFO] [stderr]    Compiling proc-macro2 v1.0.66
[INFO] [stderr]    Compiling unicode-ident v1.0.11
[INFO] [stderr]    Compiling futures-core v0.3.28
[INFO] [stderr]    Compiling serde_derive v1.0.183
[INFO] [stderr]    Compiling memchr v2.5.0
[INFO] [stderr]    Compiling parking_lot_core v0.9.8
[INFO] [stderr]    Compiling ahash v0.8.3
[INFO] [stderr]    Compiling lock_api v0.4.10
[INFO] [stderr]    Compiling slab v0.4.8
[INFO] [stderr]    Compiling num-traits v0.2.16
[INFO] [stderr]    Compiling futures-task v0.3.28
[INFO] [stderr]    Compiling thiserror v1.0.45
[INFO] [stderr]    Compiling futures-channel v0.3.28
[INFO] [stderr]    Compiling futures-util v0.3.28
[INFO] [stderr]    Compiling rustls v0.21.6
[INFO] [stderr]    Compiling serde_json v1.0.104
[INFO] [stderr]    Compiling spin v0.5.2
[INFO] [stderr]    Compiling untrusted v0.7.1
[INFO] [stderr]    Compiling pin-project-lite v0.2.12
[INFO] [stderr]    Compiling smallvec v1.11.0
[INFO] [stderr]    Compiling cpufeatures v0.2.9
[INFO] [stderr]    Compiling futures-sink v0.3.28
[INFO] [stderr]    Compiling bytes v1.4.0
[INFO] [stderr]    Compiling tracing-core v0.1.31
[INFO] [stderr]    Compiling crc-catalog v2.2.0
[INFO] [stderr]    Compiling rustix v0.38.8
[INFO] [stderr]    Compiling base64 v0.21.2
[INFO] [stderr]    Compiling bitflags v2.4.0
[INFO] [stderr]    Compiling futures-io v0.3.28
[INFO] [stderr]    Compiling crc v3.0.1
[INFO] [stderr]    Compiling url v2.4.0
[INFO] [stderr]    Compiling rustls-pemfile v1.0.3
[INFO] [stderr]    Compiling byteorder v1.4.3
[INFO] [stderr]    Compiling linux-raw-sys v0.4.5
[INFO] [stderr]    Compiling uuid v1.4.1
[INFO] [stderr]    Compiling cc v1.0.82
[INFO] [stderr]    Compiling quote v1.0.32
[INFO] [stderr]    Compiling generic-array v0.14.7
[INFO] [stderr]    Compiling getrandom v0.2.10
[INFO] [stderr]    Compiling socket2 v0.5.3
[INFO] [stderr]    Compiling syn v2.0.28
[INFO] [stderr]    Compiling hashbrown v0.14.0
[INFO] [stderr]    Compiling mio v0.8.8
[INFO] [stderr]    Compiling parking_lot v0.12.1
[INFO] [stderr]    Compiling rand_core v0.6.4
[INFO] [stderr]    Compiling crypto-common v0.1.6
[INFO] [stderr]    Compiling block-buffer v0.10.4
[INFO] [stderr]    Compiling digest v0.10.7
[INFO] [stderr]    Compiling nom v7.1.3
[INFO] [stderr]    Compiling rand_chacha v0.3.1
[INFO] [stderr]    Compiling futures-intrusive v0.5.0
[INFO] [stderr]    Compiling atoi v2.0.0
[INFO] [stderr]    Compiling num_cpus v1.16.0
[INFO] [stderr]    Compiling tokio v1.31.0
[INFO] [stderr]    Compiling hmac v0.12.1
[INFO] [stderr]    Compiling sha2 v0.10.7
[INFO] [stderr]    Compiling signal-hook-registry v1.4.1
[INFO] [stderr]    Compiling hashlink v0.8.3
[INFO] [stderr]    Compiling ring v0.16.20
[INFO] [stderr]    Compiling indexmap v2.0.0
[INFO] [stderr]    Compiling hkdf v0.12.3
[INFO] [stderr]    Compiling md-5 v0.10.5
[INFO] [stderr]    Compiling sha1 v0.10.5
[INFO] [stderr]    Compiling rand v0.8.5
[INFO] [stderr]    Compiling stringprep v0.1.3
[INFO] [stderr]    Compiling fastrand v2.0.0
[INFO] [stderr]    Compiling either v1.9.0
[INFO] [stderr]    Compiling itertools v0.10.5
[INFO] [stderr]    Compiling syn v1.0.109
[INFO] [stderr]    Compiling tempfile v3.7.1
[INFO] [stderr]    Compiling rustls-webpki v0.101.3
[INFO] [stderr]    Compiling sct v0.7.0
[INFO] [stderr]    Compiling webpki-roots v0.24.0
[INFO] [stderr]    Compiling unsafe-libyaml v0.2.9
[INFO] [stderr]    Compiling sqlformat v0.2.1
[INFO] [stderr]    Compiling tokio-stream v0.1.14
[INFO] [stderr]    Compiling tracing-attributes v0.1.26
[INFO] [stderr]    Compiling thiserror-impl v1.0.45
[INFO] [stderr]    Compiling tokio-macros v2.1.0
[INFO] [stderr]    Compiling serde_yaml v0.9.25
[INFO] [stderr]    Compiling tracing v0.1.37
[INFO] [stderr]    Compiling app_properties v0.1.2
[INFO] [stderr]    Compiling sqlx-core v0.7.1
[INFO] [stderr]    Compiling sqlx-postgres v0.7.1
[INFO] [stderr]    Compiling sqlx-macros-core v0.7.1
[INFO] [stderr]    Compiling sqlx-macros v0.7.1
[INFO] [stderr]    Compiling sqlx v0.7.1
[INFO] [stderr]    Compiling pgdb_to_struct v0.1.3 (/opt/rustwide/workdir)
[INFO] [stderr]     Finished `release` profile [optimized] target(s) in 1m 51s
[INFO] [stderr] warning: the following packages contain code that will be rejected by a future version of Rust: sqlx-postgres v0.7.1
[INFO] [stderr] note: to see what the problems were, use the option `--future-incompat-report`, or run `cargo report future-incompatibilities --id 6`
[INFO] running `Command { std: "docker" "inspect" "631132566e7d971ad405dd609d12d7a11d5471c204c7d7cdac8bb26d4c5a45af", kill_on_drop: false }`
[INFO] running `Command { std: "docker" "exec" "-e" "SOURCE_DIR=/opt/rustwide/workdir" "-e" "CARGO_HOME=/opt/rustwide/cargo-home" "-e" "RUSTUP_HOME=/opt/rustwide/rustup-home" "-e" "CARGO_TARGET_DIR=/opt/rustwide/target" "-e" "CARGO_INCREMENTAL=0" "-e" "RUST_BACKTRACE=full" "-e" "RUSTFLAGS=--cap-lints=warn" "-e" "RUSTDOCFLAGS=--cap-lints=warn" "-w" "/opt/rustwide/workdir" "--user" "0:0" "631132566e7d971ad405dd609d12d7a11d5471c204c7d7cdac8bb26d4c5a45af" "/opt/rustwide/cargo-home/bin/cargo" "+1.99.0-beta.8" "test" "--frozen" "--no-run" "--message-format=json" "--release", kill_on_drop: false }`
[INFO] [stderr]    Compiling pgdb_to_struct v0.1.3 (/opt/rustwide/workdir)
[INFO] [stderr]     Finished `release` profile [optimized] target(s) in 2.31s
[INFO] [stderr] warning: the following packages contain code that will be rejected by a future version of Rust: sqlx-postgres v0.7.1
[INFO] [stderr] note: to see what the problems were, use the option `--future-incompat-report`, or run `cargo report future-incompatibilities --id 6`
[INFO] running `Command { std: "docker" "inspect" "631132566e7d971ad405dd609d12d7a11d5471c204c7d7cdac8bb26d4c5a45af", kill_on_drop: false }`
[INFO] running `Command { std: "docker" "exec" "-e" "SOURCE_DIR=/opt/rustwide/workdir" "-e" "CARGO_HOME=/opt/rustwide/cargo-home" "-e" "RUSTUP_HOME=/opt/rustwide/rustup-home" "-e" "CARGO_TARGET_DIR=/opt/rustwide/target" "-e" "CARGO_INCREMENTAL=0" "-e" "RUST_BACKTRACE=full" "-e" "RUSTFLAGS=--cap-lints=warn" "-e" "RUSTDOCFLAGS=--cap-lints=warn" "-w" "/opt/rustwide/workdir" "--user" "0:0" "631132566e7d971ad405dd609d12d7a11d5471c204c7d7cdac8bb26d4c5a45af" "/opt/rustwide/cargo-home/bin/cargo" "+1.99.0-beta.8" "test" "--frozen" "--release", kill_on_drop: false }`
[INFO] [stderr]     Finished `release` profile [optimized] target(s) in 0.35s
[INFO] [stderr] warning: the following packages contain code that will be rejected by a future version of Rust: sqlx-postgres v0.7.1
[INFO] [stderr] note: to see what the problems were, use the option `--future-incompat-report`, or run `cargo report future-incompatibilities --id 6`
[INFO] [stderr]      Running unittests src/main.rs (/opt/rustwide/target/release/deps/pgdb_to_struct-caacb0f16b0c17bf)
[INFO] [stdout] 
[INFO] [stdout] running 6 tests
[INFO] [stdout] test test::snake_to_camel_test ... ok
[INFO] [stdout] test test::to_rust_type_test ... ok
[INFO] [stdout] test test::parse_table_name_test ... ok
[INFO] [stdout] test test::gen_struct_test ... ok
[INFO] [stdout] test test::gen_struct_with_serde_test ... ok
[INFO] [stdout] test test::create_delete_gen_folder_test ... FAILED
[INFO] [stdout] 
[INFO] [stdout] failures:
[INFO] [stdout] 
[INFO] [stdout] ---- test::create_delete_gen_folder_test stdout ----
[INFO] [stdout] 
[INFO] [stdout] thread 'test::create_delete_gen_folder_test' (2950) panicked at src/main.rs:165:33:
[INFO] [stdout] called `Result::unwrap()` on an `Err` value: Os { code: 30, kind: ReadOnlyFilesystem, message: "Read-only file system" }
[INFO] [stdout] stack backtrace:
[INFO] [stdout]    0:     0x6519bc0334f1 - <<std[70759c8f55707aa4]::sys::backtrace::BacktraceLock>::print::DisplayBacktrace as core[df12db4294e9bfd3]::fmt::Display>::fmt
[INFO] [stdout]    1:     0x6519bc04795a - core[df12db4294e9bfd3]::fmt::write
[INFO] [stdout]    2:     0x6519bc037bec - <alloc[2182bb758b4b3781]::vec::Vec<u8> as core[df12db4294e9bfd3]::io::write::Write>::write_fmt
[INFO] [stdout]    3:     0x6519bc00eac6 - std[70759c8f55707aa4]::panicking::default_hook::{closure#0}
[INFO] [stdout]    4:     0x6519bc02b589 - std[70759c8f55707aa4]::panicking::default_hook
[INFO] [stdout]    5:     0x6519bbfc6e80 - test[9d35eded1c95d3be]::test_main_inner::<test[9d35eded1c95d3be]::test_main_static::{closure#0}>::{closure#0}
[INFO] [stdout]    6:     0x6519bc02b742 - std[70759c8f55707aa4]::panicking::panic_with_hook
[INFO] [stdout]    7:     0x6519bc00eb72 - std[70759c8f55707aa4]::panicking::panic_handler::{closure#0}
[INFO] [stdout]    8:     0x6519bc0077d9 - std[70759c8f55707aa4]::sys::backtrace::__rust_end_short_backtrace::<std[70759c8f55707aa4]::panicking::panic_handler::{closure#0}, !>
[INFO] [stdout]    9:     0x6519bc00f76d - __rustc[8fa7c3cbc660c2b3]::rust_begin_unwind
[INFO] [stdout]   10:     0x6519bc04808c - core[df12db4294e9bfd3]::panicking::panic_fmt
[INFO] [stdout]   11:     0x6519bc047e62 - core[df12db4294e9bfd3]::result::unwrap_failed
[INFO] [stdout]   12:     0x6519bbfb7ffc - pgdb_to_struct[615b5cd4031d71ed]::prepare_gen_folder
[INFO] [stdout]   13:     0x6519bbfb9fed - pgdb_to_struct[615b5cd4031d71ed]::test::create_delete_gen_folder_test
[INFO] [stdout]   14:     0x6519bbfb8139 - <pgdb_to_struct[615b5cd4031d71ed]::test::create_delete_gen_folder_test::{closure#0} as core[df12db4294e9bfd3]::ops::function::FnOnce<()>>::call_once
[INFO] [stdout]   15:     0x6519bbfba16b - test[9d35eded1c95d3be]::__rust_begin_short_backtrace::<core[df12db4294e9bfd3]::result::Result<(), alloc[2182bb758b4b3781]::string::String>, fn() -> core[df12db4294e9bfd3]::result::Result<(), alloc[2182bb758b4b3781]::string::String>>
[INFO] [stdout]   16:     0x6519bbfc77d5 - test[9d35eded1c95d3be]::run_test::{closure#0}
[INFO] [stdout]   17:     0x6519bbfc1094 - std[70759c8f55707aa4]::sys::backtrace::__rust_begin_short_backtrace::<test[9d35eded1c95d3be]::run_test::{closure#1}, ()>
[INFO] [stdout]   18:     0x6519bbfca932 - <std[70759c8f55707aa4]::thread::lifecycle::spawn_unchecked<test[9d35eded1c95d3be]::run_test::{closure#1}, ()>::{closure#1} as core[df12db4294e9bfd3]::ops::function::FnOnce<()>>::call_once::{shim:vtable#0}
[INFO] [stdout]   19:     0x6519bc032dc9 - <std[70759c8f55707aa4]::sys::thread::unix::Thread>::new::thread_start
[INFO] [stdout]   20:     0x71f09353edfa - <unknown>
[INFO] [stdout]   21:     0x71f0935d23d4 - clone
[INFO] [stdout]   22:                0x0 - <unknown>
[INFO] [stdout] 
[INFO] [stdout] 
[INFO] [stdout] failures:
[INFO] [stdout]     test::create_delete_gen_folder_test
[INFO] [stdout] 
[INFO] [stdout] test result: FAILED. 5 passed; 1 failed; 0 ignored; 0 measured; 0 filtered out; finished in 0.00s
[INFO] [stdout] 
[INFO] [stderr] error: test failed, to rerun pass `--bin pgdb_to_struct`
[INFO] running `Command { std: "docker" "inspect" "631132566e7d971ad405dd609d12d7a11d5471c204c7d7cdac8bb26d4c5a45af", kill_on_drop: false }`
[INFO] running `Command { std: "docker" "rm" "-f" "631132566e7d971ad405dd609d12d7a11d5471c204c7d7cdac8bb26d4c5a45af", kill_on_drop: false }`
[INFO] [stdout] 631132566e7d971ad405dd609d12d7a11d5471c204c7d7cdac8bb26d4c5a45af
