[INFO] fetching crate pakka 0.0.5...
[INFO] testing pakka-0.0.5 against 1.100.0-beta.1+cargoflags=--release for beta-release-1.100-3
[INFO] extracting crate pakka 0.0.5 into /workspace/builds/worker-0-tc2/source
[INFO] started tweaking crates.io crate pakka 0.0.5
[INFO] finished tweaking crates.io crate pakka 0.0.5
[INFO] tweaked toml for crates.io crate pakka 0.0.5 written to /workspace/builds/worker-0-tc2/source/Cargo.toml
[INFO] validating manifest of crates.io crate pakka 0.0.5 on toolchain 1.100.0-beta.1
[INFO] running `Command { std: CARGO_HOME="/workspace/cargo-home" RUSTUP_HOME="/workspace/rustup-home" "/workspace/cargo-home/bin/cargo" "+1.100.0-beta.1" "metadata" "--manifest-path" "Cargo.toml" "--no-deps", kill_on_drop: false }`
[INFO] crate crates.io crate pakka 0.0.5 already has a lockfile, it will not be regenerated
[INFO] running `Command { std: CARGO_HOME="/workspace/cargo-home" RUSTUP_HOME="/workspace/rustup-home" "/workspace/cargo-home/bin/cargo" "+1.100.0-beta.1" "fetch" "--manifest-path" "Cargo.toml", kill_on_drop: false }`
[INFO] [stderr] warning: `package.homepage` is redundant with `package.repository`
[INFO] [stderr]   --> Cargo.toml:52:12
[INFO] [stderr]    |
[INFO] [stderr] 52 | homepage = "https://github.com/kruserr/pakka"
[INFO] [stderr]    |            ^^^^^^^^^^^^^^^^^^^^^^^^^^^^^^^^^^
[INFO] [stderr] ...
[INFO] [stderr] 57 | repository = "https://github.com/kruserr/pakka"
[INFO] [stderr]    |              ----------------------------------
[INFO] [stderr]    |
[INFO] [stderr]    = note: `cargo::redundant_homepage` is set to `warn` by default
[INFO] [stderr] help: consider removing `package.homepage`
[INFO] [stderr] warning: `pakka` (manifest) generated 1 warning
[INFO] running `Command { std: "docker" "create" "-v" "/var/lib/crater-agent-workspace/builds/worker-0-tc2/source:/opt/rustwide/workdir:ro,Z" "-v" "/var/lib/crater-agent-workspace/builds/worker-0-tc2/target:/opt/rustwide/target:rw,Z" "-v" "/var/lib/crater-agent-workspace/cargo-home:/opt/rustwide/cargo-home:ro,Z" "-v" "/var/lib/crater-agent-workspace/rustup-home:/opt/rustwide/rustup-home:ro,Z" "-m" "1610612736" "--network" "none" "ghcr.io/rust-lang/crates-build-env/linux@sha256:77db811e55d90add9212f6832c23229e3de5f1c1f9905e8cb07319ea15df73ac" "sleep" "infinity", kill_on_drop: false }`
[INFO] [stdout] 662668ea492528f4767b08026537b2ea1d6a1550fe3fdde6cf30d49560468267
[INFO] running `Command { std: "docker" "start" "662668ea492528f4767b08026537b2ea1d6a1550fe3fdde6cf30d49560468267", kill_on_drop: false }`
[INFO] running `Command { std: "docker" "inspect" "662668ea492528f4767b08026537b2ea1d6a1550fe3fdde6cf30d49560468267", kill_on_drop: false }`
[INFO] running `Command { std: "docker" "exec" "-e" "SOURCE_DIR=/opt/rustwide/workdir" "-e" "CARGO_HOME=/opt/rustwide/cargo-home" "-e" "RUSTUP_HOME=/opt/rustwide/rustup-home" "-e" "CARGO_TARGET_DIR=/opt/rustwide/target" "-w" "/opt/rustwide/workdir" "--user" "0:0" "662668ea492528f4767b08026537b2ea1d6a1550fe3fdde6cf30d49560468267" "/opt/rustwide/cargo-home/bin/cargo" "+1.100.0-beta.1" "metadata" "--no-deps" "--format-version=1", kill_on_drop: false }`
[INFO] running `Command { std: "docker" "inspect" "662668ea492528f4767b08026537b2ea1d6a1550fe3fdde6cf30d49560468267", kill_on_drop: false }`
[INFO] running `Command { std: "docker" "exec" "-e" "SOURCE_DIR=/opt/rustwide/workdir" "-e" "CARGO_HOME=/opt/rustwide/cargo-home" "-e" "RUSTUP_HOME=/opt/rustwide/rustup-home" "-e" "CARGO_TARGET_DIR=/opt/rustwide/target" "-e" "CARGO_INCREMENTAL=0" "-e" "RUST_BACKTRACE=full" "-e" "RUSTFLAGS=--cap-lints=warn" "-e" "RUSTDOCFLAGS=--cap-lints=warn" "-w" "/opt/rustwide/workdir" "--user" "0:0" "662668ea492528f4767b08026537b2ea1d6a1550fe3fdde6cf30d49560468267" "/opt/rustwide/cargo-home/bin/cargo" "+1.100.0-beta.1" "build" "--frozen" "--message-format=json" "--release", kill_on_drop: false }`
[INFO] [stderr] warning: `package.homepage` is redundant with `package.repository`
[INFO] [stderr]   --> Cargo.toml:52:12
[INFO] [stderr]    |
[INFO] [stderr] 52 | homepage = "https://github.com/kruserr/pakka"
[INFO] [stderr]    |            ^^^^^^^^^^^^^^^^^^^^^^^^^^^^^^^^^^
[INFO] [stderr] ...
[INFO] [stderr] 57 | repository = "https://github.com/kruserr/pakka"
[INFO] [stderr]    |              ----------------------------------
[INFO] [stderr]    |
[INFO] [stderr]    = note: `cargo::redundant_homepage` is set to `warn` by default
[INFO] [stderr] help: consider removing `package.homepage`
[INFO] [stderr] warning: `pakka` (manifest) generated 1 warning
[INFO] [stderr]    Compiling proc-macro2 v1.0.89
[INFO] [stderr]    Compiling unicode-ident v1.0.13
[INFO] [stderr]    Compiling autocfg v1.4.0
[INFO] [stderr]    Compiling utf8parse v0.2.2
[INFO] [stderr]    Compiling serde v1.0.214
[INFO] [stderr]    Compiling colorchoice v1.0.3
[INFO] [stderr]    Compiling anstyle-query v1.1.2
[INFO] [stderr]    Compiling is_terminal_polyfill v1.70.1
[INFO] [stderr]    Compiling anstyle v1.0.10
[INFO] [stderr]    Compiling serde_json v1.0.132
[INFO] [stderr]    Compiling strsim v0.11.1
[INFO] [stderr]    Compiling clap_lex v0.7.2
[INFO] [stderr]    Compiling itoa v1.0.11
[INFO] [stderr]    Compiling iana-time-zone v0.1.61
[INFO] [stderr]    Compiling pakka v0.0.5 (/opt/rustwide/workdir)
[INFO] [stderr]    Compiling memchr v2.7.4
[INFO] [stderr]    Compiling anstyle-parse v0.2.6
[INFO] [stderr]    Compiling ryu v1.0.18
[INFO] [stderr]    Compiling once_cell v1.20.2
[INFO] [stderr]    Compiling anstream v0.6.17
[INFO] [stderr]    Compiling num-traits v0.2.19
[INFO] [stderr]    Compiling clap_builder v4.5.20
[INFO] [stderr]    Compiling quote v1.0.37
[INFO] [stderr]    Compiling syn v2.0.86
[INFO] [stderr]    Compiling chrono v0.4.38
[INFO] [stderr]    Compiling serde_derive v1.0.214
[INFO] [stderr]    Compiling clap v4.5.20
[INFO] [stderr]     Finished `release` profile [optimized] target(s) in 26.44s
[INFO] running `Command { std: "docker" "inspect" "662668ea492528f4767b08026537b2ea1d6a1550fe3fdde6cf30d49560468267", kill_on_drop: false }`
[INFO] running `Command { std: "docker" "exec" "-e" "SOURCE_DIR=/opt/rustwide/workdir" "-e" "CARGO_HOME=/opt/rustwide/cargo-home" "-e" "RUSTUP_HOME=/opt/rustwide/rustup-home" "-e" "CARGO_TARGET_DIR=/opt/rustwide/target" "-e" "CARGO_INCREMENTAL=0" "-e" "RUST_BACKTRACE=full" "-e" "RUSTFLAGS=--cap-lints=warn" "-e" "RUSTDOCFLAGS=--cap-lints=warn" "-w" "/opt/rustwide/workdir" "--user" "0:0" "662668ea492528f4767b08026537b2ea1d6a1550fe3fdde6cf30d49560468267" "/opt/rustwide/cargo-home/bin/cargo" "+1.100.0-beta.1" "test" "--frozen" "--no-run" "--message-format=json" "--release", kill_on_drop: false }`
[INFO] [stderr] warning: `package.homepage` is redundant with `package.repository`
[INFO] [stderr]   --> Cargo.toml:52:12
[INFO] [stderr]    |
[INFO] [stderr] 52 | homepage = "https://github.com/kruserr/pakka"
[INFO] [stderr]    |            ^^^^^^^^^^^^^^^^^^^^^^^^^^^^^^^^^^
[INFO] [stderr] ...
[INFO] [stderr] 57 | repository = "https://github.com/kruserr/pakka"
[INFO] [stderr]    |              ----------------------------------
[INFO] [stderr]    |
[INFO] [stderr]    = note: `cargo::redundant_homepage` is set to `warn` by default
[INFO] [stderr] help: consider removing `package.homepage`
[INFO] [stderr] warning: `pakka` (manifest) generated 1 warning
[INFO] [stderr]    Compiling memchr v2.7.4
[INFO] [stderr]    Compiling anstyle v1.0.10
[INFO] [stderr]    Compiling utf8parse v0.2.2
[INFO] [stderr]    Compiling regex-syntax v0.8.5
[INFO] [stderr]    Compiling libc v0.2.161
[INFO] [stderr]    Compiling colorchoice v1.0.3
[INFO] [stderr]    Compiling anstyle-query v1.1.2
[INFO] [stderr]    Compiling is_terminal_polyfill v1.70.1
[INFO] [stderr]    Compiling predicates-core v1.0.8
[INFO] [stderr]    Compiling strsim v0.11.1
[INFO] [stderr]    Compiling clap_lex v0.7.2
[INFO] [stderr]    Compiling doc-comment v0.3.3
[INFO] [stderr]    Compiling ryu v1.0.18
[INFO] [stderr]    Compiling assert_cmd v2.0.16
[INFO] [stderr]    Compiling num-traits v0.2.19
[INFO] [stderr]    Compiling serde v1.0.214
[INFO] [stderr]    Compiling anstyle-parse v0.2.6
[INFO] [stderr]    Compiling difflib v0.4.0
[INFO] [stderr]    Compiling normalize-line-endings v0.3.0
[INFO] [stderr]    Compiling itoa v1.0.11
[INFO] [stderr]    Compiling termtree v0.4.1
[INFO] [stderr]    Compiling iana-time-zone v0.1.61
[INFO] [stderr]    Compiling once_cell v1.20.2
[INFO] [stderr]    Compiling predicates-tree v1.0.11
[INFO] [stderr]    Compiling anstream v0.6.17
[INFO] [stderr]    Compiling aho-corasick v1.1.3
[INFO] [stderr]    Compiling clap_builder v4.5.20
[INFO] [stderr]    Compiling wait-timeout v0.2.0
[INFO] [stderr]    Compiling float-cmp v0.9.0
[INFO] [stderr]    Compiling chrono v0.4.38
[INFO] [stderr]    Compiling regex-automata v0.4.8
[INFO] [stderr]    Compiling clap v4.5.20
[INFO] [stderr]    Compiling serde_json v1.0.132
[INFO] [stderr]    Compiling pakka v0.0.5 (/opt/rustwide/workdir)
[INFO] [stderr]    Compiling regex v1.11.1
[INFO] [stderr]    Compiling bstr v1.10.0
[INFO] [stderr]    Compiling predicates v3.1.2
[INFO] [stderr]     Finished `release` profile [optimized] target(s) in 34.58s
[INFO] running `Command { std: "docker" "inspect" "662668ea492528f4767b08026537b2ea1d6a1550fe3fdde6cf30d49560468267", kill_on_drop: false }`
[INFO] running `Command { std: "docker" "exec" "-e" "SOURCE_DIR=/opt/rustwide/workdir" "-e" "CARGO_HOME=/opt/rustwide/cargo-home" "-e" "RUSTUP_HOME=/opt/rustwide/rustup-home" "-e" "CARGO_TARGET_DIR=/opt/rustwide/target" "-e" "CARGO_INCREMENTAL=0" "-e" "RUST_BACKTRACE=full" "-e" "RUSTFLAGS=--cap-lints=warn" "-e" "RUSTDOCFLAGS=--cap-lints=warn" "-w" "/opt/rustwide/workdir" "--user" "0:0" "662668ea492528f4767b08026537b2ea1d6a1550fe3fdde6cf30d49560468267" "/opt/rustwide/cargo-home/bin/cargo" "+1.100.0-beta.1" "test" "--frozen" "--release", kill_on_drop: false }`
[INFO] [stderr] warning: `package.homepage` is redundant with `package.repository`
[INFO] [stderr]   --> Cargo.toml:52:12
[INFO] [stderr]    |
[INFO] [stderr] 52 | homepage = "https://github.com/kruserr/pakka"
[INFO] [stderr]    |            ^^^^^^^^^^^^^^^^^^^^^^^^^^^^^^^^^^
[INFO] [stderr] ...
[INFO] [stderr] 57 | repository = "https://github.com/kruserr/pakka"
[INFO] [stderr]    |              ----------------------------------
[INFO] [stderr]    |
[INFO] [stderr]    = note: `cargo::redundant_homepage` is set to `warn` by default
[INFO] [stderr] help: consider removing `package.homepage`
[INFO] [stderr] warning: `pakka` (manifest) generated 1 warning
[INFO] [stderr]     Finished `release` profile [optimized] target(s) in 0.08s
[INFO] [stderr]      Running unittests src/lib.rs (/opt/rustwide/target/release/build/pakka/9b43fd6010db86d4/out/pakka-9b43fd6010db86d4)
[INFO] [stdout] 
[INFO] [stdout] running 0 tests
[INFO] [stdout] 
[INFO] [stdout] test result: ok. 0 passed; 0 failed; 0 ignored; 0 measured; 0 filtered out; finished in 0.00s
[INFO] [stdout] 
[INFO] [stderr]      Running unittests src/main.rs (/opt/rustwide/target/release/build/pakka/ff96ce649654967f/out/pakka-ff96ce649654967f)
[INFO] [stdout] 
[INFO] [stdout] running 1 test
[INFO] [stdout] test cli_main_smoke_test ... FAILED
[INFO] [stdout] 
[INFO] [stdout] failures:
[INFO] [stdout] 
[INFO] [stdout] ---- cli_main_smoke_test stdout ----
[INFO] [stdout] 
[INFO] [stdout] thread 'cli_main_smoke_test' (959) panicked at src/main.rs:13:72:
[INFO] [stdout] called `Result::unwrap()` on an `Err` value: CargoError { cause: Some(NotFoundError { path: "/opt/rustwide/target/release/build/pakka/ff96ce649654967f/out/pakka" }) }
[INFO] [stdout] stack backtrace:
[INFO] [stdout]    0:     0x5ab468180f97 - <unknown>
[INFO] [stdout]    1:     0x5ab46816656a - <unknown>
[INFO] [stdout]    2:     0x5ab46818054b - <unknown>
[INFO] [stdout]    3:     0x5ab46818002f - <unknown>
[INFO] [stdout]    4:     0x5ab46817fc5a - <unknown>
[INFO] [stdout]    5:     0x5ab46817f795 - <unknown>
[INFO] [stdout]    6:     0x5ab4681a6541 - <unknown>
[INFO] [stdout]    7:     0x5ab4681a64f9 - <unknown>
[INFO] [stdout]    8:     0x5ab4681a69fc - <unknown>
[INFO] [stdout]    9:     0x5ab4681663fb - <unknown>
[INFO] [stdout]   10:     0x5ab468169711 - <unknown>
[INFO] [stdout]   11:     0x5ab46815cb1e - <unknown>
[INFO] [stdout]   12:     0x5ab4681c1f4b - <unknown>
[INFO] [stdout]   13:     0x5ab4681bd9e0 - <unknown>
[INFO] [stdout]   14:     0x5ab4681bd10c - <unknown>
[INFO] [stdout]   15:     0x5ab4681dce3c - <unknown>
[INFO] [stdout]   16:     0x5ab4681a85d4 - <unknown>
[INFO] [stdout]   17:     0x765d7acbbdfa - <unknown>
[INFO] [stdout]   18:     0x765d7ad4f3d4 - clone
[INFO] [stdout]   19:                0x0 - <unknown>
[INFO] [stdout] 
[INFO] [stdout] 
[INFO] [stdout] failures:
[INFO] [stdout]     cli_main_smoke_test
[INFO] [stdout] 
[INFO] [stdout] test result: FAILED. 0 passed; 1 failed; 0 ignored; 0 measured; 0 filtered out; finished in 0.00s
[INFO] [stdout] 
[INFO] [stderr] error: test failed, to rerun pass `--bin pakka`
[INFO] running `Command { std: "docker" "inspect" "662668ea492528f4767b08026537b2ea1d6a1550fe3fdde6cf30d49560468267", kill_on_drop: false }`
[INFO] running `Command { std: "docker" "rm" "-f" "662668ea492528f4767b08026537b2ea1d6a1550fe3fdde6cf30d49560468267", kill_on_drop: false }`
[INFO] [stdout] 662668ea492528f4767b08026537b2ea1d6a1550fe3fdde6cf30d49560468267
