[INFO] fetching crate oxide-auth-db 0.3.0...
[INFO] testing oxide-auth-db-0.3.0 against 1.99.0-beta.8+cargoflags=--release for beta-release-1.100-3
[INFO] extracting crate oxide-auth-db 0.3.0 into /workspace/builds/worker-2-tc1/source
[INFO] started tweaking crates.io crate oxide-auth-db 0.3.0
[INFO] finished tweaking crates.io crate oxide-auth-db 0.3.0
[INFO] tweaked toml for crates.io crate oxide-auth-db 0.3.0 written to /workspace/builds/worker-2-tc1/source/Cargo.toml
[INFO] validating manifest of crates.io crate oxide-auth-db 0.3.0 on toolchain 1.99.0-beta.8
[INFO] running `Command { std: CARGO_HOME="/workspace/cargo-home" RUSTUP_HOME="/workspace/rustup-home" "/workspace/cargo-home/bin/cargo" "+1.99.0-beta.8" "metadata" "--manifest-path" "Cargo.toml" "--no-deps", kill_on_drop: false }`
[INFO] running `Command { std: CARGO_HOME="/workspace/cargo-home" RUSTUP_HOME="/workspace/rustup-home" "/workspace/cargo-home/bin/cargo" "+1.99.0-beta.8" "generate-lockfile" "--manifest-path" "Cargo.toml", kill_on_drop: false }`
[INFO] [stderr]     Updating crates.io index
[INFO] [stderr]     Blocking waiting for file lock on package cache
[INFO] [stderr]      Locking 117 packages to highest compatible versions
[INFO] [stderr]       Adding generic-array v0.14.7 (available: v0.14.9)
[INFO] running `Command { std: CARGO_HOME="/workspace/cargo-home" RUSTUP_HOME="/workspace/rustup-home" "/workspace/cargo-home/bin/cargo" "+1.99.0-beta.8" "fetch" "--manifest-path" "Cargo.toml", kill_on_drop: false }`
[INFO] [stderr]     Blocking waiting for file lock on package cache
[INFO] [stderr]  Downloading crates ...
[INFO] [stderr]   Downloaded r2d2_redis v0.14.0
[INFO] [stderr]   Downloaded sha1 v0.6.1
[INFO] [stderr]   Downloaded itoa v0.4.8
[INFO] [stderr]   Downloaded scheduled-thread-pool v0.2.7
[INFO] [stderr]   Downloaded wasm-bindgen-shared v0.2.129
[INFO] [stderr]   Downloaded android_system_properties v0.1.6
[INFO] [stderr]   Downloaded redis v0.20.2
[INFO] [stderr]   Downloaded dtoa v0.4.8
[INFO] [stderr]   Downloaded wasm-bindgen-macro v0.2.129
[INFO] [stderr]   Downloaded constant_time_eq v0.3.1
[INFO] [stderr]   Downloaded r2d2 v0.8.10
[INFO] [stderr]   Downloaded async-trait v0.1.92
[INFO] [stderr]   Downloaded rust-argon2 v2.1.0
[INFO] [stderr]   Downloaded blake2b_simd v1.0.5
[INFO] [stderr]   Downloaded rmp-serde v1.3.1
[INFO] [stderr]   Downloaded rmp v0.8.15
[INFO] [stderr]   Downloaded wasm-bindgen v0.2.129
[INFO] [stderr]   Downloaded rand v0.8.8
[INFO] [stderr]   Downloaded combine v4.6.9
[INFO] [stderr]   Downloaded oxide-auth v0.6.1
[INFO] [stderr]   Downloaded serde_json v1.0.154
[INFO] [stderr]   Downloaded zerocopy-derive v0.8.63
[INFO] [stderr]   Downloaded wasm-bindgen-macro-support v0.2.129
[INFO] [stderr]   Downloaded js-sys v0.3.106
[INFO] [stderr]   Downloaded zerocopy v0.8.63
[INFO] running `Command { std: "docker" "create" "-v" "/var/lib/crater-agent-workspace/builds/worker-2-tc1/source:/opt/rustwide/workdir:ro,Z" "-v" "/var/lib/crater-agent-workspace/builds/worker-2-tc1/target:/opt/rustwide/target:rw,Z" "-v" "/var/lib/crater-agent-workspace/cargo-home:/opt/rustwide/cargo-home:ro,Z" "-v" "/var/lib/crater-agent-workspace/rustup-home:/opt/rustwide/rustup-home:ro,Z" "-m" "1610612736" "--network" "none" "ghcr.io/rust-lang/crates-build-env/linux@sha256:77db811e55d90add9212f6832c23229e3de5f1c1f9905e8cb07319ea15df73ac" "sleep" "infinity", kill_on_drop: false }`
[INFO] [stdout] a6d04512fb5ce26065b0c019fe4d51561918777ad7f7c4e1de1261746053636f
[INFO] running `Command { std: "docker" "start" "a6d04512fb5ce26065b0c019fe4d51561918777ad7f7c4e1de1261746053636f", kill_on_drop: false }`
[INFO] running `Command { std: "docker" "inspect" "a6d04512fb5ce26065b0c019fe4d51561918777ad7f7c4e1de1261746053636f", kill_on_drop: false }`
[INFO] running `Command { std: "docker" "exec" "-e" "SOURCE_DIR=/opt/rustwide/workdir" "-e" "CARGO_HOME=/opt/rustwide/cargo-home" "-e" "RUSTUP_HOME=/opt/rustwide/rustup-home" "-e" "CARGO_TARGET_DIR=/opt/rustwide/target" "-w" "/opt/rustwide/workdir" "--user" "0:0" "a6d04512fb5ce26065b0c019fe4d51561918777ad7f7c4e1de1261746053636f" "/opt/rustwide/cargo-home/bin/cargo" "+1.99.0-beta.8" "metadata" "--no-deps" "--format-version=1", kill_on_drop: false }`
[INFO] running `Command { std: "docker" "inspect" "a6d04512fb5ce26065b0c019fe4d51561918777ad7f7c4e1de1261746053636f", kill_on_drop: false }`
[INFO] running `Command { std: "docker" "exec" "-e" "SOURCE_DIR=/opt/rustwide/workdir" "-e" "CARGO_HOME=/opt/rustwide/cargo-home" "-e" "RUSTUP_HOME=/opt/rustwide/rustup-home" "-e" "CARGO_TARGET_DIR=/opt/rustwide/target" "-e" "CARGO_INCREMENTAL=0" "-e" "RUST_BACKTRACE=full" "-e" "RUSTFLAGS=--cap-lints=warn" "-e" "RUSTDOCFLAGS=--cap-lints=warn" "-w" "/opt/rustwide/workdir" "--user" "0:0" "a6d04512fb5ce26065b0c019fe4d51561918777ad7f7c4e1de1261746053636f" "/opt/rustwide/cargo-home/bin/cargo" "+1.99.0-beta.8" "build" "--frozen" "--message-format=json" "--release", kill_on_drop: false }`
[INFO] [stderr]    Compiling proc-macro2 v1.0.107
[INFO] [stderr]    Compiling quote v1.0.47
[INFO] [stderr]    Compiling unicode-ident v1.0.27
[INFO] [stderr]    Compiling stable_deref_trait v1.2.1
[INFO] [stderr]    Compiling libc v0.2.191
[INFO] [stderr]    Compiling smallvec v1.16.3
[INFO] [stderr]    Compiling cfg-if v1.0.5
[INFO] [stderr]    Compiling litemap v0.8.3
[INFO] [stderr]    Compiling writeable v0.6.4
[INFO] [stderr]    Compiling icu_properties_data v2.3.0
[INFO] [stderr]    Compiling icu_normalizer_data v2.3.0
[INFO] [stderr]    Compiling serde_core v1.0.229
[INFO] [stderr]    Compiling utf8_iter v1.0.4
[INFO] [stderr]    Compiling version_check v0.9.5
[INFO] [stderr]    Compiling typenum v1.20.1
[INFO] [stderr]    Compiling autocfg v1.5.1
[INFO] [stderr]    Compiling serde v1.0.229
[INFO] [stderr]    Compiling zerocopy v0.8.63
[INFO] [stderr]    Compiling parking_lot_core v0.9.12
[INFO] [stderr]    Compiling memchr v2.8.3
[INFO] [stderr]    Compiling generic-array v0.14.7
[INFO] [stderr]    Compiling percent-encoding v2.3.2
[INFO] [stderr]    Compiling scopeguard v1.2.0
[INFO] [stderr]    Compiling lock_api v0.4.14
[INFO] [stderr]    Compiling form_urlencoded v1.2.2
[INFO] [stderr]    Compiling num-traits v0.2.19
[INFO] [stderr]    Compiling subtle v2.6.1
[INFO] [stderr]    Compiling syn v3.0.9
[INFO] [stderr]    Compiling zmij v1.0.23
[INFO] [stderr]    Compiling serde_json v1.0.154
[INFO] [stderr]    Compiling sha1_smol v1.0.1
[INFO] [stderr]    Compiling getrandom v0.2.17
[INFO] [stderr]    Compiling crypto-common v0.1.7
[INFO] [stderr]    Compiling block-buffer v0.10.4
[INFO] [stderr]    Compiling rand_core v0.6.4
[INFO] [stderr]    Compiling parking_lot v0.12.5
[INFO] [stderr]    Compiling digest v0.10.7
[INFO] [stderr]    Compiling constant_time_eq v0.4.2
[INFO] [stderr]    Compiling bytes v1.12.1
[INFO] [stderr]    Compiling arrayvec v0.7.8
[INFO] [stderr]    Compiling scheduled-thread-pool v0.2.7
[INFO] [stderr]    Compiling rmp v0.8.15
[INFO] [stderr]    Compiling blake2b_simd v1.0.5
[INFO] [stderr]    Compiling sha1 v0.6.1
[INFO] [stderr]    Compiling base64 v0.21.7
[INFO] [stderr]    Compiling combine v4.6.9
[INFO] [stderr]    Compiling anyhow v1.0.104
[INFO] [stderr]    Compiling iana-time-zone v0.1.65
[INFO] [stderr]    Compiling log v0.4.34
[INFO] [stderr]    Compiling dtoa v0.4.8
[INFO] [stderr]    Compiling cpufeatures v0.2.17
[INFO] [stderr]    Compiling itoa v0.4.8
[INFO] [stderr]    Compiling itoa v1.0.18
[INFO] [stderr]    Compiling constant_time_eq v0.3.1
[INFO] [stderr]    Compiling rust-argon2 v2.1.0
[INFO] [stderr]    Compiling sha2 v0.10.9
[INFO] [stderr]    Compiling r2d2 v0.8.10
[INFO] [stderr]    Compiling chrono v0.4.45
[INFO] [stderr]    Compiling hmac v0.12.1
[INFO] [stderr]    Compiling once_cell v1.21.4
[INFO] [stderr]    Compiling synstructure v0.14.0
[INFO] [stderr]    Compiling ppv-lite86 v0.2.21
[INFO] [stderr]    Compiling rand_chacha v0.3.1
[INFO] [stderr]    Compiling zerofrom-derive v0.1.8
[INFO] [stderr]    Compiling yoke-derive v0.8.4
[INFO] [stderr]    Compiling zerovec-derive v0.11.6
[INFO] [stderr]    Compiling displaydoc v0.2.7
[INFO] [stderr]    Compiling serde_derive v1.0.229
[INFO] [stderr]    Compiling async-trait v0.1.92
[INFO] [stderr]    Compiling rand v0.8.8
[INFO] [stderr]    Compiling zerofrom v0.1.8
[INFO] [stderr]    Compiling yoke v0.8.3
[INFO] [stderr]    Compiling zerovec v0.11.8
[INFO] [stderr]    Compiling zerotrie v0.2.5
[INFO] [stderr]    Compiling tinystr v0.8.4
[INFO] [stderr]    Compiling potential_utf v0.1.6
[INFO] [stderr]    Compiling icu_collections v2.3.0
[INFO] [stderr]    Compiling icu_locale_core v2.3.0
[INFO] [stderr]    Compiling rmp-serde v1.3.1
[INFO] [stderr]    Compiling icu_provider v2.3.1
[INFO] [stderr]    Compiling icu_normalizer v2.3.0
[INFO] [stderr]    Compiling icu_properties v2.3.0
[INFO] [stderr]    Compiling idna_adapter v1.2.2
[INFO] [stderr]    Compiling idna v1.1.0
[INFO] [stderr]    Compiling url v2.5.8
[INFO] [stderr]    Compiling redis v0.20.2
[INFO] [stderr]    Compiling oxide-auth v0.6.1
[INFO] [stderr]    Compiling r2d2_redis v0.14.0
[INFO] [stderr]    Compiling oxide-auth-db v0.3.0 (/opt/rustwide/workdir)
[INFO] [stdout] warning: this function depends on never type fallback being `()`
[INFO] [stdout]    --> src/db_service/redis.rs:129:5
[INFO] [stdout]     |
[INFO] [stdout] 129 |     pub fn regist(&self, detail: &StringfiedEncodedClient) -> anyhow::Result<()> {
[INFO] [stdout]     |     ^^^^^^^^^^^^^^^^^^^^^^^^^^^^^^^^^^^^^^^^^^^^^^^^^^^^^^^^^^^^^^^^^^^^^^^^^^^^
[INFO] [stdout]     |
[INFO] [stdout]     = help: specify the types explicitly
[INFO] [stdout] note: in edition 2024, the requirement `!: FromRedisValue` will fail
[INFO] [stdout]    --> src/db_service/redis.rs:132:14
[INFO] [stdout]     |
[INFO] [stdout] 132 |         pool.set(&(self.client_prefix.to_owned() + &detail.client_id), client_str)?;
[INFO] [stdout]     |              ^^^
[INFO] [stdout]     = warning: this was previously accepted by the compiler but is being phased out; it will become a hard error in Rust 2024 and in a future release in all editions!
[INFO] [stdout]     = note: for more information, see <https://doc.rust-lang.org/edition-guide/rust-2024/never-type-fallback.html>
[INFO] [stdout]     = note: `#[warn(dependency_on_unit_never_type_fallback)]` (part of `#[warn(rust_2024_compatibility)]`) on by default
[INFO] [stdout] help: use `()` annotations to avoid fallback changes
[INFO] [stdout]     |
[INFO] [stdout] 132 |         pool.set::<_, _, ()>(&(self.client_prefix.to_owned() + &detail.client_id), client_str)?;
[INFO] [stdout]     |                 ++++++++++++
[INFO] [stdout] 
[INFO] [stdout] 
[INFO] [stderr]     Finished `release` profile [optimized] target(s) in 1m 31s
[INFO] [stderr] warning: the following packages contain code that will be rejected by a future version of Rust: oxide-auth-db v0.3.0 (/opt/rustwide/workdir), redis v0.20.2
[INFO] [stderr] note: to see what the problems were, use the option `--future-incompat-report`, or run `cargo report future-incompatibilities --id 1`
[INFO] running `Command { std: "docker" "inspect" "a6d04512fb5ce26065b0c019fe4d51561918777ad7f7c4e1de1261746053636f", kill_on_drop: false }`
[INFO] running `Command { std: "docker" "exec" "-e" "SOURCE_DIR=/opt/rustwide/workdir" "-e" "CARGO_HOME=/opt/rustwide/cargo-home" "-e" "RUSTUP_HOME=/opt/rustwide/rustup-home" "-e" "CARGO_TARGET_DIR=/opt/rustwide/target" "-e" "CARGO_INCREMENTAL=0" "-e" "RUST_BACKTRACE=full" "-e" "RUSTFLAGS=--cap-lints=warn" "-e" "RUSTDOCFLAGS=--cap-lints=warn" "-w" "/opt/rustwide/workdir" "--user" "0:0" "a6d04512fb5ce26065b0c019fe4d51561918777ad7f7c4e1de1261746053636f" "/opt/rustwide/cargo-home/bin/cargo" "+1.99.0-beta.8" "test" "--frozen" "--no-run" "--message-format=json" "--release", kill_on_drop: false }`
[INFO] [stdout] warning: this function depends on never type fallback being `()`
[INFO] [stdout]    --> src/db_service/redis.rs:129:5
[INFO] [stdout]     |
[INFO] [stdout] 129 |     pub fn regist(&self, detail: &StringfiedEncodedClient) -> anyhow::Result<()> {
[INFO] [stdout]     |     ^^^^^^^^^^^^^^^^^^^^^^^^^^^^^^^^^^^^^^^^^^^^^^^^^^^^^^^^^^^^^^^^^^^^^^^^^^^^
[INFO] [stdout]     |
[INFO] [stdout]     = help: specify the types explicitly
[INFO] [stdout] note: in edition 2024, the requirement `!: FromRedisValue` will fail
[INFO] [stdout]    --> src/db_service/redis.rs:132:14
[INFO] [stdout]     |
[INFO] [stdout] 132 |         pool.set(&(self.client_prefix.to_owned() + &detail.client_id), client_str)?;
[INFO] [stdout]     |              ^^^
[INFO] [stdout]     = warning: this was previously accepted by the compiler but is being phased out; it will become a hard error in Rust 2024 and in a future release in all editions!
[INFO] [stdout]     = note: for more information, see <https://doc.rust-lang.org/edition-guide/rust-2024/never-type-fallback.html>
[INFO] [stdout]     = note: `#[warn(dependency_on_unit_never_type_fallback)]` (part of `#[warn(rust_2024_compatibility)]`) on by default
[INFO] [stdout] help: use `()` annotations to avoid fallback changes
[INFO] [stdout]     |
[INFO] [stdout] 132 |         pool.set::<_, _, ()>(&(self.client_prefix.to_owned() + &detail.client_id), client_str)?;
[INFO] [stdout]     |                 ++++++++++++
[INFO] [stdout] 
[INFO] [stdout] 
[INFO] [stderr]    Compiling oxide-auth-db v0.3.0 (/opt/rustwide/workdir)
[INFO] [stdout] warning: this function depends on never type fallback being `()`
[INFO] [stdout]    --> src/db_service/redis.rs:129:5
[INFO] [stdout]     |
[INFO] [stdout] 129 |     pub fn regist(&self, detail: &StringfiedEncodedClient) -> anyhow::Result<()> {
[INFO] [stdout]     |     ^^^^^^^^^^^^^^^^^^^^^^^^^^^^^^^^^^^^^^^^^^^^^^^^^^^^^^^^^^^^^^^^^^^^^^^^^^^^
[INFO] [stdout]     |
[INFO] [stdout]     = help: specify the types explicitly
[INFO] [stdout] note: in edition 2024, the requirement `!: FromRedisValue` will fail
[INFO] [stdout]    --> src/db_service/redis.rs:132:14
[INFO] [stdout]     |
[INFO] [stdout] 132 |         pool.set(&(self.client_prefix.to_owned() + &detail.client_id), client_str)?;
[INFO] [stdout]     |              ^^^
[INFO] [stdout]     = warning: this was previously accepted by the compiler but is being phased out; it will become a hard error in Rust 2024 and in a future release in all editions!
[INFO] [stdout]     = note: for more information, see <https://doc.rust-lang.org/edition-guide/rust-2024/never-type-fallback.html>
[INFO] [stdout]     = note: `#[warn(dependency_on_unit_never_type_fallback)]` (part of `#[warn(rust_2024_compatibility)]`) on by default
[INFO] [stdout] help: use `()` annotations to avoid fallback changes
[INFO] [stdout]     |
[INFO] [stdout] 132 |         pool.set::<_, _, ()>(&(self.client_prefix.to_owned() + &detail.client_id), client_str)?;
[INFO] [stdout]     |                 ++++++++++++
[INFO] [stdout] 
[INFO] [stdout] 
[INFO] [stderr]     Finished `release` profile [optimized] target(s) in 2.11s
[INFO] [stderr] warning: the following packages contain code that will be rejected by a future version of Rust: oxide-auth-db v0.3.0 (/opt/rustwide/workdir), redis v0.20.2
[INFO] [stderr] note: to see what the problems were, use the option `--future-incompat-report`, or run `cargo report future-incompatibilities --id 2`
[INFO] running `Command { std: "docker" "inspect" "a6d04512fb5ce26065b0c019fe4d51561918777ad7f7c4e1de1261746053636f", kill_on_drop: false }`
[INFO] running `Command { std: "docker" "exec" "-e" "SOURCE_DIR=/opt/rustwide/workdir" "-e" "CARGO_HOME=/opt/rustwide/cargo-home" "-e" "RUSTUP_HOME=/opt/rustwide/rustup-home" "-e" "CARGO_TARGET_DIR=/opt/rustwide/target" "-e" "CARGO_INCREMENTAL=0" "-e" "RUST_BACKTRACE=full" "-e" "RUSTFLAGS=--cap-lints=warn" "-e" "RUSTDOCFLAGS=--cap-lints=warn" "-w" "/opt/rustwide/workdir" "--user" "0:0" "a6d04512fb5ce26065b0c019fe4d51561918777ad7f7c4e1de1261746053636f" "/opt/rustwide/cargo-home/bin/cargo" "+1.99.0-beta.8" "test" "--frozen" "--release", kill_on_drop: false }`
[INFO] [stderr] warning: this function depends on never type fallback being `()`
[INFO] [stderr]    --> src/db_service/redis.rs:129:5
[INFO] [stderr]     |
[INFO] [stderr] 129 |     pub fn regist(&self, detail: &StringfiedEncodedClient) -> anyhow::Result<()> {
[INFO] [stderr]     |     ^^^^^^^^^^^^^^^^^^^^^^^^^^^^^^^^^^^^^^^^^^^^^^^^^^^^^^^^^^^^^^^^^^^^^^^^^^^^
[INFO] [stderr]     |
[INFO] [stderr]     = help: specify the types explicitly
[INFO] [stderr] note: in edition 2024, the requirement `!: FromRedisValue` will fail
[INFO] [stderr]    --> src/db_service/redis.rs:132:14
[INFO] [stderr]     |
[INFO] [stderr] 132 |         pool.set(&(self.client_prefix.to_owned() + &detail.client_id), client_str)?;
[INFO] [stderr]     |              ^^^
[INFO] [stderr]     = warning: this was previously accepted by the compiler but is being phased out; it will become a hard error in Rust 2024 and in a future release in all editions!
[INFO] [stderr]     = note: for more information, see <https://doc.rust-lang.org/edition-guide/rust-2024/never-type-fallback.html>
[INFO] [stderr]     = note: `#[warn(dependency_on_unit_never_type_fallback)]` (part of `#[warn(rust_2024_compatibility)]`) on by default
[INFO] [stderr] help: use `()` annotations to avoid fallback changes
[INFO] [stderr]     |
[INFO] [stderr] 132 |         pool.set::<_, _, ()>(&(self.client_prefix.to_owned() + &detail.client_id), client_str)?;
[INFO] [stderr]     |                 ++++++++++++
[INFO] [stderr] 
[INFO] [stderr] warning: `oxide-auth-db` (lib) generated 1 warning (run `cargo fix --lib -p oxide-auth-db` to apply 1 suggestion)
[INFO] [stderr] warning: `oxide-auth-db` (lib test) generated 1 warning (1 duplicate)
[INFO] [stderr]     Finished `release` profile [optimized] target(s) in 0.13s
[INFO] [stderr] warning: the following packages contain code that will be rejected by a future version of Rust: oxide-auth-db v0.3.0 (/opt/rustwide/workdir), redis v0.20.2
[INFO] [stderr] note: to see what the problems were, use the option `--future-incompat-report`, or run `cargo report future-incompatibilities --id 2`
[INFO] [stderr]      Running unittests src/lib.rs (/opt/rustwide/target/release/deps/oxide_auth_db-893c3ce5d630e77c)
[INFO] [stdout] 
[INFO] [stdout] running 4 tests
[INFO] [stdout] test primitives::db_registrar::tests::public_client ... ok
[INFO] [stdout] test primitives::db_registrar::tests::confidential_client ... ok
[INFO] [stdout] test primitives::db_registrar::tests::client_service ... FAILED
[INFO] [stdout] test primitives::db_registrar::tests::with_additional_redirect_uris ... FAILED
[INFO] [stdout] 
[INFO] [stdout] failures:
[INFO] [stdout] 
[INFO] [stdout] ---- primitives::db_registrar::tests::client_service stdout ----
[INFO] [stdout] 
[INFO] [stdout] thread 'primitives::db_registrar::tests::client_service' (1555) panicked at src/primitives/db_registrar.rs:246:10:
[INFO] [stdout] called `Result::unwrap()` on an `Err` value: Build pool error.
[INFO] [stdout] stack backtrace:
[INFO] [stdout]    0:     0x5bdd45569c91 - <<std[70759c8f55707aa4]::sys::backtrace::BacktraceLock>::print::DisplayBacktrace as core[df12db4294e9bfd3]::fmt::Display>::fmt
[INFO] [stdout]    1:     0x5bdd4557f60a - core[df12db4294e9bfd3]::fmt::write
[INFO] [stdout]    2:     0x5bdd4556e9fc - <alloc[2182bb758b4b3781]::vec::Vec<u8> as core[df12db4294e9bfd3]::io::write::Write>::write_fmt
[INFO] [stdout]    3:     0x5bdd45544ab6 - std[70759c8f55707aa4]::panicking::default_hook::{closure#0}
[INFO] [stdout]    4:     0x5bdd45561b69 - std[70759c8f55707aa4]::panicking::default_hook
[INFO] [stdout]    5:     0x5bdd454ade80 - test[9d35eded1c95d3be]::test_main_inner::<test[9d35eded1c95d3be]::test_main_static::{closure#0}>::{closure#0}
[INFO] [stdout]    6:     0x5bdd45561d22 - std[70759c8f55707aa4]::panicking::panic_with_hook
[INFO] [stdout]    7:     0x5bdd45544b62 - std[70759c8f55707aa4]::panicking::panic_handler::{closure#0}
[INFO] [stdout]    8:     0x5bdd4553d279 - std[70759c8f55707aa4]::sys::backtrace::__rust_end_short_backtrace::<std[70759c8f55707aa4]::panicking::panic_handler::{closure#0}, !>
[INFO] [stdout]    9:     0x5bdd45545a5d - __rustc[8fa7c3cbc660c2b3]::rust_begin_unwind
[INFO] [stdout]   10:     0x5bdd4557fd3c - core[df12db4294e9bfd3]::panicking::panic_fmt
[INFO] [stdout]   11:     0x5bdd4557fb12 - core[df12db4294e9bfd3]::result::unwrap_failed
[INFO] [stdout]   12:     0x5bdd4549e8e9 - <oxide_auth_db[5861f874ae2701e8]::primitives::db_registrar::tests::client_service::{closure#0} as core[df12db4294e9bfd3]::ops::function::FnOnce<()>>::call_once
[INFO] [stdout]   13:     0x5bdd454a116b - test[9d35eded1c95d3be]::__rust_begin_short_backtrace::<core[df12db4294e9bfd3]::result::Result<(), alloc[2182bb758b4b3781]::string::String>, fn() -> core[df12db4294e9bfd3]::result::Result<(), alloc[2182bb758b4b3781]::string::String>>
[INFO] [stdout]   14:     0x5bdd454ae7d5 - test[9d35eded1c95d3be]::run_test::{closure#0}
[INFO] [stdout]   15:     0x5bdd454a8094 - std[70759c8f55707aa4]::sys::backtrace::__rust_begin_short_backtrace::<test[9d35eded1c95d3be]::run_test::{closure#1}, ()>
[INFO] [stdout]   16:     0x5bdd454b1932 - <std[70759c8f55707aa4]::thread::lifecycle::spawn_unchecked<test[9d35eded1c95d3be]::run_test::{closure#1}, ()>::{closure#1} as core[df12db4294e9bfd3]::ops::function::FnOnce<()>>::call_once::{shim:vtable#0}
[INFO] [stdout]   17:     0x5bdd45569019 - <std[70759c8f55707aa4]::sys::thread::unix::Thread>::new::thread_start
[INFO] [stdout]   18:     0x777ab9d4fdfa - <unknown>
[INFO] [stdout]   19:     0x777ab9de33d4 - clone
[INFO] [stdout]   20:                0x0 - <unknown>
[INFO] [stdout] 
[INFO] [stdout] ---- primitives::db_registrar::tests::with_additional_redirect_uris stdout ----
[INFO] [stdout] 
[INFO] [stdout] thread 'primitives::db_registrar::tests::with_additional_redirect_uris' (1558) panicked at src/primitives/db_registrar.rs:198:10:
[INFO] [stdout] called `Result::unwrap()` on an `Err` value: Build pool error.
[INFO] [stdout] stack backtrace:
[INFO] [stdout]    0:     0x5bdd45569c91 - <<std[70759c8f55707aa4]::sys::backtrace::BacktraceLock>::print::DisplayBacktrace as core[df12db4294e9bfd3]::fmt::Display>::fmt
[INFO] [stdout]    1:     0x5bdd4557f60a - core[df12db4294e9bfd3]::fmt::write
[INFO] [stdout]    2:     0x5bdd4556e9fc - <alloc[2182bb758b4b3781]::vec::Vec<u8> as core[df12db4294e9bfd3]::io::write::Write>::write_fmt
[INFO] [stdout]    3:     0x5bdd45544ab6 - std[70759c8f55707aa4]::panicking::default_hook::{closure#0}
[INFO] [stdout]    4:     0x5bdd45561b69 - std[70759c8f55707aa4]::panicking::default_hook
[INFO] [stdout]    5:     0x5bdd454ade80 - test[9d35eded1c95d3be]::test_main_inner::<test[9d35eded1c95d3be]::test_main_static::{closure#0}>::{closure#0}
[INFO] [stdout]    6:     0x5bdd45561d22 - std[70759c8f55707aa4]::panicking::panic_with_hook
[INFO] [stdout]    7:     0x5bdd45544b62 - std[70759c8f55707aa4]::panicking::panic_handler::{closure#0}
[INFO] [stdout]    8:     0x5bdd4553d279 - std[70759c8f55707aa4]::sys::backtrace::__rust_end_short_backtrace::<std[70759c8f55707aa4]::panicking::panic_handler::{closure#0}, !>
[INFO] [stdout]    9:     0x5bdd45545a5d - __rustc[8fa7c3cbc660c2b3]::rust_begin_unwind
[INFO] [stdout]   10:     0x5bdd4557fd3c - core[df12db4294e9bfd3]::panicking::panic_fmt
[INFO] [stdout]   11:     0x5bdd4557fb12 - core[df12db4294e9bfd3]::result::unwrap_failed
[INFO] [stdout]   12:     0x5bdd4549f9af - <oxide_auth_db[5861f874ae2701e8]::primitives::db_registrar::tests::with_additional_redirect_uris::{closure#0} as core[df12db4294e9bfd3]::ops::function::FnOnce<()>>::call_once
[INFO] [stdout]   13:     0x5bdd454a116b - test[9d35eded1c95d3be]::__rust_begin_short_backtrace::<core[df12db4294e9bfd3]::result::Result<(), alloc[2182bb758b4b3781]::string::String>, fn() -> core[df12db4294e9bfd3]::result::Result<(), alloc[2182bb758b4b3781]::string::String>>
[INFO] [stdout]   14:     0x5bdd454ae7d5 - test[9d35eded1c95d3be]::run_test::{closure#0}
[INFO] [stdout]   15:     0x5bdd454a8094 - std[70759c8f55707aa4]::sys::backtrace::__rust_begin_short_backtrace::<test[9d35eded1c95d3be]::run_test::{closure#1}, ()>
[INFO] [stdout]   16:     0x5bdd454b1932 - <std[70759c8f55707aa4]::thread::lifecycle::spawn_unchecked<test[9d35eded1c95d3be]::run_test::{closure#1}, ()>::{closure#1} as core[df12db4294e9bfd3]::ops::function::FnOnce<()>>::call_once::{shim:vtable#0}
[INFO] [stdout]   17:     0x5bdd45569019 - <std[70759c8f55707aa4]::sys::thread::unix::Thread>::new::thread_start
[INFO] [stdout]   18:     0x777ab9d4fdfa - <unknown>
[INFO] [stdout]   19:     0x777ab9de33d4 - clone
[INFO] [stdout]   20:                0x0 - <unknown>
[INFO] [stdout] 
[INFO] [stdout] 
[INFO] [stdout] failures:
[INFO] [stdout]     primitives::db_registrar::tests::client_service
[INFO] [stdout]     primitives::db_registrar::tests::with_additional_redirect_uris
[INFO] [stdout] 
[INFO] [stdout] test result: FAILED. 2 passed; 2 failed; 0 ignored; 0 measured; 0 filtered out; finished in 30.00s
[INFO] [stdout] 
[INFO] [stderr] error: test failed, to rerun pass `--lib`
[INFO] running `Command { std: "docker" "inspect" "a6d04512fb5ce26065b0c019fe4d51561918777ad7f7c4e1de1261746053636f", kill_on_drop: false }`
[INFO] running `Command { std: "docker" "rm" "-f" "a6d04512fb5ce26065b0c019fe4d51561918777ad7f7c4e1de1261746053636f", kill_on_drop: false }`
[INFO] [stdout] a6d04512fb5ce26065b0c019fe4d51561918777ad7f7c4e1de1261746053636f
