[INFO] fetching crate ovunto-security 0.1.16...
[INFO] testing ovunto-security-0.1.16 against 1.99.0-beta.8+cargoflags=--release for beta-release-1.100-3
[INFO] extracting crate ovunto-security 0.1.16 into /workspace/builds/worker-0-tc1/source
[INFO] started tweaking crates.io crate ovunto-security 0.1.16
[INFO] removed 0 missing examples
[INFO] finished tweaking crates.io crate ovunto-security 0.1.16
[INFO] tweaked toml for crates.io crate ovunto-security 0.1.16 written to /workspace/builds/worker-0-tc1/source/Cargo.toml
[INFO] validating manifest of crates.io crate ovunto-security 0.1.16 on toolchain 1.99.0-beta.8
[INFO] running `Command { std: CARGO_HOME="/workspace/cargo-home" RUSTUP_HOME="/workspace/rustup-home" "/workspace/cargo-home/bin/cargo" "+1.99.0-beta.8" "metadata" "--manifest-path" "Cargo.toml" "--no-deps", kill_on_drop: false }`
[INFO] crate crates.io crate ovunto-security 0.1.16 already has a lockfile, it will not be regenerated
[INFO] running `Command { std: CARGO_HOME="/workspace/cargo-home" RUSTUP_HOME="/workspace/rustup-home" "/workspace/cargo-home/bin/cargo" "+1.99.0-beta.8" "fetch" "--manifest-path" "Cargo.toml", kill_on_drop: false }`
[INFO] [stderr]     Blocking waiting for file lock on package cache
[INFO] [stderr]     Updating crates.io index
[INFO] [stderr]     Blocking waiting for file lock on package cache
[INFO] [stderr]  Downloading crates ...
[INFO] [stderr]   Downloaded sha2 v0.10.8
[INFO] [stderr]   Downloaded subtle v2.5.0
[INFO] [stderr]   Downloaded rand_core v0.6.4
[INFO] [stderr]   Downloaded typenum v1.17.0
[INFO] [stderr]   Downloaded equivalent v1.0.1
[INFO] [stderr]   Downloaded getrandom v0.2.12
[INFO] [stderr]   Downloaded pkcs8 v0.10.2
[INFO] [stderr]   Downloaded ovunto-security-macros v0.1.0
[INFO] [stderr]   Downloaded futures-io v0.3.30
[INFO] [stderr]   Downloaded wasm-bindgen-macro v0.2.92
[INFO] [stderr]   Downloaded wasm-bindgen-shared v0.2.92
[INFO] [stderr]   Downloaded const-oid v0.9.6
[INFO] [stderr]   Downloaded spin v0.5.2
[INFO] [stderr]   Downloaded futures-core v0.3.30
[INFO] [stderr]   Downloaded async-channel v1.9.0
[INFO] [stderr]   Downloaded wasm-bindgen-macro-support v0.2.92
[INFO] [stderr]   Downloaded percent-encoding v2.3.1
[INFO] [stderr]   Downloaded autocfg v1.1.0
[INFO] [stderr]   Downloaded rand_chacha v0.3.1
[INFO] [stderr]   Downloaded num-iter v0.1.44
[INFO] [stderr]   Downloaded waker-fn v1.1.1
[INFO] [stderr]   Downloaded form_urlencoded v1.2.1
[INFO] [stderr]   Downloaded tracing-futures v0.2.5
[INFO] [stderr]   Downloaded sluice v0.5.5
[INFO] [stderr]   Downloaded windows-targets v0.48.5
[INFO] [stderr]   Downloaded bitflags v1.3.2
[INFO] [stderr]   Downloaded parking v2.2.0
[INFO] [stderr]   Downloaded fastrand v1.9.0
[INFO] [stderr]   Downloaded instant v0.1.12
[INFO] [stderr]   Downloaded windows-targets v0.52.4
[INFO] [stderr]   Downloaded objc-foundation v0.1.1
[INFO] [stderr]   Downloaded error-code v2.3.1
[INFO] [stderr]   Downloaded cfg-if v1.0.0
[INFO] [stderr]   Downloaded version_check v0.9.4
[INFO] [stderr]   Downloaded cpufeatures v0.2.12
[INFO] [stderr]   Downloaded sha1 v0.10.6
[INFO] [stderr]   Downloaded itoa v1.0.10
[INFO] [stderr]   Downloaded pin-project-internal v1.1.5
[INFO] [stderr]   Downloaded event-listener v2.5.3
[INFO] [stderr]   Downloaded wasi v0.11.0+wasi-snapshot-preview1
[INFO] [stderr]   Downloaded serde_yaml v0.9.34+deprecated
[INFO] [stderr]   Downloaded serde v1.0.197
[INFO] [stderr]   Downloaded quote v1.0.35
[INFO] [stderr]   Downloaded zeroize v1.7.0
[INFO] [stderr]   Downloaded spki v0.7.3
[INFO] [stderr]   Downloaded pem-rfc7468 v0.7.0
[INFO] [stderr]   Downloaded base64ct v1.6.0
[INFO] [stderr]   Downloaded signature v2.2.0
[INFO] [stderr]   Downloaded num-integer v0.1.46
[INFO] [stderr]   Downloaded lazy_static v1.4.0
[INFO] [stderr]   Downloaded byteorder v1.5.0
[INFO] [stderr]   Downloaded once_cell v1.19.0
[INFO] [stderr]   Downloaded tracing-attributes v0.1.27
[INFO] [stderr]   Downloaded log v0.4.21
[INFO] [stderr]   Downloaded concurrent-queue v2.4.0
[INFO] [stderr]   Downloaded slab v0.4.9
[INFO] [stderr]   Downloaded futures-lite v1.13.0
[INFO] [stderr]   Downloaded humantime v2.1.0
[INFO] [stderr]   Downloaded utf8parse v0.2.1
[INFO] [stderr]   Downloaded colorchoice v1.0.0
[INFO] [stderr]   Downloaded anstyle-wincon v3.0.2
[INFO] [stderr]   Downloaded unsafe-libyaml v0.2.11
[INFO] [stderr]   Downloaded serde_derive v1.0.197
[INFO] [stderr]   Downloaded unicode-ident v1.0.12
[INFO] [stderr]   Downloaded proc-macro2 v1.0.78
[INFO] [stderr]   Downloaded ryu v1.0.17
[INFO] [stderr]   Downloaded indexmap v2.2.5
[INFO] [stderr]   Downloaded cc v1.0.86
[INFO] [stderr]   Downloaded rsa v0.9.6
[INFO] [stderr]   Downloaded pkcs1 v0.7.5
[INFO] [stderr]   Downloaded num-traits v0.2.18
[INFO] [stderr]   Downloaded smallvec v1.13.1
[INFO] [stderr]   Downloaded ppv-lite86 v0.2.17
[INFO] [stderr]   Downloaded url v2.5.0
[INFO] [stderr]   Downloaded tinyvec v1.6.0
[INFO] [stderr]   Downloaded unicode-bidi v0.3.15
[INFO] [stderr]   Downloaded tracing-core v0.1.32
[INFO] [stderr]   Downloaded pin-project-lite v0.2.13
[INFO] [stderr]   Downloaded pin-project v1.1.5
[INFO] [stderr]   Downloaded crossbeam-utils v0.8.19
[INFO] [stderr]   Downloaded polling v2.8.0
[INFO] [stderr]   Downloaded bytes v1.5.0
[INFO] [stderr]   Downloaded powerfmt v0.2.0
[INFO] [stderr]   Downloaded num_threads v0.1.7
[INFO] [stderr]   Downloaded deranged v0.3.11
[INFO] [stderr]   Downloaded owning_ref v0.4.1
[INFO] [stderr]   Downloaded inout v0.1.3
[INFO] [stderr]   Downloaded aead v0.5.2
[INFO] [stderr]   Downloaded hashbrown v0.14.3
[INFO] [stderr]   Downloaded serde_json v1.0.114
[INFO] [stderr]   Downloaded secp256k1 v0.29.0
[INFO] [stderr]   Downloaded der v0.7.8
[INFO] [stderr]   Downloaded libm v0.2.8
[INFO] [stderr]   Downloaded num-bigint-dig v0.8.4
[INFO] [stderr]   Downloaded rand v0.8.5
[INFO] [stderr]   Downloaded unicode-normalization v0.1.23
[INFO] [stderr]   Downloaded tracing v0.1.40
[INFO] [stderr]   Downloaded http v0.2.11
[INFO] [stderr]   Downloaded memchr v2.7.1
[INFO] [stderr]   Downloaded darling_core v0.20.8
[INFO] [stderr]   Downloaded memoffset v0.6.5
[INFO] [stderr]   Downloaded block v0.1.6
[INFO] [stderr]   Downloaded chrono v0.4.35
[INFO] [stderr]   Downloaded constant_time_eq v0.3.0
[INFO] [stderr]   Downloaded arrayref v0.3.7
[INFO] [stderr]   Downloaded base32 v0.4.0
[INFO] [stderr]   Downloaded opaque-debug v0.3.0
[INFO] [stderr]   Downloaded cipher v0.4.4
[INFO] [stderr]   Downloaded actix-utils v3.0.1
[INFO] [stderr]   Downloaded futures-sink v0.3.30
[INFO] [stderr]   Downloaded alloc-no-stdlib v2.0.4
[INFO] [stderr]   Downloaded isahc v1.7.2
[INFO] [stderr]   Downloaded castaway v0.1.2
[INFO] [stderr]   Downloaded gethostname v0.2.3
[INFO] [stderr]   Downloaded wayland-sys v0.29.5
[INFO] [stderr]   Downloaded wasm-bindgen v0.2.92
[INFO] [stderr]   Downloaded wasm-bindgen-backend v0.2.92
[INFO] [stderr]   Downloaded iana-time-zone v0.1.60
[INFO] [stderr]   Downloaded universal-hash v0.5.1
[INFO] [stderr]   Downloaded serde_urlencoded v0.7.1
[INFO] [stderr]   Downloaded pin-utils v0.1.0
[INFO] [stderr]   Downloaded futures-task v0.3.30
[INFO] [stderr]   Downloaded rustc_version v0.4.0
[INFO] [stderr]   Downloaded convert_case v0.4.0
[INFO] [stderr]   Downloaded local-channel v0.1.5
[INFO] [stderr]   Downloaded httpdate v1.0.3
[INFO] [stderr]   Downloaded alloc-stdlib v0.2.2
[INFO] [stderr]   Downloaded actix-codec v0.5.2
[INFO] [stderr]   Downloaded syn v2.0.52
[INFO] [stderr]   Downloaded idna v0.5.0
[INFO] [stderr]   Downloaded openssl-probe v0.1.5
[INFO] [stderr]   Downloaded hex v0.4.3
[INFO] [stderr]   Downloaded indenter v0.3.3
[INFO] [stderr]   Downloaded winapi-wsapoll v0.1.2
[INFO] [stderr]   Downloaded wl-clipboard-rs v0.7.0
[INFO] [stderr]   Downloaded wayland-scanner v0.29.5
[INFO] [stderr]   Downloaded xml-rs v0.8.20
[INFO] [stderr]   Downloaded wayland-commons v0.29.5
[INFO] [stderr]   Downloaded downcast-rs v1.2.1
[INFO] [stderr]   Downloaded tree_magic_mini v3.1.4
[INFO] [stderr]   Downloaded ghash v0.5.0
[INFO] [stderr]   Downloaded bytestring v1.3.1
[INFO] [stderr]   Downloaded actix-macros v0.2.4
[INFO] [stderr]   Downloaded env_filter v0.1.0
[INFO] [stderr]   Downloaded term_size v0.3.2
[INFO] [stderr]   Downloaded ident_case v1.0.1
[INFO] [stderr]   Downloaded wayland-protocols v0.29.5
[INFO] [stderr]   Downloaded wayland-client v0.29.5
[INFO] [stderr]   Downloaded core-foundation-sys v0.8.6
[INFO] [stderr]   Downloaded password-hash v0.5.0
[INFO] [stderr]   Downloaded local-waker v0.1.4
[INFO] [stderr]   Downloaded redox_syscall v0.4.1
[INFO] [stderr]   Downloaded lock_api v0.4.11
[INFO] [stderr]   Downloaded adler v1.0.2
[INFO] [stderr]   Downloaded actix-rt v2.9.0
[INFO] [stderr]   Downloaded zstd v0.13.0
[INFO] [stderr]   Downloaded zstd-safe v7.0.0
[INFO] [stderr]   Downloaded windows_x86_64_gnullvm v0.48.5
[INFO] [stderr]   Downloaded windows_aarch64_gnullvm v0.48.5
[INFO] [stderr]   Downloaded pkg-config v0.3.30
[INFO] [stderr]   Downloaded env_logger v0.11.3
[INFO] [stderr]   Downloaded anstyle v1.0.6
[INFO] [stderr]   Downloaded nix v0.24.3
[INFO] [stderr]   Downloaded arrayvec v0.7.4
[INFO] [stderr]   Downloaded argon2 v0.5.3
[INFO] [stderr]   Downloaded polyval v0.6.1
[INFO] [stderr]   Downloaded ctr v0.9.2
[INFO] [stderr]   Downloaded semver v1.0.22
[INFO] [stderr]   Downloaded actix-router v0.5.2
[INFO] [stderr]   Downloaded actix-service v2.0.2
[INFO] [stderr]   Downloaded paste v1.0.14
[INFO] [stderr]   Downloaded httparse v1.8.0
[INFO] [stderr]   Downloaded crc32fast v1.4.0
[INFO] [stderr]   Downloaded schannel v0.1.23
[INFO] [stderr]   Downloaded eyre v0.6.12
[INFO] [stderr]   Downloaded anstream v0.6.13
[INFO] [stderr]   Downloaded anstyle-query v1.0.2
[INFO] [stderr]   Downloaded windows-core v0.52.0
[INFO] [stderr]   Downloaded base64 v0.22.0
[INFO] [stderr]   Downloaded blake2 v0.10.6
[INFO] [stderr]   Downloaded cookie v0.16.2
[INFO] [stderr]   Downloaded actix-web-codegen v4.2.2
[INFO] [stderr]   Downloaded actix-server v2.3.0
[INFO] [stderr]   Downloaded parking_lot v0.12.1
[INFO] [stderr]   Downloaded parking_lot_core v0.9.9
[INFO] [stderr]   Downloaded rustc-demangle v0.1.23
[INFO] [stderr]   Downloaded miniz_oxide v0.7.2
[INFO] [stderr]   Downloaded socket2 v0.5.6
[INFO] [stderr]   Downloaded hmac v0.12.1
[INFO] [stderr]   Downloaded signal-hook v0.3.17
[INFO] [stderr]   Downloaded language-tags v0.3.2
[INFO] [stderr]   Downloaded derive_more v0.99.17
[INFO] [stderr]   Downloaded addr2line v0.21.0
[INFO] [stderr]   Downloaded flate2 v1.0.28
[INFO] [stderr]   Downloaded openssl-sys v0.9.101
[INFO] [stderr]   Downloaded regex v1.10.3
[INFO] [stderr]   Downloaded regex-automata v0.4.5
[INFO] [stderr]   Downloaded aho-corasick v1.1.2
[INFO] [stderr]   Downloaded js-sys v0.3.69
[INFO] [stderr]   Downloaded base64 v0.21.7
[INFO] [stderr]   Downloaded libc v0.2.153
[INFO] [stderr]   Downloaded windows_x86_64_msvc v0.48.5
[INFO] [stderr]   Downloaded windows_x86_64_gnu v0.48.5
[INFO] [stderr]   Downloaded windows_i686_gnu v0.48.5
[INFO] [stderr]   Downloaded windows_aarch64_msvc v0.48.5
[INFO] [stderr]   Downloaded windows_x86_64_msvc v0.52.4
[INFO] [stderr]   Downloaded windows_x86_64_gnu v0.52.4
[INFO] [stderr]   Downloaded curl v0.4.46
[INFO] [stderr]   Downloaded regex-syntax v0.8.2
[INFO] [stderr]   Downloaded bumpalo v3.15.4
[INFO] [stderr]   Downloaded aes v0.8.4
[INFO] [stderr]   Downloaded mio v0.8.11
[INFO] [stderr]   Downloaded backtrace v0.3.69
[INFO] [stderr]   Downloaded tokio-util v0.7.10
[INFO] [stderr]   Downloaded windows_i686_msvc v0.48.5
[INFO] [stderr]   Downloaded dotenvy v0.15.7
[INFO] [stderr]   Downloaded maplit v1.0.2
[INFO] [stderr]   Downloaded encoding_rs v0.8.33
[INFO] [stderr]   Downloaded anstyle-parse v0.2.3
[INFO] [stderr]   Downloaded cursive v0.20.0
[INFO] [stderr]   Downloaded unicode-width v0.1.11
[INFO] [stderr]   Downloaded signal-hook-registry v1.4.1
[INFO] [stderr]   Downloaded ncurses v5.101.0
[INFO] [stderr]   Downloaded time-macros v0.2.18
[INFO] [stderr]   Downloaded time-core v0.1.2
[INFO] [stderr]   Downloaded num-conv v0.1.0
[INFO] [stderr]   Downloaded stable_deref_trait v1.2.0
[INFO] [stderr]   Downloaded num v0.4.1
[INFO] [stderr]   Downloaded num-rational v0.4.1
[INFO] [stderr]   Downloaded num-complex v0.4.5
[INFO] [stderr]   Downloaded enumset_derive v0.8.1
[INFO] [stderr]   Downloaded darling v0.20.8
[INFO] [stderr]   Downloaded darling_macro v0.20.8
[INFO] [stderr]   Downloaded aes-gcm v0.10.3
[INFO] [stderr]   Downloaded actix-http v3.6.0
[INFO] [stderr]   Downloaded h2 v0.3.24
[INFO] [stderr]   Downloaded unicode-segmentation v1.11.0
[INFO] [stderr]   Downloaded xi-unicode v0.3.0
[INFO] [stderr]   Downloaded time v0.3.36
[INFO] [stderr]   Downloaded enumset v1.1.3
[INFO] [stderr]   Downloaded blake3 v1.5.0
[INFO] [stderr]   Downloaded futures-util v0.3.30
[INFO] [stderr]   Downloaded brotli-decompressor v2.5.1
[INFO] [stderr]   Downloaded cursive_core v0.3.7
[INFO] [stderr]   Downloaded enum-map v2.7.3
[INFO] [stderr]   Downloaded ahash v0.8.11
[INFO] [stderr]   Downloaded zerocopy-derive v0.7.32
[INFO] [stderr]   Downloaded vcpkg v0.2.15
[INFO] [stderr]   Downloaded crossbeam-channel v0.5.12
[INFO] [stderr]   Downloaded zerocopy v0.7.32
[INFO] [stderr]   Downloaded actix-web v4.5.1
[INFO] [stderr]   Downloaded enum-map-derive v0.17.0
[INFO] [stderr]   Downloaded cli-clipboard v0.4.0
[INFO] [stderr]   Downloaded x11-clipboard v0.7.1
[INFO] [stderr]   Downloaded home v0.5.9
[INFO] [stderr]   Downloaded object v0.32.2
[INFO] [stderr]   Downloaded gimli v0.28.1
[INFO] [stderr]   Downloaded secp256k1-sys v0.10.0
[INFO] [stderr]   Downloaded thiserror v1.0.61
[INFO] [stderr]   Downloaded fixedbitset v0.4.2
[INFO] [stderr]   Downloaded thiserror-impl v1.0.61
[INFO] [stderr]   Downloaded errno v0.3.9
[INFO] [stderr]   Downloaded fastrand v2.1.0
[INFO] [stderr]   Downloaded bitflags v2.4.2
[INFO] [stderr]   Downloaded derive-new v0.5.9
[INFO] [stderr]   Downloaded objc_id v0.1.1
[INFO] [stderr]   Downloaded tempfile v3.10.1
[INFO] [stderr]   Downloaded windows_x86_64_gnullvm v0.52.4
[INFO] [stderr]   Downloaded x11rb v0.10.1
[INFO] [stderr]   Downloaded syn v1.0.109
[INFO] [stderr]   Downloaded windows_aarch64_gnullvm v0.52.4
[INFO] [stderr]   Downloaded os_pipe v1.1.5
[INFO] [stderr]   Downloaded windows-sys v0.48.0
[INFO] [stderr]   Downloaded x11rb-protocol v0.10.0
[INFO] [stderr]   Downloaded curl-sys v0.4.72+curl-8.6.0
[INFO] [stderr]   Downloaded rustix v0.38.34
[INFO] [stderr]   Downloaded clipboard-win v4.5.0
[INFO] [stderr]   Downloaded str-buf v1.0.6
[INFO] [stderr]   Downloaded petgraph v0.6.5
[INFO] [stderr]   Downloaded objc v0.2.7
[INFO] [stderr]   Downloaded malloc_buf v0.0.6
[INFO] [stderr]   Downloaded zstd-sys v2.0.9+zstd.1.5.5
[INFO] [stderr]   Downloaded tokio v1.36.0
[INFO] [stderr]   Downloaded windows_aarch64_msvc v0.52.4
[INFO] [stderr]   Downloaded windows_i686_msvc v0.52.4
[INFO] [stderr]   Downloaded windows_i686_gnu v0.52.4
[INFO] [stderr]   Downloaded brotli v3.4.0
[INFO] [stderr]   Downloaded libnghttp2-sys v0.1.9+1.58.0
[INFO] [stderr]   Downloaded linux-raw-sys v0.4.14
[INFO] [stderr]   Downloaded libz-sys v1.1.15
[INFO] running `Command { std: "docker" "create" "-v" "/var/lib/crater-agent-workspace/builds/worker-0-tc1/source:/opt/rustwide/workdir:ro,Z" "-v" "/var/lib/crater-agent-workspace/builds/worker-0-tc1/target:/opt/rustwide/target:rw,Z" "-v" "/var/lib/crater-agent-workspace/cargo-home:/opt/rustwide/cargo-home:ro,Z" "-v" "/var/lib/crater-agent-workspace/rustup-home:/opt/rustwide/rustup-home:ro,Z" "-m" "1610612736" "--network" "none" "ghcr.io/rust-lang/crates-build-env/linux@sha256:77db811e55d90add9212f6832c23229e3de5f1c1f9905e8cb07319ea15df73ac" "sleep" "infinity", kill_on_drop: false }`
[INFO] [stdout] 9c4e338a139ec19df4e670a7f3b58d8cd4cdb541ebd98266875183c9423613c8
[INFO] running `Command { std: "docker" "start" "9c4e338a139ec19df4e670a7f3b58d8cd4cdb541ebd98266875183c9423613c8", kill_on_drop: false }`
[INFO] running `Command { std: "docker" "inspect" "9c4e338a139ec19df4e670a7f3b58d8cd4cdb541ebd98266875183c9423613c8", kill_on_drop: false }`
[INFO] running `Command { std: "docker" "exec" "-e" "SOURCE_DIR=/opt/rustwide/workdir" "-e" "CARGO_HOME=/opt/rustwide/cargo-home" "-e" "RUSTUP_HOME=/opt/rustwide/rustup-home" "-e" "CARGO_TARGET_DIR=/opt/rustwide/target" "-w" "/opt/rustwide/workdir" "--user" "0:0" "9c4e338a139ec19df4e670a7f3b58d8cd4cdb541ebd98266875183c9423613c8" "/opt/rustwide/cargo-home/bin/cargo" "+1.99.0-beta.8" "metadata" "--no-deps" "--format-version=1", kill_on_drop: false }`
[INFO] running `Command { std: "docker" "inspect" "9c4e338a139ec19df4e670a7f3b58d8cd4cdb541ebd98266875183c9423613c8", kill_on_drop: false }`
[INFO] running `Command { std: "docker" "exec" "-e" "SOURCE_DIR=/opt/rustwide/workdir" "-e" "CARGO_HOME=/opt/rustwide/cargo-home" "-e" "RUSTUP_HOME=/opt/rustwide/rustup-home" "-e" "CARGO_TARGET_DIR=/opt/rustwide/target" "-e" "CARGO_INCREMENTAL=0" "-e" "RUST_BACKTRACE=full" "-e" "RUSTFLAGS=--cap-lints=warn" "-e" "RUSTDOCFLAGS=--cap-lints=warn" "-w" "/opt/rustwide/workdir" "--user" "0:0" "9c4e338a139ec19df4e670a7f3b58d8cd4cdb541ebd98266875183c9423613c8" "/opt/rustwide/cargo-home/bin/cargo" "+1.99.0-beta.8" "build" "--frozen" "--message-format=json" "--release", kill_on_drop: false }`
[INFO] [stderr]    Compiling libc v0.2.153
[INFO] [stderr]    Compiling cfg-if v1.0.0
[INFO] [stderr]    Compiling typenum v1.17.0
[INFO] [stderr]    Compiling version_check v0.9.4
[INFO] [stderr]    Compiling subtle v2.5.0
[INFO] [stderr]    Compiling const-oid v0.9.6
[INFO] [stderr]    Compiling proc-macro2 v1.0.78
[INFO] [stderr]    Compiling unicode-ident v1.0.12
[INFO] [stderr]    Compiling autocfg v1.1.0
[INFO] [stderr]    Compiling base64ct v1.6.0
[INFO] [stderr]    Compiling libm v0.2.8
[INFO] [stderr]    Compiling cc v1.0.86
[INFO] [stderr]    Compiling generic-array v0.14.7
[INFO] [stderr]    Compiling cpufeatures v0.2.12
[INFO] [stderr]    Compiling zeroize v1.7.0
[INFO] [stderr]    Compiling pem-rfc7468 v0.7.0
[INFO] [stderr]    Compiling num-traits v0.2.18
[INFO] [stderr]    Compiling serde v1.0.197
[INFO] [stderr]    Compiling quote v1.0.35
[INFO] [stderr]    Compiling der v0.7.8
[INFO] [stderr]    Compiling syn v2.0.52
[INFO] [stderr]    Compiling getrandom v0.2.12
[INFO] [stderr]    Compiling ppv-lite86 v0.2.17
[INFO] [stderr]    Compiling rand_core v0.6.4
[INFO] [stderr]    Compiling rand_chacha v0.3.1
[INFO] [stderr]    Compiling opaque-debug v0.3.0
[INFO] [stderr]    Compiling num-bigint-dig v0.8.4
[INFO] [stderr]    Compiling spin v0.5.2
[INFO] [stderr]    Compiling secp256k1-sys v0.10.0
[INFO] [stderr]    Compiling lazy_static v1.4.0
[INFO] [stderr]    Compiling blake3 v1.5.0
[INFO] [stderr]    Compiling rand v0.8.5
[INFO] [stderr]    Compiling eyre v0.6.12
[INFO] [stderr]    Compiling serde_json v1.0.114
[INFO] [stderr]    Compiling byteorder v1.5.0
[INFO] [stderr]    Compiling smallvec v1.13.1
[INFO] [stderr]    Compiling crypto-common v0.1.6
[INFO] [stderr]    Compiling block-buffer v0.10.4
[INFO] [stderr]    Compiling digest v0.10.7
[INFO] [stderr]    Compiling inout v0.1.3
[INFO] [stderr]    Compiling universal-hash v0.5.1
[INFO] [stderr]    Compiling cipher v0.4.4
[INFO] [stderr]    Compiling polyval v0.6.1
[INFO] [stderr]    Compiling spki v0.7.3
[INFO] [stderr]    Compiling num-integer v0.1.46
[INFO] [stderr]    Compiling ctr v0.9.2
[INFO] [stderr]    Compiling aes v0.8.4
[INFO] [stderr]    Compiling pkcs8 v0.10.2
[INFO] [stderr]    Compiling signature v2.2.0
[INFO] [stderr]    Compiling num-iter v0.1.44
[INFO] [stderr]    Compiling pkcs1 v0.7.5
[INFO] [stderr]    Compiling blake2 v0.10.6
[INFO] [stderr]    Compiling serde_derive v1.0.197
[INFO] [stderr]    Compiling ghash v0.5.0
[INFO] [stderr]    Compiling aead v0.5.2
[INFO] [stderr]    Compiling password-hash v0.5.0
[INFO] [stderr]    Compiling iana-time-zone v0.1.60
[INFO] [stderr]    Compiling constant_time_eq v0.3.0
[INFO] [stderr]    Compiling ryu v1.0.17
[INFO] [stderr]    Compiling indenter v0.3.3
[INFO] [stderr]    Compiling once_cell v1.19.0
[INFO] [stderr]    Compiling arrayvec v0.7.4
[INFO] [stderr]    Compiling arrayref v0.3.7
[INFO] [stderr]    Compiling itoa v1.0.10
[INFO] [stderr]    Compiling rsa v0.9.6
[INFO] [stderr]    Compiling argon2 v0.5.3
[INFO] [stderr]    Compiling aes-gcm v0.10.3
[INFO] [stderr]    Compiling ovunto-security-macros v0.1.0
[INFO] [stderr]    Compiling hmac v0.12.1
[INFO] [stderr]    Compiling sha1 v0.10.6
[INFO] [stderr]    Compiling sha2 v0.10.8
[INFO] [stderr]    Compiling base64 v0.22.0
[INFO] [stderr]    Compiling base32 v0.4.0
[INFO] [stderr]    Compiling secp256k1 v0.29.0
[INFO] [stderr]    Compiling chrono v0.4.35
[INFO] [stderr]    Compiling hex v0.4.3
[INFO] [stderr]    Compiling ovunto-security v0.1.16 (/opt/rustwide/workdir)
[INFO] [stderr]     Finished `release` profile [optimized] target(s) in 1m 07s
[INFO] [stderr] warning: the following packages contain code that will be rejected by a future version of Rust: num-bigint-dig v0.8.4
[INFO] [stderr] note: to see what the problems were, use the option `--future-incompat-report`, or run `cargo report future-incompatibilities --id 1`
[INFO] running `Command { std: "docker" "inspect" "9c4e338a139ec19df4e670a7f3b58d8cd4cdb541ebd98266875183c9423613c8", kill_on_drop: false }`
[INFO] running `Command { std: "docker" "exec" "-e" "SOURCE_DIR=/opt/rustwide/workdir" "-e" "CARGO_HOME=/opt/rustwide/cargo-home" "-e" "RUSTUP_HOME=/opt/rustwide/rustup-home" "-e" "CARGO_TARGET_DIR=/opt/rustwide/target" "-e" "CARGO_INCREMENTAL=0" "-e" "RUST_BACKTRACE=full" "-e" "RUSTFLAGS=--cap-lints=warn" "-e" "RUSTDOCFLAGS=--cap-lints=warn" "-w" "/opt/rustwide/workdir" "--user" "0:0" "9c4e338a139ec19df4e670a7f3b58d8cd4cdb541ebd98266875183c9423613c8" "/opt/rustwide/cargo-home/bin/cargo" "+1.99.0-beta.8" "test" "--frozen" "--no-run" "--message-format=json" "--release", kill_on_drop: false }`
[INFO] [stderr]    Compiling libc v0.2.153
[INFO] [stderr]    Compiling pkg-config v0.3.30
[INFO] [stderr]    Compiling log v0.4.21
[INFO] [stderr]    Compiling pin-project-lite v0.2.13
[INFO] [stderr]    Compiling syn v2.0.52
[INFO] [stderr]    Compiling memchr v2.7.1
[INFO] [stderr]    Compiling futures-core v0.3.30
[INFO] [stderr]    Compiling bytes v1.5.0
[INFO] [stderr]    Compiling vcpkg v0.2.15
[INFO] [stderr]    Compiling memoffset v0.6.5
[INFO] [stderr]    Compiling lock_api v0.4.11
[INFO] [stderr]    Compiling parking_lot_core v0.9.9
[INFO] [stderr]    Compiling fnv v1.0.7
[INFO] [stderr]    Compiling tracing-core v0.1.32
[INFO] [stderr]    Compiling scopeguard v1.2.0
[INFO] [stderr]    Compiling cc v1.0.86
[INFO] [stderr]    Compiling bitflags v1.3.2
[INFO] [stderr]    Compiling xml-rs v0.8.20
[INFO] [stderr]    Compiling hashbrown v0.14.3
[INFO] [stderr]    Compiling equivalent v1.0.1
[INFO] [stderr]    Compiling crossbeam-utils v0.8.19
[INFO] [stderr]    Compiling syn v1.0.109
[INFO] [stderr]    Compiling wayland-sys v0.29.5
[INFO] [stderr]    Compiling ident_case v1.0.1
[INFO] [stderr]    Compiling percent-encoding v2.3.1
[INFO] [stderr]    Compiling bitflags v2.4.2
[INFO] [stderr]    Compiling wayland-scanner v0.29.5
[INFO] [stderr]    Compiling getrandom v0.2.12
[INFO] [stderr]    Compiling socket2 v0.5.6
[INFO] [stderr]    Compiling signal-hook-registry v1.4.1
[INFO] [stderr]    Compiling rand_core v0.6.4
[INFO] [stderr]    Compiling indexmap v2.2.5
[INFO] [stderr]    Compiling libnghttp2-sys v0.1.9+1.58.0
[INFO] [stderr]    Compiling openssl-sys v0.9.101
[INFO] [stderr]    Compiling crypto-common v0.1.6
[INFO] [stderr]    Compiling libz-sys v1.1.15
[INFO] [stderr]    Compiling digest v0.10.7
[INFO] [stderr]    Compiling parking_lot v0.12.1
[INFO] [stderr]    Compiling mio v0.8.11
[INFO] [stderr]    Compiling nix v0.24.3
[INFO] [stderr]    Compiling zstd-sys v2.0.9+zstd.1.5.5
[INFO] [stderr]    Compiling rand_chacha v0.3.1
[INFO] [stderr]    Compiling tokio v1.36.0
[INFO] [stderr]    Compiling curl-sys v0.4.72+curl-8.6.0
[INFO] [stderr]    Compiling num-iter v0.1.44
[INFO] [stderr]    Compiling aho-corasick v1.1.2
[INFO] [stderr]    Compiling ahash v0.8.11
[INFO] [stderr]    Compiling slab v0.4.9
[INFO] [stderr]    Compiling powerfmt v0.2.0
[INFO] [stderr]    Compiling regex-syntax v0.8.2
[INFO] [stderr]    Compiling tracing-attributes v0.1.27
[INFO] [stderr]    Compiling serde_derive v1.0.197
[INFO] [stderr]    Compiling tracing v0.1.40
[INFO] [stderr]    Compiling darling_core v0.20.8
[INFO] [stderr]    Compiling paste v1.0.14
[INFO] [stderr]    Compiling num-conv v0.1.0
[INFO] [stderr]    Compiling time-core v0.1.2
[INFO] [stderr]    Compiling tinyvec_macros v0.1.1
[INFO] [stderr]    Compiling futures-sink v0.3.30
[INFO] [stderr]    Compiling tinyvec v1.6.0
[INFO] [stderr]    Compiling serde v1.0.197
[INFO] [stderr]    Compiling time-macros v0.2.18
[INFO] [stderr]    Compiling darling_macro v0.20.8
[INFO] [stderr]    Compiling regex-automata v0.4.5
[INFO] [stderr]    Compiling deranged v0.3.11
[INFO] [stderr]    Compiling rand v0.8.5
[INFO] [stderr]    Compiling wayland-client v0.29.5
[INFO] [stderr]    Compiling http v0.2.11
[INFO] [stderr]    Compiling num-rational v0.4.1
[INFO] [stderr]    Compiling crc32fast v1.4.0
[INFO] [stderr]    Compiling zerocopy v0.7.32
[INFO] [stderr]    Compiling num_threads v0.1.7
[INFO] [stderr]    Compiling zstd-safe v7.0.0
[INFO] [stderr]    Compiling alloc-no-stdlib v2.0.4
[INFO] [stderr]    Compiling local-waker v0.1.4
[INFO] [stderr]    Compiling futures-task v0.3.30
[INFO] [stderr]    Compiling pin-utils v0.1.0
[INFO] [stderr]    Compiling rustix v0.38.34
[INFO] [stderr]    Compiling time v0.3.36
[INFO] [stderr]    Compiling futures-util v0.3.30
[INFO] [stderr]    Compiling regex v1.10.3
[INFO] [stderr]    Compiling alloc-stdlib v0.2.2
[INFO] [stderr]    Compiling cipher v0.4.4
[INFO] [stderr]    Compiling wayland-commons v0.29.5
[INFO] [stderr]    Compiling darling v0.20.8
[INFO] [stderr]    Compiling unicode-normalization v0.1.23
[INFO] [stderr]    Compiling tokio-util v0.7.10
[INFO] [stderr]    Compiling wayland-protocols v0.29.5
[INFO] [stderr]    Compiling universal-hash v0.5.1
[INFO] [stderr]    Compiling secp256k1-sys v0.10.0
[INFO] [stderr]    Compiling form_urlencoded v1.2.1
[INFO] [stderr]    Compiling downcast-rs v1.2.1
[INFO] [stderr]    Compiling adler v1.0.2
[INFO] [stderr]    Compiling httparse v1.8.0
[INFO] [stderr]    Compiling minimal-lexical v0.2.1
[INFO] [stderr]    Compiling fixedbitset v0.4.2
[INFO] [stderr]    Compiling unicode-bidi v0.3.15
[INFO] [stderr]    Compiling linux-raw-sys v0.4.14
[INFO] [stderr]    Compiling thiserror v1.0.61
[INFO] [stderr]    Compiling itoa v1.0.10
[INFO] [stderr]    Compiling idna v0.5.0
[INFO] [stderr]    Compiling polyval v0.6.1
[INFO] [stderr]    Compiling nom v7.1.3
[INFO] [stderr]    Compiling petgraph v0.6.5
[INFO] [stderr]    Compiling miniz_oxide v0.7.2
[INFO] [stderr]    Compiling actix-service v2.0.2
[INFO] [stderr]    Compiling enumset_derive v0.8.1
[INFO] [stderr]    Compiling brotli-decompressor v2.5.1
[INFO] [stderr]    Compiling actix-utils v3.0.1
[INFO] [stderr]    Compiling bytestring v1.3.1
[INFO] [stderr]    Compiling actix-rt v2.9.0
[INFO] [stderr]    Compiling x11rb-protocol v0.10.0
[INFO] [stderr]    Compiling enum-map-derive v0.17.0
[INFO] [stderr]    Compiling pin-project-internal v1.1.5
[INFO] [stderr]    Compiling thiserror-impl v1.0.61
[INFO] [stderr]    Compiling sha1 v0.10.6
[INFO] [stderr]    Compiling ncurses v5.101.0
[INFO] [stderr]    Compiling blake3 v1.5.0
[INFO] [stderr]    Compiling gethostname v0.2.3
[INFO] [stderr]    Compiling concurrent-queue v2.4.0
[INFO] [stderr]    Compiling num-complex v0.4.5
[INFO] [stderr]    Compiling polling v2.8.0
[INFO] [stderr]    Compiling encoding_rs v0.8.33
[INFO] [stderr]    Compiling cookie v0.16.2
[INFO] [stderr]    Compiling mime v0.3.17
[INFO] [stderr]    Compiling futures-io v0.3.30
[INFO] [stderr]    Compiling home v0.5.9
[INFO] [stderr]    Compiling event-listener v2.5.3
[INFO] [stderr]    Compiling stable_deref_trait v1.2.0
[INFO] [stderr]    Compiling curl v0.4.46
[INFO] [stderr]    Compiling signal-hook v0.3.17
[INFO] [stderr]    Compiling fastrand v2.1.0
[INFO] [stderr]    Compiling convert_case v0.4.0
[INFO] [stderr]    Compiling utf8parse v0.2.1
[INFO] [stderr]    Compiling anstyle-parse v0.2.3
[INFO] [stderr]    Compiling derive_more v0.99.17
[INFO] [stderr]    Compiling tempfile v3.10.1
[INFO] [stderr]    Compiling num-bigint-dig v0.8.4
[INFO] [stderr]    Compiling owning_ref v0.4.1
[INFO] [stderr]    Compiling async-channel v1.9.0
[INFO] [stderr]    Compiling tree_magic_mini v3.1.4
[INFO] [stderr]    Compiling num v0.4.1
[INFO] [stderr]    Compiling pin-project v1.1.5
[INFO] [stderr]    Compiling enum-map v2.7.3
[INFO] [stderr]    Compiling actix-router v0.5.2
[INFO] [stderr]    Compiling brotli v3.4.0
[INFO] [stderr]    Compiling flate2 v1.0.28
[INFO] [stderr]    Compiling enumset v1.1.3
[INFO] [stderr]    Compiling x11rb v0.10.1
[INFO] [stderr]    Compiling serde_json v1.0.114
[INFO] [stderr]    Compiling url v2.5.0
[INFO] [stderr]    Compiling ghash v0.5.0
[INFO] [stderr]    Compiling h2 v0.3.24
[INFO] [stderr]    Compiling actix-codec v0.5.2
[INFO] [stderr]    Compiling ctr v0.9.2
[INFO] [stderr]    Compiling aes v0.8.4
[INFO] [stderr]    Compiling local-channel v0.1.5
[INFO] [stderr]    Compiling derive-new v0.5.9
[INFO] [stderr]    Compiling signature v2.2.0
[INFO] [stderr]    Compiling blake2 v0.10.6
[INFO] [stderr]    Compiling aead v0.5.2
[INFO] [stderr]    Compiling password-hash v0.5.0
[INFO] [stderr]    Compiling os_pipe v1.1.5
[INFO] [stderr]    Compiling crossbeam-channel v0.5.12
[INFO] [stderr]    Compiling unicode-width v0.1.11
[INFO] [stderr]    Compiling anstyle v1.0.6
[INFO] [stderr]    Compiling isahc v1.7.2
[INFO] [stderr]    Compiling unicode-segmentation v1.11.0
[INFO] [stderr]    Compiling base64 v0.21.7
[INFO] [stderr]    Compiling anstyle-query v1.0.2
[INFO] [stderr]    Compiling httpdate v1.0.3
[INFO] [stderr]    Compiling parking v2.2.0
[INFO] [stderr]    Compiling language-tags v0.3.2
[INFO] [stderr]    Compiling waker-fn v1.1.1
[INFO] [stderr]    Compiling colorchoice v1.0.0
[INFO] [stderr]    Compiling xi-unicode v0.3.0
[INFO] [stderr]    Compiling openssl-probe v0.1.5
[INFO] [stderr]    Compiling fastrand v1.9.0
[INFO] [stderr]    Compiling cursive_core v0.3.7
[INFO] [stderr]    Compiling futures-lite v1.13.0
[INFO] [stderr]    Compiling chrono v0.4.35
[INFO] [stderr]    Compiling anstream v0.6.13
[INFO] [stderr]    Compiling wl-clipboard-rs v0.7.0
[INFO] [stderr]    Compiling argon2 v0.5.3
[INFO] [stderr]    Compiling aes-gcm v0.10.3
[INFO] [stderr]    Compiling rsa v0.9.6
[INFO] [stderr]    Compiling x11-clipboard v0.7.1
[INFO] [stderr]    Compiling actix-web-codegen v4.2.2
[INFO] [stderr]    Compiling tracing-futures v0.2.5
[INFO] [stderr]    Compiling sluice v0.5.5
[INFO] [stderr]    Compiling secp256k1 v0.29.0
[INFO] [stderr]    Compiling actix-server v2.3.0
[INFO] [stderr]    Compiling serde_urlencoded v0.7.1
[INFO] [stderr]    Compiling env_filter v0.1.0
[INFO] [stderr]    Compiling hex v0.4.3
[INFO] [stderr]    Compiling actix-macros v0.2.4
[INFO] [stderr]    Compiling ovunto-security-macros v0.1.0
[INFO] [stderr]    Compiling sha2 v0.10.8
[INFO] [stderr]    Compiling hmac v0.12.1
[INFO] [stderr]    Compiling term_size v0.3.2
[INFO] [stderr]    Compiling humantime v2.1.0
[INFO] [stderr]    Compiling unsafe-libyaml v0.2.11
[INFO] [stderr]    Compiling maplit v1.0.2
[INFO] [stderr]    Compiling castaway v0.1.2
[INFO] [stderr]    Compiling cursive v0.20.0
[INFO] [stderr]    Compiling serde_yaml v0.9.34+deprecated
[INFO] [stderr]    Compiling env_logger v0.11.3
[INFO] [stderr]    Compiling cli-clipboard v0.4.0
[INFO] [stderr]    Compiling dotenvy v0.15.7
[INFO] [stderr]    Compiling ovunto-security v0.1.16 (/opt/rustwide/workdir)
[INFO] [stderr]    Compiling zstd v0.13.0
[INFO] [stderr]    Compiling actix-http v3.6.0
[INFO] [stderr]    Compiling actix-web v4.5.1
[INFO] [stdout] warning: hiding a lifetime that's elided elsewhere is confusing
[INFO] [stdout]   --> examples/client/client/mod.rs:45:22
[INFO] [stdout]    |
[INFO] [stdout] 45 |     pub fn vault_mut(&mut self) -> MutVault {
[INFO] [stdout]    |                      ^^^^^^^^^     ^^^^^^^^ the same lifetime is hidden here
[INFO] [stdout]    |                      |
[INFO] [stdout]    |                      the lifetime is elided here
[INFO] [stdout]    |
[INFO] [stdout]    = help: the same lifetime is referred to in inconsistent ways, making the signature confusing
[INFO] [stdout]    = note: `#[warn(mismatched_lifetime_syntaxes)]` on by default
[INFO] [stdout] help: use `'_` for type paths
[INFO] [stdout]    |
[INFO] [stdout] 45 |     pub fn vault_mut(&mut self) -> MutVault<'_> {
[INFO] [stdout]    |                                            ++++
[INFO] [stdout] 
[INFO] [stdout] 
[INFO] [stdout] warning: hiding a lifetime that's elided elsewhere is confusing
[INFO] [stdout]   --> examples/client/client/storage.rs:72:20
[INFO] [stdout]    |
[INFO] [stdout] 72 |     pub fn get_mut(&mut self) -> AutoSaveLocalData {
[INFO] [stdout]    |                    ^^^^^^^^^     ^^^^^^^^^^^^^^^^^ the same lifetime is hidden here
[INFO] [stdout]    |                    |
[INFO] [stdout]    |                    the lifetime is elided here
[INFO] [stdout]    |
[INFO] [stdout]    = help: the same lifetime is referred to in inconsistent ways, making the signature confusing
[INFO] [stdout] help: use `'_` for type paths
[INFO] [stdout]    |
[INFO] [stdout] 72 |     pub fn get_mut(&mut self) -> AutoSaveLocalData<'_> {
[INFO] [stdout]    |                                                   ++++
[INFO] [stdout] 
[INFO] [stdout] 
[INFO] [stderr]     Finished `release` profile [optimized] target(s) in 5m 35s
[INFO] [stderr] warning: the following packages contain code that will be rejected by a future version of Rust: num-bigint-dig v0.8.4, wl-clipboard-rs v0.7.0
[INFO] [stderr] note: to see what the problems were, use the option `--future-incompat-report`, or run `cargo report future-incompatibilities --id 2`
[INFO] running `Command { std: "docker" "inspect" "9c4e338a139ec19df4e670a7f3b58d8cd4cdb541ebd98266875183c9423613c8", kill_on_drop: false }`
[INFO] running `Command { std: "docker" "exec" "-e" "SOURCE_DIR=/opt/rustwide/workdir" "-e" "CARGO_HOME=/opt/rustwide/cargo-home" "-e" "RUSTUP_HOME=/opt/rustwide/rustup-home" "-e" "CARGO_TARGET_DIR=/opt/rustwide/target" "-e" "CARGO_INCREMENTAL=0" "-e" "RUST_BACKTRACE=full" "-e" "RUSTFLAGS=--cap-lints=warn" "-e" "RUSTDOCFLAGS=--cap-lints=warn" "-w" "/opt/rustwide/workdir" "--user" "0:0" "9c4e338a139ec19df4e670a7f3b58d8cd4cdb541ebd98266875183c9423613c8" "/opt/rustwide/cargo-home/bin/cargo" "+1.99.0-beta.8" "test" "--frozen" "--release", kill_on_drop: false }`
[INFO] [stderr] warning: hiding a lifetime that's elided elsewhere is confusing
[INFO] [stderr]   --> examples/client/client/mod.rs:45:22
[INFO] [stderr]    |
[INFO] [stderr] 45 |     pub fn vault_mut(&mut self) -> MutVault {
[INFO] [stderr]    |                      ^^^^^^^^^     ^^^^^^^^ the same lifetime is hidden here
[INFO] [stderr]    |                      |
[INFO] [stderr]    |                      the lifetime is elided here
[INFO] [stderr]    |
[INFO] [stderr]    = help: the same lifetime is referred to in inconsistent ways, making the signature confusing
[INFO] [stderr]    = note: `#[warn(mismatched_lifetime_syntaxes)]` on by default
[INFO] [stderr] help: use `'_` for type paths
[INFO] [stderr]    |
[INFO] [stderr] 45 |     pub fn vault_mut(&mut self) -> MutVault<'_> {
[INFO] [stderr]    |                                            ++++
[INFO] [stderr] 
[INFO] [stderr] warning: hiding a lifetime that's elided elsewhere is confusing
[INFO] [stderr]   --> examples/client/client/storage.rs:72:20
[INFO] [stderr]    |
[INFO] [stderr] 72 |     pub fn get_mut(&mut self) -> AutoSaveLocalData {
[INFO] [stderr]    |                    ^^^^^^^^^     ^^^^^^^^^^^^^^^^^ the same lifetime is hidden here
[INFO] [stderr]    |                    |
[INFO] [stderr]    |                    the lifetime is elided here
[INFO] [stderr]    |
[INFO] [stderr]    = help: the same lifetime is referred to in inconsistent ways, making the signature confusing
[INFO] [stderr] help: use `'_` for type paths
[INFO] [stderr]    |
[INFO] [stderr] 72 |     pub fn get_mut(&mut self) -> AutoSaveLocalData<'_> {
[INFO] [stderr]    |                                                   ++++
[INFO] [stderr] 
[INFO] [stderr] warning: `ovunto-security` (example "client") generated 2 warnings (run `cargo fix --example "client" -p ovunto-security` to apply 2 suggestions)
[INFO] [stderr]     Finished `release` profile [optimized] target(s) in 0.34s
[INFO] [stderr] warning: the following packages contain code that will be rejected by a future version of Rust: num-bigint-dig v0.8.4, wl-clipboard-rs v0.7.0
[INFO] [stderr] note: to see what the problems were, use the option `--future-incompat-report`, or run `cargo report future-incompatibilities --id 2`
[INFO] [stderr]      Running unittests src/lib.rs (/opt/rustwide/target/release/deps/ovunto_security-9f58116886b1733f)
[INFO] [stdout] 
[INFO] [stdout] running 0 tests
[INFO] [stdout] 
[INFO] [stdout] test result: ok. 0 passed; 0 failed; 0 ignored; 0 measured; 0 filtered out; finished in 0.00s
[INFO] [stdout] 
[INFO] [stderr]    Doc-tests ovunto_security
[INFO] [stdout] 
[INFO] [stdout] running 38 tests
[INFO] [stdout] test src/client/chain/mod.rs - client::chain (line 8) ... ok
[INFO] [stdout] test src/client/chain/layer.rs - client::chain::layer::Layer::new (line 44) ... ok
[INFO] [stdout] test src/client/chain/mod.rs - client::chain::Chain::add (line 78) ... ok
[INFO] [stdout] test src/client/chain/layer.rs - client::chain::layer::Layer::into (line 107) ... ok
[INFO] [stdout] test src/client/chain/mod.rs - client::chain::Chain::decrypt (line 111) ... ok
[INFO] [stdout] test src/client/chain/layer.rs - client::chain::layer::Layer::try_from (line 70) ... ok
[INFO] [stdout] test src/client/chain/layer.rs - client::chain::layer (line 7) ... ok
[INFO] [stdout] test src/client/chain/mod.rs - client::chain::Chain::new (line 57) ... ok
[INFO] [stdout] test src/client/jwt.rs - client::jwt (line 2) ... ok
[INFO] [stdout] test src/client/keyring.rs - client::keyring (line 8) ... ok
[INFO] [stdout] test src/client/keyring.rs - client::keyring::Keyring::decrypt (line 198) ... ok
[INFO] [stdout] test src/client/keyring.rs - client::keyring::Keyring::encrypt_shared (line 119) ... ok
[INFO] [stdout] test src/client/keyring.rs - client::keyring::Keyring::decrypt_shared (line 145) ... ok
[INFO] [stdout] test src/client/keyring.rs - client::keyring::Keyring::new_chain (line 247) ... ok
[INFO] [stdout] test src/client/keyring.rs - client::keyring::Keyring::decrypt_str (line 227) ... ok
[INFO] [stdout] test src/client/keyring.rs - client::keyring::Keyring::encrypt (line 94) ... ok
[INFO] [stdout] test src/client/keyring.rs - client::keyring::Keyring::derive_from (line 55) ... ok
[INFO] [stdout] test src/constants.rs - constants (line 8) ... ok
[INFO] [stdout] test src/client/mod.rs - client (line 8) ... ok
[INFO] [stdout] test src/client/keyring.rs - client::keyring::Keyring::encrypt_str (line 174) ... ok
[INFO] [stdout] test src/client/vault/change.rs - client::vault::change (line 29) ... FAILED
[INFO] [stdout] test src/client/vault/change.rs - client::vault::change (line 2) ... FAILED
[INFO] [stdout] test src/crypto/key.rs - crypto::key::Key::decrypt (line 217) ... ok
[INFO] [stdout] test src/crypto/key.rs - crypto::key::Key::combine (line 143) ... ok
[INFO] [stdout] test src/crypto/key.rs - crypto::key::Key::derive_key (line 121) ... ok
[INFO] [stdout] test src/crypto/key.rs - crypto::key (line 8) ... ok
[INFO] [stdout] test src/crypto/key.rs - crypto::key::Key::random (line 70) ... ok
[INFO] [stdout] test src/crypto/key.rs - crypto::key::Key::encrypt (line 187) ... ok
[INFO] [stdout] test src/crypto/mod.rs - crypto (line 8) ... ok
[INFO] [stdout] test src/crypto/nonce.rs - crypto::nonce::Nonce::random (line 35) ... ok
[INFO] [stdout] test src/crypto/nonce.rs - crypto::nonce (line 9) ... ok
[INFO] [stdout] test src/crypto/message.rs - crypto::message (line 9) ... ok
[INFO] [stdout] test src/crypto/salt.rs - crypto::salt (line 8) ... ok
[INFO] [stdout] test src/crypto/key.rs - crypto::key::Key::derive_from (line 94) ... ok
[INFO] [stdout] test src/primitives/error.rs - primitives::error (line 7) ... ok
[INFO] [stdout] test src/crypto/salt.rs - crypto::salt::Salt::random (line 32) ... ok
[INFO] [stdout] test src/primitives/error.rs - primitives::error::Error::map (line 58) ... ok
[INFO] [stdout] test src/lib.rs - (line 7) ... ok
[INFO] [stdout] 
[INFO] [stdout] failures:
[INFO] [stdout] 
[INFO] [stdout] ---- src/client/vault/change.rs - client::vault::change (line 29) stdout ----
[INFO] [stdout] error[E0432]: unresolved import `ovunto_security::PartialCredentials`
[INFO] [stdout]   --> src/client/vault/change.rs:31:55
[INFO] [stdout]    |
[INFO] [stdout] 31 | use ovunto_security::{Credentials, CredentialsChange, PartialCredentials, VaultChange};
[INFO] [stdout]    |                                                       ^^^^^^^^^^^^^^^^^^ no `PartialCredentials` in the root
[INFO] [stderr] error: doctest failed, to rerun pass `--doc`
[INFO] [stdout] 
[INFO] [stdout] error[E0599]: no variant, associated function, or constant named `Add` found for enum `ovunto_security::CredentialsChange` in the current scope
[INFO] [stdout]   --> src/client/vault/change.rs:36:32
[INFO] [stdout]    |
[INFO] [stdout] 36 |     change: CredentialsChange::Add(Credentials {
[INFO] [stdout]    |                                ^^^ variant, associated function, or constant not found in `ovunto_security::CredentialsChange`
[INFO] [stdout] 
[INFO] [stdout] error[E0599]: no variant, associated function, or constant named `Edit` found for enum `ovunto_security::CredentialsChange` in the current scope
[INFO] [stdout]   --> src/client/vault/change.rs:47:32
[INFO] [stdout]    |
[INFO] [stdout] 47 |     change: CredentialsChange::Edit(PartialCredentials {
[INFO] [stdout]    |                                ^^^^ variant, associated function, or constant not found in `ovunto_security::CredentialsChange`
[INFO] [stdout] 
[INFO] [stdout] error: aborting due to 3 previous errors
[INFO] [stdout] 
[INFO] [stdout] Some errors have detailed explanations: E0432, E0599.
[INFO] [stdout] For more information about an error, try `rustc --explain E0432`.
[INFO] [stdout] Couldn't compile the test.
[INFO] [stdout] ---- src/client/vault/change.rs - client::vault::change (line 2) stdout ----
[INFO] [stdout] error[E0432]: unresolved import `ovunto_security::PartialCredentials`
[INFO] [stdout]  --> src/client/vault/change.rs:4:55
[INFO] [stdout]   |
[INFO] [stdout] 4 | use ovunto_security::{Credentials, CredentialsChange, PartialCredentials, VaultChange};
[INFO] [stdout]   |                                                       ^^^^^^^^^^^^^^^^^^ no `PartialCredentials` in the root
[INFO] [stdout] 
[INFO] [stdout] error[E0599]: no variant, associated function, or constant named `Add` found for enum `ovunto_security::CredentialsChange` in the current scope
[INFO] [stdout]  --> src/client/vault/change.rs:8:32
[INFO] [stdout]   |
[INFO] [stdout] 8 |     change: CredentialsChange::Add(Credentials {
[INFO] [stdout]   |                                ^^^ variant, associated function, or constant not found in `ovunto_security::CredentialsChange`
[INFO] [stdout] 
[INFO] [stdout] error[E0599]: no variant, associated function, or constant named `Edit` found for enum `ovunto_security::CredentialsChange` in the current scope
[INFO] [stdout]   --> src/client/vault/change.rs:19:32
[INFO] [stdout]    |
[INFO] [stdout] 19 |     change: CredentialsChange::Edit(PartialCredentials {
[INFO] [stdout]    |                                ^^^^ variant, associated function, or constant not found in `ovunto_security::CredentialsChange`
[INFO] [stdout] 
[INFO] [stdout] error: aborting due to 3 previous errors
[INFO] [stdout] 
[INFO] [stdout] Some errors have detailed explanations: E0432, E0599.
[INFO] [stdout] For more information about an error, try `rustc --explain E0432`.
[INFO] [stdout] Couldn't compile the test.
[INFO] [stdout] 
[INFO] [stdout] failures:
[INFO] [stdout]     src/client/vault/change.rs - client::vault::change (line 2)
[INFO] [stdout]     src/client/vault/change.rs - client::vault::change (line 29)
[INFO] [stdout] 
[INFO] [stdout] test result: FAILED. 36 passed; 2 failed; 0 ignored; 0 measured; 0 filtered out; finished in 2.43s
[INFO] [stdout] 
[INFO] running `Command { std: "docker" "inspect" "9c4e338a139ec19df4e670a7f3b58d8cd4cdb541ebd98266875183c9423613c8", kill_on_drop: false }`
[INFO] running `Command { std: "docker" "rm" "-f" "9c4e338a139ec19df4e670a7f3b58d8cd4cdb541ebd98266875183c9423613c8", kill_on_drop: false }`
[INFO] [stdout] 9c4e338a139ec19df4e670a7f3b58d8cd4cdb541ebd98266875183c9423613c8
