[INFO] fetching crate notegraf 0.1.1...
[INFO] testing notegraf-0.1.1 against 1.99.0-beta.8+cargoflags=--release for beta-release-1.100-3
[INFO] extracting crate notegraf 0.1.1 into /workspace/builds/worker-7-tc1/source
[INFO] started tweaking crates.io crate notegraf 0.1.1
[INFO] finished tweaking crates.io crate notegraf 0.1.1
[INFO] tweaked toml for crates.io crate notegraf 0.1.1 written to /workspace/builds/worker-7-tc1/source/Cargo.toml
[INFO] validating manifest of crates.io crate notegraf 0.1.1 on toolchain 1.99.0-beta.8
[INFO] running `Command { std: CARGO_HOME="/workspace/cargo-home" RUSTUP_HOME="/workspace/rustup-home" "/workspace/cargo-home/bin/cargo" "+1.99.0-beta.8" "metadata" "--manifest-path" "Cargo.toml" "--no-deps", kill_on_drop: false }`
[INFO] running `Command { std: CARGO_HOME="/workspace/cargo-home" RUSTUP_HOME="/workspace/rustup-home" "/workspace/cargo-home/bin/cargo" "+1.99.0-beta.8" "generate-lockfile" "--manifest-path" "Cargo.toml", kill_on_drop: false }`
[INFO] [stderr]     Blocking waiting for file lock on package cache
[INFO] [stderr]     Updating crates.io index
[INFO] [stderr]     Blocking waiting for file lock on package cache
[INFO] [stderr]      Locking 197 packages to highest compatible versions
[INFO] [stderr]       Adding generic-array v0.14.7 (available: v0.14.9)
[INFO] [stderr]       Adding pulldown-cmark v0.9.6 (available: v0.13.4)
[INFO] [stderr]       Adding pulldown-cmark-to-cmark v10.0.4 (available: v23.0.0)
[INFO] [stderr]       Adding sqlx v0.6.3 (available: v0.9.0)
[INFO] [stderr]       Adding thiserror v1.0.69 (available: v2.0.21)
[INFO] running `Command { std: CARGO_HOME="/workspace/cargo-home" RUSTUP_HOME="/workspace/rustup-home" "/workspace/cargo-home/bin/cargo" "+1.99.0-beta.8" "fetch" "--manifest-path" "Cargo.toml", kill_on_drop: false }`
[INFO] [stderr]     Blocking waiting for file lock on package cache
[INFO] [stderr]     Blocking waiting for file lock on package cache
[INFO] [stderr]  Downloading crates ...
[INFO] [stderr]   Downloaded tokio-macros v2.7.2
[INFO] [stderr]   Downloaded uuid v1.28.0
[INFO] [stderr]   Downloaded sqlx-rt v0.6.3
[INFO] [stderr]   Downloaded plain v0.2.3
[INFO] [stderr]   Downloaded libredox v0.1.25
[INFO] [stderr]   Downloaded block-buffer v0.10.4
[INFO] [stderr]   Downloaded sha1 v0.10.7
[INFO] [stderr]   Downloaded untrusted v0.7.1
[INFO] [stderr]   Downloaded wasite v0.1.0
[INFO] [stderr]   Downloaded sqlx-macros v0.6.3
[INFO] [stderr]   Downloaded spin v0.5.2
[INFO] [stderr]   Downloaded stringprep v0.1.5
[INFO] [stderr]   Downloaded sqlformat v0.2.6
[INFO] [stderr]   Downloaded sct v0.7.1
[INFO] [stderr]   Downloaded digest v0.10.7
[INFO] [stderr]   Downloaded hex v0.4.3
[INFO] [stderr]   Downloaded crc v3.4.0
[INFO] [stderr]   Downloaded instant v0.1.13
[INFO] [stderr]   Downloaded event-listener v2.5.3
[INFO] [stderr]   Downloaded atoi v1.0.0
[INFO] [stderr]   Downloaded whoami v1.6.1
[INFO] [stderr]   Downloaded redox_syscall v0.9.5
[INFO] [stderr]   Downloaded dirs-sys v0.3.7
[INFO] [stderr]   Downloaded sha2 v0.10.9
[INFO] [stderr]   Downloaded android_system_properties v0.1.6
[INFO] [stderr]   Downloaded dirs v4.0.0
[INFO] [stderr]   Downloaded tokio-stream v0.1.19
[INFO] [stderr]   Downloaded rustls-pemfile v1.0.4
[INFO] [stderr]   Downloaded paste v1.0.15
[INFO] [stderr]   Downloaded md-5 v0.10.6
[INFO] [stderr]   Downloaded redox_syscall v0.2.16
[INFO] [stderr]   Downloaded dotenvy v0.15.7
[INFO] [stderr]   Downloaded unicase v2.10.0
[INFO] [stderr]   Downloaded getopts v0.2.24
[INFO] [stderr]   Downloaded unicode-properties v0.1.4
[INFO] [stderr]   Downloaded unicode-bidi v0.3.18
[INFO] [stderr]   Downloaded parking_lot v0.11.2
[INFO] [stderr]   Downloaded parking_lot_core v0.8.6
[INFO] [stderr]   Downloaded crc-catalog v2.5.0
[INFO] [stderr]   Downloaded ahash v0.7.8
[INFO] [stderr]   Downloaded pulldown-cmark-to-cmark v10.0.4
[INFO] [stderr]   Downloaded sqlx v0.6.3
[INFO] [stderr]   Downloaded tokio-rustls v0.23.4
[INFO] [stderr]   Downloaded webpki v0.22.4
[INFO] [stderr]   Downloaded hmac v0.12.1
[INFO] [stderr]   Downloaded base64 v0.13.1
[INFO] [stderr]   Downloaded unicode_categories v0.1.1
[INFO] [stderr]   Downloaded rand v0.8.8
[INFO] [stderr]   Downloaded typenum v1.20.1
[INFO] [stderr]   Downloaded futures-intrusive v0.4.2
[INFO] [stderr]   Downloaded unicode-normalization v0.1.26
[INFO] [stderr]   Downloaded serde_json v1.0.154
[INFO] [stderr]   Downloaded pulldown-cmark v0.9.6
[INFO] [stderr]   Downloaded zerocopy-derive v0.8.63
[INFO] [stderr]   Downloaded hkdf v0.12.4
[INFO] [stderr]   Downloaded rustls v0.20.9
[INFO] [stderr]   Downloaded webpki-roots v0.22.6
[INFO] [stderr]   Downloaded chrono v0.4.45
[INFO] [stderr]   Downloaded sqlx-core v0.6.3
[INFO] [stderr]   Downloaded unicode-width v0.2.2
[INFO] [stderr]   Downloaded zerocopy v0.8.63
[INFO] [stderr]   Downloaded web-sys v0.3.106
[INFO] [stderr]   Downloaded ring v0.16.20
[INFO] running `Command { std: "docker" "create" "-v" "/var/lib/crater-agent-workspace/builds/worker-7-tc1/source:/opt/rustwide/workdir:ro,Z" "-v" "/var/lib/crater-agent-workspace/builds/worker-7-tc1/target:/opt/rustwide/target:rw,Z" "-v" "/var/lib/crater-agent-workspace/cargo-home:/opt/rustwide/cargo-home:ro,Z" "-v" "/var/lib/crater-agent-workspace/rustup-home:/opt/rustwide/rustup-home:ro,Z" "-m" "1610612736" "--network" "none" "ghcr.io/rust-lang/crates-build-env/linux@sha256:77db811e55d90add9212f6832c23229e3de5f1c1f9905e8cb07319ea15df73ac" "sleep" "infinity", kill_on_drop: false }`
[INFO] [stdout] b9610a226d247047d602efc8958de4f658a3ad23c96963c5b4ececa036dafe44
[INFO] running `Command { std: "docker" "start" "b9610a226d247047d602efc8958de4f658a3ad23c96963c5b4ececa036dafe44", kill_on_drop: false }`
[INFO] running `Command { std: "docker" "inspect" "b9610a226d247047d602efc8958de4f658a3ad23c96963c5b4ececa036dafe44", kill_on_drop: false }`
[INFO] running `Command { std: "docker" "exec" "-e" "SOURCE_DIR=/opt/rustwide/workdir" "-e" "CARGO_HOME=/opt/rustwide/cargo-home" "-e" "RUSTUP_HOME=/opt/rustwide/rustup-home" "-e" "CARGO_TARGET_DIR=/opt/rustwide/target" "-w" "/opt/rustwide/workdir" "--user" "0:0" "b9610a226d247047d602efc8958de4f658a3ad23c96963c5b4ececa036dafe44" "/opt/rustwide/cargo-home/bin/cargo" "+1.99.0-beta.8" "metadata" "--no-deps" "--format-version=1", kill_on_drop: false }`
[INFO] running `Command { std: "docker" "inspect" "b9610a226d247047d602efc8958de4f658a3ad23c96963c5b4ececa036dafe44", kill_on_drop: false }`
[INFO] running `Command { std: "docker" "exec" "-e" "SOURCE_DIR=/opt/rustwide/workdir" "-e" "CARGO_HOME=/opt/rustwide/cargo-home" "-e" "RUSTUP_HOME=/opt/rustwide/rustup-home" "-e" "CARGO_TARGET_DIR=/opt/rustwide/target" "-e" "CARGO_INCREMENTAL=0" "-e" "RUST_BACKTRACE=full" "-e" "RUSTFLAGS=--cap-lints=warn" "-e" "RUSTDOCFLAGS=--cap-lints=warn" "-w" "/opt/rustwide/workdir" "--user" "0:0" "b9610a226d247047d602efc8958de4f658a3ad23c96963c5b4ececa036dafe44" "/opt/rustwide/cargo-home/bin/cargo" "+1.99.0-beta.8" "build" "--frozen" "--message-format=json" "--release", kill_on_drop: false }`
[INFO] [stderr]    Compiling proc-macro2 v1.0.107
[INFO] [stderr]    Compiling unicode-ident v1.0.27
[INFO] [stderr]    Compiling quote v1.0.47
[INFO] [stderr]    Compiling libc v0.2.191
[INFO] [stderr]    Compiling version_check v0.9.5
[INFO] [stderr]    Compiling find-msvc-tools v0.1.14
[INFO] [stderr]    Compiling shlex v2.0.1
[INFO] [stderr]    Compiling cfg-if v1.0.5
[INFO] [stderr]    Compiling zerocopy v0.8.63
[INFO] [stderr]    Compiling autocfg v1.5.1
[INFO] [stderr]    Compiling serde_core v1.0.229
[INFO] [stderr]    Compiling stable_deref_trait v1.2.1
[INFO] [stderr]    Compiling icu_properties_data v2.3.0
[INFO] [stderr]    Compiling cc v1.8.0
[INFO] [stderr]    Compiling icu_normalizer_data v2.3.0
[INFO] [stderr]    Compiling generic-array v0.14.7
[INFO] [stderr]    Compiling ahash v0.8.12
[INFO] [stderr]    Compiling parking_lot_core v0.8.6
[INFO] [stderr]    Compiling rustls v0.20.9
[INFO] [stderr]    Compiling typenum v1.20.1
[INFO] [stderr]    Compiling once_cell v1.21.4
[INFO] [stderr]    Compiling serde v1.0.229
[INFO] [stderr]    Compiling num-traits v0.2.19
[INFO] [stderr]    Compiling crossbeam-utils v0.8.23
[INFO] [stderr]    Compiling syn v3.0.9
[INFO] [stderr]    Compiling pin-project-lite v0.2.17
[INFO] [stderr]    Compiling memchr v2.8.3
[INFO] [stderr]    Compiling untrusted v0.9.0
[INFO] [stderr]    Compiling zmij v1.0.23
[INFO] [stderr]    Compiling litemap v0.8.3
[INFO] [stderr]    Compiling writeable v0.6.4
[INFO] [stderr]    Compiling smallvec v1.16.3
[INFO] [stderr]    Compiling syn v2.0.119
[INFO] [stderr]    Compiling crypto-common v0.1.7
[INFO] [stderr]    Compiling getrandom v0.2.17
[INFO] [stderr]    Compiling block-buffer v0.10.4
[INFO] [stderr]    Compiling utf8_iter v1.0.4
[INFO] [stderr]    Compiling subtle v2.6.1
[INFO] [stderr]    Compiling ring v0.17.14
[INFO] [stderr]    Compiling ring v0.16.20
[INFO] [stderr]    Compiling digest v0.10.7
[INFO] [stderr]    Compiling indexmap v1.9.3
[INFO] [stderr]    Compiling ahash v0.7.8
[INFO] [stderr]    Compiling thiserror v1.0.69
[INFO] [stderr]    Compiling serde_json v1.0.154
[INFO] [stderr]    Compiling futures-core v0.3.34
[INFO] [stderr]    Compiling synstructure v0.14.0
[INFO] [stderr]    Compiling socket2 v0.6.5
[INFO] [stderr]    Compiling zerofrom-derive v0.1.8
[INFO] [stderr]    Compiling yoke-derive v0.8.4
[INFO] [stderr]    Compiling zerovec-derive v0.11.6
[INFO] [stderr]    Compiling displaydoc v0.2.7
[INFO] [stderr]    Compiling zerofrom v0.1.8
[INFO] [stderr]    Compiling serde_derive v1.0.229
[INFO] [stderr]    Compiling yoke v0.8.3
[INFO] [stderr]    Compiling webpki v0.22.4
[INFO] [stderr]    Compiling zerotrie v0.2.5
[INFO] [stderr]    Compiling mio v1.2.4
[INFO] [stderr]    Compiling zerovec v0.11.8
[INFO] [stderr]    Compiling bytes v1.12.1
[INFO] [stderr]    Compiling spin v0.5.2
[INFO] [stderr]    Compiling untrusted v0.7.1
[INFO] [stderr]    Compiling sct v0.7.1
[INFO] [stderr]    Compiling thiserror-impl v1.0.69
[INFO] [stderr]    Compiling tinystr v0.8.4
[INFO] [stderr]    Compiling icu_locale_core v2.3.0
[INFO] [stderr]    Compiling potential_utf v0.1.6
[INFO] [stderr]    Compiling icu_collections v2.3.0
[INFO] [stderr]    Compiling tokio v1.53.3
[INFO] [stderr]    Compiling icu_provider v2.3.1
[INFO] [stderr]    Compiling icu_properties v2.3.0
[INFO] [stderr]    Compiling icu_normalizer v2.3.0
[INFO] [stderr]    Compiling instant v0.1.13
[INFO] [stderr]    Compiling futures-sink v0.3.34
[INFO] [stderr]    Compiling log v0.4.34
[INFO] [stderr]    Compiling scopeguard v1.2.0
[INFO] [stderr]    Compiling paste v1.0.15
[INFO] [stderr]    Compiling lock_api v0.4.14
[INFO] [stderr]    Compiling idna_adapter v1.2.2
[INFO] [stderr]    Compiling futures-channel v0.3.34
[INFO] [stderr]    Compiling futures-macro v0.3.34
[INFO] [stderr]    Compiling ppv-lite86 v0.2.21
[INFO] [stderr]    Compiling rand_core v0.6.4
[INFO] [stderr]    Compiling futures-io v0.3.34
[INFO] [stderr]    Compiling tinyvec v1.13.3
[INFO] [stderr]    Compiling futures-task v0.3.34
[INFO] [stderr]    Compiling minimal-lexical v0.2.1
[INFO] [stderr]    Compiling percent-encoding v2.3.2
[INFO] [stderr]    Compiling cpufeatures v0.2.17
[INFO] [stderr]    Compiling allocator-api2 v0.2.21
[INFO] [stderr]    Compiling slab v0.4.12
[INFO] [stderr]    Compiling getrandom v0.4.3
[INFO] [stderr]    Compiling futures-util v0.3.34
[INFO] [stderr]    Compiling hashbrown v0.14.5
[INFO] [stderr]    Compiling nom v7.1.3
[INFO] [stderr]    Compiling form_urlencoded v1.2.2
[INFO] [stderr]    Compiling tokio-rustls v0.23.4
[INFO] [stderr]    Compiling unicode-normalization v0.1.26
[INFO] [stderr]    Compiling rand_chacha v0.3.1
[INFO] [stderr]    Compiling parking_lot v0.11.2
[INFO] [stderr]    Compiling idna v1.1.0
[INFO] [stderr]    Compiling hmac v0.12.1
[INFO] [stderr]    Compiling dirs-sys v0.3.7
[INFO] [stderr]    Compiling syn v1.0.109
[INFO] [stderr]    Compiling crc-catalog v2.5.0
[INFO] [stderr]    Compiling iana-time-zone v0.1.65
[INFO] [stderr]    Compiling unicode-properties v0.1.4
[INFO] [stderr]    Compiling unicode-bidi v0.3.18
[INFO] [stderr]    Compiling itoa v1.0.18
[INFO] [stderr]    Compiling unicode_categories v0.1.1
[INFO] [stderr]    Compiling hashbrown v0.12.3
[INFO] [stderr]    Compiling base64 v0.21.7
[INFO] [stderr]    Compiling sqlformat v0.2.6
[INFO] [stderr]    Compiling rustls-pemfile v1.0.4
[INFO] [stderr]    Compiling stringprep v0.1.5
[INFO] [stderr]    Compiling chrono v0.4.45
[INFO] [stderr]    Compiling crc v3.4.0
[INFO] [stderr]    Compiling dirs v4.0.0
[INFO] [stderr]    Compiling url v2.5.8
[INFO] [stderr]    Compiling hkdf v0.12.4
[INFO] [stderr]    Compiling crossbeam-queue v0.3.14
[INFO] [stderr]    Compiling futures-intrusive v0.4.2
[INFO] [stderr]    Compiling either v1.19.0
[INFO] [stderr]    Compiling rand v0.8.8
[INFO] [stderr]    Compiling sqlx-rt v0.6.3
[INFO] [stderr]    Compiling hashlink v0.8.4
[INFO] [stderr]    Compiling sha2 v0.10.9
[INFO] [stderr]    Compiling sha1 v0.10.7
[INFO] [stderr]    Compiling tokio-stream v0.1.19
[INFO] [stderr]    Compiling atoi v1.0.0
[INFO] [stderr]    Compiling webpki-roots v0.22.6
[INFO] [stderr]    Compiling md-5 v0.10.6
[INFO] [stderr]    Compiling event-listener v2.5.3
[INFO] [stderr]    Compiling bitflags v1.3.2
[INFO] [stderr]    Compiling dotenvy v0.15.7
[INFO] [stderr]    Compiling uuid v1.28.0
[INFO] [stderr]    Compiling unicode-width v0.2.2
[INFO] [stderr]    Compiling unicode-segmentation v1.13.3
[INFO] [stderr]    Compiling pulldown-cmark v0.9.6
[INFO] [stderr]    Compiling byteorder v1.5.0
[INFO] [stderr]    Compiling base64 v0.13.1
[INFO] [stderr]    Compiling whoami v1.6.1
[INFO] [stderr]    Compiling hex v0.4.3
[INFO] [stderr]    Compiling sqlx-core v0.6.3
[INFO] [stderr]    Compiling heck v0.4.1
[INFO] [stderr]    Compiling getopts v0.2.24
[INFO] [stderr]    Compiling unicase v2.10.0
[INFO] [stderr]    Compiling bitflags v2.13.2
[INFO] [stderr]    Compiling futures-executor v0.3.34
[INFO] [stderr]    Compiling tracing-attributes v0.1.31
[INFO] [stderr]    Compiling tracing-core v0.1.36
[INFO] [stderr]    Compiling notegraf v0.1.1 (/opt/rustwide/workdir)
[INFO] [stderr]    Compiling futures v0.3.34
[INFO] [stderr]    Compiling pulldown-cmark-to-cmark v10.0.4
[INFO] [stderr]    Compiling tracing v0.1.44
[INFO] [stderr]    Compiling sqlx-macros v0.6.3
[INFO] [stderr]    Compiling sqlx v0.6.3
[INFO] [stdout] warning: hiding a lifetime that's elided elsewhere is confusing
[INFO] [stdout]   --> src/notestore/mod.rs:34:9
[INFO] [stdout]    |
[INFO] [stdout] 34 |         &self,
[INFO] [stdout]    |         ^^^^^ the lifetime is elided here
[INFO] [stdout] ...
[INFO] [stdout] 38 |     ) -> BoxFuture<Result<NoteLocator, NoteStoreError>>;
[INFO] [stdout]    |          ^^^^^^^^^^^^^^^^^^^^^^^^^^^^^^^^^^^^^^^^^^^^^^ the same lifetime is hidden here
[INFO] [stdout]    |
[INFO] [stdout]    = help: the same lifetime is referred to in inconsistent ways, making the signature confusing
[INFO] [stdout]    = note: `#[warn(mismatched_lifetime_syntaxes)]` on by default
[INFO] [stdout] help: use `'_` for type paths
[INFO] [stdout]    |
[INFO] [stdout] 38 |     ) -> BoxFuture<'_, Result<NoteLocator, NoteStoreError>>;
[INFO] [stdout]    |                    +++
[INFO] [stdout] 
[INFO] [stdout] 
[INFO] [stdout] warning: hiding a lifetime that's elided elsewhere is confusing
[INFO] [stdout]    --> src/notestore/mod.rs:121:13
[INFO] [stdout]     |
[INFO] [stdout] 121 |     fn tags(&self) -> BoxFuture<Result<Vec<String>, NoteStoreError>>;
[INFO] [stdout]     |             ^^^^^     ^^^^^^^^^^^^^^^^^^^^^^^^^^^^^^^^^^^^^^^^^^^^^^ the same lifetime is hidden here
[INFO] [stdout]     |             |
[INFO] [stdout]     |             the lifetime is elided here
[INFO] [stdout]     |
[INFO] [stdout]     = help: the same lifetime is referred to in inconsistent ways, making the signature confusing
[INFO] [stdout] help: use `'_` for type paths
[INFO] [stdout]     |
[INFO] [stdout] 121 |     fn tags(&self) -> BoxFuture<'_, Result<Vec<String>, NoteStoreError>>;
[INFO] [stdout]     |                                 +++
[INFO] [stdout] 
[INFO] [stdout] 
[INFO] [stdout] warning: hiding a lifetime that's elided elsewhere is confusing
[INFO] [stdout]    --> src/notestore/mod.rs:123:15
[INFO] [stdout]     |
[INFO] [stdout] 123 |     fn backup(&self, path: Box<dyn AsRef<Path> + Send>) -> BoxFuture<Result<(), NoteStoreError>>;
[INFO] [stdout]     |               ^^^^^ the lifetime is elided here            ^^^^^^^^^^^^^^^^^^^^^^^^^^^^^^^^^^^^^ the same lifetime is hidden here
[INFO] [stdout]     |
[INFO] [stdout]     = help: the same lifetime is referred to in inconsistent ways, making the signature confusing
[INFO] [stdout] help: use `'_` for type paths
[INFO] [stdout]     |
[INFO] [stdout] 123 |     fn backup(&self, path: Box<dyn AsRef<Path> + Send>) -> BoxFuture<'_, Result<(), NoteStoreError>>;
[INFO] [stdout]     |                                                                      +++
[INFO] [stdout] 
[INFO] [stdout] 
[INFO] [stdout] warning: hiding a lifetime that's elided elsewhere is confusing
[INFO] [stdout]    --> src/notestore/in_memory.rs:619:9
[INFO] [stdout]     |
[INFO] [stdout] 619 |         &self,
[INFO] [stdout]     |         ^^^^^ the lifetime is elided here
[INFO] [stdout] ...
[INFO] [stdout] 623 |     ) -> BoxFuture<Result<NoteLocator, NoteStoreError>> {
[INFO] [stdout]     |          ^^^^^^^^^^^^^^^^^^^^^^^^^^^^^^^^^^^^^^^^^^^^^^ the same lifetime is hidden here
[INFO] [stdout]     |
[INFO] [stdout]     = help: the same lifetime is referred to in inconsistent ways, making the signature confusing
[INFO] [stdout] help: use `'_` for type paths
[INFO] [stdout]     |
[INFO] [stdout] 623 |     ) -> BoxFuture<'_, Result<NoteLocator, NoteStoreError>> {
[INFO] [stdout]     |                    +++
[INFO] [stdout] 
[INFO] [stdout] 
[INFO] [stdout] warning: hiding a lifetime that's elided elsewhere is confusing
[INFO] [stdout]    --> src/notestore/in_memory.rs:719:13
[INFO] [stdout]     |
[INFO] [stdout] 719 |     fn tags(&self) -> BoxFuture<Result<Vec<String>, NoteStoreError>> {
[INFO] [stdout]     |             ^^^^^     ^^^^^^^^^^^^^^^^^^^^^^^^^^^^^^^^^^^^^^^^^^^^^^ the same lifetime is hidden here
[INFO] [stdout]     |             |
[INFO] [stdout]     |             the lifetime is elided here
[INFO] [stdout]     |
[INFO] [stdout]     = help: the same lifetime is referred to in inconsistent ways, making the signature confusing
[INFO] [stdout] help: use `'_` for type paths
[INFO] [stdout]     |
[INFO] [stdout] 719 |     fn tags(&self) -> BoxFuture<'_, Result<Vec<String>, NoteStoreError>> {
[INFO] [stdout]     |                                 +++
[INFO] [stdout] 
[INFO] [stdout] 
[INFO] [stdout] warning: hiding a lifetime that's elided elsewhere is confusing
[INFO] [stdout]    --> src/notestore/in_memory.rs:726:15
[INFO] [stdout]     |
[INFO] [stdout] 726 |     fn backup(&self, path: Box<dyn AsRef<Path> + Send>) -> BoxFuture<Result<(), NoteStoreError>> {
[INFO] [stdout]     |               ^^^^^ the lifetime is elided here            ^^^^^^^^^^^^^^^^^^^^^^^^^^^^^^^^^^^^^ the same lifetime is hidden here
[INFO] [stdout]     |
[INFO] [stdout]     = help: the same lifetime is referred to in inconsistent ways, making the signature confusing
[INFO] [stdout] help: use `'_` for type paths
[INFO] [stdout]     |
[INFO] [stdout] 726 |     fn backup(&self, path: Box<dyn AsRef<Path> + Send>) -> BoxFuture<'_, Result<(), NoteStoreError>> {
[INFO] [stdout]     |                                                                      +++
[INFO] [stdout] 
[INFO] [stdout] 
[INFO] [stdout] warning: hiding a lifetime that's elided elsewhere is confusing
[INFO] [stdout]    --> src/notestore/postgresql/mod.rs:163:9
[INFO] [stdout]     |
[INFO] [stdout] 163 |         &self,
[INFO] [stdout]     |         ^^^^^ the lifetime is elided here
[INFO] [stdout] ...
[INFO] [stdout] 167 |     ) -> BoxFuture<Result<NoteLocator, NoteStoreError>> {
[INFO] [stdout]     |          ^^^^^^^^^^^^^^^^^^^^^^^^^^^^^^^^^^^^^^^^^^^^^^ the same lifetime is hidden here
[INFO] [stdout]     |
[INFO] [stdout]     = help: the same lifetime is referred to in inconsistent ways, making the signature confusing
[INFO] [stdout] help: use `'_` for type paths
[INFO] [stdout]     |
[INFO] [stdout] 167 |     ) -> BoxFuture<'_, Result<NoteLocator, NoteStoreError>> {
[INFO] [stdout]     |                    +++
[INFO] [stdout] 
[INFO] [stdout] 
[INFO] [stdout] warning: hiding a lifetime that's elided elsewhere is confusing
[INFO] [stdout]    --> src/notestore/postgresql/mod.rs:389:13
[INFO] [stdout]     |
[INFO] [stdout] 389 |     fn tags(&self) -> BoxFuture<Result<Vec<String>, NoteStoreError>> {
[INFO] [stdout]     |             ^^^^^     ^^^^^^^^^^^^^^^^^^^^^^^^^^^^^^^^^^^^^^^^^^^^^^ the same lifetime is hidden here
[INFO] [stdout]     |             |
[INFO] [stdout]     |             the lifetime is elided here
[INFO] [stdout]     |
[INFO] [stdout]     = help: the same lifetime is referred to in inconsistent ways, making the signature confusing
[INFO] [stdout] help: use `'_` for type paths
[INFO] [stdout]     |
[INFO] [stdout] 389 |     fn tags(&self) -> BoxFuture<'_, Result<Vec<String>, NoteStoreError>> {
[INFO] [stdout]     |                                 +++
[INFO] [stdout] 
[INFO] [stdout] 
[INFO] [stdout] warning: hiding a lifetime that's elided elsewhere is confusing
[INFO] [stdout]    --> src/notestore/postgresql/mod.rs:399:15
[INFO] [stdout]     |
[INFO] [stdout] 399 |     fn backup(&self, _path: Box<dyn AsRef<Path> + Send>) -> BoxFuture<Result<(), NoteStoreError>> {
[INFO] [stdout]     |               ^^^^^ the lifetime is elided here             ^^^^^^^^^^^^^^^^^^^^^^^^^^^^^^^^^^^^^ the same lifetime is hidden here
[INFO] [stdout]     |
[INFO] [stdout]     = help: the same lifetime is referred to in inconsistent ways, making the signature confusing
[INFO] [stdout] help: use `'_` for type paths
[INFO] [stdout]     |
[INFO] [stdout] 399 |     fn backup(&self, _path: Box<dyn AsRef<Path> + Send>) -> BoxFuture<'_, Result<(), NoteStoreError>> {
[INFO] [stdout]     |                                                                       +++
[INFO] [stdout] 
[INFO] [stdout] 
[INFO] [stderr]     Finished `release` profile [optimized] target(s) in 3m 38s
[INFO] [stderr] warning: the following packages contain code that will be rejected by a future version of Rust: sqlx-core v0.6.3
[INFO] [stderr] note: to see what the problems were, use the option `--future-incompat-report`, or run `cargo report future-incompatibilities --id 1`
[INFO] running `Command { std: "docker" "inspect" "b9610a226d247047d602efc8958de4f658a3ad23c96963c5b4ececa036dafe44", kill_on_drop: false }`
[INFO] running `Command { std: "docker" "exec" "-e" "SOURCE_DIR=/opt/rustwide/workdir" "-e" "CARGO_HOME=/opt/rustwide/cargo-home" "-e" "RUSTUP_HOME=/opt/rustwide/rustup-home" "-e" "CARGO_TARGET_DIR=/opt/rustwide/target" "-e" "CARGO_INCREMENTAL=0" "-e" "RUST_BACKTRACE=full" "-e" "RUSTFLAGS=--cap-lints=warn" "-e" "RUSTDOCFLAGS=--cap-lints=warn" "-w" "/opt/rustwide/workdir" "--user" "0:0" "b9610a226d247047d602efc8958de4f658a3ad23c96963c5b4ececa036dafe44" "/opt/rustwide/cargo-home/bin/cargo" "+1.99.0-beta.8" "test" "--frozen" "--no-run" "--message-format=json" "--release", kill_on_drop: false }`
[INFO] [stderr]    Compiling tokio-macros v2.7.2
[INFO] [stderr]    Compiling tokio v1.53.3
[INFO] [stderr]    Compiling tokio-rustls v0.23.4
[INFO] [stderr]    Compiling tokio-stream v0.1.19
[INFO] [stderr]    Compiling sqlx-rt v0.6.3
[INFO] [stderr]    Compiling sqlx-core v0.6.3
[INFO] [stderr]    Compiling sqlx v0.6.3
[INFO] [stderr]    Compiling notegraf v0.1.1 (/opt/rustwide/workdir)
[INFO] [stdout] warning: hiding a lifetime that's elided elsewhere is confusing
[INFO] [stdout]   --> src/notestore/mod.rs:34:9
[INFO] [stdout]    |
[INFO] [stdout] 34 |         &self,
[INFO] [stdout]    |         ^^^^^ the lifetime is elided here
[INFO] [stdout] ...
[INFO] [stdout] 38 |     ) -> BoxFuture<Result<NoteLocator, NoteStoreError>>;
[INFO] [stdout]    |          ^^^^^^^^^^^^^^^^^^^^^^^^^^^^^^^^^^^^^^^^^^^^^^ the same lifetime is hidden here
[INFO] [stdout]    |
[INFO] [stdout]    = help: the same lifetime is referred to in inconsistent ways, making the signature confusing
[INFO] [stdout]    = note: `#[warn(mismatched_lifetime_syntaxes)]` on by default
[INFO] [stdout] help: use `'_` for type paths
[INFO] [stdout]    |
[INFO] [stdout] 38 |     ) -> BoxFuture<'_, Result<NoteLocator, NoteStoreError>>;
[INFO] [stdout]    |                    +++
[INFO] [stdout] 
[INFO] [stdout] 
[INFO] [stdout] warning: hiding a lifetime that's elided elsewhere is confusing
[INFO] [stdout]    --> src/notestore/mod.rs:121:13
[INFO] [stdout]     |
[INFO] [stdout] 121 |     fn tags(&self) -> BoxFuture<Result<Vec<String>, NoteStoreError>>;
[INFO] [stdout]     |             ^^^^^     ^^^^^^^^^^^^^^^^^^^^^^^^^^^^^^^^^^^^^^^^^^^^^^ the same lifetime is hidden here
[INFO] [stdout]     |             |
[INFO] [stdout]     |             the lifetime is elided here
[INFO] [stdout]     |
[INFO] [stdout]     = help: the same lifetime is referred to in inconsistent ways, making the signature confusing
[INFO] [stdout] help: use `'_` for type paths
[INFO] [stdout]     |
[INFO] [stdout] 121 |     fn tags(&self) -> BoxFuture<'_, Result<Vec<String>, NoteStoreError>>;
[INFO] [stdout]     |                                 +++
[INFO] [stdout] 
[INFO] [stdout] 
[INFO] [stdout] warning: hiding a lifetime that's elided elsewhere is confusing
[INFO] [stdout]    --> src/notestore/mod.rs:123:15
[INFO] [stdout]     |
[INFO] [stdout] 123 |     fn backup(&self, path: Box<dyn AsRef<Path> + Send>) -> BoxFuture<Result<(), NoteStoreError>>;
[INFO] [stdout]     |               ^^^^^ the lifetime is elided here            ^^^^^^^^^^^^^^^^^^^^^^^^^^^^^^^^^^^^^ the same lifetime is hidden here
[INFO] [stdout]     |
[INFO] [stdout]     = help: the same lifetime is referred to in inconsistent ways, making the signature confusing
[INFO] [stdout] help: use `'_` for type paths
[INFO] [stdout]     |
[INFO] [stdout] 123 |     fn backup(&self, path: Box<dyn AsRef<Path> + Send>) -> BoxFuture<'_, Result<(), NoteStoreError>>;
[INFO] [stdout]     |                                                                      +++
[INFO] [stdout] 
[INFO] [stdout] 
[INFO] [stdout] warning: hiding a lifetime that's elided elsewhere is confusing
[INFO] [stdout]    --> src/notestore/in_memory.rs:619:9
[INFO] [stdout]     |
[INFO] [stdout] 619 |         &self,
[INFO] [stdout]     |         ^^^^^ the lifetime is elided here
[INFO] [stdout] ...
[INFO] [stdout] 623 |     ) -> BoxFuture<Result<NoteLocator, NoteStoreError>> {
[INFO] [stdout]     |          ^^^^^^^^^^^^^^^^^^^^^^^^^^^^^^^^^^^^^^^^^^^^^^ the same lifetime is hidden here
[INFO] [stdout]     |
[INFO] [stdout]     = help: the same lifetime is referred to in inconsistent ways, making the signature confusing
[INFO] [stdout] help: use `'_` for type paths
[INFO] [stdout]     |
[INFO] [stdout] 623 |     ) -> BoxFuture<'_, Result<NoteLocator, NoteStoreError>> {
[INFO] [stdout]     |                    +++
[INFO] [stdout] 
[INFO] [stdout] 
[INFO] [stdout] warning: hiding a lifetime that's elided elsewhere is confusing
[INFO] [stdout]    --> src/notestore/in_memory.rs:719:13
[INFO] [stdout]     |
[INFO] [stdout] 719 |     fn tags(&self) -> BoxFuture<Result<Vec<String>, NoteStoreError>> {
[INFO] [stdout]     |             ^^^^^     ^^^^^^^^^^^^^^^^^^^^^^^^^^^^^^^^^^^^^^^^^^^^^^ the same lifetime is hidden here
[INFO] [stdout]     |             |
[INFO] [stdout]     |             the lifetime is elided here
[INFO] [stdout]     |
[INFO] [stdout]     = help: the same lifetime is referred to in inconsistent ways, making the signature confusing
[INFO] [stdout] help: use `'_` for type paths
[INFO] [stdout]     |
[INFO] [stdout] 719 |     fn tags(&self) -> BoxFuture<'_, Result<Vec<String>, NoteStoreError>> {
[INFO] [stdout]     |                                 +++
[INFO] [stdout] 
[INFO] [stdout] 
[INFO] [stdout] warning: hiding a lifetime that's elided elsewhere is confusing
[INFO] [stdout]    --> src/notestore/in_memory.rs:726:15
[INFO] [stdout]     |
[INFO] [stdout] 726 |     fn backup(&self, path: Box<dyn AsRef<Path> + Send>) -> BoxFuture<Result<(), NoteStoreError>> {
[INFO] [stdout]     |               ^^^^^ the lifetime is elided here            ^^^^^^^^^^^^^^^^^^^^^^^^^^^^^^^^^^^^^ the same lifetime is hidden here
[INFO] [stdout]     |
[INFO] [stdout]     = help: the same lifetime is referred to in inconsistent ways, making the signature confusing
[INFO] [stdout] help: use `'_` for type paths
[INFO] [stdout]     |
[INFO] [stdout] 726 |     fn backup(&self, path: Box<dyn AsRef<Path> + Send>) -> BoxFuture<'_, Result<(), NoteStoreError>> {
[INFO] [stdout]     |                                                                      +++
[INFO] [stdout] 
[INFO] [stdout] 
[INFO] [stdout] warning: hiding a lifetime that's elided elsewhere is confusing
[INFO] [stdout]    --> src/notestore/postgresql/mod.rs:163:9
[INFO] [stdout]     |
[INFO] [stdout] 163 |         &self,
[INFO] [stdout]     |         ^^^^^ the lifetime is elided here
[INFO] [stdout] ...
[INFO] [stdout] 167 |     ) -> BoxFuture<Result<NoteLocator, NoteStoreError>> {
[INFO] [stdout]     |          ^^^^^^^^^^^^^^^^^^^^^^^^^^^^^^^^^^^^^^^^^^^^^^ the same lifetime is hidden here
[INFO] [stdout]     |
[INFO] [stdout]     = help: the same lifetime is referred to in inconsistent ways, making the signature confusing
[INFO] [stdout] help: use `'_` for type paths
[INFO] [stdout]     |
[INFO] [stdout] 167 |     ) -> BoxFuture<'_, Result<NoteLocator, NoteStoreError>> {
[INFO] [stdout]     |                    +++
[INFO] [stdout] 
[INFO] [stdout] 
[INFO] [stdout] warning: hiding a lifetime that's elided elsewhere is confusing
[INFO] [stdout]    --> src/notestore/postgresql/mod.rs:389:13
[INFO] [stdout]     |
[INFO] [stdout] 389 |     fn tags(&self) -> BoxFuture<Result<Vec<String>, NoteStoreError>> {
[INFO] [stdout]     |             ^^^^^     ^^^^^^^^^^^^^^^^^^^^^^^^^^^^^^^^^^^^^^^^^^^^^^ the same lifetime is hidden here
[INFO] [stdout]     |             |
[INFO] [stdout]     |             the lifetime is elided here
[INFO] [stdout]     |
[INFO] [stdout]     = help: the same lifetime is referred to in inconsistent ways, making the signature confusing
[INFO] [stdout] help: use `'_` for type paths
[INFO] [stdout]     |
[INFO] [stdout] 389 |     fn tags(&self) -> BoxFuture<'_, Result<Vec<String>, NoteStoreError>> {
[INFO] [stdout]     |                                 +++
[INFO] [stdout] 
[INFO] [stdout] 
[INFO] [stdout] warning: hiding a lifetime that's elided elsewhere is confusing
[INFO] [stdout]    --> src/notestore/postgresql/mod.rs:399:15
[INFO] [stdout]     |
[INFO] [stdout] 399 |     fn backup(&self, _path: Box<dyn AsRef<Path> + Send>) -> BoxFuture<Result<(), NoteStoreError>> {
[INFO] [stdout]     |               ^^^^^ the lifetime is elided here             ^^^^^^^^^^^^^^^^^^^^^^^^^^^^^^^^^^^^^ the same lifetime is hidden here
[INFO] [stdout]     |
[INFO] [stdout]     = help: the same lifetime is referred to in inconsistent ways, making the signature confusing
[INFO] [stdout] help: use `'_` for type paths
[INFO] [stdout]     |
[INFO] [stdout] 399 |     fn backup(&self, _path: Box<dyn AsRef<Path> + Send>) -> BoxFuture<'_, Result<(), NoteStoreError>> {
[INFO] [stdout]     |                                                                       +++
[INFO] [stdout] 
[INFO] [stdout] 
[INFO] [stdout] warning: hiding a lifetime that's elided elsewhere is confusing
[INFO] [stdout]   --> src/notestore/mod.rs:34:9
[INFO] [stdout]    |
[INFO] [stdout] 34 |         &self,
[INFO] [stdout]    |         ^^^^^ the lifetime is elided here
[INFO] [stdout] ...
[INFO] [stdout] 38 |     ) -> BoxFuture<Result<NoteLocator, NoteStoreError>>;
[INFO] [stdout]    |          ^^^^^^^^^^^^^^^^^^^^^^^^^^^^^^^^^^^^^^^^^^^^^^ the same lifetime is hidden here
[INFO] [stdout]    |
[INFO] [stdout]    = help: the same lifetime is referred to in inconsistent ways, making the signature confusing
[INFO] [stdout]    = note: `#[warn(mismatched_lifetime_syntaxes)]` on by default
[INFO] [stdout] help: use `'_` for type paths
[INFO] [stdout]    |
[INFO] [stdout] 38 |     ) -> BoxFuture<'_, Result<NoteLocator, NoteStoreError>>;
[INFO] [stdout]    |                    +++
[INFO] [stdout] 
[INFO] [stdout] 
[INFO] [stdout] warning: hiding a lifetime that's elided elsewhere is confusing
[INFO] [stdout]    --> src/notestore/mod.rs:121:13
[INFO] [stdout]     |
[INFO] [stdout] 121 |     fn tags(&self) -> BoxFuture<Result<Vec<String>, NoteStoreError>>;
[INFO] [stdout]     |             ^^^^^     ^^^^^^^^^^^^^^^^^^^^^^^^^^^^^^^^^^^^^^^^^^^^^^ the same lifetime is hidden here
[INFO] [stdout]     |             |
[INFO] [stdout]     |             the lifetime is elided here
[INFO] [stdout]     |
[INFO] [stdout]     = help: the same lifetime is referred to in inconsistent ways, making the signature confusing
[INFO] [stdout] help: use `'_` for type paths
[INFO] [stdout]     |
[INFO] [stdout] 121 |     fn tags(&self) -> BoxFuture<'_, Result<Vec<String>, NoteStoreError>>;
[INFO] [stdout]     |                                 +++
[INFO] [stdout] 
[INFO] [stdout] 
[INFO] [stdout] warning: hiding a lifetime that's elided elsewhere is confusing
[INFO] [stdout]    --> src/notestore/mod.rs:123:15
[INFO] [stdout]     |
[INFO] [stdout] 123 |     fn backup(&self, path: Box<dyn AsRef<Path> + Send>) -> BoxFuture<Result<(), NoteStoreError>>;
[INFO] [stdout]     |               ^^^^^ the lifetime is elided here            ^^^^^^^^^^^^^^^^^^^^^^^^^^^^^^^^^^^^^ the same lifetime is hidden here
[INFO] [stdout]     |
[INFO] [stdout]     = help: the same lifetime is referred to in inconsistent ways, making the signature confusing
[INFO] [stdout] help: use `'_` for type paths
[INFO] [stdout]     |
[INFO] [stdout] 123 |     fn backup(&self, path: Box<dyn AsRef<Path> + Send>) -> BoxFuture<'_, Result<(), NoteStoreError>>;
[INFO] [stdout]     |                                                                      +++
[INFO] [stdout] 
[INFO] [stdout] 
[INFO] [stdout] warning: hiding a lifetime that's elided elsewhere is confusing
[INFO] [stdout]    --> src/notestore/in_memory.rs:619:9
[INFO] [stdout]     |
[INFO] [stdout] 619 |         &self,
[INFO] [stdout]     |         ^^^^^ the lifetime is elided here
[INFO] [stdout] ...
[INFO] [stdout] 623 |     ) -> BoxFuture<Result<NoteLocator, NoteStoreError>> {
[INFO] [stdout]     |          ^^^^^^^^^^^^^^^^^^^^^^^^^^^^^^^^^^^^^^^^^^^^^^ the same lifetime is hidden here
[INFO] [stdout]     |
[INFO] [stdout]     = help: the same lifetime is referred to in inconsistent ways, making the signature confusing
[INFO] [stdout] help: use `'_` for type paths
[INFO] [stdout]     |
[INFO] [stdout] 623 |     ) -> BoxFuture<'_, Result<NoteLocator, NoteStoreError>> {
[INFO] [stdout]     |                    +++
[INFO] [stdout] 
[INFO] [stdout] 
[INFO] [stdout] warning: hiding a lifetime that's elided elsewhere is confusing
[INFO] [stdout]    --> src/notestore/in_memory.rs:719:13
[INFO] [stdout]     |
[INFO] [stdout] 719 |     fn tags(&self) -> BoxFuture<Result<Vec<String>, NoteStoreError>> {
[INFO] [stdout]     |             ^^^^^     ^^^^^^^^^^^^^^^^^^^^^^^^^^^^^^^^^^^^^^^^^^^^^^ the same lifetime is hidden here
[INFO] [stdout]     |             |
[INFO] [stdout]     |             the lifetime is elided here
[INFO] [stdout]     |
[INFO] [stdout]     = help: the same lifetime is referred to in inconsistent ways, making the signature confusing
[INFO] [stdout] help: use `'_` for type paths
[INFO] [stdout]     |
[INFO] [stdout] 719 |     fn tags(&self) -> BoxFuture<'_, Result<Vec<String>, NoteStoreError>> {
[INFO] [stdout]     |                                 +++
[INFO] [stdout] 
[INFO] [stdout] 
[INFO] [stdout] warning: hiding a lifetime that's elided elsewhere is confusing
[INFO] [stdout]    --> src/notestore/in_memory.rs:726:15
[INFO] [stdout]     |
[INFO] [stdout] 726 |     fn backup(&self, path: Box<dyn AsRef<Path> + Send>) -> BoxFuture<Result<(), NoteStoreError>> {
[INFO] [stdout]     |               ^^^^^ the lifetime is elided here            ^^^^^^^^^^^^^^^^^^^^^^^^^^^^^^^^^^^^^ the same lifetime is hidden here
[INFO] [stdout]     |
[INFO] [stdout]     = help: the same lifetime is referred to in inconsistent ways, making the signature confusing
[INFO] [stdout] help: use `'_` for type paths
[INFO] [stdout]     |
[INFO] [stdout] 726 |     fn backup(&self, path: Box<dyn AsRef<Path> + Send>) -> BoxFuture<'_, Result<(), NoteStoreError>> {
[INFO] [stdout]     |                                                                      +++
[INFO] [stdout] 
[INFO] [stdout] 
[INFO] [stdout] warning: hiding a lifetime that's elided elsewhere is confusing
[INFO] [stdout]    --> src/notestore/postgresql/mod.rs:163:9
[INFO] [stdout]     |
[INFO] [stdout] 163 |         &self,
[INFO] [stdout]     |         ^^^^^ the lifetime is elided here
[INFO] [stdout] ...
[INFO] [stdout] 167 |     ) -> BoxFuture<Result<NoteLocator, NoteStoreError>> {
[INFO] [stdout]     |          ^^^^^^^^^^^^^^^^^^^^^^^^^^^^^^^^^^^^^^^^^^^^^^ the same lifetime is hidden here
[INFO] [stdout]     |
[INFO] [stdout]     = help: the same lifetime is referred to in inconsistent ways, making the signature confusing
[INFO] [stdout] help: use `'_` for type paths
[INFO] [stdout]     |
[INFO] [stdout] 167 |     ) -> BoxFuture<'_, Result<NoteLocator, NoteStoreError>> {
[INFO] [stdout]     |                    +++
[INFO] [stdout] 
[INFO] [stdout] 
[INFO] [stdout] warning: hiding a lifetime that's elided elsewhere is confusing
[INFO] [stdout]    --> src/notestore/postgresql/mod.rs:389:13
[INFO] [stdout]     |
[INFO] [stdout] 389 |     fn tags(&self) -> BoxFuture<Result<Vec<String>, NoteStoreError>> {
[INFO] [stdout]     |             ^^^^^     ^^^^^^^^^^^^^^^^^^^^^^^^^^^^^^^^^^^^^^^^^^^^^^ the same lifetime is hidden here
[INFO] [stdout]     |             |
[INFO] [stdout]     |             the lifetime is elided here
[INFO] [stdout]     |
[INFO] [stdout]     = help: the same lifetime is referred to in inconsistent ways, making the signature confusing
[INFO] [stdout] help: use `'_` for type paths
[INFO] [stdout]     |
[INFO] [stdout] 389 |     fn tags(&self) -> BoxFuture<'_, Result<Vec<String>, NoteStoreError>> {
[INFO] [stdout]     |                                 +++
[INFO] [stdout] 
[INFO] [stdout] 
[INFO] [stdout] warning: hiding a lifetime that's elided elsewhere is confusing
[INFO] [stdout]    --> src/notestore/postgresql/mod.rs:399:15
[INFO] [stdout]     |
[INFO] [stdout] 399 |     fn backup(&self, _path: Box<dyn AsRef<Path> + Send>) -> BoxFuture<Result<(), NoteStoreError>> {
[INFO] [stdout]     |               ^^^^^ the lifetime is elided here             ^^^^^^^^^^^^^^^^^^^^^^^^^^^^^^^^^^^^^ the same lifetime is hidden here
[INFO] [stdout]     |
[INFO] [stdout]     = help: the same lifetime is referred to in inconsistent ways, making the signature confusing
[INFO] [stdout] help: use `'_` for type paths
[INFO] [stdout]     |
[INFO] [stdout] 399 |     fn backup(&self, _path: Box<dyn AsRef<Path> + Send>) -> BoxFuture<'_, Result<(), NoteStoreError>> {
[INFO] [stdout]     |                                                                       +++
[INFO] [stdout] 
[INFO] [stdout] 
[INFO] [stderr]     Finished `release` profile [optimized] target(s) in 48.59s
[INFO] [stderr] warning: the following packages contain code that will be rejected by a future version of Rust: sqlx-core v0.6.3
[INFO] [stderr] note: to see what the problems were, use the option `--future-incompat-report`, or run `cargo report future-incompatibilities --id 1`
[INFO] running `Command { std: "docker" "inspect" "b9610a226d247047d602efc8958de4f658a3ad23c96963c5b4ececa036dafe44", kill_on_drop: false }`
[INFO] running `Command { std: "docker" "exec" "-e" "SOURCE_DIR=/opt/rustwide/workdir" "-e" "CARGO_HOME=/opt/rustwide/cargo-home" "-e" "RUSTUP_HOME=/opt/rustwide/rustup-home" "-e" "CARGO_TARGET_DIR=/opt/rustwide/target" "-e" "CARGO_INCREMENTAL=0" "-e" "RUST_BACKTRACE=full" "-e" "RUSTFLAGS=--cap-lints=warn" "-e" "RUSTDOCFLAGS=--cap-lints=warn" "-w" "/opt/rustwide/workdir" "--user" "0:0" "b9610a226d247047d602efc8958de4f658a3ad23c96963c5b4ececa036dafe44" "/opt/rustwide/cargo-home/bin/cargo" "+1.99.0-beta.8" "test" "--frozen" "--release", kill_on_drop: false }`
[INFO] [stderr] warning: hiding a lifetime that's elided elsewhere is confusing
[INFO] [stderr]   --> src/notestore/mod.rs:34:9
[INFO] [stderr]    |
[INFO] [stderr] 34 |         &self,
[INFO] [stderr]    |         ^^^^^ the lifetime is elided here
[INFO] [stderr] ...
[INFO] [stderr] 38 |     ) -> BoxFuture<Result<NoteLocator, NoteStoreError>>;
[INFO] [stderr]    |          ^^^^^^^^^^^^^^^^^^^^^^^^^^^^^^^^^^^^^^^^^^^^^^ the same lifetime is hidden here
[INFO] [stderr]    |
[INFO] [stderr]    = help: the same lifetime is referred to in inconsistent ways, making the signature confusing
[INFO] [stderr]    = note: `#[warn(mismatched_lifetime_syntaxes)]` on by default
[INFO] [stderr] help: use `'_` for type paths
[INFO] [stderr]    |
[INFO] [stderr] 38 |     ) -> BoxFuture<'_, Result<NoteLocator, NoteStoreError>>;
[INFO] [stderr]    |                    +++
[INFO] [stderr] 
[INFO] [stderr] warning: hiding a lifetime that's elided elsewhere is confusing
[INFO] [stderr]    --> src/notestore/mod.rs:121:13
[INFO] [stderr]     |
[INFO] [stderr] 121 |     fn tags(&self) -> BoxFuture<Result<Vec<String>, NoteStoreError>>;
[INFO] [stderr]     |             ^^^^^     ^^^^^^^^^^^^^^^^^^^^^^^^^^^^^^^^^^^^^^^^^^^^^^ the same lifetime is hidden here
[INFO] [stderr]     |             |
[INFO] [stderr]     |             the lifetime is elided here
[INFO] [stderr]     |
[INFO] [stderr]     = help: the same lifetime is referred to in inconsistent ways, making the signature confusing
[INFO] [stderr] help: use `'_` for type paths
[INFO] [stderr]     |
[INFO] [stderr] 121 |     fn tags(&self) -> BoxFuture<'_, Result<Vec<String>, NoteStoreError>>;
[INFO] [stderr]     |                                 +++
[INFO] [stderr] 
[INFO] [stderr] warning: hiding a lifetime that's elided elsewhere is confusing
[INFO] [stderr]    --> src/notestore/mod.rs:123:15
[INFO] [stderr]     |
[INFO] [stderr] 123 |     fn backup(&self, path: Box<dyn AsRef<Path> + Send>) -> BoxFuture<Result<(), NoteStoreError>>;
[INFO] [stderr]     |               ^^^^^ the lifetime is elided here            ^^^^^^^^^^^^^^^^^^^^^^^^^^^^^^^^^^^^^ the same lifetime is hidden here
[INFO] [stderr]     |
[INFO] [stderr]     = help: the same lifetime is referred to in inconsistent ways, making the signature confusing
[INFO] [stderr] help: use `'_` for type paths
[INFO] [stderr]     |
[INFO] [stderr] 123 |     fn backup(&self, path: Box<dyn AsRef<Path> + Send>) -> BoxFuture<'_, Result<(), NoteStoreError>>;
[INFO] [stderr]     |                                                                      +++
[INFO] [stderr] 
[INFO] [stderr] warning: hiding a lifetime that's elided elsewhere is confusing
[INFO] [stderr]    --> src/notestore/in_memory.rs:619:9
[INFO] [stderr]     |
[INFO] [stderr] 619 |         &self,
[INFO] [stderr]     |         ^^^^^ the lifetime is elided here
[INFO] [stderr] ...
[INFO] [stderr] 623 |     ) -> BoxFuture<Result<NoteLocator, NoteStoreError>> {
[INFO] [stderr]     |          ^^^^^^^^^^^^^^^^^^^^^^^^^^^^^^^^^^^^^^^^^^^^^^ the same lifetime is hidden here
[INFO] [stderr]     |
[INFO] [stderr]     = help: the same lifetime is referred to in inconsistent ways, making the signature confusing
[INFO] [stderr] help: use `'_` for type paths
[INFO] [stderr]     |
[INFO] [stderr] 623 |     ) -> BoxFuture<'_, Result<NoteLocator, NoteStoreError>> {
[INFO] [stderr]     |                    +++
[INFO] [stderr] 
[INFO] [stderr] warning: hiding a lifetime that's elided elsewhere is confusing
[INFO] [stderr]    --> src/notestore/in_memory.rs:719:13
[INFO] [stderr]     |
[INFO] [stderr] 719 |     fn tags(&self) -> BoxFuture<Result<Vec<String>, NoteStoreError>> {
[INFO] [stderr]     |             ^^^^^     ^^^^^^^^^^^^^^^^^^^^^^^^^^^^^^^^^^^^^^^^^^^^^^ the same lifetime is hidden here
[INFO] [stderr]     |             |
[INFO] [stderr]     |             the lifetime is elided here
[INFO] [stderr]     |
[INFO] [stderr]     = help: the same lifetime is referred to in inconsistent ways, making the signature confusing
[INFO] [stderr] help: use `'_` for type paths
[INFO] [stderr]     |
[INFO] [stderr] 719 |     fn tags(&self) -> BoxFuture<'_, Result<Vec<String>, NoteStoreError>> {
[INFO] [stderr]     |                                 +++
[INFO] [stderr] 
[INFO] [stderr] warning: hiding a lifetime that's elided elsewhere is confusing
[INFO] [stderr]    --> src/notestore/in_memory.rs:726:15
[INFO] [stderr]     |
[INFO] [stderr] 726 |     fn backup(&self, path: Box<dyn AsRef<Path> + Send>) -> BoxFuture<Result<(), NoteStoreError>> {
[INFO] [stderr]     |               ^^^^^ the lifetime is elided here            ^^^^^^^^^^^^^^^^^^^^^^^^^^^^^^^^^^^^^ the same lifetime is hidden here
[INFO] [stderr]     |
[INFO] [stderr]     = help: the same lifetime is referred to in inconsistent ways, making the signature confusing
[INFO] [stderr] help: use `'_` for type paths
[INFO] [stderr]     |
[INFO] [stderr] 726 |     fn backup(&self, path: Box<dyn AsRef<Path> + Send>) -> BoxFuture<'_, Result<(), NoteStoreError>> {
[INFO] [stderr]     |                                                                      +++
[INFO] [stderr] 
[INFO] [stderr] warning: hiding a lifetime that's elided elsewhere is confusing
[INFO] [stderr]    --> src/notestore/postgresql/mod.rs:163:9
[INFO] [stderr]     |
[INFO] [stderr] 163 |         &self,
[INFO] [stderr]     |         ^^^^^ the lifetime is elided here
[INFO] [stderr] ...
[INFO] [stderr] 167 |     ) -> BoxFuture<Result<NoteLocator, NoteStoreError>> {
[INFO] [stderr]     |          ^^^^^^^^^^^^^^^^^^^^^^^^^^^^^^^^^^^^^^^^^^^^^^ the same lifetime is hidden here
[INFO] [stderr]     |
[INFO] [stderr]     = help: the same lifetime is referred to in inconsistent ways, making the signature confusing
[INFO] [stderr] help: use `'_` for type paths
[INFO] [stderr]     |
[INFO] [stderr] 167 |     ) -> BoxFuture<'_, Result<NoteLocator, NoteStoreError>> {
[INFO] [stderr]     |                    +++
[INFO] [stderr] 
[INFO] [stderr] warning: hiding a lifetime that's elided elsewhere is confusing
[INFO] [stderr]    --> src/notestore/postgresql/mod.rs:389:13
[INFO] [stderr]     |
[INFO] [stderr] 389 |     fn tags(&self) -> BoxFuture<Result<Vec<String>, NoteStoreError>> {
[INFO] [stderr]     |             ^^^^^     ^^^^^^^^^^^^^^^^^^^^^^^^^^^^^^^^^^^^^^^^^^^^^^ the same lifetime is hidden here
[INFO] [stderr]     |             |
[INFO] [stderr]     |             the lifetime is elided here
[INFO] [stderr]     |
[INFO] [stderr]     = help: the same lifetime is referred to in inconsistent ways, making the signature confusing
[INFO] [stderr] help: use `'_` for type paths
[INFO] [stderr]     |
[INFO] [stderr] 389 |     fn tags(&self) -> BoxFuture<'_, Result<Vec<String>, NoteStoreError>> {
[INFO] [stderr]     |                                 +++
[INFO] [stderr] 
[INFO] [stderr] warning: hiding a lifetime that's elided elsewhere is confusing
[INFO] [stderr]    --> src/notestore/postgresql/mod.rs:399:15
[INFO] [stderr]     |
[INFO] [stderr] 399 |     fn backup(&self, _path: Box<dyn AsRef<Path> + Send>) -> BoxFuture<Result<(), NoteStoreError>> {
[INFO] [stderr]     |               ^^^^^ the lifetime is elided here             ^^^^^^^^^^^^^^^^^^^^^^^^^^^^^^^^^^^^^ the same lifetime is hidden here
[INFO] [stderr]     |
[INFO] [stderr]     = help: the same lifetime is referred to in inconsistent ways, making the signature confusing
[INFO] [stderr] help: use `'_` for type paths
[INFO] [stderr]     |
[INFO] [stderr] 399 |     fn backup(&self, _path: Box<dyn AsRef<Path> + Send>) -> BoxFuture<'_, Result<(), NoteStoreError>> {
[INFO] [stderr]     |                                                                       +++
[INFO] [stderr] 
[INFO] [stderr] warning: `notegraf` (lib) generated 9 warnings (run `cargo fix --lib -p notegraf` to apply 9 suggestions)
[INFO] [stderr] warning: `notegraf` (lib test) generated 9 warnings (9 duplicates)
[INFO] [stderr]     Finished `release` profile [optimized] target(s) in 0.18s
[INFO] [stderr] warning: the following packages contain code that will be rejected by a future version of Rust: sqlx-core v0.6.3
[INFO] [stderr] note: to see what the problems were, use the option `--future-incompat-report`, or run `cargo report future-incompatibilities --id 1`
[INFO] [stderr]      Running unittests src/lib.rs (/opt/rustwide/target/release/deps/notegraf-ba6def0571caf624)
[INFO] [stdout] 
[INFO] [stdout] running 80 tests
[INFO] [stdout] test notemetadata::tests::update_note_tags ... ok
[INFO] [stdout] test notestore::in_memory::tests::add_branch ... ok
[INFO] [stdout] test notestore::in_memory::tests::backup ... ok
[INFO] [stdout] test notestore::in_memory::tests::delete_note_specific ... ok
[INFO] [stdout] test notestore::in_memory::tests::delete_middle_note_sequence ... ok
[INFO] [stdout] test notestore::in_memory::tests::delete_note_current ... ok
[INFO] [stdout] test notestore::in_memory::tests::delete_note_with_branches ... ok
[INFO] [stdout] test notestore::in_memory::tests::issue_158 ... ok
[INFO] [stdout] test notestore::in_memory::tests::backlink ... ok
[INFO] [stdout] test notestore::in_memory::tests::resurrect_deleted_note ... ok
[INFO] [stdout] test notestore::in_memory::tests::new_note_revision ... ok
[INFO] [stdout] test notestore::in_memory::tests::resurrect_note_in_sequence ... ok
[INFO] [stdout] test notestore::in_memory::tests::search_fulltext ... ok
[INFO] [stdout] test notestore::in_memory::tests::search_lexeme_exclude ... ok
[INFO] [stdout] test notestore::in_memory::tests::search_limit_override ... ok
[INFO] [stdout] test notestore::in_memory::tests::search_nonexist ... ok
[INFO] [stdout] test notestore::in_memory::tests::issue_151 ... ok
[INFO] [stdout] test notestore::in_memory::tests::new_note_retrieve ... ok
[INFO] [stdout] test notestore::in_memory::tests::search_tags ... ok
[INFO] [stdout] test notestore::in_memory::tests::search_orphan ... ok
[INFO] [stdout] test notestore::in_memory::tests::tags ... ok
[INFO] [stdout] test notestore::in_memory::tests::search_recent ... ok
[INFO] [stdout] test notestore::in_memory::tests::unique_id ... ok
[INFO] [stdout] test notestore::in_memory::tests::search_tag_exclude ... ok
[INFO] [stdout] test notestore::in_memory::tests::update_note ... ok
[INFO] [stdout] test notestore::in_memory::tests::search_notag ... ok
[INFO] [stdout] test notestore::postgresql::tests::delete_note_current ... FAILED
[INFO] [stdout] test notestore::postgresql::tests::delete_middle_note_sequence ... FAILED
[INFO] [stdout] test notestore::postgresql::tests::issue_158 ... FAILED
[INFO] [stdout] test notestore::postgresql::tests::add_branch ... FAILED
[INFO] [stdout] test notestore::postgresql::tests::backlink ... FAILED
[INFO] [stdout] test notestore::postgresql::tests::delete_note_specific ... FAILED
[INFO] [stdout] test notestore::postgresql::tests::delete_note_with_branches ... FAILED
[INFO] [stdout] test notestore::postgresql::tests::issue_151 ... FAILED
[INFO] [stdout] test notestore::postgresql::tests::new_note_revision ... FAILED
[INFO] [stdout] test notestore::postgresql::tests::search_lexeme_exclude ... FAILED
[INFO] [stdout] test notestore::postgresql::tests::resurrect_deleted_note ... FAILED
[INFO] [stdout] test notestore::postgresql::tests::search_nonexist ... FAILED
[INFO] [stdout] test notestore::postgresql::tests::resurrect_note_in_sequence ... FAILED
[INFO] [stdout] test notestore::postgresql::tests::search_fulltext ... FAILED
[INFO] [stdout] test notestore::postgresql::tests::search_limit_override ... FAILED
[INFO] [stdout] test notestore::postgresql::tests::unique_id ... FAILED
[INFO] [stdout] test notestore::postgresql::tests::tags ... FAILED
[INFO] [stdout] test notestore::search::tests::empty_is_recent ... ok
[INFO] [stdout] test notestore::postgresql::tests::search_orphan ... FAILED
[INFO] [stdout] test notestore::postgresql::tests::search_recent ... FAILED
[INFO] [stdout] test notestore::search::tests::empty_limit_override ... ok
[INFO] [stdout] test notestore::search::tests::empty_limit ... ok
[INFO] [stdout] test notestore::search::tests::exclude_lexemes ... ok
[INFO] [stdout] test notestore::postgresql::tests::update_note ... FAILED
[INFO] [stdout] test notestore::search::tests::exclude_tags ... ok
[INFO] [stdout] test notestore::postgresql::tests::search_tags ... FAILED
[INFO] [stdout] test notestore::postgresql::tests::search_notag ... FAILED
[INFO] [stdout] test notestore::postgresql::tests::new_note_retrieve ... FAILED
[INFO] [stdout] test notestore::postgresql::tests::search_tag_exclude ... FAILED
[INFO] [stdout] test notestore::search::tests::lexeme_only_limit ... ok
[INFO] [stdout] test notestore::search::tests::lexemes ... ok
[INFO] [stdout] test notestore::search::tests::nolimit ... ok
[INFO] [stdout] test notestore::search::tests::one_lexeme ... ok
[INFO] [stdout] test notestore::search::tests::one_tag ... ok
[INFO] [stdout] test notestore::search::tests::lexeme_only_limit_override ... ok
[INFO] [stdout] test notestore::search::tests::nolimit_higher_precedence ... ok
[INFO] [stdout] test notestore::search::tests::orphan_lexemes ... ok
[INFO] [stdout] test notestore::search::tests::orphan_mixed ... ok
[INFO] [stdout] test notestore::search::tests::orphan_recent ... ok
[INFO] [stdout] test notestore::search::tests::tag_only_limit_override ... ok
[INFO] [stdout] test notetype::markdown::tests::referent_markdown_autolink ... ok
[INFO] [stdout] test notetype::markdown::tests::rewrite_url ... ok
[INFO] [stdout] test notestore::search::tests::two_tags ... ok
[INFO] [stdout] test notestore::search::tests::whitespace_is_recent ... ok
[INFO] [stdout] test notetype::plain::tests::dedup_references ... ok
[INFO] [stdout] test notetype::markdown::tests::serialize ... ok
[INFO] [stdout] test notetype::markdown::tests::referent_markdown_link ... ok
[INFO] [stdout] test notetype::markdown::tests::rewrite_markdown_autolink ... ok
[INFO] [stdout] test notetype::markdown::tests::deserialize ... ok
[INFO] [stdout] test notetype::markdown::tests::rewrite_markdown_link ... ok
[INFO] [stdout] test notetype::plain::tests::retrieve_references ... ok
[INFO] [stdout] test notestore::search::tests::tag_only_limit ... ok
[INFO] [stdout] test notetype::plain::tests::update_references ... ok
[INFO] [stdout] test url::tests::wrong_scheme ... ok
[INFO] [stdout] 
[INFO] [stdout] failures:
[INFO] [stdout] 
[INFO] [stdout] ---- notestore::postgresql::tests::delete_note_current stdout ----
[INFO] [stdout] 
[INFO] [stdout] thread 'notestore::postgresql::tests::delete_note_current' (4441) panicked at src/notestore/postgresql/tests.rs:35:10:
[INFO] [stdout] Failed to connect to Postgres: Io(Os { code: 111, kind: ConnectionRefused, message: "Connection refused" })
[INFO] [stdout] stack backtrace:
[INFO] [stdout]    0:     0x60e64db7c1a1 - <<std[70759c8f55707aa4]::sys::backtrace::BacktraceLock>::print::DisplayBacktrace as core[df12db4294e9bfd3]::fmt::Display>::fmt
[INFO] [stdout]    1:     0x60e64db9384a - core[df12db4294e9bfd3]::fmt::write
[INFO] [stdout]    2:     0x60e64db80bec - <alloc[2182bb758b4b3781]::vec::Vec<u8> as core[df12db4294e9bfd3]::io::write::Write>::write_fmt
[INFO] [stdout]    3:     0x60e64db56c76 - std[70759c8f55707aa4]::panicking::default_hook::{closure#0}
[INFO] [stdout]    4:     0x60e64db73a39 - std[70759c8f55707aa4]::panicking::default_hook
[INFO] [stdout]    5:     0x60e64d9711c0 - test[9d35eded1c95d3be]::test_main_inner::<test[9d35eded1c95d3be]::test_main_static::{closure#0}>::{closure#0}
[INFO] [stdout]    6:     0x60e64db73d62 - std[70759c8f55707aa4]::panicking::panic_with_hook
[INFO] [stdout]    7:     0x60e64db56d22 - std[70759c8f55707aa4]::panicking::panic_handler::{closure#0}
[INFO] [stdout]    8:     0x60e64db4f839 - std[70759c8f55707aa4]::sys::backtrace::__rust_end_short_backtrace::<std[70759c8f55707aa4]::panicking::panic_handler::{closure#0}, !>
[INFO] [stdout]    9:     0x60e64db57b0d - __rustc[8fa7c3cbc660c2b3]::rust_begin_unwind
[INFO] [stdout]   10:     0x60e64db93fac - core[df12db4294e9bfd3]::panicking::panic_fmt
[INFO] [stdout]   11:     0x60e64db93d82 - core[df12db4294e9bfd3]::result::unwrap_failed
[INFO] [stdout]   12:     0x60e64d84b71a - notegraf[dae2d807ec8f779d]::notestore::postgresql::tests::get_store::{closure#0}
[INFO] [stdout]   13:     0x60e64d85ba6f - notegraf[dae2d807ec8f779d]::notestore::postgresql::tests::delete_note_current::{closure#0}
[INFO] [stdout]   14:     0x60e64d93d77a - <tokio[f6b221e41df38196]::runtime::context::scoped::Scoped<tokio[f6b221e41df38196]::runtime::scheduler::Context>>::set::<<tokio[f6b221e41df38196]::runtime::scheduler::current_thread::CoreGuard>::enter<<tokio[f6b221e41df38196]::runtime::scheduler::current_thread::CoreGuard>::block_on<core[df12db4294e9bfd3]::pin::Pin<&mut core[df12db4294e9bfd3]::pin::Pin<&mut dyn core[df12db4294e9bfd3]::future::future::Future<Output = ()>>>>::{closure#0}, core[df12db4294e9bfd3]::option::Option<()>>::{closure#0}, (alloc[2182bb758b4b3781]::boxed::Box<tokio[f6b221e41df38196]::runtime::scheduler::current_thread::Core>, core[df12db4294e9bfd3]::option::Option<()>)>
[INFO] [stdout]   15:     0x60e64d93dd70 - <tokio[f6b221e41df38196]::runtime::scheduler::current_thread::CurrentThread>::block_on::<core[df12db4294e9bfd3]::pin::Pin<&mut dyn core[df12db4294e9bfd3]::future::future::Future<Output = ()>>>
[INFO] [stdout]   16:     0x60e64d9236e2 - <tokio[f6b221e41df38196]::runtime::runtime::Runtime>::block_on::<core[df12db4294e9bfd3]::pin::Pin<&mut dyn core[df12db4294e9bfd3]::future::future::Future<Output = ()>>>
[INFO] [stdout]   17:     0x60e64d86daea - notegraf[dae2d807ec8f779d]::notestore::postgresql::tests::delete_note_current
[INFO] [stdout]   18:     0x60e64d8ceae9 - <notegraf[dae2d807ec8f779d]::notestore::postgresql::tests::delete_note_current::{closure#0} as core[df12db4294e9bfd3]::ops::function::FnOnce<()>>::call_once
[INFO] [stdout]   19:     0x60e64d9644ab - test[9d35eded1c95d3be]::__rust_begin_short_backtrace::<core[df12db4294e9bfd3]::result::Result<(), alloc[2182bb758b4b3781]::string::String>, fn() -> core[df12db4294e9bfd3]::result::Result<(), alloc[2182bb758b4b3781]::string::String>>
[INFO] [stdout]   20:     0x60e64d971b15 - test[9d35eded1c95d3be]::run_test::{closure#0}
[INFO] [stdout]   21:     0x60e64d96b3d4 - std[70759c8f55707aa4]::sys::backtrace::__rust_begin_short_backtrace::<test[9d35eded1c95d3be]::run_test::{closure#1}, ()>
[INFO] [stdout]   22:     0x60e64d974c72 - <std[70759c8f55707aa4]::thread::lifecycle::spawn_unchecked<test[9d35eded1c95d3be]::run_test::{closure#1}, ()>::{closure#1} as core[df12db4294e9bfd3]::ops::function::FnOnce<()>>::call_once::{shim:vtable#0}
[INFO] [stdout]   23:     0x60e64db7b039 - <std[70759c8f55707aa4]::sys::thread::unix::Thread>::new::thread_start
[INFO] [stdout]   24:     0x7eed90485dfa - <unknown>
[INFO] [stdout]   25:     0x7eed905193d4 - clone
[INFO] [stdout]   26:                0x0 - <unknown>
[INFO] [stdout] 
[INFO] [stdout] ---- notestore::postgresql::tests::delete_middle_note_sequence stdout ----
[INFO] [stdout] 
[INFO] [stdout] thread 'notestore::postgresql::tests::delete_middle_note_sequence' (4440) panicked at src/notestore/postgresql/tests.rs:35:10:
[INFO] [stdout] Failed to connect to Postgres: Io(Os { code: 111, kind: ConnectionRefused, message: "Connection refused" })
[INFO] [stdout] stack backtrace:
[INFO] [stdout]    0:     0x60e64db7c1a1 - <<std[70759c8f55707aa4]::sys::backtrace::BacktraceLock>::print::DisplayBacktrace as core[df12db4294e9bfd3]::fmt::Display>::fmt
[INFO] [stdout]    1:     0x60e64db9384a - core[df12db4294e9bfd3]::fmt::write
[INFO] [stdout]    2:     0x60e64db80bec - <alloc[2182bb758b4b3781]::vec::Vec<u8> as core[df12db4294e9bfd3]::io::write::Write>::write_fmt
[INFO] [stdout]    3:     0x60e64db56c76 - std[70759c8f55707aa4]::panicking::default_hook::{closure#0}
[INFO] [stdout]    4:     0x60e64db73a39 - std[70759c8f55707aa4]::panicking::default_hook
[INFO] [stdout]    5:     0x60e64d9711c0 - test[9d35eded1c95d3be]::test_main_inner::<test[9d35eded1c95d3be]::test_main_static::{closure#0}>::{closure#0}
[INFO] [stdout]    6:     0x60e64db73d62 - std[70759c8f55707aa4]::panicking::panic_with_hook
[INFO] [stdout]    7:     0x60e64db56d22 - std[70759c8f55707aa4]::panicking::panic_handler::{closure#0}
[INFO] [stdout]    8:     0x60e64db4f839 - std[70759c8f55707aa4]::sys::backtrace::__rust_end_short_backtrace::<std[70759c8f55707aa4]::panicking::panic_handler::{closure#0}, !>
[INFO] [stdout]    9:     0x60e64db57b0d - __rustc[8fa7c3cbc660c2b3]::rust_begin_unwind
[INFO] [stdout]   10:     0x60e64db93fac - core[df12db4294e9bfd3]::panicking::panic_fmt
[INFO] [stdout]   11:     0x60e64db93d82 - core[df12db4294e9bfd3]::result::unwrap_failed
[INFO] [stdout]   12:     0x60e64d84b71a - notegraf[dae2d807ec8f779d]::notestore::postgresql::tests::get_store::{closure#0}
[INFO] [stdout]   13:     0x60e64d86439f - notegraf[dae2d807ec8f779d]::notestore::postgresql::tests::delete_middle_note_sequence::{closure#0}
[INFO] [stdout]   14:     0x60e64d93d77a - <tokio[f6b221e41df38196]::runtime::context::scoped::Scoped<tokio[f6b221e41df38196]::runtime::scheduler::Context>>::set::<<tokio[f6b221e41df38196]::runtime::scheduler::current_thread::CoreGuard>::enter<<tokio[f6b221e41df38196]::runtime::scheduler::current_thread::CoreGuard>::block_on<core[df12db4294e9bfd3]::pin::Pin<&mut core[df12db4294e9bfd3]::pin::Pin<&mut dyn core[df12db4294e9bfd3]::future::future::Future<Output = ()>>>>::{closure#0}, core[df12db4294e9bfd3]::option::Option<()>>::{closure#0}, (alloc[2182bb758b4b3781]::boxed::Box<tokio[f6b221e41df38196]::runtime::scheduler::current_thread::Core>, core[df12db4294e9bfd3]::option::Option<()>)>
[INFO] [stdout]   15:     0x60e64d93dd70 - <tokio[f6b221e41df38196]::runtime::scheduler::current_thread::CurrentThread>::block_on::<core[df12db4294e9bfd3]::pin::Pin<&mut dyn core[df12db4294e9bfd3]::future::future::Future<Output = ()>>>
[INFO] [stdout]   16:     0x60e64d9236e2 - <tokio[f6b221e41df38196]::runtime::runtime::Runtime>::block_on::<core[df12db4294e9bfd3]::pin::Pin<&mut dyn core[df12db4294e9bfd3]::future::future::Future<Output = ()>>>
[INFO] [stdout]   17:     0x60e64d86e56a - notegraf[dae2d807ec8f779d]::notestore::postgresql::tests::delete_middle_note_sequence
[INFO] [stdout]   18:     0x60e64d8cebc9 - <notegraf[dae2d807ec8f779d]::notestore::postgresql::tests::delete_middle_note_sequence::{closure#0} as core[df12db4294e9bfd3]::ops::function::FnOnce<()>>::call_once
[INFO] [stdout]   19:     0x60e64d9644ab - test[9d35eded1c95d3be]::__rust_begin_short_backtrace::<core[df12db4294e9bfd3]::result::Result<(), alloc[2182bb758b4b3781]::string::String>, fn() -> core[df12db4294e9bfd3]::result::Result<(), alloc[2182bb758b4b3781]::string::String>>
[INFO] [stdout]   20:     0x60e64d971b15 - test[9d35eded1c95d3be]::run_test::{closure#0}
[INFO] [stdout]   21:     0x60e64d96b3d4 - std[70759c8f55707aa4]::sys::backtrace::__rust_begin_short_backtrace::<test[9d35eded1c95d3be]::run_test::{closure#1}, ()>
[INFO] [stdout]   22:     0x60e64d974c72 - <std[70759c8f55707aa4]::thread::lifecycle::spawn_unchecked<test[9d35eded1c95d3be]::run_test::{closure#1}, ()>::{closure#1} as core[df12db4294e9bfd3]::ops::function::FnOnce<()>>::call_once::{shim:vtable#0}
[INFO] [stdout]   23:     0x60e64db7b039 - <std[70759c8f55707aa4]::sys::thread::unix::Thread>::new::thread_start
[INFO] [stdout]   24:     0x7eed90485dfa - <unknown>
[INFO] [stdout]   25:     0x7eed905193d4 - clone
[INFO] [stdout]   26:                0x0 - <unknown>
[INFO] [stdout] 
[INFO] [stdout] ---- notestore::postgresql::tests::issue_158 stdout ----
[INFO] [stdout] 
[INFO] [stdout] thread 'notestore::postgresql::tests::issue_158' (4445) panicked at src/notestore/postgresql/tests.rs:35:10:
[INFO] [stdout] Failed to connect to Postgres: Io(Os { code: 111, kind: ConnectionRefused, message: "Connection refused" })
[INFO] [stdout] stack backtrace:
[INFO] [stdout]    0:     0x60e64db7c1a1 - <<std[70759c8f55707aa4]::sys::backtrace::BacktraceLock>::print::DisplayBacktrace as core[df12db4294e9bfd3]::fmt::Display>::fmt
[INFO] [stdout]    1:     0x60e64db9384a - core[df12db4294e9bfd3]::fmt::write
[INFO] [stdout]    2:     0x60e64db80bec - <alloc[2182bb758b4b3781]::vec::Vec<u8> as core[df12db4294e9bfd3]::io::write::Write>::write_fmt
[INFO] [stdout]    3:     0x60e64db56c76 - std[70759c8f55707aa4]::panicking::default_hook::{closure#0}
[INFO] [stdout]    4:     0x60e64db73a39 - std[70759c8f55707aa4]::panicking::default_hook
[INFO] [stdout]    5:     0x60e64d9711c0 - test[9d35eded1c95d3be]::test_main_inner::<test[9d35eded1c95d3be]::test_main_static::{closure#0}>::{closure#0}
[INFO] [stdout]    6:     0x60e64db73d62 - std[70759c8f55707aa4]::panicking::panic_with_hook
[INFO] [stdout]    7:     0x60e64db56d22 - std[70759c8f55707aa4]::panicking::panic_handler::{closure#0}
[INFO] [stdout]    8:     0x60e64db4f839 - std[70759c8f55707aa4]::sys::backtrace::__rust_end_short_backtrace::<std[70759c8f55707aa4]::panicking::panic_handler::{closure#0}, !>
[INFO] [stdout]    9:     0x60e64db57b0d - __rustc[8fa7c3cbc660c2b3]::rust_begin_unwind
[INFO] [stdout]   10:     0x60e64db93fac - core[df12db4294e9bfd3]::panicking::panic_fmt
[INFO] [stdout]   11:     0x60e64db93d82 - core[df12db4294e9bfd3]::result::unwrap_failed
[INFO] [stdout]   12:     0x60e64d84b71a - notegraf[dae2d807ec8f779d]::notestore::postgresql::tests::get_store::{closure#0}
[INFO] [stdout]   13:     0x60e64d86aaaf - notegraf[dae2d807ec8f779d]::notestore::postgresql::tests::issue_158::{closure#0}
[INFO] [stdout]   14:     0x60e64d93d77a - <tokio[f6b221e41df38196]::runtime::context::scoped::Scoped<tokio[f6b221e41df38196]::runtime::scheduler::Context>>::set::<<tokio[f6b221e41df38196]::runtime::scheduler::current_thread::CoreGuard>::enter<<tokio[f6b221e41df38196]::runtime::scheduler::current_thread::CoreGuard>::block_on<core[df12db4294e9bfd3]::pin::Pin<&mut core[df12db4294e9bfd3]::pin::Pin<&mut dyn core[df12db4294e9bfd3]::future::future::Future<Output = ()>>>>::{closure#0}, core[df12db4294e9bfd3]::option::Option<()>>::{closure#0}, (alloc[2182bb758b4b3781]::boxed::Box<tokio[f6b221e41df38196]::runtime::scheduler::current_thread::Core>, core[df12db4294e9bfd3]::option::Option<()>)>
[INFO] [stdout]   15:     0x60e64d93dd70 - <tokio[f6b221e41df38196]::runtime::scheduler::current_thread::CurrentThread>::block_on::<core[df12db4294e9bfd3]::pin::Pin<&mut dyn core[df12db4294e9bfd3]::future::future::Future<Output = ()>>>
[INFO] [stdout]   16:     0x60e64d9236e2 - <tokio[f6b221e41df38196]::runtime::runtime::Runtime>::block_on::<core[df12db4294e9bfd3]::pin::Pin<&mut dyn core[df12db4294e9bfd3]::future::future::Future<Output = ()>>>
[INFO] [stdout]   17:     0x60e64d86eb6a - notegraf[dae2d807ec8f779d]::notestore::postgresql::tests::issue_158
[INFO] [stdout]   18:     0x60e64d8cec49 - <notegraf[dae2d807ec8f779d]::notestore::postgresql::tests::issue_158::{closure#0} as core[df12db4294e9bfd3]::ops::function::FnOnce<()>>::call_once
[INFO] [stdout]   19:     0x60e64d9644ab - test[9d35eded1c95d3be]::__rust_begin_short_backtrace::<core[df12db4294e9bfd3]::result::Result<(), alloc[2182bb758b4b3781]::string::String>, fn() -> core[df12db4294e9bfd3]::result::Result<(), alloc[2182bb758b4b3781]::string::String>>
[INFO] [stdout]   20:     0x60e64d971b15 - test[9d35eded1c95d3be]::run_test::{closure#0}
[INFO] [stdout]   21:     0x60e64d96b3d4 - std[70759c8f55707aa4]::sys::backtrace::__rust_begin_short_backtrace::<test[9d35eded1c95d3be]::run_test::{closure#1}, ()>
[INFO] [stdout]   22:     0x60e64d974c72 - <std[70759c8f55707aa4]::thread::lifecycle::spawn_unchecked<test[9d35eded1c95d3be]::run_test::{closure#1}, ()>::{closure#1} as core[df12db4294e9bfd3]::ops::function::FnOnce<()>>::call_once::{shim:vtable#0}
[INFO] [stdout]   23:     0x60e64db7b039 - <std[70759c8f55707aa4]::sys::thread::unix::Thread>::new::thread_start
[INFO] [stdout]   24:     0x7eed90485dfa - <unknown>
[INFO] [stdout]   25:     0x7eed905193d4 - clone
[INFO] [stdout]   26:                0x0 - <unknown>
[INFO] [stdout] 
[INFO] [stdout] ---- notestore::postgresql::tests::add_branch stdout ----
[INFO] [stdout] 
[INFO] [stdout] thread 'notestore::postgresql::tests::add_branch' (4438) panicked at src/notestore/postgresql/tests.rs:35:10:
[INFO] [stdout] Failed to connect to Postgres: Io(Os { code: 111, kind: ConnectionRefused, message: "Connection refused" })
[INFO] [stdout] stack backtrace:
[INFO] [stdout]    0:     0x60e64db7c1a1 - <<std[70759c8f55707aa4]::sys::backtrace::BacktraceLock>::print::DisplayBacktrace as core[df12db4294e9bfd3]::fmt::Display>::fmt
[INFO] [stdout]    1:     0x60e64db9384a - core[df12db4294e9bfd3]::fmt::write
[INFO] [stdout]    2:     0x60e64db80bec - <alloc[2182bb758b4b3781]::vec::Vec<u8> as core[df12db4294e9bfd3]::io::write::Write>::write_fmt
[INFO] [stdout]    3:     0x60e64db56c76 - std[70759c8f55707aa4]::panicking::default_hook::{closure#0}
[INFO] [stdout]    4:     0x60e64db73a39 - std[70759c8f55707aa4]::panicking::default_hook
[INFO] [stdout]    5:     0x60e64d9711c0 - test[9d35eded1c95d3be]::test_main_inner::<test[9d35eded1c95d3be]::test_main_static::{closure#0}>::{closure#0}
[INFO] [stdout]    6:     0x60e64db73d62 - std[70759c8f55707aa4]::panicking::panic_with_hook
[INFO] [stdout]    7:     0x60e64db56d22 - std[70759c8f55707aa4]::panicking::panic_handler::{closure#0}
[INFO] [stdout]    8:     0x60e64db4f839 - std[70759c8f55707aa4]::sys::backtrace::__rust_end_short_backtrace::<std[70759c8f55707aa4]::panicking::panic_handler::{closure#0}, !>
[INFO] [stdout]    9:     0x60e64db57b0d - __rustc[8fa7c3cbc660c2b3]::rust_begin_unwind
[INFO] [stdout]   10:     0x60e64db93fac - core[df12db4294e9bfd3]::panicking::panic_fmt
[INFO] [stdout]   11:     0x60e64db93d82 - core[df12db4294e9bfd3]::result::unwrap_failed
[INFO] [stdout]   12:     0x60e64d84b71a - notegraf[dae2d807ec8f779d]::notestore::postgresql::tests::get_store::{closure#0}
[INFO] [stdout]   13:     0x60e64d84e5ef - notegraf[dae2d807ec8f779d]::notestore::postgresql::tests::add_branch::{closure#0}
[INFO] [stdout]   14:     0x60e64d93d77a - <tokio[f6b221e41df38196]::runtime::context::scoped::Scoped<tokio[f6b221e41df38196]::runtime::scheduler::Context>>::set::<<tokio[f6b221e41df38196]::runtime::scheduler::current_thread::CoreGuard>::enter<<tokio[f6b221e41df38196]::runtime::scheduler::current_thread::CoreGuard>::block_on<core[df12db4294e9bfd3]::pin::Pin<&mut core[df12db4294e9bfd3]::pin::Pin<&mut dyn core[df12db4294e9bfd3]::future::future::Future<Output = ()>>>>::{closure#0}, core[df12db4294e9bfd3]::option::Option<()>>::{closure#0}, (alloc[2182bb758b4b3781]::boxed::Box<tokio[f6b221e41df38196]::runtime::scheduler::current_thread::Core>, core[df12db4294e9bfd3]::option::Option<()>)>
[INFO] [stdout]   15:     0x60e64d93dd70 - <tokio[f6b221e41df38196]::runtime::scheduler::current_thread::CurrentThread>::block_on::<core[df12db4294e9bfd3]::pin::Pin<&mut dyn core[df12db4294e9bfd3]::future::future::Future<Output = ()>>>
[INFO] [stdout]   16:     0x60e64d9236e2 - <tokio[f6b221e41df38196]::runtime::runtime::Runtime>::block_on::<core[df12db4294e9bfd3]::pin::Pin<&mut dyn core[df12db4294e9bfd3]::future::future::Future<Output = ()>>>
[INFO] [stdout]   17:     0x60e64d86ca6a - notegraf[dae2d807ec8f779d]::notestore::postgresql::tests::add_branch
[INFO] [stdout]   18:     0x60e64d8ce989 - <notegraf[dae2d807ec8f779d]::notestore::postgresql::tests::add_branch::{closure#0} as core[df12db4294e9bfd3]::ops::function::FnOnce<()>>::call_once
[INFO] [stdout]   19:     0x60e64d9644ab - test[9d35eded1c95d3be]::__rust_begin_short_backtrace::<core[df12db4294e9bfd3]::result::Result<(), alloc[2182bb758b4b3781]::string::String>, fn() -> core[df12db4294e9bfd3]::result::Result<(), alloc[2182bb758b4b3781]::string::String>>
[INFO] [stdout]   20:     0x60e64d971b15 - test[9d35eded1c95d3be]::run_test::{closure#0}
[INFO] [stdout]   21:     0x60e64d96b3d4 - std[70759c8f55707aa4]::sys::backtrace::__rust_begin_short_backtrace::<test[9d35eded1c95d3be]::run_test::{closure#1}, ()>
[INFO] [stdout]   22:     0x60e64d974c72 - <std[70759c8f55707aa4]::thread::lifecycle::spawn_unchecked<test[9d35eded1c95d3be]::run_test::{closure#1}, ()>::{closure#1} as core[df12db4294e9bfd3]::ops::function::FnOnce<()>>::call_once::{shim:vtable#0}
[INFO] [stdout]   23:     0x60e64db7b039 - <std[70759c8f55707aa4]::sys::thread::unix::Thread>::new::thread_start
[INFO] [stdout]   24:     0x7eed90485dfa - <unknown>
[INFO] [stdout]   25:     0x7eed905193d4 - clone
[INFO] [stdout]   26:                0x0 - <unknown>
[INFO] [stdout] 
[INFO] [stdout] ---- notestore::postgresql::tests::backlink stdout ----
[INFO] [stdout] 
[INFO] [stdout] thread 'notestore::postgresql::tests::backlink' (4439) panicked at src/notestore/postgresql/tests.rs:35:10:
[INFO] [stdout] Failed to connect to Postgres: Io(Os { code: 111, kind: ConnectionRefused, message: "Connection refused" })
[INFO] [stdout] stack backtrace:
[INFO] [stdout]    0:     0x60e64db7c1a1 - <<std[70759c8f55707aa4]::sys::backtrace::BacktraceLock>::print::DisplayBacktrace as core[df12db4294e9bfd3]::fmt::Display>::fmt
[INFO] [stdout]    1:     0x60e64db9384a - core[df12db4294e9bfd3]::fmt::write
[INFO] [stdout]    2:     0x60e64db80bec - <alloc[2182bb758b4b3781]::vec::Vec<u8> as core[df12db4294e9bfd3]::io::write::Write>::write_fmt
[INFO] [stdout]    3:     0x60e64db56c76 - std[70759c8f55707aa4]::panicking::default_hook::{closure#0}
[INFO] [stdout]    4:     0x60e64db73a39 - std[70759c8f55707aa4]::panicking::default_hook
[INFO] [stdout]    5:     0x60e64d9711c0 - test[9d35eded1c95d3be]::test_main_inner::<test[9d35eded1c95d3be]::test_main_static::{closure#0}>::{closure#0}
[INFO] [stdout]    6:     0x60e64db73d62 - std[70759c8f55707aa4]::panicking::panic_with_hook
[INFO] [stdout]    7:     0x60e64db56d22 - std[70759c8f55707aa4]::panicking::panic_handler::{closure#0}
[INFO] [stdout]    8:     0x60e64db4f839 - std[70759c8f55707aa4]::sys::backtrace::__rust_end_short_backtrace::<std[70759c8f55707aa4]::panicking::panic_handler::{closure#0}, !>
[INFO] [stdout]    9:     0x60e64db57b0d - __rustc[8fa7c3cbc660c2b3]::rust_begin_unwind
[INFO] [stdout]   10:     0x60e64db93fac - core[df12db4294e9bfd3]::panicking::panic_fmt
[INFO] [stdout]   11:     0x60e64db93d82 - core[df12db4294e9bfd3]::result::unwrap_failed
[INFO] [stdout]   12:     0x60e64d84b71a - notegraf[dae2d807ec8f779d]::notestore::postgresql::tests::get_store::{closure#0}
[INFO] [stdout]   13:     0x60e64d86773f - notegraf[dae2d807ec8f779d]::notestore::postgresql::tests::backlink::{closure#0}
[INFO] [stdout]   14:     0x60e64d93d77a - <tokio[f6b221e41df38196]::runtime::context::scoped::Scoped<tokio[f6b221e41df38196]::runtime::scheduler::Context>>::set::<<tokio[f6b221e41df38196]::runtime::scheduler::current_thread::CoreGuard>::enter<<tokio[f6b221e41df38196]::runtime::scheduler::current_thread::CoreGuard>::block_on<core[df12db4294e9bfd3]::pin::Pin<&mut core[df12db4294e9bfd3]::pin::Pin<&mut dyn core[df12db4294e9bfd3]::future::future::Future<Output = ()>>>>::{closure#0}, core[df12db4294e9bfd3]::option::Option<()>>::{closure#0}, (alloc[2182bb758b4b3781]::boxed::Box<tokio[f6b221e41df38196]::runtime::scheduler::current_thread::Core>, core[df12db4294e9bfd3]::option::Option<()>)>
[INFO] [stdout]   15:     0x60e64d93dd70 - <tokio[f6b221e41df38196]::runtime::scheduler::current_thread::CurrentThread>::block_on::<core[df12db4294e9bfd3]::pin::Pin<&mut dyn core[df12db4294e9bfd3]::future::future::Future<Output = ()>>>
[INFO] [stdout]   16:     0x60e64d9236e2 - <tokio[f6b221e41df38196]::runtime::runtime::Runtime>::block_on::<core[df12db4294e9bfd3]::pin::Pin<&mut dyn core[df12db4294e9bfd3]::future::future::Future<Output = ()>>>
[INFO] [stdout]   17:     0x60e64d86e86a - notegraf[dae2d807ec8f779d]::notestore::postgresql::tests::backlink
[INFO] [stdout]   18:     0x60e64d8cec09 - <notegraf[dae2d807ec8f779d]::notestore::postgresql::tests::backlink::{closure#0} as core[df12db4294e9bfd3]::ops::function::FnOnce<()>>::call_once
[INFO] [stdout]   19:     0x60e64d9644ab - test[9d35eded1c95d3be]::__rust_begin_short_backtrace::<core[df12db4294e9bfd3]::result::Result<(), alloc[2182bb758b4b3781]::string::String>, fn() -> core[df12db4294e9bfd3]::result::Result<(), alloc[2182bb758b4b3781]::string::String>>
[INFO] [stdout]   20:     0x60e64d971b15 - test[9d35eded1c95d3be]::run_test::{closure#0}
[INFO] [stdout]   21:     0x60e64d96b3d4 - std[70759c8f55707aa4]::sys::backtrace::__rust_begin_short_backtrace::<test[9d35eded1c95d3be]::run_test::{closure#1}, ()>
[INFO] [stdout]   22:     0x60e64d974c72 - <std[70759c8f55707aa4]::thread::lifecycle::spawn_unchecked<test[9d35eded1c95d3be]::run_test::{closure#1}, ()>::{closure#1} as core[df12db4294e9bfd3]::ops::function::FnOnce<()>>::call_once::{shim:vtable#0}
[INFO] [stdout]   23:     0x60e64db7b039 - <std[70759c8f55707aa4]::sys::thread::unix::Thread>::new::thread_start
[INFO] [stdout]   24:     0x7eed90485dfa - <unknown>
[INFO] [stdout]   25:     0x7eed905193d4 - clone
[INFO] [stdout]   26:                0x0 - <unknown>
[INFO] [stdout] 
[INFO] [stdout] ---- notestore::postgresql::tests::delete_note_specific stdout ----
[INFO] [stdout] 
[INFO] [stdout] thread 'notestore::postgresql::tests::delete_note_specific' (4442) panicked at src/notestore/postgresql/tests.rs:35:10:
[INFO] [stdout] Failed to connect to Postgres: Io(Os { code: 111, kind: ConnectionRefused, message: "Connection refused" })
[INFO] [stdout] stack backtrace:
[INFO] [stdout]    0:     0x60e64db7c1a1 - <<std[70759c8f55707aa4]::sys::backtrace::BacktraceLock>::print::DisplayBacktrace as core[df12db4294e9bfd3]::fmt::Display>::fmt
[INFO] [stdout]    1:     0x60e64db9384a - core[df12db4294e9bfd3]::fmt::write
[INFO] [stdout]    2:     0x60e64db80bec - <alloc[2182bb758b4b3781]::vec::Vec<u8> as core[df12db4294e9bfd3]::io::write::Write>::write_fmt
[INFO] [stdout]    3:     0x60e64db56c76 - std[70759c8f55707aa4]::panicking::default_hook::{closure#0}
[INFO] [stdout]    4:     0x60e64db73a39 - std[70759c8f55707aa4]::panicking::default_hook
[INFO] [stdout]    5:     0x60e64d9711c0 - test[9d35eded1c95d3be]::test_main_inner::<test[9d35eded1c95d3be]::test_main_static::{closure#0}>::{closure#0}
[INFO] [stdout]    6:     0x60e64db73d62 - std[70759c8f55707aa4]::panicking::panic_with_hook
[INFO] [stdout]    7:     0x60e64db56d22 - std[70759c8f55707aa4]::panicking::panic_handler::{closure#0}
[INFO] [stdout]    8:     0x60e64db4f839 - std[70759c8f55707aa4]::sys::backtrace::__rust_end_short_backtrace::<std[70759c8f55707aa4]::panicking::panic_handler::{closure#0}, !>
[INFO] [stdout]    9:     0x60e64db57b0d - __rustc[8fa7c3cbc660c2b3]::rust_begin_unwind
[INFO] [stdout]   10:     0x60e64db93fac - core[df12db4294e9bfd3]::panicking::panic_fmt
[INFO] [stdout]   11:     0x60e64db93d82 - core[df12db4294e9bfd3]::result::unwrap_failed
[INFO] [stdout]   12:     0x60e64d84b71a - notegraf[dae2d807ec8f779d]::notestore::postgresql::tests::get_store::{closure#0}
[INFO] [stdout]   13:     0x60e64d85c55f - notegraf[dae2d807ec8f779d]::notestore::postgresql::tests::delete_note_specific::{closure#0}
[INFO] [stdout]   14:     0x60e64d93d77a - <tokio[f6b221e41df38196]::runtime::context::scoped::Scoped<tokio[f6b221e41df38196]::runtime::scheduler::Context>>::set::<<tokio[f6b221e41df38196]::runtime::scheduler::current_thread::CoreGuard>::enter<<tokio[f6b221e41df38196]::runtime::scheduler::current_thread::CoreGuard>::block_on<core[df12db4294e9bfd3]::pin::Pin<&mut core[df12db4294e9bfd3]::pin::Pin<&mut dyn core[df12db4294e9bfd3]::future::future::Future<Output = ()>>>>::{closure#0}, core[df12db4294e9bfd3]::option::Option<()>>::{closure#0}, (alloc[2182bb758b4b3781]::boxed::Box<tokio[f6b221e41df38196]::runtime::scheduler::current_thread::Core>, core[df12db4294e9bfd3]::option::Option<()>)>
[INFO] [stdout]   15:     0x60e64d93dd70 - <tokio[f6b221e41df38196]::runtime::scheduler::current_thread::CurrentThread>::block_on::<core[df12db4294e9bfd3]::pin::Pin<&mut dyn core[df12db4294e9bfd3]::future::future::Future<Output = ()>>>
[INFO] [stdout]   16:     0x60e64d9236e2 - <tokio[f6b221e41df38196]::runtime::runtime::Runtime>::block_on::<core[df12db4294e9bfd3]::pin::Pin<&mut dyn core[df12db4294e9bfd3]::future::future::Future<Output = ()>>>
[INFO] [stdout]   17:     0x60e64d86dc6a - notegraf[dae2d807ec8f779d]::notestore::postgresql::tests::delete_note_specific
[INFO] [stdout]   18:     0x60e64d8ceb09 - <notegraf[dae2d807ec8f779d]::notestore::postgresql::tests::delete_note_specific::{closure#0} as core[df12db4294e9bfd3]::ops::function::FnOnce<()>>::call_once
[INFO] [stdout]   19:     0x60e64d9644ab - test[9d35eded1c95d3be]::__rust_begin_short_backtrace::<core[df12db4294e9bfd3]::result::Result<(), alloc[2182bb758b4b3781]::string::String>, fn() -> core[df12db4294e9bfd3]::result::Result<(), alloc[2182bb758b4b3781]::string::String>>
[INFO] [stdout]   20:     0x60e64d971b15 - test[9d35eded1c95d3be]::run_test::{closure#0}
[INFO] [stdout]   21:     0x60e64d96b3d4 - std[70759c8f55707aa4]::sys::backtrace::__rust_begin_short_backtrace::<test[9d35eded1c95d3be]::run_test::{closure#1}, ()>
[INFO] [stdout]   22:     0x60e64d974c72 - <std[70759c8f55707aa4]::thread::lifecycle::spawn_unchecked<test[9d35eded1c95d3be]::run_test::{closure#1}, ()>::{closure#1} as core[df12db4294e9bfd3]::ops::function::FnOnce<()>>::call_once::{shim:vtable#0}
[INFO] [stdout]   23:     0x60e64db7b039 - <std[70759c8f55707aa4]::sys::thread::unix::Thread>::new::thread_start
[INFO] [stdout]   24:     0x7eed90485dfa - <unknown>
[INFO] [stdout]   25:     0x7eed905193d4 - clone
[INFO] [stdout]   26:                0x0 - <unknown>
[INFO] [stdout] 
[INFO] [stdout] ---- notestore::postgresql::tests::delete_note_with_branches stdout ----
[INFO] [stdout] 
[INFO] [stdout] thread 'notestore::postgresql::tests::delete_note_with_branches' (4443) panicked at src/notestore/postgresql/tests.rs:35:10:
[INFO] [stdout] Failed to connect to Postgres: Io(Os { code: 111, kind: ConnectionRefused, message: "Connection refused" })
[INFO] [stdout] stack backtrace:
[INFO] [stdout]    0:     0x60e64db7c1a1 - <<std[70759c8f55707aa4]::sys::backtrace::BacktraceLock>::print::DisplayBacktrace as core[df12db4294e9bfd3]::fmt::Display>::fmt
[INFO] [stdout]    1:     0x60e64db9384a - core[df12db4294e9bfd3]::fmt::write
[INFO] [stdout]    2:     0x60e64db80bec - <alloc[2182bb758b4b3781]::vec::Vec<u8> as core[df12db4294e9bfd3]::io::write::Write>::write_fmt
[INFO] [stdout]    3:     0x60e64db56c76 - std[70759c8f55707aa4]::panicking::default_hook::{closure#0}
[INFO] [stdout]    4:     0x60e64db73a39 - std[70759c8f55707aa4]::panicking::default_hook
[INFO] [stdout]    5:     0x60e64d9711c0 - test[9d35eded1c95d3be]::test_main_inner::<test[9d35eded1c95d3be]::test_main_static::{closure#0}>::{closure#0}
[INFO] [stdout]    6:     0x60e64db73d62 - std[70759c8f55707aa4]::panicking::panic_with_hook
[INFO] [stdout]    7:     0x60e64db56d22 - std[70759c8f55707aa4]::panicking::panic_handler::{closure#0}
[INFO] [stdout]    8:     0x60e64db4f839 - std[70759c8f55707aa4]::sys::backtrace::__rust_end_short_backtrace::<std[70759c8f55707aa4]::panicking::panic_handler::{closure#0}, !>
[INFO] [stdout]    9:     0x60e64db57b0d - __rustc[8fa7c3cbc660c2b3]::rust_begin_unwind
[INFO] [stdout]   10:     0x60e64db93fac - core[df12db4294e9bfd3]::panicking::panic_fmt
[INFO] [stdout]   11:     0x60e64db93d82 - core[df12db4294e9bfd3]::result::unwrap_failed
[INFO] [stdout]   12:     0x60e64d84b71a - notegraf[dae2d807ec8f779d]::notestore::postgresql::tests::get_store::{closure#0}
[INFO] [stdout]   13:     0x60e64d860faf - notegraf[dae2d807ec8f779d]::notestore::postgresql::tests::delete_note_with_branches::{closure#0}
[INFO] [stdout]   14:     0x60e64d93d77a - <tokio[f6b221e41df38196]::runtime::context::scoped::Scoped<tokio[f6b221e41df38196]::runtime::scheduler::Context>>::set::<<tokio[f6b221e41df38196]::runtime::scheduler::current_thread::CoreGuard>::enter<<tokio[f6b221e41df38196]::runtime::scheduler::current_thread::CoreGuard>::block_on<core[df12db4294e9bfd3]::pin::Pin<&mut core[df12db4294e9bfd3]::pin::Pin<&mut dyn core[df12db4294e9bfd3]::future::future::Future<Output = ()>>>>::{closure#0}, core[df12db4294e9bfd3]::option::Option<()>>::{closure#0}, (alloc[2182bb758b4b3781]::boxed::Box<tokio[f6b221e41df38196]::runtime::scheduler::current_thread::Core>, core[df12db4294e9bfd3]::option::Option<()>)>
[INFO] [stdout]   15:     0x60e64d93dd70 - <tokio[f6b221e41df38196]::runtime::scheduler::current_thread::CurrentThread>::block_on::<core[df12db4294e9bfd3]::pin::Pin<&mut dyn core[df12db4294e9bfd3]::future::future::Future<Output = ()>>>
[INFO] [stdout]   16:     0x60e64d9236e2 - <tokio[f6b221e41df38196]::runtime::runtime::Runtime>::block_on::<core[df12db4294e9bfd3]::pin::Pin<&mut dyn core[df12db4294e9bfd3]::future::future::Future<Output = ()>>>
[INFO] [stdout]   17:     0x60e64d86e26a - notegraf[dae2d807ec8f779d]::notestore::postgresql::tests::delete_note_with_branches
[INFO] [stdout]   18:     0x60e64d8ceb89 - <notegraf[dae2d807ec8f779d]::notestore::postgresql::tests::delete_note_with_branches::{closure#0} as core[df12db4294e9bfd3]::ops::function::FnOnce<()>>::call_once
[INFO] [stdout]   19:     0x60e64d9644ab - test[9d35eded1c95d3be]::__rust_begin_short_backtrace::<core[df12db4294e9bfd3]::result::Result<(), alloc[2182bb758b4b3781]::string::String>, fn() -> core[df12db4294e9bfd3]::result::Result<(), alloc[2182bb758b4b3781]::string::String>>
[INFO] [stdout]   20:     0x60e64d971b15 - test[9d35eded1c95d3be]::run_test::{closure#0}
[INFO] [stdout]   21:     0x60e64d96b3d4 - std[70759c8f55707aa4]::sys::backtrace::__rust_begin_short_backtrace::<test[9d35eded1c95d3be]::run_test::{closure#1}, ()>
[INFO] [stdout]   22:     0x60e64d974c72 - <std[70759c8f55707aa4]::thread::lifecycle::spawn_unchecked<test[9d35eded1c95d3be]::run_test::{closure#1}, ()>::{closure#1} as core[df12db4294e9bfd3]::ops::function::FnOnce<()>>::call_once::{shim:vtable#0}
[INFO] [stdout]   23:     0x60e64db7b039 - <std[70759c8f55707aa4]::sys::thread::unix::Thread>::new::thread_start
[INFO] [stdout]   24:     0x7eed90485dfa - <unknown>
[INFO] [stdout]   25:     0x7eed905193d4 - clone
[INFO] [stdout]   26:                0x0 - <unknown>
[INFO] [stdout] 
[INFO] [stdout] ---- notestore::postgresql::tests::issue_151 stdout ----
[INFO] [stdout] 
[INFO] [stdout] thread 'notestore::postgresql::tests::issue_151' (4444) panicked at src/notestore/postgresql/tests.rs:35:10:
[INFO] [stdout] Failed to connect to Postgres: Io(Os { code: 111, kind: ConnectionRefused, message: "Connection refused" })
[INFO] [stdout] stack backtrace:
[INFO] [stdout]    0:     0x60e64db7c1a1 - <<std[70759c8f55707aa4]::sys::backtrace::BacktraceLock>::print::DisplayBacktrace as core[df12db4294e9bfd3]::fmt::Display>::fmt
[INFO] [stdout]    1:     0x60e64db9384a - core[df12db4294e9bfd3]::fmt::write
[INFO] [stdout]    2:     0x60e64db80bec - <alloc[2182bb758b4b3781]::vec::Vec<u8> as core[df12db4294e9bfd3]::io::write::Write>::write_fmt
[INFO] [stdout]    3:     0x60e64db56c76 - std[70759c8f55707aa4]::panicking::default_hook::{closure#0}
[INFO] [stdout]    4:     0x60e64db73a39 - std[70759c8f55707aa4]::panicking::default_hook
[INFO] [stdout]    5:     0x60e64d9711c0 - test[9d35eded1c95d3be]::test_main_inner::<test[9d35eded1c95d3be]::test_main_static::{closure#0}>::{closure#0}
[INFO] [stdout]    6:     0x60e64db73d62 - std[70759c8f55707aa4]::panicking::panic_with_hook
[INFO] [stdout]    7:     0x60e64db56d22 - std[70759c8f55707aa4]::panicking::panic_handler::{closure#0}
[INFO] [stdout]    8:     0x60e64db4f839 - std[70759c8f55707aa4]::sys::backtrace::__rust_end_short_backtrace::<std[70759c8f55707aa4]::panicking::panic_handler::{closure#0}, !>
[INFO] [stdout]    9:     0x60e64db57b0d - __rustc[8fa7c3cbc660c2b3]::rust_begin_unwind
[INFO] [stdout]   10:     0x60e64db93fac - core[df12db4294e9bfd3]::panicking::panic_fmt
[INFO] [stdout]   11:     0x60e64db93d82 - core[df12db4294e9bfd3]::result::unwrap_failed
[INFO] [stdout]   12:     0x60e64d84b71a - notegraf[dae2d807ec8f779d]::notestore::postgresql::tests::get_store::{closure#0}
[INFO] [stdout]   13:     0x60e64d868a7f - notegraf[dae2d807ec8f779d]::notestore::postgresql::tests::issue_151::{closure#0}
[INFO] [stdout]   14:     0x60e64d93d77a - <tokio[f6b221e41df38196]::runtime::context::scoped::Scoped<tokio[f6b221e41df38196]::runtime::scheduler::Context>>::set::<<tokio[f6b221e41df38196]::runtime::scheduler::current_thread::CoreGuard>::enter<<tokio[f6b221e41df38196]::runtime::scheduler::current_thread::CoreGuard>::block_on<core[df12db4294e9bfd3]::pin::Pin<&mut core[df12db4294e9bfd3]::pin::Pin<&mut dyn core[df12db4294e9bfd3]::future::future::Future<Output = ()>>>>::{closure#0}, core[df12db4294e9bfd3]::option::Option<()>>::{closure#0}, (alloc[2182bb758b4b3781]::boxed::Box<tokio[f6b221e41df38196]::runtime::scheduler::current_thread::Core>, core[df12db4294e9bfd3]::option::Option<()>)>
[INFO] [stdout]   15:     0x60e64d93dd70 - <tokio[f6b221e41df38196]::runtime::scheduler::current_thread::CurrentThread>::block_on::<core[df12db4294e9bfd3]::pin::Pin<&mut dyn core[df12db4294e9bfd3]::future::future::Future<Output = ()>>>
[INFO] [stdout]   16:     0x60e64d9236e2 - <tokio[f6b221e41df38196]::runtime::runtime::Runtime>::block_on::<core[df12db4294e9bfd3]::pin::Pin<&mut dyn core[df12db4294e9bfd3]::future::future::Future<Output = ()>>>
[INFO] [stdout]   17:     0x60e64d86e9ea - notegraf[dae2d807ec8f779d]::notestore::postgresql::tests::issue_151
[INFO] [stdout]   18:     0x60e64d8cec29 - <notegraf[dae2d807ec8f779d]::notestore::postgresql::tests::issue_151::{closure#0} as core[df12db4294e9bfd3]::ops::function::FnOnce<()>>::call_once
[INFO] [stdout]   19:     0x60e64d9644ab - test[9d35eded1c95d3be]::__rust_begin_short_backtrace::<core[df12db4294e9bfd3]::result::Result<(), alloc[2182bb758b4b3781]::string::String>, fn() -> core[df12db4294e9bfd3]::result::Result<(), alloc[2182bb758b4b3781]::string::String>>
[INFO] [stdout]   20:     0x60e64d971b15 - test[9d35eded1c95d3be]::run_test::{closure#0}
[INFO] [stdout]   21:     0x60e64d96b3d4 - std[70759c8f55707aa4]::sys::backtrace::__rust_begin_short_backtrace::<test[9d35eded1c95d3be]::run_test::{closure#1}, ()>
[INFO] [stdout]   22:     0x60e64d974c72 - <std[70759c8f55707aa4]::thread::lifecycle::spawn_unchecked<test[9d35eded1c95d3be]::run_test::{closure#1}, ()>::{closure#1} as core[df12db4294e9bfd3]::ops::function::FnOnce<()>>::call_once::{shim:vtable#0}
[INFO] [stdout]   23:     0x60e64db7b039 - <std[70759c8f55707aa4]::sys::thread::unix::Thread>::new::thread_start
[INFO] [stdout]   24:     0x7eed90485dfa - <unknown>
[INFO] [stdout]   25:     0x7eed905193d4 - clone
[INFO] [stdout]   26:                0x0 - <unknown>
[INFO] [stdout] 
[INFO] [stdout] ---- notestore::postgresql::tests::new_note_revision stdout ----
[INFO] [stdout] 
[INFO] [stdout] thread 'notestore::postgresql::tests::new_note_revision' (4455) panicked at src/notestore/postgresql/tests.rs:35:10:
[INFO] [stdout] Failed to connect to Postgres: Io(Os { code: 111, kind: ConnectionRefused, message: "Connection refused" })
[INFO] [stdout] stack backtrace:
[INFO] [stdout]    0:     0x60e64db7c1a1 - <<std[70759c8f55707aa4]::sys::backtrace::BacktraceLock>::print::DisplayBacktrace as core[df12db4294e9bfd3]::fmt::Display>::fmt
[INFO] [stdout]    1:     0x60e64db9384a - core[df12db4294e9bfd3]::fmt::write
[INFO] [stdout]    2:     0x60e64db80bec - <alloc[2182bb758b4b3781]::vec::Vec<u8> as core[df12db4294e9bfd3]::io::write::Write>::write_fmt
[INFO] [stdout]    3:     0x60e64db56c76 - std[70759c8f55707aa4]::panicking::default_hook::{closure#0}
[INFO] [stdout]    4:     0x60e64db73a39 - std[70759c8f55707aa4]::panicking::default_hook
[INFO] [stdout]    5:     0x60e64d9711c0 - test[9d35eded1c95d3be]::test_main_inner::<test[9d35eded1c95d3be]::test_main_static::{closure#0}>::{closure#0}
[INFO] [stdout]    6:     0x60e64db73d62 - std[70759c8f55707aa4]::panicking::panic_with_hook
[INFO] [stdout]    7:     0x60e64db56d22 - std[70759c8f55707aa4]::panicking::panic_handler::{closure#0}
[INFO] [stdout]    8:     0x60e64db4f839 - std[70759c8f55707aa4]::sys::backtrace::__rust_end_short_backtrace::<std[70759c8f55707aa4]::panicking::panic_handler::{closure#0}, !>
[INFO] [stdout]    9:     0x60e64db57b0d - __rustc[8fa7c3cbc660c2b3]::rust_begin_unwind
[INFO] [stdout]   10:     0x60e64db93fac - core[df12db4294e9bfd3]::panicking::panic_fmt
[INFO] [stdout]   11:     0x60e64db93d82 - core[df12db4294e9bfd3]::result::unwrap_failed
[INFO] [stdout]   12:     0x60e64d84b71a - notegraf[dae2d807ec8f779d]::notestore::postgresql::tests::get_store::{closure#0}
[INFO] [stdout]   13:     0x60e64d85987f - notegraf[dae2d807ec8f779d]::notestore::postgresql::tests::new_note_revision::{closure#0}
[INFO] [stdout]   14:     0x60e64d93d77a - <tokio[f6b221e41df38196]::runtime::context::scoped::Scoped<tokio[f6b221e41df38196]::runtime::scheduler::Context>>::set::<<tokio[f6b221e41df38196]::runtime::scheduler::current_thread::CoreGuard>::enter<<tokio[f6b221e41df38196]::runtime::scheduler::current_thread::CoreGuard>::block_on<core[df12db4294e9bfd3]::pin::Pin<&mut core[df12db4294e9bfd3]::pin::Pin<&mut dyn core[df12db4294e9bfd3]::future::future::Future<Output = ()>>>>::{closure#0}, core[df12db4294e9bfd3]::option::Option<()>>::{closure#0}, (alloc[2182bb758b4b3781]::boxed::Box<tokio[f6b221e41df38196]::runtime::scheduler::current_thread::Core>, core[df12db4294e9bfd3]::option::Option<()>)>
[INFO] [stdout]   15:     0x60e64d93dd70 - <tokio[f6b221e41df38196]::runtime::scheduler::current_thread::CurrentThread>::block_on::<core[df12db4294e9bfd3]::pin::Pin<&mut dyn core[df12db4294e9bfd3]::future::future::Future<Output = ()>>>
[INFO] [stdout]   16:     0x60e64d9236e2 - <tokio[f6b221e41df38196]::runtime::runtime::Runtime>::block_on::<core[df12db4294e9bfd3]::pin::Pin<&mut dyn core[df12db4294e9bfd3]::future::future::Future<Output = ()>>>
[INFO] [stdout]   17:     0x60e64d86d7ea - notegraf[dae2d807ec8f779d]::notestore::postgresql::tests::new_note_revision
[INFO] [stdout]   18:     0x60e64d8ceaa9 - <notegraf[dae2d807ec8f779d]::notestore::postgresql::tests::new_note_revision::{closure#0} as core[df12db4294e9bfd3]::ops::function::FnOnce<()>>::call_once
[INFO] [stdout]   19:     0x60e64d9644ab - test[9d35eded1c95d3be]::__rust_begin_short_backtrace::<core[df12db4294e9bfd3]::result::Result<(), alloc[2182bb758b4b3781]::string::String>, fn() -> core[df12db4294e9bfd3]::result::Result<(), alloc[2182bb758b4b3781]::string::String>>
[INFO] [stdout]   20:     0x60e64d971b15 - test[9d35eded1c95d3be]::run_test::{closure#0}
[INFO] [stdout]   21:     0x60e64d96b3d4 - std[70759c8f55707aa4]::sys::backtrace::__rust_begin_short_backtrace::<test[9d35eded1c95d3be]::run_test::{closure#1}, ()>
[INFO] [stdout]   22:     0x60e64d974c72 - <std[70759c8f55707aa4]::thread::lifecycle::spawn_unchecked<test[9d35eded1c95d3be]::run_test::{closure#1}, ()>::{closure#1} as core[df12db4294e9bfd3]::ops::function::FnOnce<()>>::call_once::{shim:vtable#0}
[INFO] [stdout]   23:     0x60e64db7b039 - <std[70759c8f55707aa4]::sys::thread::unix::Thread>::new::thread_start
[INFO] [stdout]   24:     0x7eed90485dfa - <unknown>
[INFO] [stdout]   25:     0x7eed905193d4 - clone
[INFO] [stdout]   26:                0x0 - <unknown>
[INFO] [stdout] 
[INFO] [stdout] ---- notestore::postgresql::tests::search_lexeme_exclude stdout ----
[INFO] [stdout] 
[INFO] [stdout] thread 'notestore::postgresql::tests::search_lexeme_exclude' (4461) panicked at src/notestore/postgresql/tests.rs:35:10:
[INFO] [stdout] Failed to connect to Postgres: Io(Os { code: 111, kind: ConnectionRefused, message: "Connection refused" })
[INFO] [stdout] stack backtrace:
[INFO] [stdout]    0:     0x60e64db7c1a1 - <<std[70759c8f55707aa4]::sys::backtrace::BacktraceLock>::print::DisplayBacktrace as core[df12db4294e9bfd3]::fmt::Display>::fmt
[INFO] [stdout]    1:     0x60e64db9384a - core[df12db4294e9bfd3]::fmt::write
[INFO] [stdout]    2:     0x60e64db80bec - <alloc[2182bb758b4b3781]::vec::Vec<u8> as core[df12db4294e9bfd3]::io::write::Write>::write_fmt
[INFO] [stdout]    3:     0x60e64db56c76 - std[70759c8f55707aa4]::panicking::default_hook::{closure#0}
[INFO] [stdout]    4:     0x60e64db73a39 - std[70759c8f55707aa4]::panicking::default_hook
[INFO] [stdout]    5:     0x60e64d9711c0 - test[9d35eded1c95d3be]::test_main_inner::<test[9d35eded1c95d3be]::test_main_static::{closure#0}>::{closure#0}
[INFO] [stdout]    6:     0x60e64db73d62 - std[70759c8f55707aa4]::panicking::panic_with_hook
[INFO] [stdout]    7:     0x60e64db56d22 - std[70759c8f55707aa4]::panicking::panic_handler::{closure#0}
[INFO] [stdout]    8:     0x60e64db4f839 - std[70759c8f55707aa4]::sys::backtrace::__rust_end_short_backtrace::<std[70759c8f55707aa4]::panicking::panic_handler::{closure#0}, !>
[INFO] [stdout]    9:     0x60e64db57b0d - __rustc[8fa7c3cbc660c2b3]::rust_begin_unwind
[INFO] [stdout]   10:     0x60e64db93fac - core[df12db4294e9bfd3]::panicking::panic_fmt
[INFO] [stdout]   11:     0x60e64db93d82 - core[df12db4294e9bfd3]::result::unwrap_failed
[INFO] [stdout]   12:     0x60e64d84b71a - notegraf[dae2d807ec8f779d]::notestore::postgresql::tests::get_store::{closure#0}
[INFO] [stdout]   13:     0x60e64d85cdbf - notegraf[dae2d807ec8f779d]::notestore::postgresql::tests::search_lexeme_exclude::{closure#0}
[INFO] [stdout]   14:     0x60e64d93d77a - <tokio[f6b221e41df38196]::runtime::context::scoped::Scoped<tokio[f6b221e41df38196]::runtime::scheduler::Context>>::set::<<tokio[f6b221e41df38196]::runtime::scheduler::current_thread::CoreGuard>::enter<<tokio[f6b221e41df38196]::runtime::scheduler::current_thread::CoreGuard>::block_on<core[df12db4294e9bfd3]::pin::Pin<&mut core[df12db4294e9bfd3]::pin::Pin<&mut dyn core[df12db4294e9bfd3]::future::future::Future<Output = ()>>>>::{closure#0}, core[df12db4294e9bfd3]::option::Option<()>>::{closure#0}, (alloc[2182bb758b4b3781]::boxed::Box<tokio[f6b221e41df38196]::runtime::scheduler::current_thread::Core>, core[df12db4294e9bfd3]::option::Option<()>)>
[INFO] [stdout]   15:     0x60e64d93dd70 - <tokio[f6b221e41df38196]::runtime::scheduler::current_thread::CurrentThread>::block_on::<core[df12db4294e9bfd3]::pin::Pin<&mut dyn core[df12db4294e9bfd3]::future::future::Future<Output = ()>>>
[INFO] [stdout]   16:     0x60e64d9236e2 - <tokio[f6b221e41df38196]::runtime::runtime::Runtime>::block_on::<core[df12db4294e9bfd3]::pin::Pin<&mut dyn core[df12db4294e9bfd3]::future::future::Future<Output = ()>>>
[INFO] [stdout]   17:     0x60e64d86ddea - notegraf[dae2d807ec8f779d]::notestore::postgresql::tests::search_lexeme_exclude
[INFO] [stdout]   18:     0x60e64d8ceb29 - <notegraf[dae2d807ec8f779d]::notestore::postgresql::tests::search_lexeme_exclude::{closure#0} as core[df12db4294e9bfd3]::ops::function::FnOnce<()>>::call_once
[INFO] [stdout]   19:     0x60e64d9644ab - test[9d35eded1c95d3be]::__rust_begin_short_backtrace::<core[df12db4294e9bfd3]::result::Result<(), alloc[2182bb758b4b3781]::string::String>, fn() -> core[df12db4294e9bfd3]::result::Result<(), alloc[2182bb758b4b3781]::string::String>>
[INFO] [stdout]   20:     0x60e64d971b15 - test[9d35eded1c95d3be]::run_test::{closure#0}
[INFO] [stdout]   21:     0x60e64d96b3d4 - std[70759c8f55707aa4]::sys::backtrace::__rust_begin_short_backtrace::<test[9d35eded1c95d3be]::run_test::{closure#1}, ()>
[INFO] [stdout]   22:     0x60e64d974c72 - <std[70759c8f55707aa4]::thread::lifecycle::spawn_unchecked<test[9d35eded1c95d3be]::run_test::{closure#1}, ()>::{closure#1} as core[df12db4294e9bfd3]::ops::function::FnOnce<()>>::call_once::{shim:vtable#0}
[INFO] [stdout]   23:     0x60e64db7b039 - <std[70759c8f55707aa4]::sys::thread::unix::Thread>::new::thread_start
[INFO] [stdout]   24:     0x7eed90485dfa - <unknown>
[INFO] [stdout]   25:     0x7eed905193d4 - clone
[INFO] [stdout]   26:                0x0 - <unknown>
[INFO] [stdout] 
[INFO] [stdout] ---- notestore::postgresql::tests::resurrect_deleted_note stdout ----
[INFO] [stdout] 
[INFO] [stdout] thread 'notestore::postgresql::tests::resurrect_deleted_note' (4456) panicked at src/notestore/postgresql/tests.rs:35:10:
[INFO] [stdout] Failed to connect to Postgres: Io(Os { code: 111, kind: ConnectionRefused, message: "Connection refused" })
[INFO] [stdout] stack backtrace:
[INFO] [stdout]    0:     0x60e64db7c1a1 - <<std[70759c8f55707aa4]::sys::backtrace::BacktraceLock>::print::DisplayBacktrace as core[df12db4294e9bfd3]::fmt::Display>::fmt
[INFO] [stdout]    1:     0x60e64db9384a - core[df12db4294e9bfd3]::fmt::write
[INFO] [stdout]    2:     0x60e64db80bec - <alloc[2182bb758b4b3781]::vec::Vec<u8> as core[df12db4294e9bfd3]::io::write::Write>::write_fmt
[INFO] [stdout]    3:     0x60e64db56c76 - std[70759c8f55707aa4]::panicking::default_hook::{closure#0}
[INFO] [stdout]    4:     0x60e64db73a39 - std[70759c8f55707aa4]::panicking::default_hook
[INFO] [stdout]    5:     0x60e64d9711c0 - test[9d35eded1c95d3be]::test_main_inner::<test[9d35eded1c95d3be]::test_main_static::{closure#0}>::{closure#0}
[INFO] [stdout]    6:     0x60e64db73d62 - std[70759c8f55707aa4]::panicking::panic_with_hook
[INFO] [stdout]    7:     0x60e64db56d22 - std[70759c8f55707aa4]::panicking::panic_handler::{closure#0}
[INFO] [stdout]    8:     0x60e64db4f839 - std[70759c8f55707aa4]::sys::backtrace::__rust_end_short_backtrace::<std[70759c8f55707aa4]::panicking::panic_handler::{closure#0}, !>
[INFO] [stdout]    9:     0x60e64db57b0d - __rustc[8fa7c3cbc660c2b3]::rust_begin_unwind
[INFO] [stdout]   10:     0x60e64db93fac - core[df12db4294e9bfd3]::panicking::panic_fmt
[INFO] [stdout]   11:     0x60e64db93d82 - core[df12db4294e9bfd3]::result::unwrap_failed
[INFO] [stdout]   12:     0x60e64d84b71a - notegraf[dae2d807ec8f779d]::notestore::postgresql::tests::get_store::{closure#0}
[INFO] [stdout]   13:     0x60e64d85f5ef - notegraf[dae2d807ec8f779d]::notestore::postgresql::tests::resurrect_deleted_note::{closure#0}
[INFO] [stdout]   14:     0x60e64d93d77a - <tokio[f6b221e41df38196]::runtime::context::scoped::Scoped<tokio[f6b221e41df38196]::runtime::scheduler::Context>>::set::<<tokio[f6b221e41df38196]::runtime::scheduler::current_thread::CoreGuard>::enter<<tokio[f6b221e41df38196]::runtime::scheduler::current_thread::CoreGuard>::block_on<core[df12db4294e9bfd3]::pin::Pin<&mut core[df12db4294e9bfd3]::pin::Pin<&mut dyn core[df12db4294e9bfd3]::future::future::Future<Output = ()>>>>::{closure#0}, core[df12db4294e9bfd3]::option::Option<()>>::{closure#0}, (alloc[2182bb758b4b3781]::boxed::Box<tokio[f6b221e41df38196]::runtime::scheduler::current_thread::Core>, core[df12db4294e9bfd3]::option::Option<()>)>
[INFO] [stdout]   15:     0x60e64d93dd70 - <tokio[f6b221e41df38196]::runtime::scheduler::current_thread::CurrentThread>::block_on::<core[df12db4294e9bfd3]::pin::Pin<&mut dyn core[df12db4294e9bfd3]::future::future::Future<Output = ()>>>
[INFO] [stdout]   16:     0x60e64d9236e2 - <tokio[f6b221e41df38196]::runtime::runtime::Runtime>::block_on::<core[df12db4294e9bfd3]::pin::Pin<&mut dyn core[df12db4294e9bfd3]::future::future::Future<Output = ()>>>
[INFO] [stdout]   17:     0x60e64d86e0ea - notegraf[dae2d807ec8f779d]::notestore::postgresql::tests::resurrect_deleted_note
[INFO] [stdout]   18:     0x60e64d8ceb69 - <notegraf[dae2d807ec8f779d]::notestore::postgresql::tests::resurrect_deleted_note::{closure#0} as core[df12db4294e9bfd3]::ops::function::FnOnce<()>>::call_once
[INFO] [stdout]   19:     0x60e64d9644ab - test[9d35eded1c95d3be]::__rust_begin_short_backtrace::<core[df12db4294e9bfd3]::result::Result<(), alloc[2182bb758b4b3781]::string::String>, fn() -> core[df12db4294e9bfd3]::result::Result<(), alloc[2182bb758b4b3781]::string::String>>
[INFO] [stdout]   20:     0x60e64d971b15 - test[9d35eded1c95d3be]::run_test::{closure#0}
[INFO] [stdout]   21:     0x60e64d96b3d4 - std[70759c8f55707aa4]::sys::backtrace::__rust_begin_short_backtrace::<test[9d35eded1c95d3be]::run_test::{closure#1}, ()>
[INFO] [stdout]   22:     0x60e64d974c72 - <std[70759c8f55707aa4]::thread::lifecycle::spawn_unchecked<test[9d35eded1c95d3be]::run_test::{closure#1}, ()>::{closure#1} as core[df12db4294e9bfd3]::ops::function::FnOnce<()>>::call_once::{shim:vtable#0}
[INFO] [stdout]   23:     0x60e64db7b039 - <std[70759c8f55707aa4]::sys::thread::unix::Thread>::new::thread_start
[INFO] [stdout]   24:     0x7eed90485dfa - <unknown>
[INFO] [stdout]   25:     0x7eed905193d4 - clone
[INFO] [stdout]   26:                0x0 - <unknown>
[INFO] [stdout] 
[INFO] [stdout] ---- notestore::postgresql::tests::search_nonexist stdout ----
[INFO] [stdout] 
[INFO] [stdout] thread 'notestore::postgresql::tests::search_nonexist' (4467) panicked at src/notestore/postgresql/tests.rs:35:10:
[INFO] [stdout] Failed to connect to Postgres: Io(Os { code: 111, kind: ConnectionRefused, message: "Connection refused" })
[INFO] [stdout] stack backtrace:
[INFO] [stdout]    0:     0x60e64db7c1a1 - <<std[70759c8f55707aa4]::sys::backtrace::BacktraceLock>::print::DisplayBacktrace as core[df12db4294e9bfd3]::fmt::Display>::fmt
[INFO] [stdout]    1:     0x60e64db9384a - core[df12db4294e9bfd3]::fmt::write
[INFO] [stdout]    2:     0x60e64db80bec - <alloc[2182bb758b4b3781]::vec::Vec<u8> as core[df12db4294e9bfd3]::io::write::Write>::write_fmt
[INFO] [stdout]    3:     0x60e64db56c76 - std[70759c8f55707aa4]::panicking::default_hook::{closure#0}
[INFO] [stdout]    4:     0x60e64db73a39 - std[70759c8f55707aa4]::panicking::default_hook
[INFO] [stdout]    5:     0x60e64d9711c0 - test[9d35eded1c95d3be]::test_main_inner::<test[9d35eded1c95d3be]::test_main_static::{closure#0}>::{closure#0}
[INFO] [stdout]    6:     0x60e64db73d62 - std[70759c8f55707aa4]::panicking::panic_with_hook
[INFO] [stdout]    7:     0x60e64db56d22 - std[70759c8f55707aa4]::panicking::panic_handler::{closure#0}
[INFO] [stdout]    8:     0x60e64db4f839 - std[70759c8f55707aa4]::sys::backtrace::__rust_end_short_backtrace::<std[70759c8f55707aa4]::panicking::panic_handler::{closure#0}, !>
[INFO] [stdout]    9:     0x60e64db57b0d - __rustc[8fa7c3cbc660c2b3]::rust_begin_unwind
[INFO] [stdout]   10:     0x60e64db93fac - core[df12db4294e9bfd3]::panicking::panic_fmt
[INFO] [stdout]   11:     0x60e64db93d82 - core[df12db4294e9bfd3]::result::unwrap_failed
[INFO] [stdout]   12:     0x60e64d84b71a - notegraf[dae2d807ec8f779d]::notestore::postgresql::tests::get_store::{closure#0}
[INFO] [stdout]   13:     0x60e64d857a5f - notegraf[dae2d807ec8f779d]::notestore::postgresql::tests::search_nonexist::{closure#0}
[INFO] [stdout]   14:     0x60e64d93d77a - <tokio[f6b221e41df38196]::runtime::context::scoped::Scoped<tokio[f6b221e41df38196]::runtime::scheduler::Context>>::set::<<tokio[f6b221e41df38196]::runtime::scheduler::current_thread::CoreGuard>::enter<<tokio[f6b221e41df38196]::runtime::scheduler::current_thread::CoreGuard>::block_on<core[df12db4294e9bfd3]::pin::Pin<&mut core[df12db4294e9bfd3]::pin::Pin<&mut dyn core[df12db4294e9bfd3]::future::future::Future<Output = ()>>>>::{closure#0}, core[df12db4294e9bfd3]::option::Option<()>>::{closure#0}, (alloc[2182bb758b4b3781]::boxed::Box<tokio[f6b221e41df38196]::runtime::scheduler::current_thread::Core>, core[df12db4294e9bfd3]::option::Option<()>)>
[INFO] [stdout]   15:     0x60e64d93dd70 - <tokio[f6b221e41df38196]::runtime::scheduler::current_thread::CurrentThread>::block_on::<core[df12db4294e9bfd3]::pin::Pin<&mut dyn core[df12db4294e9bfd3]::future::future::Future<Output = ()>>>
[INFO] [stdout]   16:     0x60e64d9236e2 - <tokio[f6b221e41df38196]::runtime::runtime::Runtime>::block_on::<core[df12db4294e9bfd3]::pin::Pin<&mut dyn core[df12db4294e9bfd3]::future::future::Future<Output = ()>>>
[INFO] [stdout]   17:     0x60e64d86d4ea - notegraf[dae2d807ec8f779d]::notestore::postgresql::tests::search_nonexist
[INFO] [stdout]   18:     0x60e64d8cea69 - <notegraf[dae2d807ec8f779d]::notestore::postgresql::tests::search_nonexist::{closure#0} as core[df12db4294e9bfd3]::ops::function::FnOnce<()>>::call_once
[INFO] [stdout]   19:     0x60e64d9644ab - test[9d35eded1c95d3be]::__rust_begin_short_backtrace::<core[df12db4294e9bfd3]::result::Result<(), alloc[2182bb758b4b3781]::string::String>, fn() -> core[df12db4294e9bfd3]::result::Result<(), alloc[2182bb758b4b3781]::string::String>>
[INFO] [stdout]   20:     0x60e64d971b15 - test[9d35eded1c95d3be]::run_test::{closure#0}
[INFO] [stdout]   21:     0x60e64d96b3d4 - std[70759c8f55707aa4]::sys::backtrace::__rust_begin_short_backtrace::<test[9d35eded1c95d3be]::run_test::{closure#1}, ()>
[INFO] [stdout]   22:     0x60e64d974c72 - <std[70759c8f55707aa4]::thread::lifecycle::spawn_unchecked<test[9d35eded1c95d3be]::run_test::{closure#1}, ()>::{closure#1} as core[df12db4294e9bfd3]::ops::function::FnOnce<()>>::call_once::{shim:vtable#0}
[INFO] [stdout]   23:     0x60e64db7b039 - <std[70759c8f55707aa4]::sys::thread::unix::Thread>::new::thread_start
[INFO] [stdout]   24:     0x7eed90485dfa - <unknown>
[INFO] [stdout]   25:     0x7eed905193d4 - clone
[INFO] [stdout]   26:                0x0 - <unknown>
[INFO] [stdout] 
[INFO] [stdout] ---- notestore::postgresql::tests::resurrect_note_in_sequence stdout ----
[INFO] [stdout] 
[INFO] [stdout] thread 'notestore::postgresql::tests::resurrect_note_in_sequence' (4458) panicked at src/notestore/postgresql/tests.rs:35:10:
[INFO] [stdout] Failed to connect to Postgres: Io(Os { code: 111, kind: ConnectionRefused, message: "Connection refused" })
[INFO] [stdout] stack backtrace:
[INFO] [stdout]    0:     0x60e64db7c1a1 - <<std[70759c8f55707aa4]::sys::backtrace::BacktraceLock>::print::DisplayBacktrace as core[df12db4294e9bfd3]::fmt::Display>::fmt
[INFO] [stdout]    1:     0x60e64db9384a - core[df12db4294e9bfd3]::fmt::write
[INFO] [stdout]    2:     0x60e64db80bec - <alloc[2182bb758b4b3781]::vec::Vec<u8> as core[df12db4294e9bfd3]::io::write::Write>::write_fmt
[INFO] [stdout]    3:     0x60e64db56c76 - std[70759c8f55707aa4]::panicking::default_hook::{closure#0}
[INFO] [stdout]    4:     0x60e64db73a39 - std[70759c8f55707aa4]::panicking::default_hook
[INFO] [stdout]    5:     0x60e64d9711c0 - test[9d35eded1c95d3be]::test_main_inner::<test[9d35eded1c95d3be]::test_main_static::{closure#0}>::{closure#0}
[INFO] [stdout]    6:     0x60e64db73d62 - std[70759c8f55707aa4]::panicking::panic_with_hook
[INFO] [stdout]    7:     0x60e64db56d22 - std[70759c8f55707aa4]::panicking::panic_handler::{closure#0}
[INFO] [stdout]    8:     0x60e64db4f839 - std[70759c8f55707aa4]::sys::backtrace::__rust_end_short_backtrace::<std[70759c8f55707aa4]::panicking::panic_handler::{closure#0}, !>
[INFO] [stdout]    9:     0x60e64db57b0d - __rustc[8fa7c3cbc660c2b3]::rust_begin_unwind
[INFO] [stdout]   10:     0x60e64db93fac - core[df12db4294e9bfd3]::panicking::panic_fmt
[INFO] [stdout]   11:     0x60e64db93d82 - core[df12db4294e9bfd3]::result::unwrap_failed
[INFO] [stdout]   12:     0x60e64d84b71a - notegraf[dae2d807ec8f779d]::notestore::postgresql::tests::get_store::{closure#0}
[INFO] [stdout]   13:     0x60e64d8620bf - notegraf[dae2d807ec8f779d]::notestore::postgresql::tests::resurrect_note_in_sequence::{closure#0}
[INFO] [stdout]   14:     0x60e64d93d77a - <tokio[f6b221e41df38196]::runtime::context::scoped::Scoped<tokio[f6b221e41df38196]::runtime::scheduler::Context>>::set::<<tokio[f6b221e41df38196]::runtime::scheduler::current_thread::CoreGuard>::enter<<tokio[f6b221e41df38196]::runtime::scheduler::current_thread::CoreGuard>::block_on<core[df12db4294e9bfd3]::pin::Pin<&mut core[df12db4294e9bfd3]::pin::Pin<&mut dyn core[df12db4294e9bfd3]::future::future::Future<Output = ()>>>>::{closure#0}, core[df12db4294e9bfd3]::option::Option<()>>::{closure#0}, (alloc[2182bb758b4b3781]::boxed::Box<tokio[f6b221e41df38196]::runtime::scheduler::current_thread::Core>, core[df12db4294e9bfd3]::option::Option<()>)>
[INFO] [stdout]   15:     0x60e64d93dd70 - <tokio[f6b221e41df38196]::runtime::scheduler::current_thread::CurrentThread>::block_on::<core[df12db4294e9bfd3]::pin::Pin<&mut dyn core[df12db4294e9bfd3]::future::future::Future<Output = ()>>>
[INFO] [stdout]   16:     0x60e64d9236e2 - <tokio[f6b221e41df38196]::runtime::runtime::Runtime>::block_on::<core[df12db4294e9bfd3]::pin::Pin<&mut dyn core[df12db4294e9bfd3]::future::future::Future<Output = ()>>>
[INFO] [stdout]   17:     0x60e64d86e3ea - notegraf[dae2d807ec8f779d]::notestore::postgresql::tests::resurrect_note_in_sequence
[INFO] [stdout]   18:     0x60e64d8ceba9 - <notegraf[dae2d807ec8f779d]::notestore::postgresql::tests::resurrect_note_in_sequence::{closure#0} as core[df12db4294e9bfd3]::ops::function::FnOnce<()>>::call_once
[INFO] [stdout]   19:     0x60e64d9644ab - test[9d35eded1c95d3be]::__rust_begin_short_backtrace::<core[df12db4294e9bfd3]::result::Result<(), alloc[2182bb758b4b3781]::string::String>, fn() -> core[df12db4294e9bfd3]::result::Result<(), alloc[2182bb758b4b3781]::string::String>>
[INFO] [stdout]   20:     0x60e64d971b15 - test[9d35eded1c95d3be]::run_test::{closure#0}
[INFO] [stdout]   21:     0x60e64d96b3d4 - std[70759c8f55707aa4]::sys::backtrace::__rust_begin_short_backtrace::<test[9d35eded1c95d3be]::run_test::{closure#1}, ()>
[INFO] [stdout]   22:     0x60e64d974c72 - <std[70759c8f55707aa4]::thread::lifecycle::spawn_unchecked<test[9d35eded1c95d3be]::run_test::{closure#1}, ()>::{closure#1} as core[df12db4294e9bfd3]::ops::function::FnOnce<()>>::call_once::{shim:vtable#0}
[INFO] [stdout]   23:     0x60e64db7b039 - <std[70759c8f55707aa4]::sys::thread::unix::Thread>::new::thread_start
[INFO] [stdout]   24:     0x7eed90485dfa - <unknown>
[INFO] [stdout]   25:     0x7eed905193d4 - clone
[INFO] [stdout]   26:                0x0 - <unknown>
[INFO] [stdout] 
[INFO] [stdout] ---- notestore::postgresql::tests::search_fulltext stdout ----
[INFO] [stdout] 
[INFO] [stdout] thread 'notestore::postgresql::tests::search_fulltext' (4459) panicked at src/notestore/postgresql/tests.rs:35:10:
[INFO] [stdout] Failed to connect to Postgres: Io(Os { code: 111, kind: ConnectionRefused, message: "Connection refused" })
[INFO] [stdout] stack backtrace:
[INFO] [stdout]    0:     0x60e64db7c1a1 - <<std[70759c8f55707aa4]::sys::backtrace::BacktraceLock>::print::DisplayBacktrace as core[df12db4294e9bfd3]::fmt::Display>::fmt
[INFO] [stdout]    1:     0x60e64db9384a - core[df12db4294e9bfd3]::fmt::write
[INFO] [stdout]    2:     0x60e64db80bec - <alloc[2182bb758b4b3781]::vec::Vec<u8> as core[df12db4294e9bfd3]::io::write::Write>::write_fmt
[INFO] [stdout]    3:     0x60e64db56c76 - std[70759c8f55707aa4]::panicking::default_hook::{closure#0}
[INFO] [stdout]    4:     0x60e64db73a39 - std[70759c8f55707aa4]::panicking::default_hook
[INFO] [stdout]    5:     0x60e64d9711c0 - test[9d35eded1c95d3be]::test_main_inner::<test[9d35eded1c95d3be]::test_main_static::{closure#0}>::{closure#0}
[INFO] [stdout]    6:     0x60e64db73d62 - std[70759c8f55707aa4]::panicking::panic_with_hook
[INFO] [stdout]    7:     0x60e64db56d22 - std[70759c8f55707aa4]::panicking::panic_handler::{closure#0}
[INFO] [stdout]    8:     0x60e64db4f839 - std[70759c8f55707aa4]::sys::backtrace::__rust_end_short_backtrace::<std[70759c8f55707aa4]::panicking::panic_handler::{closure#0}, !>
[INFO] [stdout]    9:     0x60e64db57b0d - __rustc[8fa7c3cbc660c2b3]::rust_begin_unwind
[INFO] [stdout]   10:     0x60e64db93fac - core[df12db4294e9bfd3]::panicking::panic_fmt
[INFO] [stdout]   11:     0x60e64db93d82 - core[df12db4294e9bfd3]::result::unwrap_failed
[INFO] [stdout]   12:     0x60e64d84b71a - notegraf[dae2d807ec8f779d]::notestore::postgresql::tests::get_store::{closure#0}
[INFO] [stdout]   13:     0x60e64d8567df - notegraf[dae2d807ec8f779d]::notestore::postgresql::tests::search_fulltext::{closure#0}
[INFO] [stdout]   14:     0x60e64d93d77a - <tokio[f6b221e41df38196]::runtime::context::scoped::Scoped<tokio[f6b221e41df38196]::runtime::scheduler::Context>>::set::<<tokio[f6b221e41df38196]::runtime::scheduler::current_thread::CoreGuard>::enter<<tokio[f6b221e41df38196]::runtime::scheduler::current_thread::CoreGuard>::block_on<core[df12db4294e9bfd3]::pin::Pin<&mut core[df12db4294e9bfd3]::pin::Pin<&mut dyn core[df12db4294e9bfd3]::future::future::Future<Output = ()>>>>::{closure#0}, core[df12db4294e9bfd3]::option::Option<()>>::{closure#0}, (alloc[2182bb758b4b3781]::boxed::Box<tokio[f6b221e41df38196]::runtime::scheduler::current_thread::Core>, core[df12db4294e9bfd3]::option::Option<()>)>
[INFO] [stdout]   15:     0x60e64d93dd70 - <tokio[f6b221e41df38196]::runtime::scheduler::current_thread::CurrentThread>::block_on::<core[df12db4294e9bfd3]::pin::Pin<&mut dyn core[df12db4294e9bfd3]::future::future::Future<Output = ()>>>
[INFO] [stdout]   16:     0x60e64d9236e2 - <tokio[f6b221e41df38196]::runtime::runtime::Runtime>::block_on::<core[df12db4294e9bfd3]::pin::Pin<&mut dyn core[df12db4294e9bfd3]::future::future::Future<Output = ()>>>
[INFO] [stdout]   17:     0x60e64d86d36a - notegraf[dae2d807ec8f779d]::notestore::postgresql::tests::search_fulltext
[INFO] [stdout]   18:     0x60e64d8cea49 - <notegraf[dae2d807ec8f779d]::notestore::postgresql::tests::search_fulltext::{closure#0} as core[df12db4294e9bfd3]::ops::function::FnOnce<()>>::call_once
[INFO] [stdout]   19:     0x60e64d9644ab - test[9d35eded1c95d3be]::__rust_begin_short_backtrace::<core[df12db4294e9bfd3]::result::Result<(), alloc[2182bb758b4b3781]::string::String>, fn() -> core[df12db4294e9bfd3]::result::Result<(), alloc[2182bb758b4b3781]::string::String>>
[INFO] [stdout]   20:     0x60e64d971b15 - test[9d35eded1c95d3be]::run_test::{closure#0}
[INFO] [stdout]   21:     0x60e64d96b3d4 - std[70759c8f55707aa4]::sys::backtrace::__rust_begin_short_backtrace::<test[9d35eded1c95d3be]::run_test::{closure#1}, ()>
[INFO] [stdout]   22:     0x60e64d974c72 - <std[70759c8f55707aa4]::thread::lifecycle::spawn_unchecked<test[9d35eded1c95d3be]::run_test::{closure#1}, ()>::{closure#1} as core[df12db4294e9bfd3]::ops::function::FnOnce<()>>::call_once::{shim:vtable#0}
[INFO] [stdout]   23:     0x60e64db7b039 - <std[70759c8f55707aa4]::sys::thread::unix::Thread>::new::thread_start
[INFO] [stdout]   24:     0x7eed90485dfa - <unknown>
[INFO] [stdout]   25:     0x7eed905193d4 - clone
[INFO] [stdout]   26:                0x0 - <unknown>
[INFO] [stdout] 
[INFO] [stdout] ---- notestore::postgresql::tests::search_limit_override stdout ----
[INFO] [stdout] 
[INFO] [stdout] thread 'notestore::postgresql::tests::search_limit_override' (4463) panicked at src/notestore/postgresql/tests.rs:35:10:
[INFO] [stdout] Failed to connect to Postgres: Io(Os { code: 111, kind: ConnectionRefused, message: "Connection refused" })
[INFO] [stdout] stack backtrace:
[INFO] [stdout]    0:     0x60e64db7c1a1 - <<std[70759c8f55707aa4]::sys::backtrace::BacktraceLock>::print::DisplayBacktrace as core[df12db4294e9bfd3]::fmt::Display>::fmt
[INFO] [stdout]    1:     0x60e64db9384a - core[df12db4294e9bfd3]::fmt::write
[INFO] [stdout]    2:     0x60e64db80bec - <alloc[2182bb758b4b3781]::vec::Vec<u8> as core[df12db4294e9bfd3]::io::write::Write>::write_fmt
[INFO] [stdout]    3:     0x60e64db56c76 - std[70759c8f55707aa4]::panicking::default_hook::{closure#0}
[INFO] [stdout]    4:     0x60e64db73a39 - std[70759c8f55707aa4]::panicking::default_hook
[INFO] [stdout]    5:     0x60e64d9711c0 - test[9d35eded1c95d3be]::test_main_inner::<test[9d35eded1c95d3be]::test_main_static::{closure#0}>::{closure#0}
[INFO] [stdout]    6:     0x60e64db73d62 - std[70759c8f55707aa4]::panicking::panic_with_hook
[INFO] [stdout]    7:     0x60e64db56d22 - std[70759c8f55707aa4]::panicking::panic_handler::{closure#0}
[INFO] [stdout]    8:     0x60e64db4f839 - std[70759c8f55707aa4]::sys::backtrace::__rust_end_short_backtrace::<std[70759c8f55707aa4]::panicking::panic_handler::{closure#0}, !>
[INFO] [stdout]    9:     0x60e64db57b0d - __rustc[8fa7c3cbc660c2b3]::rust_begin_unwind
[INFO] [stdout]   10:     0x60e64db93fac - core[df12db4294e9bfd3]::panicking::panic_fmt
[INFO] [stdout]   11:     0x60e64db93d82 - core[df12db4294e9bfd3]::result::unwrap_failed
[INFO] [stdout]   12:     0x60e64d84b71a - notegraf[dae2d807ec8f779d]::notestore::postgresql::tests::get_store::{closure#0}
[INFO] [stdout]   13:     0x60e64d85e44f - notegraf[dae2d807ec8f779d]::notestore::postgresql::tests::search_limit_override::{closure#0}
[INFO] [stdout]   14:     0x60e64d93d77a - <tokio[f6b221e41df38196]::runtime::context::scoped::Scoped<tokio[f6b221e41df38196]::runtime::scheduler::Context>>::set::<<tokio[f6b221e41df38196]::runtime::scheduler::current_thread::CoreGuard>::enter<<tokio[f6b221e41df38196]::runtime::scheduler::current_thread::CoreGuard>::block_on<core[df12db4294e9bfd3]::pin::Pin<&mut core[df12db4294e9bfd3]::pin::Pin<&mut dyn core[df12db4294e9bfd3]::future::future::Future<Output = ()>>>>::{closure#0}, core[df12db4294e9bfd3]::option::Option<()>>::{closure#0}, (alloc[2182bb758b4b3781]::boxed::Box<tokio[f6b221e41df38196]::runtime::scheduler::current_thread::Core>, core[df12db4294e9bfd3]::option::Option<()>)>
[INFO] [stdout]   15:     0x60e64d93dd70 - <tokio[f6b221e41df38196]::runtime::scheduler::current_thread::CurrentThread>::block_on::<core[df12db4294e9bfd3]::pin::Pin<&mut dyn core[df12db4294e9bfd3]::future::future::Future<Output = ()>>>
[INFO] [stdout]   16:     0x60e64d9236e2 - <tokio[f6b221e41df38196]::runtime::runtime::Runtime>::block_on::<core[df12db4294e9bfd3]::pin::Pin<&mut dyn core[df12db4294e9bfd3]::future::future::Future<Output = ()>>>
[INFO] [stdout]   17:     0x60e64d86df6a - notegraf[dae2d807ec8f779d]::notestore::postgresql::tests::search_limit_override
[INFO] [stdout]   18:     0x60e64d8ceb49 - <notegraf[dae2d807ec8f779d]::notestore::postgresql::tests::search_limit_override::{closure#0} as core[df12db4294e9bfd3]::ops::function::FnOnce<()>>::call_once
[INFO] [stdout]   19:     0x60e64d9644ab - test[9d35eded1c95d3be]::__rust_begin_short_backtrace::<core[df12db4294e9bfd3]::result::Result<(), alloc[2182bb758b4b3781]::string::String>, fn() -> core[df12db4294e9bfd3]::result::Result<(), alloc[2182bb758b4b3781]::string::String>>
[INFO] [stdout]   20:     0x60e64d971b15 - test[9d35eded1c95d3be]::run_test::{closure#0}
[INFO] [stdout]   21:     0x60e64d96b3d4 - std[70759c8f55707aa4]::sys::backtrace::__rust_begin_short_backtrace::<test[9d35eded1c95d3be]::run_test::{closure#1}, ()>
[INFO] [stdout]   22:     0x60e64d974c72 - <std[70759c8f55707aa4]::thread::lifecycle::spawn_unchecked<test[9d35eded1c95d3be]::run_test::{closure#1}, ()>::{closure#1} as core[df12db4294e9bfd3]::ops::function::FnOnce<()>>::call_once::{shim:vtable#0}
[INFO] [stdout]   23:     0x60e64db7b039 - <std[70759c8f55707aa4]::sys::thread::unix::Thread>::new::thread_start
[INFO] [stdout]   24:     0x7eed90485dfa - <unknown>
[INFO] [stdout]   25:     0x7eed905193d4 - clone
[INFO] [stdout]   26:                0x0 - <unknown>
[INFO] [stdout] 
[INFO] [stdout] ---- notestore::postgresql::tests::unique_id stdout ----
[INFO] [stdout] 
[INFO] [stdout] thread 'notestore::postgresql::tests::unique_id' (4479) panicked at src/notestore/postgresql/tests.rs:35:10:
[INFO] [stdout] Failed to connect to Postgres: Io(Os { code: 111, kind: ConnectionRefused, message: "Connection refused" })
[INFO] [stdout] stack backtrace:
[INFO] [stdout]    0:     0x60e64db7c1a1 - <<std[70759c8f55707aa4]::sys::backtrace::BacktraceLock>::print::DisplayBacktrace as core[df12db4294e9bfd3]::fmt::Display>::fmt
[INFO] [stdout]    1:     0x60e64db9384a - core[df12db4294e9bfd3]::fmt::write
[INFO] [stdout]    2:     0x60e64db80bec - <alloc[2182bb758b4b3781]::vec::Vec<u8> as core[df12db4294e9bfd3]::io::write::Write>::write_fmt
[INFO] [stdout]    3:     0x60e64db56c76 - std[70759c8f55707aa4]::panicking::default_hook::{closure#0}
[INFO] [stdout]    4:     0x60e64db73a39 - std[70759c8f55707aa4]::panicking::default_hook
[INFO] [stdout]    5:     0x60e64d9711c0 - test[9d35eded1c95d3be]::test_main_inner::<test[9d35eded1c95d3be]::test_main_static::{closure#0}>::{closure#0}
[INFO] [stdout]    6:     0x60e64db73d62 - std[70759c8f55707aa4]::panicking::panic_with_hook
[INFO] [stdout]    7:     0x60e64db56d22 - std[70759c8f55707aa4]::panicking::panic_handler::{closure#0}
[INFO] [stdout]    8:     0x60e64db4f839 - std[70759c8f55707aa4]::sys::backtrace::__rust_end_short_backtrace::<std[70759c8f55707aa4]::panicking::panic_handler::{closure#0}, !>
[INFO] [stdout]    9:     0x60e64db57b0d - __rustc[8fa7c3cbc660c2b3]::rust_begin_unwind
[INFO] [stdout]   10:     0x60e64db93fac - core[df12db4294e9bfd3]::panicking::panic_fmt
[INFO] [stdout]   11:     0x60e64db93d82 - core[df12db4294e9bfd3]::result::unwrap_failed
[INFO] [stdout]   12:     0x60e64d84b71a - notegraf[dae2d807ec8f779d]::notestore::postgresql::tests::get_store::{closure#0}
[INFO] [stdout]   13:     0x60e64d86c13f - notegraf[dae2d807ec8f779d]::notestore::postgresql::tests::unique_id::{closure#0}
[INFO] [stdout]   14:     0x60e64d93d77a - <tokio[f6b221e41df38196]::runtime::context::scoped::Scoped<tokio[f6b221e41df38196]::runtime::scheduler::Context>>::set::<<tokio[f6b221e41df38196]::runtime::scheduler::current_thread::CoreGuard>::enter<<tokio[f6b221e41df38196]::runtime::scheduler::current_thread::CoreGuard>::block_on<core[df12db4294e9bfd3]::pin::Pin<&mut core[df12db4294e9bfd3]::pin::Pin<&mut dyn core[df12db4294e9bfd3]::future::future::Future<Output = ()>>>>::{closure#0}, core[df12db4294e9bfd3]::option::Option<()>>::{closure#0}, (alloc[2182bb758b4b3781]::boxed::Box<tokio[f6b221e41df38196]::runtime::scheduler::current_thread::Core>, core[df12db4294e9bfd3]::option::Option<()>)>
[INFO] [stdout]   15:     0x60e64d93dd70 - <tokio[f6b221e41df38196]::runtime::scheduler::current_thread::CurrentThread>::block_on::<core[df12db4294e9bfd3]::pin::Pin<&mut dyn core[df12db4294e9bfd3]::future::future::Future<Output = ()>>>
[INFO] [stdout]   16:     0x60e64d9236e2 - <tokio[f6b221e41df38196]::runtime::runtime::Runtime>::block_on::<core[df12db4294e9bfd3]::pin::Pin<&mut dyn core[df12db4294e9bfd3]::future::future::Future<Output = ()>>>
[INFO] [stdout]   17:     0x60e64d86ecea - notegraf[dae2d807ec8f779d]::notestore::postgresql::tests::unique_id
[INFO] [stdout]   18:     0x60e64d8cec69 - <notegraf[dae2d807ec8f779d]::notestore::postgresql::tests::unique_id::{closure#0} as core[df12db4294e9bfd3]::ops::function::FnOnce<()>>::call_once
[INFO] [stdout]   19:     0x60e64d9644ab - test[9d35eded1c95d3be]::__rust_begin_short_backtrace::<core[df12db4294e9bfd3]::result::Result<(), alloc[2182bb758b4b3781]::string::String>, fn() -> core[df12db4294e9bfd3]::result::Result<(), alloc[2182bb758b4b3781]::string::String>>
[INFO] [stdout]   20:     0x60e64d971b15 - test[9d35eded1c95d3be]::run_test::{closure#0}
[INFO] [stdout]   21:     0x60e64d96b3d4 - std[70759c8f55707aa4]::sys::backtrace::__rust_begin_short_backtrace::<test[9d35eded1c95d3be]::run_test::{closure#1}, ()>
[INFO] [stdout]   22:     0x60e64d974c72 - <std[70759c8f55707aa4]::thread::lifecycle::spawn_unchecked<test[9d35eded1c95d3be]::run_test::{closure#1}, ()>::{closure#1} as core[df12db4294e9bfd3]::ops::function::FnOnce<()>>::call_once::{shim:vtable#0}
[INFO] [stdout]   23:     0x60e64db7b039 - <std[70759c8f55707aa4]::sys::thread::unix::Thread>::new::thread_start
[INFO] [stdout]   24:     0x7eed90485dfa - <unknown>
[INFO] [stdout]   25:     0x7eed905193d4 - clone
[INFO] [stdout]   26:                0x0 - <unknown>
[INFO] [stdout] 
[INFO] [stdout] ---- notestore::postgresql::tests::tags stdout ----
[INFO] [stdout] 
[INFO] [stdout] thread 'notestore::postgresql::tests::tags' (4475) panicked at src/notestore/postgresql/tests.rs:35:10:
[INFO] [stdout] Failed to connect to Postgres: Io(Os { code: 111, kind: ConnectionRefused, message: "Connection refused" })
[INFO] [stdout] stack backtrace:
[INFO] [stdout]    0:     0x60e64db7c1a1 - <<std[70759c8f55707aa4]::sys::backtrace::BacktraceLock>::print::DisplayBacktrace as core[df12db4294e9bfd3]::fmt::Display>::fmt
[INFO] [stdout]    1:     0x60e64db9384a - core[df12db4294e9bfd3]::fmt::write
[INFO] [stdout]    2:     0x60e64db80bec - <alloc[2182bb758b4b3781]::vec::Vec<u8> as core[df12db4294e9bfd3]::io::write::Write>::write_fmt
[INFO] [stdout]    3:     0x60e64db56c76 - std[70759c8f55707aa4]::panicking::default_hook::{closure#0}
[INFO] [stdout]    4:     0x60e64db73a39 - std[70759c8f55707aa4]::panicking::default_hook
[INFO] [stdout]    5:     0x60e64d9711c0 - test[9d35eded1c95d3be]::test_main_inner::<test[9d35eded1c95d3be]::test_main_static::{closure#0}>::{closure#0}
[INFO] [stdout]    6:     0x60e64db73d62 - std[70759c8f55707aa4]::panicking::panic_with_hook
[INFO] [stdout]    7:     0x60e64db56d22 - std[70759c8f55707aa4]::panicking::panic_handler::{closure#0}
[INFO] [stdout]    8:     0x60e64db4f839 - std[70759c8f55707aa4]::sys::backtrace::__rust_end_short_backtrace::<std[70759c8f55707aa4]::panicking::panic_handler::{closure#0}, !>
[INFO] [stdout]    9:     0x60e64db57b0d - __rustc[8fa7c3cbc660c2b3]::rust_begin_unwind
[INFO] [stdout]   10:     0x60e64db93fac - core[df12db4294e9bfd3]::panicking::panic_fmt
[INFO] [stdout]   11:     0x60e64db93d82 - core[df12db4294e9bfd3]::result::unwrap_failed
[INFO] [stdout]   12:     0x60e64d84b71a - notegraf[dae2d807ec8f779d]::notestore::postgresql::tests::get_store::{closure#0}
[INFO] [stdout]   13:     0x60e64d865a4f - notegraf[dae2d807ec8f779d]::notestore::postgresql::tests::tags::{closure#0}
[INFO] [stdout]   14:     0x60e64d93d77a - <tokio[f6b221e41df38196]::runtime::context::scoped::Scoped<tokio[f6b221e41df38196]::runtime::scheduler::Context>>::set::<<tokio[f6b221e41df38196]::runtime::scheduler::current_thread::CoreGuard>::enter<<tokio[f6b221e41df38196]::runtime::scheduler::current_thread::CoreGuard>::block_on<core[df12db4294e9bfd3]::pin::Pin<&mut core[df12db4294e9bfd3]::pin::Pin<&mut dyn core[df12db4294e9bfd3]::future::future::Future<Output = ()>>>>::{closure#0}, core[df12db4294e9bfd3]::option::Option<()>>::{closure#0}, (alloc[2182bb758b4b3781]::boxed::Box<tokio[f6b221e41df38196]::runtime::scheduler::current_thread::Core>, core[df12db4294e9bfd3]::option::Option<()>)>
[INFO] [stdout]   15:     0x60e64d93dd70 - <tokio[f6b221e41df38196]::runtime::scheduler::current_thread::CurrentThread>::block_on::<core[df12db4294e9bfd3]::pin::Pin<&mut dyn core[df12db4294e9bfd3]::future::future::Future<Output = ()>>>
[INFO] [stdout]   16:     0x60e64d9236e2 - <tokio[f6b221e41df38196]::runtime::runtime::Runtime>::block_on::<core[df12db4294e9bfd3]::pin::Pin<&mut dyn core[df12db4294e9bfd3]::future::future::Future<Output = ()>>>
[INFO] [stdout]   17:     0x60e64d86e6ea - notegraf[dae2d807ec8f779d]::notestore::postgresql::tests::tags
[INFO] [stdout]   18:     0x60e64d8cebe9 - <notegraf[dae2d807ec8f779d]::notestore::postgresql::tests::tags::{closure#0} as core[df12db4294e9bfd3]::ops::function::FnOnce<()>>::call_once
[INFO] [stdout]   19:     0x60e64d9644ab - test[9d35eded1c95d3be]::__rust_begin_short_backtrace::<core[df12db4294e9bfd3]::result::Result<(), alloc[2182bb758b4b3781]::string::String>, fn() -> core[df12db4294e9bfd3]::result::Result<(), alloc[2182bb758b4b3781]::string::String>>
[INFO] [stdout]   20:     0x60e64d971b15 - test[9d35eded1c95d3be]::run_test::{closure#0}
[INFO] [stdout]   21:     0x60e64d96b3d4 - std[70759c8f55707aa4]::sys::backtrace::__rust_begin_short_backtrace::<test[9d35eded1c95d3be]::run_test::{closure#1}, ()>
[INFO] [stdout]   22:     0x60e64d974c72 - <std[70759c8f55707aa4]::thread::lifecycle::spawn_unchecked<test[9d35eded1c95d3be]::run_test::{closure#1}, ()>::{closure#1} as core[df12db4294e9bfd3]::ops::function::FnOnce<()>>::call_once::{shim:vtable#0}
[INFO] [stdout]   23:     0x60e64db7b039 - <std[70759c8f55707aa4]::sys::thread::unix::Thread>::new::thread_start
[INFO] [stdout]   24:     0x7eed90485dfa - <unknown>
[INFO] [stdout]   25:     0x7eed905193d4 - clone
[INFO] [stdout]   26:                0x0 - <unknown>
[INFO] [stdout] 
[INFO] [stdout] ---- notestore::postgresql::tests::search_orphan stdout ----
[INFO] [stdout] 
[INFO] [stdout] thread 'notestore::postgresql::tests::search_orphan' (4470) panicked at src/notestore/postgresql/tests.rs:35:10:
[INFO] [stdout] Failed to connect to Postgres: Io(Os { code: 111, kind: ConnectionRefused, message: "Connection refused" })
[INFO] [stdout] stack backtrace:
[INFO] [stdout]    0:     0x60e64db7c1a1 - <<std[70759c8f55707aa4]::sys::backtrace::BacktraceLock>::print::DisplayBacktrace as core[df12db4294e9bfd3]::fmt::Display>::fmt
[INFO] [stdout]    1:     0x60e64db9384a - core[df12db4294e9bfd3]::fmt::write
[INFO] [stdout]    2:     0x60e64db80bec - <alloc[2182bb758b4b3781]::vec::Vec<u8> as core[df12db4294e9bfd3]::io::write::Write>::write_fmt
[INFO] [stdout]    3:     0x60e64db56c76 - std[70759c8f55707aa4]::panicking::default_hook::{closure#0}
[INFO] [stdout]    4:     0x60e64db73a39 - std[70759c8f55707aa4]::panicking::default_hook
[INFO] [stdout]    5:     0x60e64d9711c0 - test[9d35eded1c95d3be]::test_main_inner::<test[9d35eded1c95d3be]::test_main_static::{closure#0}>::{closure#0}
[INFO] [stdout]    6:     0x60e64db73d62 - std[70759c8f55707aa4]::panicking::panic_with_hook
[INFO] [stdout]    7:     0x60e64db56d22 - std[70759c8f55707aa4]::panicking::panic_handler::{closure#0}
[INFO] [stdout]    8:     0x60e64db4f839 - std[70759c8f55707aa4]::sys::backtrace::__rust_end_short_backtrace::<std[70759c8f55707aa4]::panicking::panic_handler::{closure#0}, !>
[INFO] [stdout]    9:     0x60e64db57b0d - __rustc[8fa7c3cbc660c2b3]::rust_begin_unwind
[INFO] [stdout]   10:     0x60e64db93fac - core[df12db4294e9bfd3]::panicking::panic_fmt
[INFO] [stdout]   11:     0x60e64db93d82 - core[df12db4294e9bfd3]::result::unwrap_failed
[INFO] [stdout]   12:     0x60e64d84b71a - notegraf[dae2d807ec8f779d]::notestore::postgresql::tests::get_store::{closure#0}
[INFO] [stdout]   13:     0x60e64d8550cf - notegraf[dae2d807ec8f779d]::notestore::postgresql::tests::search_orphan::{closure#0}
[INFO] [stdout]   14:     0x60e64d93d77a - <tokio[f6b221e41df38196]::runtime::context::scoped::Scoped<tokio[f6b221e41df38196]::runtime::scheduler::Context>>::set::<<tokio[f6b221e41df38196]::runtime::scheduler::current_thread::CoreGuard>::enter<<tokio[f6b221e41df38196]::runtime::scheduler::current_thread::CoreGuard>::block_on<core[df12db4294e9bfd3]::pin::Pin<&mut core[df12db4294e9bfd3]::pin::Pin<&mut dyn core[df12db4294e9bfd3]::future::future::Future<Output = ()>>>>::{closure#0}, core[df12db4294e9bfd3]::option::Option<()>>::{closure#0}, (alloc[2182bb758b4b3781]::boxed::Box<tokio[f6b221e41df38196]::runtime::scheduler::current_thread::Core>, core[df12db4294e9bfd3]::option::Option<()>)>
[INFO] [stdout]   15:     0x60e64d93dd70 - <tokio[f6b221e41df38196]::runtime::scheduler::current_thread::CurrentThread>::block_on::<core[df12db4294e9bfd3]::pin::Pin<&mut dyn core[df12db4294e9bfd3]::future::future::Future<Output = ()>>>
[INFO] [stdout]   16:     0x60e64d9236e2 - <tokio[f6b221e41df38196]::runtime::runtime::Runtime>::block_on::<core[df12db4294e9bfd3]::pin::Pin<&mut dyn core[df12db4294e9bfd3]::future::future::Future<Output = ()>>>
[INFO] [stdout]   17:     0x60e64d86d06a - notegraf[dae2d807ec8f779d]::notestore::postgresql::tests::search_orphan
[INFO] [stdout]   18:     0x60e64d8cea09 - <notegraf[dae2d807ec8f779d]::notestore::postgresql::tests::search_orphan::{closure#0} as core[df12db4294e9bfd3]::ops::function::FnOnce<()>>::call_once
[INFO] [stdout]   19:     0x60e64d9644ab - test[9d35eded1c95d3be]::__rust_begin_short_backtrace::<core[df12db4294e9bfd3]::result::Result<(), alloc[2182bb758b4b3781]::string::String>, fn() -> core[df12db4294e9bfd3]::result::Result<(), alloc[2182bb758b4b3781]::string::String>>
[INFO] [stdout]   20:     0x60e64d971b15 - test[9d35eded1c95d3be]::run_test::{closure#0}
[INFO] [stdout]   21:     0x60e64d96b3d4 - std[70759c8f55707aa4]::sys::backtrace::__rust_begin_short_backtrace::<test[9d35eded1c95d3be]::run_test::{closure#1}, ()>
[INFO] [stdout]   22:     0x60e64d974c72 - <std[70759c8f55707aa4]::thread::lifecycle::spawn_unchecked<test[9d35eded1c95d3be]::run_test::{closure#1}, ()>::{closure#1} as core[df12db4294e9bfd3]::ops::function::FnOnce<()>>::call_once::{shim:vtable#0}
[INFO] [stdout]   23:     0x60e64db7b039 - <std[70759c8f55707aa4]::sys::thread::unix::Thread>::new::thread_start
[INFO] [stdout]   24:     0x7eed90485dfa - <unknown>
[INFO] [stdout]   25:     0x7eed905193d4 - clone
[INFO] [stdout]   26:                0x0 - <unknown>
[INFO] [stdout] 
[INFO] [stdout] ---- notestore::postgresql::tests::search_recent stdout ----
[INFO] [stdout] 
[INFO] [stdout] thread 'notestore::postgresql::tests::search_recent' (4471) panicked at src/notestore/postgresql/tests.rs:35:10:
[INFO] [stdout] Failed to connect to Postgres: Io(Os { code: 111, kind: ConnectionRefused, message: "Connection refused" })
[INFO] [stdout] stack backtrace:
[INFO] [stdout]    0:     0x60e64db7c1a1 - <<std[70759c8f55707aa4]::sys::backtrace::BacktraceLock>::print::DisplayBacktrace as core[df12db4294e9bfd3]::fmt::Display>::fmt
[INFO] [stdout]    1:     0x60e64db9384a - core[df12db4294e9bfd3]::fmt::write
[INFO] [stdout]    2:     0x60e64db80bec - <alloc[2182bb758b4b3781]::vec::Vec<u8> as core[df12db4294e9bfd3]::io::write::Write>::write_fmt
[INFO] [stdout]    3:     0x60e64db56c76 - std[70759c8f55707aa4]::panicking::default_hook::{closure#0}
[INFO] [stdout]    4:     0x60e64db73a39 - std[70759c8f55707aa4]::panicking::default_hook
[INFO] [stdout]    5:     0x60e64d9711c0 - test[9d35eded1c95d3be]::test_main_inner::<test[9d35eded1c95d3be]::test_main_static::{closure#0}>::{closure#0}
[INFO] [stdout]    6:     0x60e64db73d62 - std[70759c8f55707aa4]::panicking::panic_with_hook
[INFO] [stdout]    7:     0x60e64db56d22 - std[70759c8f55707aa4]::panicking::panic_handler::{closure#0}
[INFO] [stdout]    8:     0x60e64db4f839 - std[70759c8f55707aa4]::sys::backtrace::__rust_end_short_backtrace::<std[70759c8f55707aa4]::panicking::panic_handler::{closure#0}, !>
[INFO] [stdout]    9:     0x60e64db57b0d - __rustc[8fa7c3cbc660c2b3]::rust_begin_unwind
[INFO] [stdout]   10:     0x60e64db93fac - core[df12db4294e9bfd3]::panicking::panic_fmt
[INFO] [stdout]   11:     0x60e64db93d82 - core[df12db4294e9bfd3]::result::unwrap_failed
[INFO] [stdout]   12:     0x60e64d84b71a - notegraf[dae2d807ec8f779d]::notestore::postgresql::tests::get_store::{closure#0}
[INFO] [stdout]   13:     0x60e64d855c0f - notegraf[dae2d807ec8f779d]::notestore::postgresql::tests::search_recent::{closure#0}
[INFO] [stdout]   14:     0x60e64d93d77a - <tokio[f6b221e41df38196]::runtime::context::scoped::Scoped<tokio[f6b221e41df38196]::runtime::scheduler::Context>>::set::<<tokio[f6b221e41df38196]::runtime::scheduler::current_thread::CoreGuard>::enter<<tokio[f6b221e41df38196]::runtime::scheduler::current_thread::CoreGuard>::block_on<core[df12db4294e9bfd3]::pin::Pin<&mut core[df12db4294e9bfd3]::pin::Pin<&mut dyn core[df12db4294e9bfd3]::future::future::Future<Output = ()>>>>::{closure#0}, core[df12db4294e9bfd3]::option::Option<()>>::{closure#0}, (alloc[2182bb758b4b3781]::boxed::Box<tokio[f6b221e41df38196]::runtime::scheduler::current_thread::Core>, core[df12db4294e9bfd3]::option::Option<()>)>
[INFO] [stdout]   15:     0x60e64d93dd70 - <tokio[f6b221e41df38196]::runtime::scheduler::current_thread::CurrentThread>::block_on::<core[df12db4294e9bfd3]::pin::Pin<&mut dyn core[df12db4294e9bfd3]::future::future::Future<Output = ()>>>
[INFO] [stdout]   16:     0x60e64d9236e2 - <tokio[f6b221e41df38196]::runtime::runtime::Runtime>::block_on::<core[df12db4294e9bfd3]::pin::Pin<&mut dyn core[df12db4294e9bfd3]::future::future::Future<Output = ()>>>
[INFO] [stdout]   17:     0x60e64d86d1ea - notegraf[dae2d807ec8f779d]::notestore::postgresql::tests::search_recent
[INFO] [stdout]   18:     0x60e64d8cea29 - <notegraf[dae2d807ec8f779d]::notestore::postgresql::tests::search_recent::{closure#0} as core[df12db4294e9bfd3]::ops::function::FnOnce<()>>::call_once
[INFO] [stdout]   19:     0x60e64d9644ab - test[9d35eded1c95d3be]::__rust_begin_short_backtrace::<core[df12db4294e9bfd3]::result::Result<(), alloc[2182bb758b4b3781]::string::String>, fn() -> core[df12db4294e9bfd3]::result::Result<(), alloc[2182bb758b4b3781]::string::String>>
[INFO] [stdout]   20:     0x60e64d971b15 - test[9d35eded1c95d3be]::run_test::{closure#0}
[INFO] [stdout]   21:     0x60e64d96b3d4 - std[70759c8f55707aa4]::sys::backtrace::__rust_begin_short_backtrace::<test[9d35eded1c95d3be]::run_test::{closure#1}, ()>
[INFO] [stdout]   22:     0x60e64d974c72 - <std[70759c8f55707aa4]::thread::lifecycle::spawn_unchecked<test[9d35eded1c95d3be]::run_test::{closure#1}, ()>::{closure#1} as core[df12db4294e9bfd3]::ops::function::FnOnce<()>>::call_once::{shim:vtable#0}
[INFO] [stdout]   23:     0x60e64db7b039 - <std[70759c8f55707aa4]::sys::thread::unix::Thread>::new::thread_start
[INFO] [stdout]   24:     0x7eed90485dfa - <unknown>
[INFO] [stdout]   25:     0x7eed905193d4 - clone
[INFO] [stdout]   26:                0x0 - <unknown>
[INFO] [stdout] 
[INFO] [stdout] ---- notestore::postgresql::tests::update_note stdout ----
[INFO] [stdout] 
[INFO] [stdout] thread 'notestore::postgresql::tests::update_note' (4483) panicked at src/notestore/postgresql/tests.rs:35:10:
[INFO] [stdout] Failed to connect to Postgres: Io(Os { code: 111, kind: ConnectionRefused, message: "Connection refused" })
[INFO] [stdout] stack backtrace:
[INFO] [stdout]    0:     0x60e64db7c1a1 - <<std[70759c8f55707aa4]::sys::backtrace::BacktraceLock>::print::DisplayBacktrace as core[df12db4294e9bfd3]::fmt::Display>::fmt
[INFO] [stdout]    1:     0x60e64db9384a - core[df12db4294e9bfd3]::fmt::write
[INFO] [stdout]    2:     0x60e64db80bec - <alloc[2182bb758b4b3781]::vec::Vec<u8> as core[df12db4294e9bfd3]::io::write::Write>::write_fmt
[INFO] [stdout]    3:     0x60e64db56c76 - std[70759c8f55707aa4]::panicking::default_hook::{closure#0}
[INFO] [stdout]    4:     0x60e64db73a39 - std[70759c8f55707aa4]::panicking::default_hook
[INFO] [stdout]    5:     0x60e64d9711c0 - test[9d35eded1c95d3be]::test_main_inner::<test[9d35eded1c95d3be]::test_main_static::{closure#0}>::{closure#0}
[INFO] [stdout]    6:     0x60e64db73d62 - std[70759c8f55707aa4]::panicking::panic_with_hook
[INFO] [stdout]    7:     0x60e64db56d22 - std[70759c8f55707aa4]::panicking::panic_handler::{closure#0}
[INFO] [stdout]    8:     0x60e64db4f839 - std[70759c8f55707aa4]::sys::backtrace::__rust_end_short_backtrace::<std[70759c8f55707aa4]::panicking::panic_handler::{closure#0}, !>
[INFO] [stdout]    9:     0x60e64db57b0d - __rustc[8fa7c3cbc660c2b3]::rust_begin_unwind
[INFO] [stdout]   10:     0x60e64db93fac - core[df12db4294e9bfd3]::panicking::panic_fmt
[INFO] [stdout]   11:     0x60e64db93d82 - core[df12db4294e9bfd3]::result::unwrap_failed
[INFO] [stdout]   12:     0x60e64d84b71a - notegraf[dae2d807ec8f779d]::notestore::postgresql::tests::get_store::{closure#0}
[INFO] [stdout]   13:     0x60e64d850cf0 - notegraf[dae2d807ec8f779d]::notestore::postgresql::tests::update_note::{closure#0}
[INFO] [stdout]   14:     0x60e64d93d77a - <tokio[f6b221e41df38196]::runtime::context::scoped::Scoped<tokio[f6b221e41df38196]::runtime::scheduler::Context>>::set::<<tokio[f6b221e41df38196]::runtime::scheduler::current_thread::CoreGuard>::enter<<tokio[f6b221e41df38196]::runtime::scheduler::current_thread::CoreGuard>::block_on<core[df12db4294e9bfd3]::pin::Pin<&mut core[df12db4294e9bfd3]::pin::Pin<&mut dyn core[df12db4294e9bfd3]::future::future::Future<Output = ()>>>>::{closure#0}, core[df12db4294e9bfd3]::option::Option<()>>::{closure#0}, (alloc[2182bb758b4b3781]::boxed::Box<tokio[f6b221e41df38196]::runtime::scheduler::current_thread::Core>, core[df12db4294e9bfd3]::option::Option<()>)>
[INFO] [stdout]   15:     0x60e64d93dd70 - <tokio[f6b221e41df38196]::runtime::scheduler::current_thread::CurrentThread>::block_on::<core[df12db4294e9bfd3]::pin::Pin<&mut dyn core[df12db4294e9bfd3]::future::future::Future<Output = ()>>>
[INFO] [stdout]   16:     0x60e64d9236e2 - <tokio[f6b221e41df38196]::runtime::runtime::Runtime>::block_on::<core[df12db4294e9bfd3]::pin::Pin<&mut dyn core[df12db4294e9bfd3]::future::future::Future<Output = ()>>>
[INFO] [stdout]   17:     0x60e64d86cd6a - notegraf[dae2d807ec8f779d]::notestore::postgresql::tests::update_note
[INFO] [stdout]   18:     0x60e64d8ce9c9 - <notegraf[dae2d807ec8f779d]::notestore::postgresql::tests::update_note::{closure#0} as core[df12db4294e9bfd3]::ops::function::FnOnce<()>>::call_once
[INFO] [stdout]   19:     0x60e64d9644ab - test[9d35eded1c95d3be]::__rust_begin_short_backtrace::<core[df12db4294e9bfd3]::result::Result<(), alloc[2182bb758b4b3781]::string::String>, fn() -> core[df12db4294e9bfd3]::result::Result<(), alloc[2182bb758b4b3781]::string::String>>
[INFO] [stdout]   20:     0x60e64d971b15 - test[9d35eded1c95d3be]::run_test::{closure#0}
[INFO] [stdout]   21:     0x60e64d96b3d4 - std[70759c8f55707aa4]::sys::backtrace::__rust_begin_short_backtrace::<test[9d35eded1c95d3be]::run_test::{closure#1}, ()>
[INFO] [stdout]   22:     0x60e64d974c72 - <std[70759c8f55707aa4]::thread::lifecycle::spawn_unchecked<test[9d35eded1c95d3be]::run_test::{closure#1}, ()>::{closure#1} as core[df12db4294e9bfd3]::ops::function::FnOnce<()>>::call_once::{shim:vtable#0}
[INFO] [stdout]   23:     0x60e64db7b039 - <std[70759c8f55707aa4]::sys::thread::unix::Thread>::new::thread_start
[INFO] [stdout]   24:     0x7eed90485dfa - <unknown>
[INFO] [stdout]   25:     0x7eed905193d4 - clone
[INFO] [stdout]   26:                0x0 - <unknown>
[INFO] [stdout] 
[INFO] [stdout] ---- notestore::postgresql::tests::search_tags stdout ----
[INFO] [stdout] 
[INFO] [stdout] thread 'notestore::postgresql::tests::search_tags' (4473) panicked at src/notestore/postgresql/tests.rs:35:10:
[INFO] [stdout] Failed to connect to Postgres: Io(Os { code: 111, kind: ConnectionRefused, message: "Connection refused" })
[INFO] [stdout] stack backtrace:
[INFO] [stdout]    0:     0x60e64db7c1a1 - <<std[70759c8f55707aa4]::sys::backtrace::BacktraceLock>::print::DisplayBacktrace as core[df12db4294e9bfd3]::fmt::Display>::fmt
[INFO] [stdout]    1:     0x60e64db9384a - core[df12db4294e9bfd3]::fmt::write
[INFO] [stdout]    2:     0x60e64db80bec - <alloc[2182bb758b4b3781]::vec::Vec<u8> as core[df12db4294e9bfd3]::io::write::Write>::write_fmt
[INFO] [stdout]    3:     0x60e64db56c76 - std[70759c8f55707aa4]::panicking::default_hook::{closure#0}
[INFO] [stdout]    4:     0x60e64db73a39 - std[70759c8f55707aa4]::panicking::default_hook
[INFO] [stdout]    5:     0x60e64d9711c0 - test[9d35eded1c95d3be]::test_main_inner::<test[9d35eded1c95d3be]::test_main_static::{closure#0}>::{closure#0}
[INFO] [stdout]    6:     0x60e64db73d62 - std[70759c8f55707aa4]::panicking::panic_with_hook
[INFO] [stdout]    7:     0x60e64db56d22 - std[70759c8f55707aa4]::panicking::panic_handler::{closure#0}
[INFO] [stdout]    8:     0x60e64db4f839 - std[70759c8f55707aa4]::sys::backtrace::__rust_end_short_backtrace::<std[70759c8f55707aa4]::panicking::panic_handler::{closure#0}, !>
[INFO] [stdout]    9:     0x60e64db57b0d - __rustc[8fa7c3cbc660c2b3]::rust_begin_unwind
[INFO] [stdout]   10:     0x60e64db93fac - core[df12db4294e9bfd3]::panicking::panic_fmt
[INFO] [stdout]   11:     0x60e64db93d82 - core[df12db4294e9bfd3]::result::unwrap_failed
[INFO] [stdout]   12:     0x60e64d84b71a - notegraf[dae2d807ec8f779d]::notestore::postgresql::tests::get_store::{closure#0}
[INFO] [stdout]   13:     0x60e64d84f7ef - notegraf[dae2d807ec8f779d]::notestore::postgresql::tests::search_tags::{closure#0}
[INFO] [stdout]   14:     0x60e64d93d77a - <tokio[f6b221e41df38196]::runtime::context::scoped::Scoped<tokio[f6b221e41df38196]::runtime::scheduler::Context>>::set::<<tokio[f6b221e41df38196]::runtime::scheduler::current_thread::CoreGuard>::enter<<tokio[f6b221e41df38196]::runtime::scheduler::current_thread::CoreGuard>::block_on<core[df12db4294e9bfd3]::pin::Pin<&mut core[df12db4294e9bfd3]::pin::Pin<&mut dyn core[df12db4294e9bfd3]::future::future::Future<Output = ()>>>>::{closure#0}, core[df12db4294e9bfd3]::option::Option<()>>::{closure#0}, (alloc[2182bb758b4b3781]::boxed::Box<tokio[f6b221e41df38196]::runtime::scheduler::current_thread::Core>, core[df12db4294e9bfd3]::option::Option<()>)>
[INFO] [stdout]   15:     0x60e64d93dd70 - <tokio[f6b221e41df38196]::runtime::scheduler::current_thread::CurrentThread>::block_on::<core[df12db4294e9bfd3]::pin::Pin<&mut dyn core[df12db4294e9bfd3]::future::future::Future<Output = ()>>>
[INFO] [stdout]   16:     0x60e64d9236e2 - <tokio[f6b221e41df38196]::runtime::runtime::Runtime>::block_on::<core[df12db4294e9bfd3]::pin::Pin<&mut dyn core[df12db4294e9bfd3]::future::future::Future<Output = ()>>>
[INFO] [stdout]   17:     0x60e64d86cbea - notegraf[dae2d807ec8f779d]::notestore::postgresql::tests::search_tags
[INFO] [stdout]   18:     0x60e64d8ce9a9 - <notegraf[dae2d807ec8f779d]::notestore::postgresql::tests::search_tags::{closure#0} as core[df12db4294e9bfd3]::ops::function::FnOnce<()>>::call_once
[INFO] [stdout]   19:     0x60e64d9644ab - test[9d35eded1c95d3be]::__rust_begin_short_backtrace::<core[df12db4294e9bfd3]::result::Result<(), alloc[2182bb758b4b3781]::string::String>, fn() -> core[df12db4294e9bfd3]::result::Result<(), alloc[2182bb758b4b3781]::string::String>>
[INFO] [stdout]   20:     0x60e64d971b15 - test[9d35eded1c95d3be]::run_test::{closure#0}
[INFO] [stdout]   21:     0x60e64d96b3d4 - std[70759c8f55707aa4]::sys::backtrace::__rust_begin_short_backtrace::<test[9d35eded1c95d3be]::run_test::{closure#1}, ()>
[INFO] [stdout]   22:     0x60e64d974c72 - <std[70759c8f55707aa4]::thread::lifecycle::spawn_unchecked<test[9d35eded1c95d3be]::run_test::{closure#1}, ()>::{closure#1} as core[df12db4294e9bfd3]::ops::function::FnOnce<()>>::call_once::{shim:vtable#0}
[INFO] [stdout]   23:     0x60e64db7b039 - <std[70759c8f55707aa4]::sys::thread::unix::Thread>::new::thread_start
[INFO] [stdout]   24:     0x7eed90485dfa - <unknown>
[INFO] [stdout]   25:     0x7eed905193d4 - clone
[INFO] [stdout]   26:                0x0 - <unknown>
[INFO] [stdout] 
[INFO] [stdout] ---- notestore::postgresql::tests::search_notag stdout ----
[INFO] [stdout] 
[INFO] [stdout] thread 'notestore::postgresql::tests::search_notag' (4469) panicked at src/notestore/postgresql/tests.rs:35:10:
[INFO] [stdout] Failed to connect to Postgres: Io(Os { code: 111, kind: ConnectionRefused, message: "Connection refused" })
[INFO] [stdout] stack backtrace:
[INFO] [stdout]    0:     0x60e64db7c1a1 - <<std[70759c8f55707aa4]::sys::backtrace::BacktraceLock>::print::DisplayBacktrace as core[df12db4294e9bfd3]::fmt::Display>::fmt
[INFO] [stdout]    1:     0x60e64db9384a - core[df12db4294e9bfd3]::fmt::write
[INFO] [stdout]    2:     0x60e64db80bec - <alloc[2182bb758b4b3781]::vec::Vec<u8> as core[df12db4294e9bfd3]::io::write::Write>::write_fmt
[INFO] [stdout]    3:     0x60e64db56c76 - std[70759c8f55707aa4]::panicking::default_hook::{closure#0}
[INFO] [stdout]    4:     0x60e64db73a39 - std[70759c8f55707aa4]::panicking::default_hook
[INFO] [stdout]    5:     0x60e64d9711c0 - test[9d35eded1c95d3be]::test_main_inner::<test[9d35eded1c95d3be]::test_main_static::{closure#0}>::{closure#0}
[INFO] [stdout]    6:     0x60e64db73d62 - std[70759c8f55707aa4]::panicking::panic_with_hook
[INFO] [stdout]    7:     0x60e64db56d22 - std[70759c8f55707aa4]::panicking::panic_handler::{closure#0}
[INFO] [stdout]    8:     0x60e64db4f839 - std[70759c8f55707aa4]::sys::backtrace::__rust_end_short_backtrace::<std[70759c8f55707aa4]::panicking::panic_handler::{closure#0}, !>
[INFO] [stdout]    9:     0x60e64db57b0d - __rustc[8fa7c3cbc660c2b3]::rust_begin_unwind
[INFO] [stdout]   10:     0x60e64db93fac - core[df12db4294e9bfd3]::panicking::panic_fmt
[INFO] [stdout]   11:     0x60e64db93d82 - core[df12db4294e9bfd3]::result::unwrap_failed
[INFO] [stdout]   12:     0x60e64d84b71a - notegraf[dae2d807ec8f779d]::notestore::postgresql::tests::get_store::{closure#0}
[INFO] [stdout]   13:     0x60e64d853b2f - notegraf[dae2d807ec8f779d]::notestore::postgresql::tests::search_notag::{closure#0}
[INFO] [stdout]   14:     0x60e64d93d77a - <tokio[f6b221e41df38196]::runtime::context::scoped::Scoped<tokio[f6b221e41df38196]::runtime::scheduler::Context>>::set::<<tokio[f6b221e41df38196]::runtime::scheduler::current_thread::CoreGuard>::enter<<tokio[f6b221e41df38196]::runtime::scheduler::current_thread::CoreGuard>::block_on<core[df12db4294e9bfd3]::pin::Pin<&mut core[df12db4294e9bfd3]::pin::Pin<&mut dyn core[df12db4294e9bfd3]::future::future::Future<Output = ()>>>>::{closure#0}, core[df12db4294e9bfd3]::option::Option<()>>::{closure#0}, (alloc[2182bb758b4b3781]::boxed::Box<tokio[f6b221e41df38196]::runtime::scheduler::current_thread::Core>, core[df12db4294e9bfd3]::option::Option<()>)>
[INFO] [stdout]   15:     0x60e64d93dd70 - <tokio[f6b221e41df38196]::runtime::scheduler::current_thread::CurrentThread>::block_on::<core[df12db4294e9bfd3]::pin::Pin<&mut dyn core[df12db4294e9bfd3]::future::future::Future<Output = ()>>>
[INFO] [stdout]   16:     0x60e64d9236e2 - <tokio[f6b221e41df38196]::runtime::runtime::Runtime>::block_on::<core[df12db4294e9bfd3]::pin::Pin<&mut dyn core[df12db4294e9bfd3]::future::future::Future<Output = ()>>>
[INFO] [stdout]   17:     0x60e64d86ceea - notegraf[dae2d807ec8f779d]::notestore::postgresql::tests::search_notag
[INFO] [stdout]   18:     0x60e64d8ce9e9 - <notegraf[dae2d807ec8f779d]::notestore::postgresql::tests::search_notag::{closure#0} as core[df12db4294e9bfd3]::ops::function::FnOnce<()>>::call_once
[INFO] [stdout]   19:     0x60e64d9644ab - test[9d35eded1c95d3be]::__rust_begin_short_backtrace::<core[df12db4294e9bfd3]::result::Result<(), alloc[2182bb758b4b3781]::string::String>, fn() -> core[df12db4294e9bfd3]::result::Result<(), alloc[2182bb758b4b3781]::string::String>>
[INFO] [stdout]   20:     0x60e64d971b15 - test[9d35eded1c95d3be]::run_test::{closure#0}
[INFO] [stdout]   21:     0x60e64d96b3d4 - std[70759c8f55707aa4]::sys::backtrace::__rust_begin_short_backtrace::<test[9d35eded1c95d3be]::run_test::{closure#1}, ()>
[INFO] [stdout]   22:     0x60e64d974c72 - <std[70759c8f55707aa4]::thread::lifecycle::spawn_unchecked<test[9d35eded1c95d3be]::run_test::{closure#1}, ()>::{closure#1} as core[df12db4294e9bfd3]::ops::function::FnOnce<()>>::call_once::{shim:vtable#0}
[INFO] [stdout]   23:     0x60e64db7b039 - <std[70759c8f55707aa4]::sys::thread::unix::Thread>::new::thread_start
[INFO] [stdout]   24:     0x7eed90485dfa - <unknown>
[INFO] [stdout]   25:     0x7eed905193d4 - clone
[INFO] [stdout]   26:                0x0 - <unknown>
[INFO] [stdout] 
[INFO] [stdout] ---- notestore::postgresql::tests::new_note_retrieve stdout ----
[INFO] [stdout] 
[INFO] [stdout] thread 'notestore::postgresql::tests::new_note_retrieve' (4454) panicked at src/notestore/postgresql/tests.rs:35:10:
[INFO] [stdout] Failed to connect to Postgres: Io(Os { code: 111, kind: ConnectionRefused, message: "Connection refused" })
[INFO] [stdout] stack backtrace:
[INFO] [stdout]    0:     0x60e64db7c1a1 - <<std[70759c8f55707aa4]::sys::backtrace::BacktraceLock>::print::DisplayBacktrace as core[df12db4294e9bfd3]::fmt::Display>::fmt
[INFO] [stdout]    1:     0x60e64db9384a - core[df12db4294e9bfd3]::fmt::write
[INFO] [stdout]    2:     0x60e64db80bec - <alloc[2182bb758b4b3781]::vec::Vec<u8> as core[df12db4294e9bfd3]::io::write::Write>::write_fmt
[INFO] [stdout]    3:     0x60e64db56c76 - std[70759c8f55707aa4]::panicking::default_hook::{closure#0}
[INFO] [stdout]    4:     0x60e64db73a39 - std[70759c8f55707aa4]::panicking::default_hook
[INFO] [stdout]    5:     0x60e64d9711c0 - test[9d35eded1c95d3be]::test_main_inner::<test[9d35eded1c95d3be]::test_main_static::{closure#0}>::{closure#0}
[INFO] [stdout]    6:     0x60e64db73d62 - std[70759c8f55707aa4]::panicking::panic_with_hook
[INFO] [stdout]    7:     0x60e64db56d22 - std[70759c8f55707aa4]::panicking::panic_handler::{closure#0}
[INFO] [stdout]    8:     0x60e64db4f839 - std[70759c8f55707aa4]::sys::backtrace::__rust_end_short_backtrace::<std[70759c8f55707aa4]::panicking::panic_handler::{closure#0}, !>
[INFO] [stdout]    9:     0x60e64db57b0d - __rustc[8fa7c3cbc660c2b3]::rust_begin_unwind
[INFO] [stdout]   10:     0x60e64db93fac - core[df12db4294e9bfd3]::panicking::panic_fmt
[INFO] [stdout]   11:     0x60e64db93d82 - core[df12db4294e9bfd3]::result::unwrap_failed
[INFO] [stdout]   12:     0x60e64d84b71a - notegraf[dae2d807ec8f779d]::notestore::postgresql::tests::get_store::{closure#0}
[INFO] [stdout]   13:     0x60e64d85889f - notegraf[dae2d807ec8f779d]::notestore::postgresql::tests::new_note_retrieve::{closure#0}
[INFO] [stdout]   14:     0x60e64d93d77a - <tokio[f6b221e41df38196]::runtime::context::scoped::Scoped<tokio[f6b221e41df38196]::runtime::scheduler::Context>>::set::<<tokio[f6b221e41df38196]::runtime::scheduler::current_thread::CoreGuard>::enter<<tokio[f6b221e41df38196]::runtime::scheduler::current_thread::CoreGuard>::block_on<core[df12db4294e9bfd3]::pin::Pin<&mut core[df12db4294e9bfd3]::pin::Pin<&mut dyn core[df12db4294e9bfd3]::future::future::Future<Output = ()>>>>::{closure#0}, core[df12db4294e9bfd3]::option::Option<()>>::{closure#0}, (alloc[2182bb758b4b3781]::boxed::Box<tokio[f6b221e41df38196]::runtime::scheduler::current_thread::Core>, core[df12db4294e9bfd3]::option::Option<()>)>
[INFO] [stdout]   15:     0x60e64d93dd70 - <tokio[f6b221e41df38196]::runtime::scheduler::current_thread::CurrentThread>::block_on::<core[df12db4294e9bfd3]::pin::Pin<&mut dyn core[df12db4294e9bfd3]::future::future::Future<Output = ()>>>
[INFO] [stdout]   16:     0x60e64d9236e2 - <tokio[f6b221e41df38196]::runtime::runtime::Runtime>::block_on::<core[df12db4294e9bfd3]::pin::Pin<&mut dyn core[df12db4294e9bfd3]::future::future::Future<Output = ()>>>
[INFO] [stdout]   17:     0x60e64d86d66a - notegraf[dae2d807ec8f779d]::notestore::postgresql::tests::new_note_retrieve
[INFO] [stdout]   18:     0x60e64d8cea89 - <notegraf[dae2d807ec8f779d]::notestore::postgresql::tests::new_note_retrieve::{closure#0} as core[df12db4294e9bfd3]::ops::function::FnOnce<()>>::call_once
[INFO] [stdout]   19:     0x60e64d9644ab - test[9d35eded1c95d3be]::__rust_begin_short_backtrace::<core[df12db4294e9bfd3]::result::Result<(), alloc[2182bb758b4b3781]::string::String>, fn() -> core[df12db4294e9bfd3]::result::Result<(), alloc[2182bb758b4b3781]::string::String>>
[INFO] [stdout]   20:     0x60e64d971b15 - test[9d35eded1c95d3be]::run_test::{closure#0}
[INFO] [stdout]   21:     0x60e64d96b3d4 - std[70759c8f55707aa4]::sys::backtrace::__rust_begin_short_backtrace::<test[9d35eded1c95d3be]::run_test::{closure#1}, ()>
[INFO] [stdout]   22:     0x60e64d974c72 - <std[70759c8f55707aa4]::thread::lifecycle::spawn_unchecked<test[9d35eded1c95d3be]::run_test::{closure#1}, ()>::{closure#1} as core[df12db4294e9bfd3]::ops::function::FnOnce<()>>::call_once::{shim:vtable#0}
[INFO] [stdout]   23:     0x60e64db7b039 - <std[70759c8f55707aa4]::sys::thread::unix::Thread>::new::thread_start
[INFO] [stdout]   24:     0x7eed90485dfa - <unknown>
[INFO] [stdout]   25:     0x7eed905193d4 - clone
[INFO] [stdout]   26:                0x0 - <unknown>
[INFO] [stdout] 
[INFO] [stdout] ---- notestore::postgresql::tests::search_tag_exclude stdout ----
[INFO] [stdout] 
[INFO] [stdout] thread 'notestore::postgresql::tests::search_tag_exclude' (4472) panicked at src/notestore/postgresql/tests.rs:35:10:
[INFO] [stdout] Failed to connect to Postgres: Io(Os { code: 111, kind: ConnectionRefused, message: "Connection refused" })
[INFO] [stdout] stack backtrace:
[INFO] [stdout]    0:     0x60e64db7c1a1 - <<std[70759c8f55707aa4]::sys::backtrace::BacktraceLock>::print::DisplayBacktrace as core[df12db4294e9bfd3]::fmt::Display>::fmt
[INFO] [stdout]    1:     0x60e64db9384a - core[df12db4294e9bfd3]::fmt::write
[INFO] [stdout]    2:     0x60e64db80bec - <alloc[2182bb758b4b3781]::vec::Vec<u8> as core[df12db4294e9bfd3]::io::write::Write>::write_fmt
[INFO] [stdout]    3:     0x60e64db56c76 - std[70759c8f55707aa4]::panicking::default_hook::{closure#0}
[INFO] [stdout]    4:     0x60e64db73a39 - std[70759c8f55707aa4]::panicking::default_hook
[INFO] [stdout]    5:     0x60e64d9711c0 - test[9d35eded1c95d3be]::test_main_inner::<test[9d35eded1c95d3be]::test_main_static::{closure#0}>::{closure#0}
[INFO] [stdout]    6:     0x60e64db73d62 - std[70759c8f55707aa4]::panicking::panic_with_hook
[INFO] [stdout]    7:     0x60e64db56d22 - std[70759c8f55707aa4]::panicking::panic_handler::{closure#0}
[INFO] [stdout]    8:     0x60e64db4f839 - std[70759c8f55707aa4]::sys::backtrace::__rust_end_short_backtrace::<std[70759c8f55707aa4]::panicking::panic_handler::{closure#0}, !>
[INFO] [stdout]    9:     0x60e64db57b0d - __rustc[8fa7c3cbc660c2b3]::rust_begin_unwind
[INFO] [stdout]   10:     0x60e64db93fac - core[df12db4294e9bfd3]::panicking::panic_fmt
[INFO] [stdout]   11:     0x60e64db93d82 - core[df12db4294e9bfd3]::result::unwrap_failed
[INFO] [stdout]   12:     0x60e64d84b71a - notegraf[dae2d807ec8f779d]::notestore::postgresql::tests::get_store::{closure#0}
[INFO] [stdout]   13:     0x60e64d85a0cf - notegraf[dae2d807ec8f779d]::notestore::postgresql::tests::search_tag_exclude::{closure#0}
[INFO] [stdout]   14:     0x60e64d93d77a - <tokio[f6b221e41df38196]::runtime::context::scoped::Scoped<tokio[f6b221e41df38196]::runtime::scheduler::Context>>::set::<<tokio[f6b221e41df38196]::runtime::scheduler::current_thread::CoreGuard>::enter<<tokio[f6b221e41df38196]::runtime::scheduler::current_thread::CoreGuard>::block_on<core[df12db4294e9bfd3]::pin::Pin<&mut core[df12db4294e9bfd3]::pin::Pin<&mut dyn core[df12db4294e9bfd3]::future::future::Future<Output = ()>>>>::{closure#0}, core[df12db4294e9bfd3]::option::Option<()>>::{closure#0}, (alloc[2182bb758b4b3781]::boxed::Box<tokio[f6b221e41df38196]::runtime::scheduler::current_thread::Core>, core[df12db4294e9bfd3]::option::Option<()>)>
[INFO] [stdout]   15:     0x60e64d93dd70 - <tokio[f6b221e41df38196]::runtime::scheduler::current_thread::CurrentThread>::block_on::<core[df12db4294e9bfd3]::pin::Pin<&mut dyn core[df12db4294e9bfd3]::future::future::Future<Output = ()>>>
[INFO] [stdout]   16:     0x60e64d9236e2 - <tokio[f6b221e41df38196]::runtime::runtime::Runtime>::block_on::<core[df12db4294e9bfd3]::pin::Pin<&mut dyn core[df12db4294e9bfd3]::future::future::Future<Output = ()>>>
[INFO] [stdout]   17:     0x60e64d86d96a - notegraf[dae2d807ec8f779d]::notestore::postgresql::tests::search_tag_exclude
[INFO] [stdout]   18:     0x60e64d8ceac9 - <notegraf[dae2d807ec8f779d]::notestore::postgresql::tests::search_tag_exclude::{closure#0} as core[df12db4294e9bfd3]::ops::function::FnOnce<()>>::call_once
[INFO] [stdout]   19:     0x60e64d9644ab - test[9d35eded1c95d3be]::__rust_begin_short_backtrace::<core[df12db4294e9bfd3]::result::Result<(), alloc[2182bb758b4b3781]::string::String>, fn() -> core[df12db4294e9bfd3]::result::Result<(), alloc[2182bb758b4b3781]::string::String>>
[INFO] [stdout]   20:     0x60e64d971b15 - test[9d35eded1c95d3be]::run_test::{closure#0}
[INFO] [stdout]   21:     0x60e64d96b3d4 - std[70759c8f55707aa4]::sys::backtrace::__rust_begin_short_backtrace::<test[9d35eded1c95d3be]::run_test::{closure#1}, ()>
[INFO] [stdout]   22:     0x60e64d974c72 - <std[70759c8f55707aa4]::thread::lifecycle::spawn_unchecked<test[9d35eded1c95d3be]::run_test::{closure#1}, ()>::{closure#1} as core[df12db4294e9bfd3]::ops::function::FnOnce<()>>::call_once::{shim:vtable#0}
[INFO] [stdout]   23:     0x60e64db7b039 - <std[70759c8f55707aa4]::sys::thread::unix::Thread>::new::thread_start
[INFO] [stdout]   24:     0x7eed90485dfa - <unknown>
[INFO] [stdout]   25:     0x7eed905193d4 - clone
[INFO] [stdout]   26:                0x0 - <unknown>
[INFO] [stdout] 
[INFO] [stdout] 
[INFO] [stdout] failures:
[INFO] [stdout]     notestore::postgresql::tests::add_branch
[INFO] [stdout]     notestore::postgresql::tests::backlink
[INFO] [stdout]     notestore::postgresql::tests::delete_middle_note_sequence
[INFO] [stdout]     notestore::postgresql::tests::delete_note_current
[INFO] [stdout]     notestore::postgresql::tests::delete_note_specific
[INFO] [stdout]     notestore::postgresql::tests::delete_note_with_branches
[INFO] [stdout]     notestore::postgresql::tests::issue_151
[INFO] [stdout]     notestore::postgresql::tests::issue_158
[INFO] [stdout]     notestore::postgresql::tests::new_note_retrieve
[INFO] [stdout]     notestore::postgresql::tests::new_note_revision
[INFO] [stdout]     notestore::postgresql::tests::resurrect_deleted_note
[INFO] [stdout]     notestore::postgresql::tests::resurrect_note_in_sequence
[INFO] [stdout]     notestore::postgresql::tests::search_fulltext
[INFO] [stdout]     notestore::postgresql::tests::search_lexeme_exclude
[INFO] [stdout]     notestore::postgresql::tests::search_limit_override
[INFO] [stdout]     notestore::postgresql::tests::search_nonexist
[INFO] [stdout]     notestore::postgresql::tests::search_notag
[INFO] [stdout]     notestore::postgresql::tests::search_orphan
[INFO] [stdout]     notestore::postgresql::tests::search_recent
[INFO] [stdout]     notestore::postgresql::tests::search_tag_exclude
[INFO] [stdout]     notestore::postgresql::tests::search_tags
[INFO] [stdout]     notestore::postgresql::tests::tags
[INFO] [stdout]     notestore::postgresql::tests::unique_id
[INFO] [stdout]     notestore::postgresql::tests::update_note
[INFO] [stdout] 
[INFO] [stdout] test result: FAILED. 56 passed; 24 failed; 0 ignored; 0 measured; 0 filtered out; finished in 0.04s
[INFO] [stdout] 
[INFO] [stderr] error: test failed, to rerun pass `--lib`
[INFO] running `Command { std: "docker" "inspect" "b9610a226d247047d602efc8958de4f658a3ad23c96963c5b4ececa036dafe44", kill_on_drop: false }`
[INFO] running `Command { std: "docker" "rm" "-f" "b9610a226d247047d602efc8958de4f658a3ad23c96963c5b4ececa036dafe44", kill_on_drop: false }`
[INFO] [stdout] b9610a226d247047d602efc8958de4f658a3ad23c96963c5b4ececa036dafe44
