[INFO] fetching crate myelin-accelerator 0.2.0...
[INFO] testing myelin-accelerator-0.2.0 against 1.100.0-beta.1+cargoflags=--release for beta-release-1.100-3
[INFO] extracting crate myelin-accelerator 0.2.0 into /workspace/builds/worker-4-tc2/source
[INFO] started tweaking crates.io crate myelin-accelerator 0.2.0
[INFO] removed 0 missing examples
[INFO] removed 0 missing tests
[INFO] finished tweaking crates.io crate myelin-accelerator 0.2.0
[INFO] tweaked toml for crates.io crate myelin-accelerator 0.2.0 written to /workspace/builds/worker-4-tc2/source/Cargo.toml
[INFO] validating manifest of crates.io crate myelin-accelerator 0.2.0 on toolchain 1.100.0-beta.1
[INFO] running `Command { std: CARGO_HOME="/workspace/cargo-home" RUSTUP_HOME="/workspace/rustup-home" "/workspace/cargo-home/bin/cargo" "+1.100.0-beta.1" "metadata" "--manifest-path" "Cargo.toml" "--no-deps", kill_on_drop: false }`
[INFO] crate crates.io crate myelin-accelerator 0.2.0 already has a lockfile, it will not be regenerated
[INFO] running `Command { std: CARGO_HOME="/workspace/cargo-home" RUSTUP_HOME="/workspace/rustup-home" "/workspace/cargo-home/bin/cargo" "+1.100.0-beta.1" "fetch" "--manifest-path" "Cargo.toml", kill_on_drop: false }`
[INFO] running `Command { std: "docker" "create" "-v" "/var/lib/crater-agent-workspace/builds/worker-4-tc2/source:/opt/rustwide/workdir:ro,Z" "-v" "/var/lib/crater-agent-workspace/builds/worker-4-tc2/target:/opt/rustwide/target:rw,Z" "-v" "/var/lib/crater-agent-workspace/cargo-home:/opt/rustwide/cargo-home:ro,Z" "-v" "/var/lib/crater-agent-workspace/rustup-home:/opt/rustwide/rustup-home:ro,Z" "-m" "1610612736" "--network" "none" "ghcr.io/rust-lang/crates-build-env/linux@sha256:77db811e55d90add9212f6832c23229e3de5f1c1f9905e8cb07319ea15df73ac" "sleep" "infinity", kill_on_drop: false }`
[INFO] [stdout] d3d9a0b826c922ced604c2aa7d451ad69b3ef2b5b165557afef731bd487b1b4e
[INFO] running `Command { std: "docker" "start" "d3d9a0b826c922ced604c2aa7d451ad69b3ef2b5b165557afef731bd487b1b4e", kill_on_drop: false }`
[INFO] running `Command { std: "docker" "inspect" "d3d9a0b826c922ced604c2aa7d451ad69b3ef2b5b165557afef731bd487b1b4e", kill_on_drop: false }`
[INFO] running `Command { std: "docker" "exec" "-e" "SOURCE_DIR=/opt/rustwide/workdir" "-e" "CARGO_HOME=/opt/rustwide/cargo-home" "-e" "RUSTUP_HOME=/opt/rustwide/rustup-home" "-e" "CARGO_TARGET_DIR=/opt/rustwide/target" "-w" "/opt/rustwide/workdir" "--user" "0:0" "d3d9a0b826c922ced604c2aa7d451ad69b3ef2b5b165557afef731bd487b1b4e" "/opt/rustwide/cargo-home/bin/cargo" "+1.100.0-beta.1" "metadata" "--no-deps" "--format-version=1", kill_on_drop: false }`
[INFO] running `Command { std: "docker" "inspect" "d3d9a0b826c922ced604c2aa7d451ad69b3ef2b5b165557afef731bd487b1b4e", kill_on_drop: false }`
[INFO] running `Command { std: "docker" "exec" "-e" "SOURCE_DIR=/opt/rustwide/workdir" "-e" "CARGO_HOME=/opt/rustwide/cargo-home" "-e" "RUSTUP_HOME=/opt/rustwide/rustup-home" "-e" "CARGO_TARGET_DIR=/opt/rustwide/target" "-e" "CARGO_INCREMENTAL=0" "-e" "RUST_BACKTRACE=full" "-e" "RUSTFLAGS=--cap-lints=warn" "-e" "RUSTDOCFLAGS=--cap-lints=warn" "-w" "/opt/rustwide/workdir" "--user" "0:0" "d3d9a0b826c922ced604c2aa7d451ad69b3ef2b5b165557afef731bd487b1b4e" "/opt/rustwide/cargo-home/bin/cargo" "+1.100.0-beta.1" "build" "--frozen" "--message-format=json" "--release", kill_on_drop: false }`
[INFO] [stderr]    Compiling quote v1.0.46
[INFO] [stderr]    Compiling once_cell v1.21.4
[INFO] [stderr]    Compiling serde_json v1.0.150
[INFO] [stderr]    Compiling myelin-accelerator v0.2.0 (/opt/rustwide/workdir)
[INFO] [stderr]    Compiling memchr v2.8.2
[INFO] [stderr]    Compiling syn v2.0.118
[INFO] [stderr]    Compiling tracing-core v0.1.36
[INFO] [stderr] warning: myelin-accelerator@0.2.0: cuda feature not enabled; wrote stub PTX files
[INFO] [stderr]    Compiling serde_derive v1.0.228
[INFO] [stderr]    Compiling tracing-attributes v0.1.31
[INFO] [stderr]    Compiling tracing v0.1.44
[INFO] [stderr]    Compiling serde v1.0.228
[INFO] [stderr] warning: unused dependency `tracing`
[INFO] [stderr]   --> Cargo.toml:16:15
[INFO] [stderr]    |
[INFO] [stderr] 16 | [dependencies.tracing]
[INFO] [stderr]    |               ^^^^^^^^
[INFO] [stderr]    |
[INFO] [stderr]    = note: `cargo::unused_dependencies` is set to `warn` by default
[INFO] [stderr] help: consider removing the dependency on `tracing`
[INFO] [stderr] warning: `myelin-accelerator` (manifest) generated 1 warning
[INFO] [stderr]     Finished `release` profile [optimized] target(s) in 16.33s
[INFO] running `Command { std: "docker" "inspect" "d3d9a0b826c922ced604c2aa7d451ad69b3ef2b5b165557afef731bd487b1b4e", kill_on_drop: false }`
[INFO] running `Command { std: "docker" "exec" "-e" "SOURCE_DIR=/opt/rustwide/workdir" "-e" "CARGO_HOME=/opt/rustwide/cargo-home" "-e" "RUSTUP_HOME=/opt/rustwide/rustup-home" "-e" "CARGO_TARGET_DIR=/opt/rustwide/target" "-e" "CARGO_INCREMENTAL=0" "-e" "RUST_BACKTRACE=full" "-e" "RUSTFLAGS=--cap-lints=warn" "-e" "RUSTDOCFLAGS=--cap-lints=warn" "-w" "/opt/rustwide/workdir" "--user" "0:0" "d3d9a0b826c922ced604c2aa7d451ad69b3ef2b5b165557afef731bd487b1b4e" "/opt/rustwide/cargo-home/bin/cargo" "+1.100.0-beta.1" "test" "--frozen" "--no-run" "--message-format=json" "--release", kill_on_drop: false }`
[INFO] [stderr]    Compiling libc v0.2.186
[INFO] [stderr]    Compiling getrandom v0.3.4
[INFO] [stderr]    Compiling typenum v1.20.1
[INFO] [stderr]    Compiling getrandom v0.4.3
[INFO] [stderr]    Compiling rustix v1.1.4
[INFO] [stderr]    Compiling zerocopy v0.8.52
[INFO] [stderr]    Compiling bitflags v2.13.0
[INFO] [stderr]    Compiling autocfg v1.5.1
[INFO] [stderr]    Compiling linux-raw-sys v0.12.1
[INFO] [stderr]    Compiling fastrand v2.4.1
[INFO] [stderr]    Compiling fnv v1.0.7
[INFO] [stderr]    Compiling const-oid v0.10.2
[INFO] [stderr]    Compiling bit-vec v0.8.0
[INFO] [stderr]    Compiling quick-error v1.2.3
[INFO] [stderr]    Compiling cpufeatures v0.3.1
[INFO] [stderr] warning: myelin-accelerator@0.2.0: cuda feature not enabled; wrote stub PTX files
[INFO] [stderr]    Compiling unarray v0.1.4
[INFO] [stderr]    Compiling regex-syntax v0.8.11
[INFO] [stderr]    Compiling bit-set v0.8.0
[INFO] [stderr]    Compiling num-traits v0.2.19
[INFO] [stderr]    Compiling hybrid-array v0.4.15
[INFO] [stderr]    Compiling wait-timeout v0.2.1
[INFO] [stderr]    Compiling rand_core v0.9.5
[INFO] [stderr]    Compiling rand v0.9.4
[INFO] [stderr]    Compiling rand_xorshift v0.4.0
[INFO] [stderr]    Compiling block-buffer v0.12.1
[INFO] [stderr]    Compiling crypto-common v0.2.2
[INFO] [stderr]    Compiling tempfile v3.27.0
[INFO] [stderr]    Compiling digest v0.11.3
[INFO] [stderr]    Compiling rusty-fork v0.3.1
[INFO] [stderr]    Compiling sha2 v0.11.0
[INFO] [stderr]    Compiling ppv-lite86 v0.2.21
[INFO] [stderr]    Compiling rand_chacha v0.9.0
[INFO] [stderr]    Compiling proptest v1.11.0
[INFO] [stderr]    Compiling myelin-accelerator v0.2.0 (/opt/rustwide/workdir)
[INFO] [stderr] warning: unused dependency `tracing`
[INFO] [stderr]   --> Cargo.toml:16:15
[INFO] [stderr]    |
[INFO] [stderr] 16 | [dependencies.tracing]
[INFO] [stderr]    |               ^^^^^^^^
[INFO] [stderr]    |
[INFO] [stderr]    = note: `cargo::unused_dependencies` is set to `warn` by default
[INFO] [stderr] help: consider removing the dependency on `tracing`
[INFO] [stderr] warning: `myelin-accelerator` (manifest) generated 1 warning
[INFO] [stderr]     Finished `release` profile [optimized] target(s) in 47.52s
[INFO] running `Command { std: "docker" "inspect" "d3d9a0b826c922ced604c2aa7d451ad69b3ef2b5b165557afef731bd487b1b4e", kill_on_drop: false }`
[INFO] running `Command { std: "docker" "exec" "-e" "SOURCE_DIR=/opt/rustwide/workdir" "-e" "CARGO_HOME=/opt/rustwide/cargo-home" "-e" "RUSTUP_HOME=/opt/rustwide/rustup-home" "-e" "CARGO_TARGET_DIR=/opt/rustwide/target" "-e" "CARGO_INCREMENTAL=0" "-e" "RUST_BACKTRACE=full" "-e" "RUSTFLAGS=--cap-lints=warn" "-e" "RUSTDOCFLAGS=--cap-lints=warn" "-w" "/opt/rustwide/workdir" "--user" "0:0" "d3d9a0b826c922ced604c2aa7d451ad69b3ef2b5b165557afef731bd487b1b4e" "/opt/rustwide/cargo-home/bin/cargo" "+1.100.0-beta.1" "test" "--frozen" "--release", kill_on_drop: false }`
[INFO] [stderr] warning: myelin-accelerator@0.2.0: cuda feature not enabled; wrote stub PTX files
[INFO] [stderr] warning: unused dependency `tracing`
[INFO] [stderr]   --> Cargo.toml:16:15
[INFO] [stderr]    |
[INFO] [stderr] 16 | [dependencies.tracing]
[INFO] [stderr]    |               ^^^^^^^^
[INFO] [stderr]    |
[INFO] [stderr]    = note: `cargo::unused_dependencies` is set to `warn` by default
[INFO] [stderr] help: consider removing the dependency on `tracing`
[INFO] [stderr] warning: `myelin-accelerator` (manifest) generated 1 warning
[INFO] [stderr]     Finished `release` profile [optimized] target(s) in 0.12s
[INFO] [stderr]      Running unittests src/lib.rs (/opt/rustwide/target/release/build/myelin-accelerator/5a273e4b332af6ed/out/myelin_accelerator-5a273e4b332af6ed)
[INFO] [stdout] 
[INFO] [stdout] running 152 tests
[INFO] [stdout] test bench::compare::tests::pass_when_only_relative_exceeded ... ok
[INFO] [stdout] test bench::compare::tests::improvements_are_pass ... ok
[INFO] [stdout] test bench::compare::tests::insufficient_samples ... ok
[INFO] [stdout] test bench::compare::tests::pass_when_change_is_small ... ok
[INFO] [stdout] test bench::compare::tests::zero_to_zero_relative_delta_is_undefined_but_passes ... ok
[INFO] [stdout] test bench::compare::tests::pass_when_only_absolute_exceeded ... ok
[INFO] [stdout] test bench::compare::tests::zero_baseline_relative_delta_roundtrips_as_undefined ... ok
[INFO] [stdout] test bench::manifest::tests::cargo_profile_fingerprint_resolves_top_level_cargo_artifact ... ok
[INFO] [stdout] test bench::compare::tests::enforced_empty_report_is_rejected_by_constructor ... ok
[INFO] [stdout] test bench::compare::tests::noisy_when_dispersion_is_high ... ok
[INFO] [stdout] test bench::compare::tests::fail_when_relative_and_absolute_both_exceeded ... ok
[INFO] [stdout] test bench::compare::tests::insufficient_samples_are_an_enforcement_failure ... ok
[INFO] [stdout] test bench::compare::tests::missing_baseline_dispersion_is_insufficient_not_a_failure ... ok
[INFO] [stdout] test bench::compare::tests::noisy_takes_precedence_over_fail ... ok
[INFO] [stdout] test bench::compare::tests::classification_is_order_independent ... ok
[INFO] [stdout] test bench::manifest::tests::cuda_uuid_is_retained_when_nvidia_smi_enrichment_fails ... ok
[INFO] [stdout] test bench::manifest::tests::dotted_relative_paths_refer_to_same_file ... ok
[INFO] [stdout] test bench::manifest::tests::git_provenance_is_recorded_at_build_time ... ok
[INFO] [stdout] test bench::redact::tests::redacts_home_and_user_path_components ... ok
[INFO] [stdout] test bench::manifest::tests::mig_uuid_uses_mig_selector_after_gpu_selector_is_rejected ... ok
[INFO] [stdout] test bench::redact::tests::preserves_embedded_or_implausibly_short_openai_prefixes ... ok
[INFO] [stdout] test bench::redact::tests::redacts_builder_home_independently_of_runtime_user ... ok
[INFO] [stdout] test bench::manifest::tests::power_clock_probe_preserves_stable_fields_when_application_clocks_fail ... ok
[INFO] [stdout] test bench::redact::tests::preserves_implausibly_short_github_token_prefixes ... ok
[INFO] [stdout] test bench::manifest::tests::write_canonical_manifest_does_not_follow_predictable_temp_symlink ... ok
[INFO] [stdout] test bench::redact::tests::redacts_github_and_openai_style_tokens ... ok
[INFO] [stdout] test bench::redact::tests::redacts_single_character_user_path_component ... ok
[INFO] [stdout] test bench::redact::tests::redacts_temporary_aws_access_key_ids_under_ordinary_keys ... ok
[INFO] [stdout] test bench::manifest::tests::power_clock_probe_without_selected_gpu_is_unavailable ... ok
[INFO] [stdout] test bench::redact::tests::preserves_non_path_slashes_and_backslashes ... ok
[INFO] [stdout] test bench::stats::tests::zero_median_dispersion_is_finite_and_json_safe ... ok
[INFO] [stdout] test bench::tests::canonicalize_sorts_keys_and_redacts ... ok
[INFO] [stdout] test bench::redact::tests::preserves_aws_key_shapes_embedded_in_larger_tokens ... ok
[INFO] [stdout] test bench::manifest::tests::schema_keys_are_stable_when_canonicalized ... ok
[INFO] [stdout] test bench::redact::tests::secret_keys_are_stripped_in_json ... ok
[INFO] [stdout] test bench::stats::tests::empty_stats_are_zero ... ok
[INFO] [stdout] test bench::manifest::tests::canonical_manifest_preserves_numeric_secret_like_dimension_values ... ok
[INFO] [stdout] test bitpacking::tests::binary_multi_word ... ok
[INFO] [stdout] test bitpacking::tests::binary_exact_boundary ... ok
[INFO] [stdout] test bitpacking::tests::binary_single_word ... ok
[INFO] [stdout] test bench::manifest::tests::write_canonical_manifest_replaces_via_rename ... ok
[INFO] [stdout] test bitpacking::tests::binary_all_false ... ok
[INFO] [stdout] test bench::stats::tests::odd_and_even_median ... ok
[INFO] [stdout] test bitpacking::tests::group_scales_length_correct ... ok
[INFO] [stdout] test bench::stats::tests::order_does_not_matter ... ok
[INFO] [stdout] test bitpacking::tests::binary_all_true ... ok
[INFO] [stdout] test bitpacking::tests::groups_per_row_and_scale_count ... ok
[INFO] [stdout] test bench::tests::enabled_features_is_sorted ... ok
[INFO] [stdout] test bitpacking::tests::binary_word_count_never_zero_for_nonempty ... ok
[INFO] [stdout] test bench::tests::enforce_flag_defaults_off ... ok
[INFO] [stdout] test bitpacking::tests::group_scales_from_abs_max_values ... ok
[INFO] [stdout] test bitpacking::tests::group_scales_ignore_non_finite ... ok
[INFO] [stdout] test bitpacking::tests::binary_empty ... ok
[INFO] [stdout] test bench::stats::tests::mad_of_constant_series_is_zero ... ok
[INFO] [stdout] test bitpacking::tests::ternary_gemv_ref_multi_group ... ok
[INFO] [stdout] test bitpacking::tests::ternary_clamping ... ok
[INFO] [stdout] test bench::manifest::tests::empty_optional_fields_still_roundtrip ... ok
[INFO] [stdout] test bitpacking::tests::binary_roundtrip ... ok
[INFO] [stdout] test bitpacking::tests::ternary_clamp_roundtrip ... ok
[INFO] [stdout] test bitpacking::tests::ternary_single_word ... ok
[INFO] [stdout] test bitpacking::tests::ternary_gemm_ref_consistent_with_gemv_columns ... ok
[INFO] [stdout] test bitpacking::tests::ternary_gemv_ref_known_2x4 ... ok
[INFO] [stdout] test bench::manifest::tests::toolchain_versions_are_the_compilers_recorded_at_build_time ... FAILED
[INFO] [stdout] test bitpacking::tests::ternary_all_zero ... ok
[INFO] [stdout] test bitpacking::tests::groups_per_row_zero_panics - should panic ... ok
[INFO] [stdout] test bitpacking::tests::ternary_multi_word ... ok
[INFO] [stdout] test bitpacking::tests::pack_ternary_bytes_matches_le_prefix_of_pack_ternary ... ok
[INFO] [stdout] test bitpacking::tests::ternary_payload_byte_len_helpers ... ok
[INFO] [stdout] test bitpacking::tests::pack_ternary_matrix_row_pad_differs_from_flat_when_k_not_multiple_of_16 ... ok
[INFO] [stdout] test bitpacking::tests::ternary_reserved_decodes_to_zero ... ok
[INFO] [stdout] test bitpacking::tests::packed_u32_le_bytes_roundtrip_and_pad ... ok
[INFO] [stdout] test bitpacking::tests::ternary_empty ... ok
[INFO] [stdout] test bitpacking::tests::ternary_word_count_never_zero_for_nonempty ... ok
[INFO] [stdout] test capability::tests::compute_capability_floor_tracks_compiled_target ... ok
[INFO] [stdout] test capability::tests::driver_runtime_failure_before_jit_still_clears_runtime ... ok
[INFO] [stdout] test capability::tests::fallback_reason_codes_are_stable ... ok
[INFO] [stdout] test capability::tests::sanitize_diagnostic_redacts_arbitrary_absolute_paths ... ok
[INFO] [stdout] test capability::tests::sanitize_diagnostic_redacts_namespaced_credentials ... ok
[INFO] [stdout] test bitpacking::tests::word_count_helpers ... ok
[INFO] [stdout] test capability::tests::require_gpu_policy_accepts_cuda_selection ... ok
[INFO] [stdout] test capability::tests::sanitize_diagnostic_keeps_stable_reason_tokens ... ok
[INFO] [stdout] test capability::tests::require_gpu_policy_fails_closed_on_cpu_selection ... ok
[INFO] [stdout] test capability::tests::sanitize_diagnostic_redacts_http_authorization_headers ... ok
[INFO] [stdout] test capability::tests::sanitize_diagnostic_redacts_paths_after_assignment_keys ... ok
[INFO] [stdout] test capability::tests::decision_table_covers_build_runtime_device_kernel_outcomes ... ok
[INFO] [stdout] test capability::tests::sanitize_diagnostic_redacts_quoted_assignment_paths ... ok
[INFO] [stdout] test capability::tests::sanitize_diagnostic_redacts_json_credential_fields ... ok
[INFO] [stdout] test capability::tests::sanitize_diagnostic_redacts_user_paths_and_secrets ... ok
[INFO] [stdout] test capability::tests::sanitize_diagnostic_redacts_separated_credentials ... ok
[INFO] [stdout] test capability::tests::sanitize_diagnostic_does_not_treat_contractions_as_quotes ... ok
[INFO] [stdout] test capability::tests::sanitize_diagnostic_redacts_windows_absolute_paths_without_users ... ok
[INFO] [stdout] test capability::tests::stream_setup_driver_failure_keeps_observed_runtime_and_device ... ok
[INFO] [stdout] test error::tests::display_sanitizes_public_variant_payloads ... ok
[INFO] [stdout] test error::tests::unavailable_display_uses_stable_reason_code ... ok
[INFO] [stdout] test gpu_stub::tests::accelerator_satsolver_extract_async_returns_unavailable ... ok
[INFO] [stdout] test error::tests::unavailable_sanitizes_paths ... ok
[INFO] [stdout] test error::tests::invalid_input_maps_to_reason_code ... ok
[INFO] [stdout] test gpu_stub::tests::accelerator_kernels_returns_unavailable ... ok
[INFO] [stdout] test gpu_stub::tests::accelerator_satsolver_extract_returns_unavailable ... ok
[INFO] [stdout] test gpu_stub::tests::accelerator_ternary_gemv_async_returns_unavailable ... ok
[INFO] [stdout] test gpu_stub::tests::accelerator_ternary_gemv_returns_unavailable ... ok
[INFO] [stdout] test gpu_stub::tests::accelerator_with_policy_prefer_gpu_is_cpu ... ok
[INFO] [stdout] test gpu_stub::tests::accelerator_default ... ok
[INFO] [stdout] test gpu_stub::tests::accelerator_poisson_encode_async_returns_unavailable ... ok
[INFO] [stdout] test error::tests::checked_alloc_bytes_accepts_zero_ordinary_and_zst ... ok
[INFO] [stdout] test gpu_stub::tests::accelerator_ternary_gemm_returns_unavailable ... ok
[INFO] [stdout] test error::tests::checked_alloc_bytes_rejects_overflow_and_over_ceiling ... ok
[INFO] [stdout] test gpu_stub::tests::accelerator_poisson_encode_returns_unavailable ... ok
[INFO] [stdout] test gpu_stub::tests::buffer_alloc_has_correct_len ... ok
[INFO] [stdout] test error::tests::legacy_no_gpu_and_cuda_errors_have_stable_reasons ... ok
[INFO] [stdout] test gpu_stub::tests::accelerator_synchronize_returns_unavailable ... ok
[INFO] [stdout] test gpu_stub::tests::accelerator_new ... ok
[INFO] [stdout] test gpu_stub::tests::accelerator_require_gpu_fails_closed ... ok
[INFO] [stdout] test gpu_stub::tests::buffer_alloc_u8 ... ok
[INFO] [stdout] test gpu_stub::tests::buffer_as_device_ptr_non_null ... ok
[INFO] [stdout] test gpu_stub::tests::accelerator_ternary_gemm_async_returns_unavailable ... ok
[INFO] [stdout] test gpu_stub::tests::buffer_alloc_overflow_returns_memory_error ... ok
[INFO] [stdout] test gpu_stub::tests::buffer_alloc_zero_length ... ok
[INFO] [stdout] test gpu_stub::tests::buffer_alloc_zero_sized_type ... ok
[INFO] [stdout] test gpu_stub::tests::buffer_from_slice_to_vec_roundtrip_boundaries ... ok
[INFO] [stdout] test gpu_stub::tests::buffer_upload_ok ... ok
[INFO] [stdout] test gpu_stub::tests::buffer_zero_prefix_rejects_oversize ... ok
[INFO] [stdout] test gpu_stub::tests::context_api_reports_no_compute_capability ... ok
[INFO] [stdout] test gpu_stub::tests::context_init_returns_no_gpu ... ok
[INFO] [stdout] test gpu_stub::tests::context_is_available_returns_false ... ok
[INFO] [stdout] test gpu_stub::tests::buffer_upload_empty_into_empty_ok ... ok
[INFO] [stdout] test gpu_stub::tests::error_display_cuda_error ... ok
[INFO] [stdout] test gpu_stub::tests::error_display_init_failed ... ok
[INFO] [stdout] test gpu_stub::tests::buffer_upload_too_short_rejected_and_non_mutating ... ok
[INFO] [stdout] test gpu_stub::tests::buffer_alloc_f32 ... ok
[INFO] [stdout] test gpu_stub::tests::error_display_invalid_input ... ok
[INFO] [stdout] test gpu_stub::tests::buffer_alloc_boundary_lengths_read_back_default ... ok
[INFO] [stdout] test gpu_stub::tests::error_display_kernel_not_found ... ok
[INFO] [stdout] test gpu_stub::tests::error_display_launch_failed ... ok
[INFO] [stdout] test gpu_stub::tests::error_display_nogpu ... ok
[INFO] [stdout] test gpu_stub::tests::error_display_unavailable ... ok
[INFO] [stdout] test gpu_stub::tests::error_is_std_error ... ok
[INFO] [stdout] test gpu_stub::tests::kernel_module_load_satsolver_returns_no_gpu ... ok
[INFO] [stdout] test gpu_stub::tests::error_display_memory_error ... ok
[INFO] [stdout] test gpu_stub::tests::buffer_upload_too_long_rejected_and_non_mutating ... ok
[INFO] [stdout] test gpu_stub::tests::buffer_zero_prefix_preserves_tail ... ok
[INFO] [stdout] test gpu_stub::tests::kernel_module_load_returns_no_gpu ... ok
[INFO] [stdout] test gpu_stub::tests::buffer_upload_equal_length_replaces_all ... ok
[INFO] [stdout] test gpu_stub::tests::buffer_upload_length_mismatch ... ok
[INFO] [stdout] test gpu_stub::tests::buffer_from_slice_roundtrip ... ok
[INFO] [stdout] test gpu_stub::tests::buffer_upload_empty_nonempty_mismatches_fail ... ok
[INFO] [stdout] test gpu_stub::tests::buffer_from_slice_roundtrip_prop ... ok
[INFO] [stdout] test gpu_stub::tests::buffer_from_slice_empty ... ok
[INFO] [stdout] test bitpacking::tests::ternary_bytes_match_u32_le_prefix ... ok
[INFO] [stdout] test gpu_stub::tests::error_display_module_load_failed ... ok
[INFO] [stdout] test gpu_stub::tests::buffer_upload_roundtrip ... ok
[INFO] [stdout] test bitpacking::tests::ternary_roundtrip ... ok
[INFO] [stdout] 
[INFO] [stdout] failures:
[INFO] [stdout] 
[INFO] [stdout] ---- bench::manifest::tests::toolchain_versions_are_the_compilers_recorded_at_build_time stdout ----
[INFO] [stdout] 
[INFO] [stdout] thread 'bench::manifest::tests::toolchain_versions_are_the_compilers_recorded_at_build_time' (1490) panicked at src/bench/manifest.rs:1146:9:
[INFO] [stdout] assertion failed: toolchain.cargo_profile_fingerprint.as_deref().is_some_and(|v| !v.is_empty())
[INFO] [stdout] stack backtrace:
[INFO] [stdout]    0:     0x64f17b892871 - <<std[617be2ca0a6fd877]::sys::backtrace::BacktraceLock>::print::DisplayBacktrace as core[a373ad73a504971]::fmt::Display>::fmt
[INFO] [stdout]    1:     0x64f17b8aa17a - core[a373ad73a504971]::fmt::write
[INFO] [stdout]    2:     0x64f17b8971bc - <alloc[2e1b2a31b91974c5]::vec::Vec<u8> as core[a373ad73a504971]::io::write::Write>::write_fmt
[INFO] [stdout]    3:     0x64f17b86bbc6 - std[617be2ca0a6fd877]::panicking::default_hook::{closure#0}
[INFO] [stdout]    4:     0x64f17b889749 - std[617be2ca0a6fd877]::panicking::default_hook
[INFO] [stdout]    5:     0x64f17b805780 - test[aada8e7e76ba119b]::test_main_inner::{closure#0}
[INFO] [stdout]    6:     0x64f17b889902 - std[617be2ca0a6fd877]::panicking::panic_with_hook
[INFO] [stdout]    7:     0x64f17b86bca4 - std[617be2ca0a6fd877]::panicking::panic_handler::{closure#0}
[INFO] [stdout]    8:     0x64f17b8644d9 - std[617be2ca0a6fd877]::sys::backtrace::__rust_end_short_backtrace::<std[617be2ca0a6fd877]::panicking::panic_handler::{closure#0}, !>
[INFO] [stdout]    9:     0x64f17b86cb4d - __rustc[ea4f61d10b84890b]::rust_begin_unwind
[INFO] [stdout]   10:     0x64f17b8aa8dc - core[a373ad73a504971]::panicking::panic_fmt
[INFO] [stdout]   11:     0x64f17b8aa8a2 - core[a373ad73a504971]::panicking::panic
[INFO] [stdout]   12:     0x64f17b7df2f2 - <myelin_accelerator[cf0387cdf23956ae]::bench::manifest::tests::toolchain_versions_are_the_compilers_recorded_at_build_time::{closure#0} as core[a373ad73a504971]::ops::function::FnOnce<()>>::call_once
[INFO] [stdout]   13:     0x64f17b7f8bcb - test[aada8e7e76ba119b]::__rust_begin_short_backtrace::<core[a373ad73a504971]::result::Result<(), alloc[2e1b2a31b91974c5]::string::String>, fn() -> core[a373ad73a504971]::result::Result<(), alloc[2e1b2a31b91974c5]::string::String>>
[INFO] [stdout]   14:     0x64f17b805da5 - test[aada8e7e76ba119b]::run_test::{closure#0}
[INFO] [stdout]   15:     0x64f17b7ff694 - std[617be2ca0a6fd877]::sys::backtrace::__rust_begin_short_backtrace::<test[aada8e7e76ba119b]::run_test::{closure#1}, ()>
[INFO] [stdout]   16:     0x64f17b808e32 - <std[617be2ca0a6fd877]::thread::lifecycle::spawn_unchecked<test[aada8e7e76ba119b]::run_test::{closure#1}, ()>::{closure#1} as core[a373ad73a504971]::ops::function::FnOnce<()>>::call_once::{shim:vtable#0}
[INFO] [stdout]   17:     0x64f17b89187f - <std[617be2ca0a6fd877]::sys::thread::unix::Thread>::new::thread_start
[INFO] [stdout]   18:     0x77a93e3ccdfa - <unknown>
[INFO] [stdout]   19:     0x77a93e4603d4 - clone
[INFO] [stdout]   20:                0x0 - <unknown>
[INFO] [stdout] 
[INFO] [stdout] 
[INFO] [stdout] failures:
[INFO] [stdout]     bench::manifest::tests::toolchain_versions_are_the_compilers_recorded_at_build_time
[INFO] [stdout] 
[INFO] [stdout] test result: FAILED. 151 passed; 1 failed; 0 ignored; 0 measured; 0 filtered out; finished in 0.10s
[INFO] [stdout] 
[INFO] [stderr] error: test failed, to rerun pass `--lib`
[INFO] running `Command { std: "docker" "inspect" "d3d9a0b826c922ced604c2aa7d451ad69b3ef2b5b165557afef731bd487b1b4e", kill_on_drop: false }`
[INFO] running `Command { std: "docker" "rm" "-f" "d3d9a0b826c922ced604c2aa7d451ad69b3ef2b5b165557afef731bd487b1b4e", kill_on_drop: false }`
[INFO] [stdout] d3d9a0b826c922ced604c2aa7d451ad69b3ef2b5b165557afef731bd487b1b4e
