[INFO] fetching crate mlua_actor 0.1.3...
[INFO] testing mlua_actor-0.1.3 against 1.99.0-beta.8+cargoflags=--release for beta-release-1.100-3
[INFO] extracting crate mlua_actor 0.1.3 into /workspace/builds/worker-7-tc1/source
[INFO] started tweaking crates.io crate mlua_actor 0.1.3
[INFO] finished tweaking crates.io crate mlua_actor 0.1.3
[INFO] tweaked toml for crates.io crate mlua_actor 0.1.3 written to /workspace/builds/worker-7-tc1/source/Cargo.toml
[INFO] validating manifest of crates.io crate mlua_actor 0.1.3 on toolchain 1.99.0-beta.8
[INFO] running `Command { std: CARGO_HOME="/workspace/cargo-home" RUSTUP_HOME="/workspace/rustup-home" "/workspace/cargo-home/bin/cargo" "+1.99.0-beta.8" "metadata" "--manifest-path" "Cargo.toml" "--no-deps", kill_on_drop: false }`
[INFO] running `Command { std: CARGO_HOME="/workspace/cargo-home" RUSTUP_HOME="/workspace/rustup-home" "/workspace/cargo-home/bin/cargo" "+1.99.0-beta.8" "generate-lockfile" "--manifest-path" "Cargo.toml", kill_on_drop: false }`
[INFO] [stderr]     Updating crates.io index
[INFO] [stderr]     Blocking waiting for file lock on package cache
[INFO] [stderr]      Locking 15 packages to highest compatible versions
[INFO] [stderr]       Adding fp_rust v0.1.40 (available: v0.3.5)
[INFO] [stderr]       Adding mlua v0.6.6 (available: v0.12.2)
[INFO] running `Command { std: CARGO_HOME="/workspace/cargo-home" RUSTUP_HOME="/workspace/rustup-home" "/workspace/cargo-home/bin/cargo" "+1.99.0-beta.8" "fetch" "--manifest-path" "Cargo.toml", kill_on_drop: false }`
[INFO] [stderr] warning: Cargo.toml: `package.edition` is unspecified, defaulting to `2015` while the latest is `2024`
[INFO] [stderr] warning: `mlua_actor` (manifest) generated 1 warning
[INFO] [stderr]     Blocking waiting for file lock on package cache
[INFO] [stderr]  Downloading crates ...
[INFO] [stderr]   Downloaded fp_rust v0.1.40
[INFO] [stderr]   Downloaded which v8.0.6
[INFO] [stderr]   Downloaded mlua v0.6.6
[INFO] [stderr]   Downloaded bstr v0.2.17
[INFO] [stderr]   Downloaded lua-src v548.1.2
[INFO] [stderr]   Downloaded luajit-src v210.7.4+c6ffc14
[INFO] running `Command { std: "docker" "create" "-v" "/var/lib/crater-agent-workspace/builds/worker-7-tc1/source:/opt/rustwide/workdir:ro,Z" "-v" "/var/lib/crater-agent-workspace/builds/worker-7-tc1/target:/opt/rustwide/target:rw,Z" "-v" "/var/lib/crater-agent-workspace/cargo-home:/opt/rustwide/cargo-home:ro,Z" "-v" "/var/lib/crater-agent-workspace/rustup-home:/opt/rustwide/rustup-home:ro,Z" "-m" "1610612736" "--network" "none" "ghcr.io/rust-lang/crates-build-env/linux@sha256:77db811e55d90add9212f6832c23229e3de5f1c1f9905e8cb07319ea15df73ac" "sleep" "infinity", kill_on_drop: false }`
[INFO] [stdout] 46e3e303b31f519f4583a2941260161021e01f1bcb03c4a8a435ebb57e19fb72
[INFO] running `Command { std: "docker" "start" "46e3e303b31f519f4583a2941260161021e01f1bcb03c4a8a435ebb57e19fb72", kill_on_drop: false }`
[INFO] running `Command { std: "docker" "inspect" "46e3e303b31f519f4583a2941260161021e01f1bcb03c4a8a435ebb57e19fb72", kill_on_drop: false }`
[INFO] running `Command { std: "docker" "exec" "-e" "SOURCE_DIR=/opt/rustwide/workdir" "-e" "CARGO_HOME=/opt/rustwide/cargo-home" "-e" "RUSTUP_HOME=/opt/rustwide/rustup-home" "-e" "CARGO_TARGET_DIR=/opt/rustwide/target" "-w" "/opt/rustwide/workdir" "--user" "0:0" "46e3e303b31f519f4583a2941260161021e01f1bcb03c4a8a435ebb57e19fb72" "/opt/rustwide/cargo-home/bin/cargo" "+1.99.0-beta.8" "metadata" "--no-deps" "--format-version=1", kill_on_drop: false }`
[INFO] running `Command { std: "docker" "inspect" "46e3e303b31f519f4583a2941260161021e01f1bcb03c4a8a435ebb57e19fb72", kill_on_drop: false }`
[INFO] running `Command { std: "docker" "exec" "-e" "SOURCE_DIR=/opt/rustwide/workdir" "-e" "CARGO_HOME=/opt/rustwide/cargo-home" "-e" "RUSTUP_HOME=/opt/rustwide/rustup-home" "-e" "CARGO_TARGET_DIR=/opt/rustwide/target" "-e" "CARGO_INCREMENTAL=0" "-e" "RUST_BACKTRACE=full" "-e" "RUSTFLAGS=--cap-lints=warn" "-e" "RUSTDOCFLAGS=--cap-lints=warn" "-w" "/opt/rustwide/workdir" "--user" "0:0" "46e3e303b31f519f4583a2941260161021e01f1bcb03c4a8a435ebb57e19fb72" "/opt/rustwide/cargo-home/bin/cargo" "+1.99.0-beta.8" "build" "--frozen" "--message-format=json" "--release", kill_on_drop: false }`
[INFO] [stderr] warning: Cargo.toml: `package.edition` is unspecified, defaulting to `2015` while the latest is `2024`
[INFO] [stderr] warning: `mlua_actor` (manifest) generated 1 warning
[INFO] [stderr]    Compiling libc v0.2.191
[INFO] [stderr]    Compiling shlex v2.0.1
[INFO] [stderr]    Compiling find-msvc-tools v0.1.14
[INFO] [stderr]    Compiling autocfg v1.5.1
[INFO] [stderr]    Compiling pkg-config v0.3.34
[INFO] [stderr]    Compiling memchr v2.8.3
[INFO] [stderr]    Compiling fp_rust v0.1.40
[INFO] [stderr]    Compiling cc v1.8.0
[INFO] [stderr]    Compiling num-traits v0.2.19
[INFO] [stderr]    Compiling bstr v0.2.17
[INFO] [stderr]    Compiling lua-src v548.1.2
[INFO] [stderr]    Compiling which v8.0.6
[INFO] [stderr]    Compiling luajit-src v210.7.4+c6ffc14
[INFO] [stderr]    Compiling mlua v0.6.6
[INFO] [stderr]    Compiling mlua_actor v0.1.3 (/opt/rustwide/workdir)
[INFO] [stderr]     Finished `release` profile [optimized] target(s) in 33.87s
[INFO] [stderr] warning: the following packages contain code that will be rejected by a future version of Rust: mlua v0.6.6
[INFO] [stderr] note: to see what the problems were, use the option `--future-incompat-report`, or run `cargo report future-incompatibilities --id 6`
[INFO] running `Command { std: "docker" "inspect" "46e3e303b31f519f4583a2941260161021e01f1bcb03c4a8a435ebb57e19fb72", kill_on_drop: false }`
[INFO] running `Command { std: "docker" "exec" "-e" "SOURCE_DIR=/opt/rustwide/workdir" "-e" "CARGO_HOME=/opt/rustwide/cargo-home" "-e" "RUSTUP_HOME=/opt/rustwide/rustup-home" "-e" "CARGO_TARGET_DIR=/opt/rustwide/target" "-e" "CARGO_INCREMENTAL=0" "-e" "RUST_BACKTRACE=full" "-e" "RUSTFLAGS=--cap-lints=warn" "-e" "RUSTDOCFLAGS=--cap-lints=warn" "-w" "/opt/rustwide/workdir" "--user" "0:0" "46e3e303b31f519f4583a2941260161021e01f1bcb03c4a8a435ebb57e19fb72" "/opt/rustwide/cargo-home/bin/cargo" "+1.99.0-beta.8" "test" "--frozen" "--no-run" "--message-format=json" "--release", kill_on_drop: false }`
[INFO] [stderr] warning: Cargo.toml: `package.edition` is unspecified, defaulting to `2015` while the latest is `2024`
[INFO] [stderr] warning: `mlua_actor` (manifest) generated 1 warning
[INFO] [stderr]    Compiling mlua_actor v0.1.3 (/opt/rustwide/workdir)
[INFO] [stderr]     Finished `release` profile [optimized] target(s) in 3.97s
[INFO] [stderr] warning: the following packages contain code that will be rejected by a future version of Rust: mlua v0.6.6
[INFO] [stderr] note: to see what the problems were, use the option `--future-incompat-report`, or run `cargo report future-incompatibilities --id 6`
[INFO] running `Command { std: "docker" "inspect" "46e3e303b31f519f4583a2941260161021e01f1bcb03c4a8a435ebb57e19fb72", kill_on_drop: false }`
[INFO] running `Command { std: "docker" "exec" "-e" "SOURCE_DIR=/opt/rustwide/workdir" "-e" "CARGO_HOME=/opt/rustwide/cargo-home" "-e" "RUSTUP_HOME=/opt/rustwide/rustup-home" "-e" "CARGO_TARGET_DIR=/opt/rustwide/target" "-e" "CARGO_INCREMENTAL=0" "-e" "RUST_BACKTRACE=full" "-e" "RUSTFLAGS=--cap-lints=warn" "-e" "RUSTDOCFLAGS=--cap-lints=warn" "-w" "/opt/rustwide/workdir" "--user" "0:0" "46e3e303b31f519f4583a2941260161021e01f1bcb03c4a8a435ebb57e19fb72" "/opt/rustwide/cargo-home/bin/cargo" "+1.99.0-beta.8" "test" "--frozen" "--release", kill_on_drop: false }`
[INFO] [stderr] warning: Cargo.toml: `package.edition` is unspecified, defaulting to `2015` while the latest is `2024`
[INFO] [stderr] warning: `mlua_actor` (manifest) generated 1 warning
[INFO] [stderr]     Finished `release` profile [optimized] target(s) in 0.05s
[INFO] [stderr] warning: the following packages contain code that will be rejected by a future version of Rust: mlua v0.6.6
[INFO] [stderr] note: to see what the problems were, use the option `--future-incompat-report`, or run `cargo report future-incompatibilities --id 6`
[INFO] [stderr]      Running unittests src/lib.rs (/opt/rustwide/target/release/deps/mlua_actor-3638213618a782aa)
[INFO] [stdout] 
[INFO] [stdout] running 4 tests
[INFO] [stdout] test message::tests::constructors ... ok
[INFO] [stdout] test message::tests::to_lua ... ok
[INFO] [stdout] test message::tests::from_lua ... ok
[INFO] [stdout] test actor::test_actor_new ... FAILED
[INFO] [stdout] 
[INFO] [stdout] failures:
[INFO] [stdout] 
[INFO] [stdout] ---- actor::test_actor_new stdout ----
[INFO] [stdout] RuntimeError("[string \"src/actor.rs:245:29\"]:3: module 'src.test' not found:\n\tno field package.preload['src.test']\n\tno file '/usr/local/share/lua/5.4/src/test.lua'\n\tno file '/usr/local/share/lua/5.4/src/test/init.lua'\n\tno file '/usr/local/lib/lua/5.4/src/test.lua'\n\tno file '/usr/local/lib/lua/5.4/src/test/init.lua'\n\tno file './src/test.lua'\n\tno file './src/test/init.lua'\n\t\n\tcan't load C modules in safe mode\nstack traceback:\n\t[C]: in function 'require'\n\t[string \"src/actor.rs:245:29\"]:3: in function 'testit'")
[INFO] [stdout] 
[INFO] [stdout] thread 'actor::test_actor_new' (535) panicked at src/actor.rs:370:17:
[INFO] [stdout] Box<dyn Any>
[INFO] [stdout] stack backtrace:
[INFO] [stdout]    0:     0x6053b8e9e5d1 - <<std[70759c8f55707aa4]::sys::backtrace::BacktraceLock>::print::DisplayBacktrace as core[df12db4294e9bfd3]::fmt::Display>::fmt
[INFO] [stdout]    1:     0x6053b8eb342a - core[df12db4294e9bfd3]::fmt::write
[INFO] [stdout]    2:     0x6053b8ea2b6c - <alloc[2182bb758b4b3781]::vec::Vec<u8> as core[df12db4294e9bfd3]::io::write::Write>::write_fmt
[INFO] [stdout]    3:     0x6053b8e7a7b6 - std[70759c8f55707aa4]::panicking::default_hook::{closure#0}
[INFO] [stdout]    4:     0x6053b8e96a39 - std[70759c8f55707aa4]::panicking::default_hook
[INFO] [stdout]    5:     0x6053b8ddb800 - test[9d35eded1c95d3be]::test_main_inner::<test[9d35eded1c95d3be]::test_main_static::{closure#0}>::{closure#0}
[INFO] [stdout]    6:     0x6053b8e96d62 - std[70759c8f55707aa4]::panicking::panic_with_hook
[INFO] [stdout]    7:     0x6053b8dbaf0b - std[70759c8f55707aa4]::panicking::begin_panic::<mlua[29b24067e82d61e6]::error::Error>::{closure#0}
[INFO] [stdout]    8:     0x6053b8dbad56 - std[70759c8f55707aa4]::sys::backtrace::__rust_end_short_backtrace::<std[70759c8f55707aa4]::panicking::begin_panic<mlua[29b24067e82d61e6]::error::Error>::{closure#0}, !>
[INFO] [stdout]    9:     0x6053b8db4240 - std[70759c8f55707aa4]::panicking::begin_panic::<mlua[29b24067e82d61e6]::error::Error>
[INFO] [stdout]   10:     0x6053b8dc2069 - mlua_actor[d77167c67f30d43b]::actor::test_actor_new::test_actor
[INFO] [stdout]   11:     0x6053b8dbf6f5 - mlua_actor[d77167c67f30d43b]::actor::test_actor_new
[INFO] [stdout]   12:     0x6053b8db8e59 - <mlua_actor[d77167c67f30d43b]::actor::test_actor_new::{closure#0} as core[df12db4294e9bfd3]::ops::function::FnOnce<()>>::call_once
[INFO] [stdout]   13:     0x6053b8dceaeb - test[9d35eded1c95d3be]::__rust_begin_short_backtrace::<core[df12db4294e9bfd3]::result::Result<(), alloc[2182bb758b4b3781]::string::String>, fn() -> core[df12db4294e9bfd3]::result::Result<(), alloc[2182bb758b4b3781]::string::String>>
[INFO] [stdout]   14:     0x6053b8ddc155 - test[9d35eded1c95d3be]::run_test::{closure#0}
[INFO] [stdout]   15:     0x6053b8dd5a14 - std[70759c8f55707aa4]::sys::backtrace::__rust_begin_short_backtrace::<test[9d35eded1c95d3be]::run_test::{closure#1}, ()>
[INFO] [stdout]   16:     0x6053b8ddf2b2 - <std[70759c8f55707aa4]::thread::lifecycle::spawn_unchecked<test[9d35eded1c95d3be]::run_test::{closure#1}, ()>::{closure#1} as core[df12db4294e9bfd3]::ops::function::FnOnce<()>>::call_once::{shim:vtable#0}
[INFO] [stdout]   17:     0x6053b8e9de69 - <std[70759c8f55707aa4]::sys::thread::unix::Thread>::new::thread_start
[INFO] [stdout]   18:     0x7ce51ca6ddfa - <unknown>
[INFO] [stdout]   19:     0x7ce51cb013d4 - clone
[INFO] [stdout]   20:                0x0 - <unknown>
[INFO] [stdout] 
[INFO] [stdout] 
[INFO] [stdout] failures:
[INFO] [stdout]     actor::test_actor_new
[INFO] [stdout] 
[INFO] [stdout] test result: FAILED. 3 passed; 1 failed; 0 ignored; 0 measured; 0 filtered out; finished in 0.01s
[INFO] [stdout] 
[INFO] [stderr] error: test failed, to rerun pass `--lib`
[INFO] running `Command { std: "docker" "inspect" "46e3e303b31f519f4583a2941260161021e01f1bcb03c4a8a435ebb57e19fb72", kill_on_drop: false }`
[INFO] running `Command { std: "docker" "rm" "-f" "46e3e303b31f519f4583a2941260161021e01f1bcb03c4a8a435ebb57e19fb72", kill_on_drop: false }`
[INFO] [stdout] 46e3e303b31f519f4583a2941260161021e01f1bcb03c4a8a435ebb57e19fb72
