[INFO] fetching crate medi-rs 3.1.0...
[INFO] testing medi-rs-3.1.0 against 1.100.0-beta.1+cargoflags=--release for beta-release-1.100-3
[INFO] extracting crate medi-rs 3.1.0 into /workspace/builds/worker-5-tc2/source
[INFO] started tweaking crates.io crate medi-rs 3.1.0
[INFO] removed 0 missing tests
[INFO] finished tweaking crates.io crate medi-rs 3.1.0
[INFO] tweaked toml for crates.io crate medi-rs 3.1.0 written to /workspace/builds/worker-5-tc2/source/Cargo.toml
[INFO] validating manifest of crates.io crate medi-rs 3.1.0 on toolchain 1.100.0-beta.1
[INFO] running `Command { std: CARGO_HOME="/workspace/cargo-home" RUSTUP_HOME="/workspace/rustup-home" "/workspace/cargo-home/bin/cargo" "+1.100.0-beta.1" "metadata" "--manifest-path" "Cargo.toml" "--no-deps", kill_on_drop: false }`
[INFO] crate crates.io crate medi-rs 3.1.0 already has a lockfile, it will not be regenerated
[INFO] running `Command { std: CARGO_HOME="/workspace/cargo-home" RUSTUP_HOME="/workspace/rustup-home" "/workspace/cargo-home/bin/cargo" "+1.100.0-beta.1" "fetch" "--manifest-path" "Cargo.toml", kill_on_drop: false }`
[INFO] [stderr] warning: `package.homepage` is redundant with `package.repository`
[INFO] [stderr]   --> Cargo.toml:87:12
[INFO] [stderr]    |
[INFO] [stderr] 87 | homepage = "https://github.com/klab365/medi-rs"
[INFO] [stderr]    |            ^^^^^^^^^^^^^^^^^^^^^^^^^^^^^^^^^^^^
[INFO] [stderr] ...
[INFO] [stderr] 92 | repository = "https://github.com/klab365/medi-rs"
[INFO] [stderr]    |              ------------------------------------
[INFO] [stderr]    |
[INFO] [stderr]    = note: `cargo::redundant_homepage` is set to `warn` by default
[INFO] [stderr] help: consider removing `package.homepage`
[INFO] [stderr] warning: `medi-rs` (manifest) generated 1 warning
[INFO] running `Command { std: "docker" "create" "-v" "/var/lib/crater-agent-workspace/builds/worker-5-tc2/source:/opt/rustwide/workdir:ro,Z" "-v" "/var/lib/crater-agent-workspace/builds/worker-5-tc2/target:/opt/rustwide/target:rw,Z" "-v" "/var/lib/crater-agent-workspace/cargo-home:/opt/rustwide/cargo-home:ro,Z" "-v" "/var/lib/crater-agent-workspace/rustup-home:/opt/rustwide/rustup-home:ro,Z" "-m" "1610612736" "--network" "none" "ghcr.io/rust-lang/crates-build-env/linux@sha256:77db811e55d90add9212f6832c23229e3de5f1c1f9905e8cb07319ea15df73ac" "sleep" "infinity", kill_on_drop: false }`
[INFO] [stdout] 423df28da05536db09618a48cf3d3591a42997fb5d5ad043bed33f40d364b95c
[INFO] running `Command { std: "docker" "start" "423df28da05536db09618a48cf3d3591a42997fb5d5ad043bed33f40d364b95c", kill_on_drop: false }`
[INFO] running `Command { std: "docker" "inspect" "423df28da05536db09618a48cf3d3591a42997fb5d5ad043bed33f40d364b95c", kill_on_drop: false }`
[INFO] running `Command { std: "docker" "exec" "-e" "SOURCE_DIR=/opt/rustwide/workdir" "-e" "CARGO_HOME=/opt/rustwide/cargo-home" "-e" "RUSTUP_HOME=/opt/rustwide/rustup-home" "-e" "CARGO_TARGET_DIR=/opt/rustwide/target" "-w" "/opt/rustwide/workdir" "--user" "0:0" "423df28da05536db09618a48cf3d3591a42997fb5d5ad043bed33f40d364b95c" "/opt/rustwide/cargo-home/bin/cargo" "+1.100.0-beta.1" "metadata" "--no-deps" "--format-version=1", kill_on_drop: false }`
[INFO] running `Command { std: "docker" "inspect" "423df28da05536db09618a48cf3d3591a42997fb5d5ad043bed33f40d364b95c", kill_on_drop: false }`
[INFO] running `Command { std: "docker" "exec" "-e" "SOURCE_DIR=/opt/rustwide/workdir" "-e" "CARGO_HOME=/opt/rustwide/cargo-home" "-e" "RUSTUP_HOME=/opt/rustwide/rustup-home" "-e" "CARGO_TARGET_DIR=/opt/rustwide/target" "-e" "CARGO_INCREMENTAL=0" "-e" "RUST_BACKTRACE=full" "-e" "RUSTFLAGS=--cap-lints=warn" "-e" "RUSTDOCFLAGS=--cap-lints=warn" "-w" "/opt/rustwide/workdir" "--user" "0:0" "423df28da05536db09618a48cf3d3591a42997fb5d5ad043bed33f40d364b95c" "/opt/rustwide/cargo-home/bin/cargo" "+1.100.0-beta.1" "build" "--frozen" "--message-format=json" "--release", kill_on_drop: false }`
[INFO] [stderr] warning: `package.homepage` is redundant with `package.repository`
[INFO] [stderr]   --> Cargo.toml:87:12
[INFO] [stderr]    |
[INFO] [stderr] 87 | homepage = "https://github.com/klab365/medi-rs"
[INFO] [stderr]    |            ^^^^^^^^^^^^^^^^^^^^^^^^^^^^^^^^^^^^
[INFO] [stderr] ...
[INFO] [stderr] 92 | repository = "https://github.com/klab365/medi-rs"
[INFO] [stderr]    |              ------------------------------------
[INFO] [stderr]    |
[INFO] [stderr]    = note: `cargo::redundant_homepage` is set to `warn` by default
[INFO] [stderr] help: consider removing `package.homepage`
[INFO] [stderr] warning: `medi-rs` (manifest) generated 1 warning
[INFO] [stderr]    Compiling unicode-ident v1.0.24
[INFO] [stderr]    Compiling futures-sink v0.3.34
[INFO] [stderr]    Compiling futures-core v0.3.34
[INFO] [stderr]    Compiling futures-task v0.3.34
[INFO] [stderr]    Compiling futures-io v0.3.34
[INFO] [stderr]    Compiling proc-macro2 v1.0.107
[INFO] [stderr]    Compiling futures-channel v0.3.34
[INFO] [stderr]    Compiling futures-util v0.3.34
[INFO] [stderr]    Compiling quote v1.0.47
[INFO] [stderr]    Compiling syn v3.0.8
[INFO] [stderr]    Compiling futures v0.3.34
[INFO] [stderr]    Compiling medi-rs-macros v3.1.0
[INFO] [stderr]    Compiling medi-rs v3.1.0 (/opt/rustwide/workdir)
[INFO] [stderr]     Finished `release` profile [optimized] target(s) in 6.26s
[INFO] running `Command { std: "docker" "inspect" "423df28da05536db09618a48cf3d3591a42997fb5d5ad043bed33f40d364b95c", kill_on_drop: false }`
[INFO] running `Command { std: "docker" "exec" "-e" "SOURCE_DIR=/opt/rustwide/workdir" "-e" "CARGO_HOME=/opt/rustwide/cargo-home" "-e" "RUSTUP_HOME=/opt/rustwide/rustup-home" "-e" "CARGO_TARGET_DIR=/opt/rustwide/target" "-e" "CARGO_INCREMENTAL=0" "-e" "RUST_BACKTRACE=full" "-e" "RUSTFLAGS=--cap-lints=warn" "-e" "RUSTDOCFLAGS=--cap-lints=warn" "-w" "/opt/rustwide/workdir" "--user" "0:0" "423df28da05536db09618a48cf3d3591a42997fb5d5ad043bed33f40d364b95c" "/opt/rustwide/cargo-home/bin/cargo" "+1.100.0-beta.1" "test" "--frozen" "--no-run" "--message-format=json" "--release", kill_on_drop: false }`
[INFO] [stderr] warning: `package.homepage` is redundant with `package.repository`
[INFO] [stderr]   --> Cargo.toml:87:12
[INFO] [stderr]    |
[INFO] [stderr] 87 | homepage = "https://github.com/klab365/medi-rs"
[INFO] [stderr]    |            ^^^^^^^^^^^^^^^^^^^^^^^^^^^^^^^^^^^^
[INFO] [stderr] ...
[INFO] [stderr] 92 | repository = "https://github.com/klab365/medi-rs"
[INFO] [stderr]    |              ------------------------------------
[INFO] [stderr]    |
[INFO] [stderr]    = note: `cargo::redundant_homepage` is set to `warn` by default
[INFO] [stderr] help: consider removing `package.homepage`
[INFO] [stderr] warning: `medi-rs` (manifest) generated 1 warning
[INFO] [stderr]    Compiling serde_core v1.0.229
[INFO] [stderr]    Compiling memchr v2.8.3
[INFO] [stderr]    Compiling futures-sink v0.3.34
[INFO] [stderr]    Compiling futures-core v0.3.34
[INFO] [stderr]    Compiling strsim v0.11.1
[INFO] [stderr]    Compiling ident_case v1.0.1
[INFO] [stderr]    Compiling fnv v1.0.7
[INFO] [stderr]    Compiling futures-io v0.3.34
[INFO] [stderr]    Compiling libc v0.2.189
[INFO] [stderr]    Compiling cfg-if v1.0.4
[INFO] [stderr]    Compiling target-tuple v1.0.2
[INFO] [stderr]    Compiling winnow v1.0.4
[INFO] [stderr]    Compiling rand_core v0.10.1
[INFO] [stderr]    Compiling serde v1.0.229
[INFO] [stderr]    Compiling syn v3.0.8
[INFO] [stderr]    Compiling syn v2.0.119
[INFO] [stderr]    Compiling serde_json v1.0.151
[INFO] [stderr]    Compiling getrandom v0.4.3
[INFO] [stderr]    Compiling anyhow v1.0.104
[INFO] [stderr]    Compiling futures-channel v0.3.34
[INFO] [stderr]    Compiling embassy-executor v0.10.0
[INFO] [stderr]    Compiling thiserror v2.0.21
[INFO] [stderr]    Compiling toml_writer v1.1.2+spec-1.1.0
[INFO] [stderr]    Compiling cpufeatures v0.3.1
[INFO] [stderr]    Compiling litrs v1.0.0
[INFO] [stderr]    Compiling critical-section v1.2.0
[INFO] [stderr]    Compiling glob v0.3.4
[INFO] [stderr]    Compiling embassy-executor-timer-queue v0.1.0
[INFO] [stderr]    Compiling cordyceps v0.3.5
[INFO] [stderr]    Compiling chacha20 v0.10.2
[INFO] [stderr]    Compiling toml_parser v1.1.3+spec-1.1.0
[INFO] [stderr]    Compiling document-features v0.2.12
[INFO] [stderr]    Compiling rand v0.10.3
[INFO] [stderr]    Compiling toml_datetime v1.1.1+spec-1.1.0
[INFO] [stderr]    Compiling serde_spanned v1.1.1
[INFO] [stderr]    Compiling toml v1.1.5+spec-1.1.0
[INFO] [stderr]    Compiling darling_core v0.20.11
[INFO] [stderr]    Compiling futures-macro v0.3.34
[INFO] [stderr]    Compiling thiserror-impl v2.0.21
[INFO] [stderr]    Compiling tokio-macros v2.7.2
[INFO] [stderr]    Compiling medi-rs-macros v3.1.0
[INFO] [stderr]    Compiling serde_derive v1.0.229
[INFO] [stderr]    Compiling async-trait v0.1.92
[INFO] [stderr]    Compiling tokio v1.53.2
[INFO] [stderr]    Compiling futures-util v0.3.34
[INFO] [stderr]    Compiling darling_macro v0.20.11
[INFO] [stderr]    Compiling trybuild v1.0.122
[INFO] [stderr]    Compiling darling v0.20.11
[INFO] [stderr]    Compiling embassy-executor-macros v0.8.0
[INFO] [stderr]    Compiling futures-executor v0.3.34
[INFO] [stderr]    Compiling futures v0.3.34
[INFO] [stderr]    Compiling medi-rs v3.1.0 (/opt/rustwide/workdir)
[INFO] [stderr]     Finished `release` profile [optimized] target(s) in 22.50s
[INFO] running `Command { std: "docker" "inspect" "423df28da05536db09618a48cf3d3591a42997fb5d5ad043bed33f40d364b95c", kill_on_drop: false }`
[INFO] running `Command { std: "docker" "exec" "-e" "SOURCE_DIR=/opt/rustwide/workdir" "-e" "CARGO_HOME=/opt/rustwide/cargo-home" "-e" "RUSTUP_HOME=/opt/rustwide/rustup-home" "-e" "CARGO_TARGET_DIR=/opt/rustwide/target" "-e" "CARGO_INCREMENTAL=0" "-e" "RUST_BACKTRACE=full" "-e" "RUSTFLAGS=--cap-lints=warn" "-e" "RUSTDOCFLAGS=--cap-lints=warn" "-w" "/opt/rustwide/workdir" "--user" "0:0" "423df28da05536db09618a48cf3d3591a42997fb5d5ad043bed33f40d364b95c" "/opt/rustwide/cargo-home/bin/cargo" "+1.100.0-beta.1" "test" "--frozen" "--release", kill_on_drop: false }`
[INFO] [stderr] warning: `package.homepage` is redundant with `package.repository`
[INFO] [stderr]   --> Cargo.toml:87:12
[INFO] [stderr]    |
[INFO] [stderr] 87 | homepage = "https://github.com/klab365/medi-rs"
[INFO] [stderr]    |            ^^^^^^^^^^^^^^^^^^^^^^^^^^^^^^^^^^^^
[INFO] [stderr] ...
[INFO] [stderr] 92 | repository = "https://github.com/klab365/medi-rs"
[INFO] [stderr]    |              ------------------------------------
[INFO] [stderr]    |
[INFO] [stderr]    = note: `cargo::redundant_homepage` is set to `warn` by default
[INFO] [stderr] help: consider removing `package.homepage`
[INFO] [stderr] warning: `medi-rs` (manifest) generated 1 warning
[INFO] [stderr]     Finished `release` profile [optimized] target(s) in 0.07s
[INFO] [stderr]      Running unittests src/lib.rs (/opt/rustwide/target/release/build/medi-rs/25d1ad8d504ef706/out/medi_rs-25d1ad8d504ef706)
[INFO] [stdout] 
[INFO] [stdout] running 2 tests
[INFO] [stdout] test tlist::tests::gets_head_resource ... ok
[INFO] [stdout] test tlist::tests::gets_nested_resource ... ok
[INFO] [stdout] 
[INFO] [stdout] test result: ok. 2 passed; 0 failed; 0 ignored; 0 measured; 0 filtered out; finished in 0.00s
[INFO] [stdout] 
[INFO] [stderr]      Running tests/01_test_ping_pong_request_response.rs (/opt/rustwide/target/release/build/medi-rs/a004de22971af25a/out/01_test_ping_pong_request_response-a004de22971af25a)
[INFO] [stdout] 
[INFO] [stdout] running 0 tests
[INFO] [stdout] 
[INFO] [stdout] test result: ok. 0 passed; 0 failed; 0 ignored; 0 measured; 0 filtered out; finished in 0.00s
[INFO] [stdout] 
[INFO] [stderr]      Running tests/02_test_duration_request_response.rs (/opt/rustwide/target/release/build/medi-rs/7ac2a796d81529ed/out/02_test_duration_request_response-7ac2a796d81529ed)
[INFO] [stdout] 
[INFO] [stdout] running 0 tests
[INFO] [stdout] 
[INFO] [stdout] test result: ok. 0 passed; 0 failed; 0 ignored; 0 measured; 0 filtered out; finished in 0.00s
[INFO] [stdout] 
[INFO] [stderr]      Running tests/03_test_request_with_resource.rs (/opt/rustwide/target/release/build/medi-rs/27feb66e6ee8c2be/out/03_test_request_with_resource-27feb66e6ee8c2be)
[INFO] [stdout] 
[INFO] [stdout] running 0 tests
[INFO] [stdout] 
[INFO] [stdout] test result: ok. 0 passed; 0 failed; 0 ignored; 0 measured; 0 filtered out; finished in 0.00s
[INFO] [stdout] 
[INFO] [stderr]      Running tests/04_test_dependency_injection.rs (/opt/rustwide/target/release/build/medi-rs/252f43c2632b6769/out/04_test_dependency_injection-252f43c2632b6769)
[INFO] [stdout] 
[INFO] [stdout] running 0 tests
[INFO] [stdout] 
[INFO] [stdout] test result: ok. 0 passed; 0 failed; 0 ignored; 0 measured; 0 filtered out; finished in 0.00s
[INFO] [stdout] 
[INFO] [stderr]      Running tests/05_test_error_handling.rs (/opt/rustwide/target/release/build/medi-rs/c3f8d5a274a1556e/out/05_test_error_handling-c3f8d5a274a1556e)
[INFO] [stdout] 
[INFO] [stdout] running 0 tests
[INFO] [stdout] 
[INFO] [stdout] test result: ok. 0 passed; 0 failed; 0 ignored; 0 measured; 0 filtered out; finished in 0.00s
[INFO] [stdout] 
[INFO] [stderr]      Running tests/06_test_bus_as_resource.rs (/opt/rustwide/target/release/build/medi-rs/bb3ac4a3c753041d/out/06_test_bus_as_resource-bb3ac4a3c753041d)
[INFO] [stdout] 
[INFO] [stdout] running 0 tests
[INFO] [stdout] 
[INFO] [stdout] test result: ok. 0 passed; 0 failed; 0 ignored; 0 measured; 0 filtered out; finished in 0.00s
[INFO] [stdout] 
[INFO] [stderr]      Running tests/07_test_event.rs (/opt/rustwide/target/release/build/medi-rs/392f395ee6083be4/out/07_test_event-392f395ee6083be4)
[INFO] [stdout] 
[INFO] [stdout] running 0 tests
[INFO] [stdout] 
[INFO] [stdout] test result: ok. 0 passed; 0 failed; 0 ignored; 0 measured; 0 filtered out; finished in 0.00s
[INFO] [stdout] 
[INFO] [stderr]      Running tests/08_test_async_dependency.rs (/opt/rustwide/target/release/build/medi-rs/4102d6b43fc7e1e7/out/08_test_async_dependency-4102d6b43fc7e1e7)
[INFO] [stdout] 
[INFO] [stdout] running 0 tests
[INFO] [stdout] 
[INFO] [stdout] test result: ok. 0 passed; 0 failed; 0 ignored; 0 measured; 0 filtered out; finished in 0.00s
[INFO] [stdout] 
[INFO] [stderr]      Running tests/09_test_command_return_types.rs (/opt/rustwide/target/release/build/medi-rs/3f4812d8e427984b/out/09_test_command_return_types-3f4812d8e427984b)
[INFO] [stdout] 
[INFO] [stdout] running 0 tests
[INFO] [stdout] 
[INFO] [stdout] test result: ok. 0 passed; 0 failed; 0 ignored; 0 measured; 0 filtered out; finished in 0.00s
[INFO] [stdout] 
[INFO] [stderr]      Running tests/10_test_generated_mediator.rs (/opt/rustwide/target/release/build/medi-rs/2b43c63ea086be96/out/10_test_generated_mediator-2b43c63ea086be96)
[INFO] [stdout] 
[INFO] [stdout] running 0 tests
[INFO] [stdout] 
[INFO] [stdout] test result: ok. 0 passed; 0 failed; 0 ignored; 0 measured; 0 filtered out; finished in 0.00s
[INFO] [stdout] 
[INFO] [stderr]      Running tests/11_test_module_composition.rs (/opt/rustwide/target/release/build/medi-rs/078e90c3a4022324/out/11_test_module_composition-078e90c3a4022324)
[INFO] [stdout] 
[INFO] [stdout] running 0 tests
[INFO] [stdout] 
[INFO] [stdout] test result: ok. 0 passed; 0 failed; 0 ignored; 0 measured; 0 filtered out; finished in 0.00s
[INFO] [stdout] 
[INFO] [stderr]      Running tests/12_test_macro_diagnostics.rs (/opt/rustwide/target/release/build/medi-rs/20a8ff424055e4e8/out/12_test_macro_diagnostics-20a8ff424055e4e8)
[INFO] [stdout] 
[INFO] [stdout] running 1 test
[INFO] [stderr] warning: `package.homepage` is redundant with `package.repository`
[INFO] [stderr]   --> /opt/rustwide/workdir/Cargo.toml:87:12
[INFO] [stderr]    |
[INFO] [stderr] 87 | homepage = "https://github.com/klab365/medi-rs"
[INFO] [stderr]    |            ^^^^^^^^^^^^^^^^^^^^^^^^^^^^^^^^^^^^
[INFO] [stderr] ...
[INFO] [stderr] 92 | repository = "https://github.com/klab365/medi-rs"
[INFO] [stderr]    |              ------------------------------------
[INFO] [stderr]    |
[INFO] [stderr]    = note: `cargo::redundant_homepage` is set to `warn` by default
[INFO] [stderr] help: consider removing `package.homepage`
[INFO] [stderr] warning: `medi-rs` (manifest) generated 1 warning
[INFO] [stderr]    Compiling proc-macro2 v1.0.107
[INFO] [stderr]    Compiling quote v1.0.47
[INFO] [stderr]    Compiling unicode-ident v1.0.24
[INFO] [stderr]    Compiling strsim v0.11.1
[INFO] [stderr]     Checking futures-sink v0.3.34
[INFO] [stderr]     Checking futures-core v0.3.34
[INFO] [stderr]    Compiling fnv v1.0.7
[INFO] [stderr]     Checking pin-project-lite v0.2.17
[INFO] [stderr]    Compiling ident_case v1.0.1
[INFO] [stderr]     Checking memchr v2.8.3
[INFO] [stderr]    Compiling libc v0.2.189
[INFO] [stderr]     Checking futures-io v0.3.34
[INFO] [stderr]     Checking futures-task v0.3.34
[INFO] [stderr]     Checking slab v0.4.12
[INFO] [stderr]     Checking rand_core v0.10.1
[INFO] [stderr]    Compiling getrandom v0.4.3
[INFO] [stderr]     Checking cfg-if v1.0.4
[INFO] [stderr]     Checking cpufeatures v0.3.1
[INFO] [stderr]    Compiling anyhow v1.0.104
[INFO] [stderr]    Compiling thiserror v2.0.21
[INFO] [stderr]    Compiling litrs v1.0.0
[INFO] [stderr]     Checking futures-channel v0.3.34
[INFO] [stderr]    Compiling embassy-executor v0.10.0
[INFO] [stderr]     Checking embassy-executor-timer-queue v0.1.0
[INFO] [stderr]     Checking critical-section v1.2.0
[INFO] [stderr]     Checking chacha20 v0.10.2
[INFO] [stderr]     Checking cordyceps v0.3.5
[INFO] [stderr]    Compiling document-features v0.2.12
[INFO] [stderr]    Compiling syn v3.0.8
[INFO] [stderr]    Compiling syn v2.0.119
[INFO] [stderr]     Checking rand v0.10.3
[INFO] [stderr]    Compiling darling_core v0.20.11
[INFO] [stderr]    Compiling futures-macro v0.3.34
[INFO] [stderr]    Compiling thiserror-impl v2.0.21
[INFO] [stderr]    Compiling tokio-macros v2.7.2
[INFO] [stderr]    Compiling medi-rs-macros v3.1.0
[INFO] [stderr]    Compiling async-trait v0.1.92
[INFO] [stderr]     Checking tokio v1.53.2
[INFO] [stderr]     Checking futures-util v0.3.34
[INFO] [stderr]    Compiling darling_macro v0.20.11
[INFO] [stderr]    Compiling darling v0.20.11
[INFO] [stderr]    Compiling embassy-executor-macros v0.8.0
[INFO] [stderr]     Checking futures-executor v0.3.34
[INFO] [stderr]     Checking futures v0.3.34
[INFO] [stderr]     Checking medi-rs v3.1.0 (/opt/rustwide/workdir)
[INFO] [stderr]     Checking medi-rs-tests v0.0.0 (/opt/rustwide/target/tests/trybuild/medi-rs)
[INFO] [stderr]     Finished `dev` profile [unoptimized + debuginfo] target(s) in 9.66s
[INFO] [stderr] 
[INFO] [stderr] 
[INFO] [stderr] test tests/ui/duplicate_command.rs ... mismatch
[INFO] [stderr] 
[INFO] [stderr] EXPECTED:
[INFO] [stderr] ┈┈┈┈┈┈┈┈┈┈┈┈┈┈┈┈┈┈┈┈┈┈┈┈┈┈┈┈┈┈┈┈┈┈┈┈┈┈┈┈┈┈┈┈┈┈┈┈┈┈┈┈┈┈┈┈┈┈┈┈
[INFO] [stderr] error: duplicate command registration for `CreateUser`
[INFO] [stderr]   --> tests/ui/duplicate_command.rs:17:20
[INFO] [stderr]    |
[INFO] [stderr] 17 |           commands { CreateUser => create_user_again; }
[INFO] [stderr]    |                      ^^^^^^^^^^
[INFO] [stderr] ...
[INFO] [stderr] 24 | / mediator! {
[INFO] [stderr] 25 | |     pub struct AppMediator {
[INFO] [stderr] 26 | |         event_queue_capacity: 16;
[INFO] [stderr] 27 | |         event_workers: 1;
[INFO] [stderr] ...  |
[INFO] [stderr] 30 | | }
[INFO] [stderr]    | |_- in this macro invocation
[INFO] [stderr]    |
[INFO] [stderr]    = note: this error originates in the macro `second_manifest` which comes from the expansion of the macro `mediator` (in Nightly builds, run with -Z macro-backtrace for more info)
[INFO] [stderr] 
[INFO] [stderr] error: first command registration for `CreateUser` is here
[INFO] [stderr]   --> tests/ui/duplicate_command.rs:8:20
[INFO] [stderr]    |
[INFO] [stderr]  8 |           commands { CreateUser => create_user; }
[INFO] [stderr]    |                      ^^^^^^^^^^
[INFO] [stderr] ...
[INFO] [stderr] 24 | / mediator! {
[INFO] [stderr] 25 | |     pub struct AppMediator {
[INFO] [stderr] 26 | |         event_queue_capacity: 16;
[INFO] [stderr] 27 | |         event_workers: 1;
[INFO] [stderr] ...  |
[INFO] [stderr] 30 | | }
[INFO] [stderr]    | |_- in this macro invocation
[INFO] [stderr]    |
[INFO] [stderr]    = note: this error originates in the macro `first_manifest` which comes from the expansion of the macro `mediator` (in Nightly builds, run with -Z macro-backtrace for more info)
[INFO] [stderr] ┈┈┈┈┈┈┈┈┈┈┈┈┈┈┈┈┈┈┈┈┈┈┈┈┈┈┈┈┈┈┈┈┈┈┈┈┈┈┈┈┈┈┈┈┈┈┈┈┈┈┈┈┈┈┈┈┈┈┈┈
[INFO] [stderr] 
[INFO] [stderr] ACTUAL OUTPUT:
[INFO] [stderr] ┈┈┈┈┈┈┈┈┈┈┈┈┈┈┈┈┈┈┈┈┈┈┈┈┈┈┈┈┈┈┈┈┈┈┈┈┈┈┈┈┈┈┈┈┈┈┈┈┈┈┈┈┈┈┈┈┈┈┈┈
[INFO] [stderr] error: duplicate command registration for `CreateUser`
[INFO] [stderr]   --> tests/ui/duplicate_command.rs:17:20
[INFO] [stderr]    |
[INFO] [stderr] 15 | /     medi_module! {
[INFO] [stderr] 16 | |         manifest second_manifest;
[INFO] [stderr] 17 | |         commands { CreateUser => create_user_again; }
[INFO] [stderr]    | |                    ^^^^^^^^^^
[INFO] [stderr] 18 | |     }
[INFO] [stderr]    | |_____- this error originates in the macro `second_manifest` which comes from the expansion of the macro `mediator`
[INFO] [stderr] ...
[INFO] [stderr] 24 | / mediator! {
[INFO] [stderr] 25 | |     pub struct AppMediator {
[INFO] [stderr] 26 | |         event_queue_capacity: 16;
[INFO] [stderr] 27 | |         event_workers: 1;
[INFO] [stderr] ...  |
[INFO] [stderr] 30 | | }
[INFO] [stderr]    | |_- in this macro invocation
[INFO] [stderr] 
[INFO] [stderr] error: first command registration for `CreateUser` is here
[INFO] [stderr]   --> tests/ui/duplicate_command.rs:8:20
[INFO] [stderr]    |
[INFO] [stderr]  6 | /     medi_module! {
[INFO] [stderr]  7 | |         manifest first_manifest;
[INFO] [stderr]  8 | |         commands { CreateUser => create_user; }
[INFO] [stderr]    | |                    ^^^^^^^^^^
[INFO] [stderr]  9 | |     }
[INFO] [stderr]    | |_____- this error originates in the macro `first_manifest` which comes from the expansion of the macro `mediator`
[INFO] [stderr] ...
[INFO] [stderr] 24 | / mediator! {
[INFO] [stderr] 25 | |     pub struct AppMediator {
[INFO] [stderr] 26 | |         event_queue_capacity: 16;
[INFO] [stderr] 27 | |         event_workers: 1;
[INFO] [stderr] ...  |
[INFO] [stderr] 30 | | }
[INFO] [stderr]    | |_- in this macro invocation
[INFO] [stderr] ┈┈┈┈┈┈┈┈┈┈┈┈┈┈┈┈┈┈┈┈┈┈┈┈┈┈┈┈┈┈┈┈┈┈┈┈┈┈┈┈┈┈┈┈┈┈┈┈┈┈┈┈┈┈┈┈┈┈┈┈
[INFO] [stderr] note: If the actual output is the correct output you can bless it by rerunning
[INFO] [stderr]       your test with the environment variable TRYBUILD=overwrite
[INFO] [stderr] 
[INFO] [stderr] test tests/ui/duplicate_resource.rs ... mismatch
[INFO] [stderr] 
[INFO] [stderr] EXPECTED:
[INFO] [stderr] ┈┈┈┈┈┈┈┈┈┈┈┈┈┈┈┈┈┈┈┈┈┈┈┈┈┈┈┈┈┈┈┈┈┈┈┈┈┈┈┈┈┈┈┈┈┈┈┈┈┈┈┈┈┈┈┈┈┈┈┈
[INFO] [stderr] error: duplicate resource registration for `Database`
[INFO] [stderr]   --> tests/ui/duplicate_resource.rs:17:31
[INFO] [stderr]    |
[INFO] [stderr] 17 |           resources { database: Database; }
[INFO] [stderr]    |                                 ^^^^^^^^
[INFO] [stderr] ...
[INFO] [stderr] 24 | / mediator! {
[INFO] [stderr] 25 | |     pub struct AppMediator {
[INFO] [stderr] 26 | |         event_queue_capacity: 16;
[INFO] [stderr] 27 | |         event_workers: 1;
[INFO] [stderr] ...  |
[INFO] [stderr] 30 | | }
[INFO] [stderr]    | |_- in this macro invocation
[INFO] [stderr]    |
[INFO] [stderr]    = note: this error originates in the macro `second_manifest` which comes from the expansion of the macro `mediator` (in Nightly builds, run with -Z macro-backtrace for more info)
[INFO] [stderr] 
[INFO] [stderr] error: first resource registration for `Database` is here
[INFO] [stderr]   --> tests/ui/duplicate_resource.rs:8:31
[INFO] [stderr]    |
[INFO] [stderr]  8 |           resources { database: Database; }
[INFO] [stderr]    |                                 ^^^^^^^^
[INFO] [stderr] ...
[INFO] [stderr] 24 | / mediator! {
[INFO] [stderr] 25 | |     pub struct AppMediator {
[INFO] [stderr] 26 | |         event_queue_capacity: 16;
[INFO] [stderr] 27 | |         event_workers: 1;
[INFO] [stderr] ...  |
[INFO] [stderr] 30 | | }
[INFO] [stderr]    | |_- in this macro invocation
[INFO] [stderr]    |
[INFO] [stderr]    = note: this error originates in the macro `first_manifest` which comes from the expansion of the macro `mediator` (in Nightly builds, run with -Z macro-backtrace for more info)
[INFO] [stderr] 
[INFO] [stderr] error: duplicate builder resource name `database`
[INFO] [stderr]   --> tests/ui/duplicate_resource.rs:17:21
[INFO] [stderr]    |
[INFO] [stderr] 17 |           resources { database: Database; }
[INFO] [stderr]    |                       ^^^^^^^^
[INFO] [stderr] ...
[INFO] [stderr] 24 | / mediator! {
[INFO] [stderr] 25 | |     pub struct AppMediator {
[INFO] [stderr] 26 | |         event_queue_capacity: 16;
[INFO] [stderr] 27 | |         event_workers: 1;
[INFO] [stderr] ...  |
[INFO] [stderr] 30 | | }
[INFO] [stderr]    | |_- in this macro invocation
[INFO] [stderr]    |
[INFO] [stderr]    = note: this error originates in the macro `second_manifest` which comes from the expansion of the macro `mediator` (in Nightly builds, run with -Z macro-backtrace for more info)
[INFO] [stderr] 
[INFO] [stderr] error: first builder resource name `database` is here
[INFO] [stderr]   --> tests/ui/duplicate_resource.rs:8:21
[INFO] [stderr]    |
[INFO] [stderr]  8 |           resources { database: Database; }
[INFO] [stderr]    |                       ^^^^^^^^
[INFO] [stderr] ...
[INFO] [stderr] 24 | / mediator! {
[INFO] [stderr] 25 | |     pub struct AppMediator {
[INFO] [stderr] 26 | |         event_queue_capacity: 16;
[INFO] [stderr] 27 | |         event_workers: 1;
[INFO] [stderr] ...  |
[INFO] [stderr] 30 | | }
[INFO] [stderr]    | |_- in this macro invocation
[INFO] [stderr]    |
[INFO] [stderr]    = note: this error originates in the macro `first_manifest` which comes from the expansion of the macro `mediator` (in Nightly builds, run with -Z macro-backtrace for more info)
[INFO] [stderr] ┈┈┈┈┈┈┈┈┈┈┈┈┈┈┈┈┈┈┈┈┈┈┈┈┈┈┈┈┈┈┈┈┈┈┈┈┈┈┈┈┈┈┈┈┈┈┈┈┈┈┈┈┈┈┈┈┈┈┈┈
[INFO] [stderr] 
[INFO] [stderr] ACTUAL OUTPUT:
[INFO] [stderr] ┈┈┈┈┈┈┈┈┈┈┈┈┈┈┈┈┈┈┈┈┈┈┈┈┈┈┈┈┈┈┈┈┈┈┈┈┈┈┈┈┈┈┈┈┈┈┈┈┈┈┈┈┈┈┈┈┈┈┈┈
[INFO] [stderr] error: duplicate resource registration for `Database`
[INFO] [stderr]   --> tests/ui/duplicate_resource.rs:17:31
[INFO] [stderr]    |
[INFO] [stderr] 15 | /     medi_module! {
[INFO] [stderr] 16 | |         manifest second_manifest;
[INFO] [stderr] 17 | |         resources { database: Database; }
[INFO] [stderr]    | |                               ^^^^^^^^
[INFO] [stderr] 18 | |     }
[INFO] [stderr]    | |_____- this error originates in the macro `second_manifest` which comes from the expansion of the macro `mediator`
[INFO] [stderr] ...
[INFO] [stderr] 24 | / mediator! {
[INFO] [stderr] 25 | |     pub struct AppMediator {
[INFO] [stderr] 26 | |         event_queue_capacity: 16;
[INFO] [stderr] 27 | |         event_workers: 1;
[INFO] [stderr] ...  |
[INFO] [stderr] 30 | | }
[INFO] [stderr]    | |_- in this macro invocation
[INFO] [stderr] 
[INFO] [stderr] error: first resource registration for `Database` is here
[INFO] [stderr]   --> tests/ui/duplicate_resource.rs:8:31
[INFO] [stderr]    |
[INFO] [stderr]  6 | /     medi_module! {
[INFO] [stderr]  7 | |         manifest first_manifest;
[INFO] [stderr]  8 | |         resources { database: Database; }
[INFO] [stderr]    | |                               ^^^^^^^^
[INFO] [stderr]  9 | |     }
[INFO] [stderr]    | |_____- this error originates in the macro `first_manifest` which comes from the expansion of the macro `mediator`
[INFO] [stderr] ...
[INFO] [stderr] 24 | / mediator! {
[INFO] [stderr] 25 | |     pub struct AppMediator {
[INFO] [stderr] 26 | |         event_queue_capacity: 16;
[INFO] [stderr] 27 | |         event_workers: 1;
[INFO] [stderr] ...  |
[INFO] [stderr] 30 | | }
[INFO] [stderr]    | |_- in this macro invocation
[INFO] [stderr] 
[INFO] [stderr] error: duplicate builder resource name `database`
[INFO] [stderr]   --> tests/ui/duplicate_resource.rs:17:21
[INFO] [stderr]    |
[INFO] [stderr] 15 | /     medi_module! {
[INFO] [stderr] 16 | |         manifest second_manifest;
[INFO] [stderr] 17 | |         resources { database: Database; }
[INFO] [stderr]    | |                     ^^^^^^^^
[INFO] [stderr] 18 | |     }
[INFO] [stderr]    | |_____- this error originates in the macro `second_manifest` which comes from the expansion of the macro `mediator`
[INFO] [stderr] ...
[INFO] [stderr] 24 | / mediator! {
[INFO] [stderr] 25 | |     pub struct AppMediator {
[INFO] [stderr] 26 | |         event_queue_capacity: 16;
[INFO] [stderr] 27 | |         event_workers: 1;
[INFO] [stderr] ...  |
[INFO] [stderr] 30 | | }
[INFO] [stderr]    | |_- in this macro invocation
[INFO] [stderr] 
[INFO] [stderr] error: first builder resource name `database` is here
[INFO] [stderr]   --> tests/ui/duplicate_resource.rs:8:21
[INFO] [stderr]    |
[INFO] [stderr]  6 | /     medi_module! {
[INFO] [stderr]  7 | |         manifest first_manifest;
[INFO] [stderr]  8 | |         resources { database: Database; }
[INFO] [stderr]    | |                     ^^^^^^^^
[INFO] [stderr]  9 | |     }
[INFO] [stderr]    | |_____- this error originates in the macro `first_manifest` which comes from the expansion of the macro `mediator`
[INFO] [stderr] ...
[INFO] [stderr] 24 | / mediator! {
[INFO] [stderr] 25 | |     pub struct AppMediator {
[INFO] [stderr] 26 | |         event_queue_capacity: 16;
[INFO] [stderr] 27 | |         event_workers: 1;
[INFO] [stderr] ...  |
[INFO] [stderr] 30 | | }
[INFO] [stderr]    | |_- in this macro invocation
[INFO] [stderr] ┈┈┈┈┈┈┈┈┈┈┈┈┈┈┈┈┈┈┈┈┈┈┈┈┈┈┈┈┈┈┈┈┈┈┈┈┈┈┈┈┈┈┈┈┈┈┈┈┈┈┈┈┈┈┈┈┈┈┈┈
[INFO] [stderr] note: If the actual output is the correct output you can bless it by rerunning
[INFO] [stderr]       your test with the environment variable TRYBUILD=overwrite
[INFO] [stderr] 
[INFO] [stderr] test tests/ui/unnamed_resource.rs ... ok
[INFO] [stderr] test tests/ui/missing_resource.rs ... mismatch
[INFO] [stderr] 
[INFO] [stderr] EXPECTED:
[INFO] [stderr] ┈┈┈┈┈┈┈┈┈┈┈┈┈┈┈┈┈┈┈┈┈┈┈┈┈┈┈┈┈┈┈┈┈┈┈┈┈┈┈┈┈┈┈┈┈┈┈┈┈┈┈┈┈┈┈┈┈┈┈┈
[INFO] [stderr] error[E0277]: the trait bound `(): medi_rs::tlist::Get<UserRepository, _>` is not satisfied
[INFO] [stderr]   --> tests/ui/missing_resource.rs:19:5
[INFO] [stderr]    |
[INFO] [stderr] 19 | /     medi_module! {
[INFO] [stderr] 20 | |         manifest users_manifest;
[INFO] [stderr] 21 | |         commands { CreateUser => create_user; }
[INFO] [stderr]    | |                                  ----------- required by a bound introduced by this call
[INFO] [stderr] 22 | |     }
[INFO] [stderr]    | |_____^ the trait `medi_rs::tlist::Get<UserRepository, _>` is not implemented for `()`
[INFO] [stderr] ...
[INFO] [stderr] 27 | / mediator! {
[INFO] [stderr] 28 | |     pub struct AppMediator {
[INFO] [stderr] 29 | |         event_queue_capacity: 16;
[INFO] [stderr] 30 | |         event_workers: 1;
[INFO] [stderr] ...  |
[INFO] [stderr] 33 | | }
[INFO] [stderr]    | |_- in this macro invocation
[INFO] [stderr]    |
[INFO] [stderr] help: the following other types implement trait `medi_rs::tlist::Get<T, I>`
[INFO] [stderr]   --> src/tlist.rs
[INFO] [stderr]    |
[INFO] [stderr]    | / impl<T, Tail> Get<T, Here> for (T, Tail)
[INFO] [stderr]    | | where
[INFO] [stderr]    | |     T: Clone,
[INFO] [stderr]    | |_____________^ `(T, Tail)` implements `medi_rs::tlist::Get<T, medi_rs::tlist::Here>`
[INFO] [stderr] ...
[INFO] [stderr]    | / impl<T, Head, Tail, I> Get<T, There<I>> for (Head, Tail)
[INFO] [stderr]    | | where
[INFO] [stderr]    | |     Tail: Get<T, I>,
[INFO] [stderr]    | |____________________^ `(Head, Tail)` implements `medi_rs::tlist::Get<T, medi_rs::tlist::There<I>>`
[INFO] [stderr] note: required by a bound in `__medi_handler_create_user`
[INFO] [stderr]   --> tests/ui/missing_resource.rs:11:1
[INFO] [stderr]    |
[INFO] [stderr] 11 | #[medi_handler]
[INFO] [stderr]    | ^^^^^^^^^^^^^^^ required by this bound in `__medi_handler_create_user`
[INFO] [stderr]    = note: this error originates in the macro `$crate::__medi_rs_finalize_composition` which comes from the expansion of the attribute macro `medi_handler` (in Nightly builds, run with -Z macro-backtrace for more info)
[INFO] [stderr] 
[INFO] [stderr] error[E0277]: the trait bound `(): medi_rs::tlist::Get<UserRepository, _>` is not satisfied
[INFO] [stderr]   --> tests/ui/missing_resource.rs:21:34
[INFO] [stderr]    |
[INFO] [stderr] 21 |           commands { CreateUser => create_user; }
[INFO] [stderr]    |                                    ^^^^^^^^^^^ the trait `medi_rs::tlist::Get<UserRepository, _>` is not implemented for `()`
[INFO] [stderr] ...
[INFO] [stderr] 27 | / mediator! {
[INFO] [stderr] 28 | |     pub struct AppMediator {
[INFO] [stderr] 29 | |         event_queue_capacity: 16;
[INFO] [stderr] 30 | |         event_workers: 1;
[INFO] [stderr] ...  |
[INFO] [stderr] 33 | | }
[INFO] [stderr]    | |_- in this macro invocation
[INFO] [stderr]    |
[INFO] [stderr] help: the following other types implement trait `medi_rs::tlist::Get<T, I>`
[INFO] [stderr]   --> src/tlist.rs
[INFO] [stderr]    |
[INFO] [stderr]    | / impl<T, Tail> Get<T, Here> for (T, Tail)
[INFO] [stderr]    | | where
[INFO] [stderr]    | |     T: Clone,
[INFO] [stderr]    | |_____________^ `(T, Tail)` implements `medi_rs::tlist::Get<T, medi_rs::tlist::Here>`
[INFO] [stderr] ...
[INFO] [stderr]    | / impl<T, Head, Tail, I> Get<T, There<I>> for (Head, Tail)
[INFO] [stderr]    | | where
[INFO] [stderr]    | |     Tail: Get<T, I>,
[INFO] [stderr]    | |____________________^ `(Head, Tail)` implements `medi_rs::tlist::Get<T, medi_rs::tlist::There<I>>`
[INFO] [stderr] note: required by a bound in `__medi_handler_create_user`
[INFO] [stderr]   --> tests/ui/missing_resource.rs:11:1
[INFO] [stderr]    |
[INFO] [stderr] 11 | #[medi_handler]
[INFO] [stderr]    | ^^^^^^^^^^^^^^^ required by this bound in `__medi_handler_create_user`
[INFO] [stderr]    = note: this error originates in the macro `users_manifest` which comes from the expansion of the attribute macro `medi_handler` (in Nightly builds, run with -Z macro-backtrace for more info)
[INFO] [stderr] ┈┈┈┈┈┈┈┈┈┈┈┈┈┈┈┈┈┈┈┈┈┈┈┈┈┈┈┈┈┈┈┈┈┈┈┈┈┈┈┈┈┈┈┈┈┈┈┈┈┈┈┈┈┈┈┈┈┈┈┈
[INFO] [stderr] 
[INFO] [stderr] ACTUAL OUTPUT:
[INFO] [stderr] ┈┈┈┈┈┈┈┈┈┈┈┈┈┈┈┈┈┈┈┈┈┈┈┈┈┈┈┈┈┈┈┈┈┈┈┈┈┈┈┈┈┈┈┈┈┈┈┈┈┈┈┈┈┈┈┈┈┈┈┈
[INFO] [stderr] error[E0277]: the trait bound `(): medi_rs::tlist::Get<UserRepository, _>` is not satisfied
[INFO] [stderr]   --> tests/ui/missing_resource.rs:19:5
[INFO] [stderr]    |
[INFO] [stderr] 19 | /     medi_module! {
[INFO] [stderr] 20 | |         manifest users_manifest;
[INFO] [stderr] 21 | |         commands { CreateUser => create_user; }
[INFO] [stderr]    | |                                  ----------- required by a bound introduced by this call
[INFO] [stderr] 22 | |     }
[INFO] [stderr]    | |_____^ the trait `medi_rs::tlist::Get<UserRepository, _>` is not implemented for `()`
[INFO] [stderr] ...
[INFO] [stderr] 27 | / mediator! {
[INFO] [stderr] 28 | |     pub struct AppMediator {
[INFO] [stderr] 29 | |         event_queue_capacity: 16;
[INFO] [stderr] 30 | |         event_workers: 1;
[INFO] [stderr] ...  |
[INFO] [stderr] 33 | | }
[INFO] [stderr]    | |_- in this macro invocation
[INFO] [stderr]    |
[INFO] [stderr] help: the following other types implement trait `medi_rs::tlist::Get<T, I>`
[INFO] [stderr]   --> src/tlist.rs
[INFO] [stderr]    |
[INFO] [stderr]    | / impl<T, Tail> Get<T, Here> for (T, Tail)
[INFO] [stderr]    | | where
[INFO] [stderr]    | |     T: Clone,
[INFO] [stderr]    | |_____________^ `(T, Tail)` implements `medi_rs::tlist::Get<T, medi_rs::tlist::Here>`
[INFO] [stderr] ...
[INFO] [stderr]    | / impl<T, Head, Tail, I> Get<T, There<I>> for (Head, Tail)
[INFO] [stderr]    | | where
[INFO] [stderr]    | |     Tail: Get<T, I>,
[INFO] [stderr]    | |____________________^ `(Head, Tail)` implements `medi_rs::tlist::Get<T, medi_rs::tlist::There<I>>`
[INFO] [stderr] note: required by a bound in `__medi_handler_create_user`
[INFO] [stderr]   --> tests/ui/missing_resource.rs:11:1
[INFO] [stderr]    |
[INFO] [stderr] 11 | #[medi_handler]
[INFO] [stderr]    | ^^^^^^^^^^^^^^^ required by this bound in `__medi_handler_create_user`
[INFO] [stderr]    = note: this error originates in the macro `$crate::__medi_rs_finalize_composition` which comes from the expansion of the attribute macro `medi_handler` (in Nightly builds, run with -Z macro-backtrace for more info)
[INFO] [stderr] 
[INFO] [stderr] error[E0277]: the trait bound `(): medi_rs::tlist::Get<UserRepository, _>` is not satisfied
[INFO] [stderr]   --> tests/ui/missing_resource.rs:21:34
[INFO] [stderr]    |
[INFO] [stderr] 19 | /     medi_module! {
[INFO] [stderr] 20 | |         manifest users_manifest;
[INFO] [stderr] 21 | |         commands { CreateUser => create_user; }
[INFO] [stderr]    | |                                  ^^^^^^^^^^^ the trait `medi_rs::tlist::Get<UserRepository, _>` is not implemented for `()`
[INFO] [stderr] 22 | |     }
[INFO] [stderr]    | |_____- this error originates in the macro `users_manifest` which comes from the expansion of the attribute macro `medi_handler`
[INFO] [stderr] ...
[INFO] [stderr] 27 | / mediator! {
[INFO] [stderr] 28 | |     pub struct AppMediator {
[INFO] [stderr] 29 | |         event_queue_capacity: 16;
[INFO] [stderr] 30 | |         event_workers: 1;
[INFO] [stderr] ...  |
[INFO] [stderr] 33 | | }
[INFO] [stderr]    | |_- in this macro invocation
[INFO] [stderr]    |
[INFO] [stderr] help: the following other types implement trait `medi_rs::tlist::Get<T, I>`
[INFO] [stderr]   --> src/tlist.rs
[INFO] [stderr]    |
[INFO] [stderr]    | / impl<T, Tail> Get<T, Here> for (T, Tail)
[INFO] [stderr]    | | where
[INFO] [stderr]    | |     T: Clone,
[INFO] [stderr]    | |_____________^ `(T, Tail)` implements `medi_rs::tlist::Get<T, medi_rs::tlist::Here>`
[INFO] [stderr] ...
[INFO] [stderr]    | / impl<T, Head, Tail, I> Get<T, There<I>> for (Head, Tail)
[INFO] [stderr]    | | where
[INFO] [stderr]    | |     Tail: Get<T, I>,
[INFO] [stderr]    | |____________________^ `(Head, Tail)` implements `medi_rs::tlist::Get<T, medi_rs::tlist::There<I>>`
[INFO] [stderr] note: required by a bound in `__medi_handler_create_user`
[INFO] [stderr]   --> tests/ui/missing_resource.rs:11:1
[INFO] [stderr]    |
[INFO] [stderr] 11 | #[medi_handler]
[INFO] [stderr]    | ^^^^^^^^^^^^^^^ required by this bound in `__medi_handler_create_user`
[INFO] [stderr] ┈┈┈┈┈┈┈┈┈┈┈┈┈┈┈┈┈┈┈┈┈┈┈┈┈┈┈┈┈┈┈┈┈┈┈┈┈┈┈┈┈┈┈┈┈┈┈┈┈┈┈┈┈┈┈┈┈┈┈┈
[INFO] [stderr] note: If the actual output is the correct output you can bless it by rerunning
[INFO] [stderr]       your test with the environment variable TRYBUILD=overwrite
[INFO] [stderr] 
[INFO] [stderr] test tests/ui/handler_without_message.rs ... ok
[INFO] [stderr] test tests/ui/non_async_handler.rs ... ok
[INFO] [stderr] test tests/ui/handler_with_receiver.rs ... ok
[INFO] [stderr] test tests/ui/invalid_handler_attribute.rs ... ok
[INFO] [stderr] test tests/ui/duplicate_stream.rs ... mismatch
[INFO] [stderr] 
[INFO] [stderr] EXPECTED:
[INFO] [stderr] ┈┈┈┈┈┈┈┈┈┈┈┈┈┈┈┈┈┈┈┈┈┈┈┈┈┈┈┈┈┈┈┈┈┈┈┈┈┈┈┈┈┈┈┈┈┈┈┈┈┈┈┈┈┈┈┈┈┈┈┈
[INFO] [stderr] error: duplicate stream registration for `SearchUsers`
[INFO] [stderr]   --> tests/ui/duplicate_stream.rs:17:19
[INFO] [stderr]    |
[INFO] [stderr] 17 |           streams { SearchUsers => search_users_again; }
[INFO] [stderr]    |                     ^^^^^^^^^^^
[INFO] [stderr] ...
[INFO] [stderr] 24 | / mediator! {
[INFO] [stderr] 25 | |     pub struct AppMediator {
[INFO] [stderr] 26 | |         event_queue_capacity: 16;
[INFO] [stderr] 27 | |         event_workers: 1;
[INFO] [stderr] ...  |
[INFO] [stderr] 30 | | }
[INFO] [stderr]    | |_- in this macro invocation
[INFO] [stderr]    |
[INFO] [stderr]    = note: this error originates in the macro `second_manifest` which comes from the expansion of the macro `mediator` (in Nightly builds, run with -Z macro-backtrace for more info)
[INFO] [stderr] 
[INFO] [stderr] error: first stream registration for `SearchUsers` is here
[INFO] [stderr]   --> tests/ui/duplicate_stream.rs:8:19
[INFO] [stderr]    |
[INFO] [stderr]  8 |           streams { SearchUsers => search_users; }
[INFO] [stderr]    |                     ^^^^^^^^^^^
[INFO] [stderr] ...
[INFO] [stderr] 24 | / mediator! {
[INFO] [stderr] 25 | |     pub struct AppMediator {
[INFO] [stderr] 26 | |         event_queue_capacity: 16;
[INFO] [stderr] 27 | |         event_workers: 1;
[INFO] [stderr] ...  |
[INFO] [stderr] 30 | | }
[INFO] [stderr]    | |_- in this macro invocation
[INFO] [stderr]    |
[INFO] [stderr]    = note: this error originates in the macro `first_manifest` which comes from the expansion of the macro `mediator` (in Nightly builds, run with -Z macro-backtrace for more info)
[INFO] [stderr] ┈┈┈┈┈┈┈┈┈┈┈┈┈┈┈┈┈┈┈┈┈┈┈┈┈┈┈┈┈┈┈┈┈┈┈┈┈┈┈┈┈┈┈┈┈┈┈┈┈┈┈┈┈┈┈┈┈┈┈┈
[INFO] [stderr] 
[INFO] [stderr] ACTUAL OUTPUT:
[INFO] [stderr] ┈┈┈┈┈┈┈┈┈┈┈┈┈┈┈┈┈┈┈┈┈┈┈┈┈┈┈┈┈┈┈┈┈┈┈┈┈┈┈┈┈┈┈┈┈┈┈┈┈┈┈┈┈┈┈┈┈┈┈┈
[INFO] [stderr] error: duplicate stream registration for `SearchUsers`
[INFO] [stderr]   --> tests/ui/duplicate_stream.rs:17:19
[INFO] [stderr]    |
[INFO] [stderr] 15 | /     medi_module! {
[INFO] [stderr] 16 | |         manifest second_manifest;
[INFO] [stderr] 17 | |         streams { SearchUsers => search_users_again; }
[INFO] [stderr]    | |                   ^^^^^^^^^^^
[INFO] [stderr] 18 | |     }
[INFO] [stderr]    | |_____- this error originates in the macro `second_manifest` which comes from the expansion of the macro `mediator`
[INFO] [stderr] ...
[INFO] [stderr] 24 | / mediator! {
[INFO] [stderr] 25 | |     pub struct AppMediator {
[INFO] [stderr] 26 | |         event_queue_capacity: 16;
[INFO] [stderr] 27 | |         event_workers: 1;
[INFO] [stderr] ...  |
[INFO] [stderr] 30 | | }
[INFO] [stderr]    | |_- in this macro invocation
[INFO] [stderr] 
[INFO] [stderr] error: first stream registration for `SearchUsers` is here
[INFO] [stderr]   --> tests/ui/duplicate_stream.rs:8:19
[INFO] [stderr]    |
[INFO] [stderr]  6 | /     medi_module! {
[INFO] [stderr]  7 | |         manifest first_manifest;
[INFO] [stderr]  8 | |         streams { SearchUsers => search_users; }
[INFO] [stderr]    | |                   ^^^^^^^^^^^
[INFO] [stderr]  9 | |     }
[INFO] [stderr]    | |_____- this error originates in the macro `first_manifest` which comes from the expansion of the macro `mediator`
[INFO] [stderr] ...
[INFO] [stderr] 24 | / mediator! {
[INFO] [stderr] 25 | |     pub struct AppMediator {
[INFO] [stderr] 26 | |         event_queue_capacity: 16;
[INFO] [stderr] 27 | |         event_workers: 1;
[INFO] [stderr] ...  |
[INFO] [stderr] 30 | | }
[INFO] [stderr]    | |_- in this macro invocation
[INFO] [stderr] ┈┈┈┈┈┈┈┈┈┈┈┈┈┈┈┈┈┈┈┈┈┈┈┈┈┈┈┈┈┈┈┈┈┈┈┈┈┈┈┈┈┈┈┈┈┈┈┈┈┈┈┈┈┈┈┈┈┈┈┈
[INFO] [stderr] note: If the actual output is the correct output you can bless it by rerunning
[INFO] [stderr]       your test with the environment variable TRYBUILD=overwrite
[INFO] [stderr] 
[INFO] [stderr] test tests/ui/duplicate_stream_in_module.rs ... mismatch
[INFO] [stderr] 
[INFO] [stderr] EXPECTED:
[INFO] [stderr] ┈┈┈┈┈┈┈┈┈┈┈┈┈┈┈┈┈┈┈┈┈┈┈┈┈┈┈┈┈┈┈┈┈┈┈┈┈┈┈┈┈┈┈┈┈┈┈┈┈┈┈┈┈┈┈┈┈┈┈┈
[INFO] [stderr] error: duplicate stream registration for `SearchUsers`
[INFO] [stderr]   --> tests/ui/duplicate_stream_in_module.rs:7:9
[INFO] [stderr]    |
[INFO] [stderr]  7 |           SearchUsers => search_users_again;
[INFO] [stderr]    |           ^^^^^^^^^^^
[INFO] [stderr] ...
[INFO] [stderr] 11 | / mediator! {
[INFO] [stderr] 12 | |     pub struct AppMediator {
[INFO] [stderr] 13 | |         event_queue_capacity: 16;
[INFO] [stderr] 14 | |         event_workers: 1;
[INFO] [stderr] ...  |
[INFO] [stderr] 17 | | }
[INFO] [stderr]    | |_- in this macro invocation
[INFO] [stderr]    |
[INFO] [stderr]    = note: this error originates in the macro `users_manifest` which comes from the expansion of the macro `mediator` (in Nightly builds, run with -Z macro-backtrace for more info)
[INFO] [stderr] 
[INFO] [stderr] error: first stream registration for `SearchUsers` is here
[INFO] [stderr]   --> tests/ui/duplicate_stream_in_module.rs:6:9
[INFO] [stderr]    |
[INFO] [stderr]  6 |           SearchUsers => search_users;
[INFO] [stderr]    |           ^^^^^^^^^^^
[INFO] [stderr] ...
[INFO] [stderr] 11 | / mediator! {
[INFO] [stderr] 12 | |     pub struct AppMediator {
[INFO] [stderr] 13 | |         event_queue_capacity: 16;
[INFO] [stderr] 14 | |         event_workers: 1;
[INFO] [stderr] ...  |
[INFO] [stderr] 17 | | }
[INFO] [stderr]    | |_- in this macro invocation
[INFO] [stderr]    |
[INFO] [stderr]    = note: this error originates in the macro `users_manifest` which comes from the expansion of the macro `mediator` (in Nightly builds, run with -Z macro-backtrace for more info)
[INFO] [stderr] ┈┈┈┈┈┈┈┈┈┈┈┈┈┈┈┈┈┈┈┈┈┈┈┈┈┈┈┈┈┈┈┈┈┈┈┈┈┈┈┈┈┈┈┈┈┈┈┈┈┈┈┈┈┈┈┈┈┈┈┈
[INFO] [stderr] 
[INFO] [stderr] ACTUAL OUTPUT:
[INFO] [stderr] ┈┈┈┈┈┈┈┈┈┈┈┈┈┈┈┈┈┈┈┈┈┈┈┈┈┈┈┈┈┈┈┈┈┈┈┈┈┈┈┈┈┈┈┈┈┈┈┈┈┈┈┈┈┈┈┈┈┈┈┈
[INFO] [stderr] error: duplicate stream registration for `SearchUsers`
[INFO] [stderr]   --> tests/ui/duplicate_stream_in_module.rs:7:9
[INFO] [stderr]    |
[INFO] [stderr]  3 | / medi_module! {
[INFO] [stderr]  4 | |     manifest users_manifest;
[INFO] [stderr]  5 | |     streams {
[INFO] [stderr]  6 | |         SearchUsers => search_users;
[INFO] [stderr]  7 | |         SearchUsers => search_users_again;
[INFO] [stderr]    | |         ^^^^^^^^^^^
[INFO] [stderr]  8 | |     }
[INFO] [stderr]  9 | | }
[INFO] [stderr]    | |_- this error originates in the macro `users_manifest` which comes from the expansion of the macro `mediator`
[INFO] [stderr] 10 |
[INFO] [stderr] 11 | / mediator! {
[INFO] [stderr] 12 | |     pub struct AppMediator {
[INFO] [stderr] 13 | |         event_queue_capacity: 16;
[INFO] [stderr] 14 | |         event_workers: 1;
[INFO] [stderr] ...  |
[INFO] [stderr] 17 | | }
[INFO] [stderr]    | |_- in this macro invocation
[INFO] [stderr] 
[INFO] [stderr] error: first stream registration for `SearchUsers` is here
[INFO] [stderr]   --> tests/ui/duplicate_stream_in_module.rs:6:9
[INFO] [stderr]    |
[INFO] [stderr]  3 | / medi_module! {
[INFO] [stderr]  4 | |     manifest users_manifest;
[INFO] [stderr]  5 | |     streams {
[INFO] [stderr]  6 | |         SearchUsers => search_users;
[INFO] [stderr]    | |         ^^^^^^^^^^^
[INFO] [stderr] ...  |
[INFO] [stderr]  9 | | }
[INFO] [stderr]    | |_- this error originates in the macro `users_manifest` which comes from the expansion of the macro `mediator`
[INFO] [stderr] 10 |
[INFO] [stderr] 11 | / mediator! {
[INFO] [stderr] 12 | |     pub struct AppMediator {
[INFO] [stderr] 13 | |         event_queue_capacity: 16;
[INFO] [stderr] 14 | |         event_workers: 1;
[INFO] [stderr] ...  |
[INFO] [stderr] 17 | | }
[INFO] [stderr]    | |_- in this macro invocation
[INFO] [stderr] ┈┈┈┈┈┈┈┈┈┈┈┈┈┈┈┈┈┈┈┈┈┈┈┈┈┈┈┈┈┈┈┈┈┈┈┈┈┈┈┈┈┈┈┈┈┈┈┈┈┈┈┈┈┈┈┈┈┈┈┈
[INFO] [stderr] note: If the actual output is the correct output you can bless it by rerunning
[INFO] [stderr]       your test with the environment variable TRYBUILD=overwrite
[INFO] [stderr] 
[INFO] [stderr] test tests/ui/stream_handler_without_sender.rs ... ok
[INFO] [stderr] test tests/ui/non_async_stream_handler.rs ... ok
[INFO] [stderr] test tests/ui/stream_request_without_item_type.rs ... ok
[INFO] [stderr] 
[INFO] [stderr] 
[INFO] [stderr] error: test failed, to rerun pass `--test 12_test_macro_diagnostics`
[INFO] [stdout] test invalid_module_compositions_fail_to_compile ... FAILED
[INFO] [stdout] 
[INFO] [stdout] failures:
[INFO] [stdout] 
[INFO] [stdout] ---- invalid_module_compositions_fail_to_compile stdout ----
[INFO] [stdout] 
[INFO] [stdout] thread 'invalid_module_compositions_fail_to_compile' (2136) panicked at /opt/rustwide/cargo-home/registry/src/index.crates.io-1949cf8c6b5b557f/trybuild-1.0.122/src/run.rs:103:13:
[INFO] [stdout] 5 of 13 tests failed
[INFO] [stdout] stack backtrace:
[INFO] [stdout]    0:     0x57474a789251 - <<std[617be2ca0a6fd877]::sys::backtrace::BacktraceLock>::print::DisplayBacktrace as core[a373ad73a504971]::fmt::Display>::fmt
[INFO] [stdout]    1:     0x57474a79f53a - core[a373ad73a504971]::fmt::write
[INFO] [stdout]    2:     0x57474a78da9c - <alloc[2e1b2a31b91974c5]::vec::Vec<u8> as core[a373ad73a504971]::io::write::Write>::write_fmt
[INFO] [stdout]    3:     0x57474a7626b6 - std[617be2ca0a6fd877]::panicking::default_hook::{closure#0}
[INFO] [stdout]    4:     0x57474a7807f9 - std[617be2ca0a6fd877]::panicking::default_hook
[INFO] [stdout]    5:     0x57474a719e00 - test[aada8e7e76ba119b]::test_main_inner::{closure#0}
[INFO] [stdout]    6:     0x57474a7809b2 - std[617be2ca0a6fd877]::panicking::panic_with_hook
[INFO] [stdout]    7:     0x57474a762762 - std[617be2ca0a6fd877]::panicking::panic_handler::{closure#0}
[INFO] [stdout]    8:     0x57474a75afb9 - std[617be2ca0a6fd877]::sys::backtrace::__rust_end_short_backtrace::<std[617be2ca0a6fd877]::panicking::panic_handler::{closure#0}, !>
[INFO] [stdout]    9:     0x57474a76336d - __rustc[ea4f61d10b84890b]::rust_begin_unwind
[INFO] [stdout]   10:     0x57474a79fcac - core[a373ad73a504971]::panicking::panic_fmt
[INFO] [stdout]   11:     0x57474a66cb4b - <trybuild[76171aa836784691]::Runner>::run
[INFO] [stdout]   12:     0x57474a66fdc0 - <trybuild[76171aa836784691]::TestCases as core[a373ad73a504971]::ops::drop::Drop>::drop
[INFO] [stdout]   13:     0x57474a6664a6 - <12_test_macro_diagnostics[3e2dd99219dd2296]::invalid_module_compositions_fail_to_compile::{closure#0} as core[a373ad73a504971]::ops::function::FnOnce<()>>::call_once
[INFO] [stdout]   14:     0x57474a70d24b - test[aada8e7e76ba119b]::__rust_begin_short_backtrace::<core[a373ad73a504971]::result::Result<(), alloc[2e1b2a31b91974c5]::string::String>, fn() -> core[a373ad73a504971]::result::Result<(), alloc[2e1b2a31b91974c5]::string::String>>
[INFO] [stdout]   15:     0x57474a71a425 - test[aada8e7e76ba119b]::run_test::{closure#0}
[INFO] [stdout]   16:     0x57474a713d14 - std[617be2ca0a6fd877]::sys::backtrace::__rust_begin_short_backtrace::<test[aada8e7e76ba119b]::run_test::{closure#1}, ()>
[INFO] [stdout]   17:     0x57474a71d4b2 - <std[617be2ca0a6fd877]::thread::lifecycle::spawn_unchecked<test[aada8e7e76ba119b]::run_test::{closure#1}, ()>::{closure#1} as core[a373ad73a504971]::ops::function::FnOnce<()>>::call_once::{shim:vtable#0}
[INFO] [stdout]   18:     0x57474a7884af - <std[617be2ca0a6fd877]::sys::thread::unix::Thread>::new::thread_start
[INFO] [stdout]   19:     0x7ac691c43dfa - <unknown>
[INFO] [stdout]   20:     0x7ac691cd73d4 - clone
[INFO] [stdout]   21:                0x0 - <unknown>
[INFO] [stdout] 
[INFO] [stdout] 
[INFO] [stdout] failures:
[INFO] [stdout]     invalid_module_compositions_fail_to_compile
[INFO] [stdout] 
[INFO] [stdout] test result: FAILED. 0 passed; 1 failed; 0 ignored; 0 measured; 0 filtered out; finished in 13.78s
[INFO] [stdout] 
[INFO] running `Command { std: "docker" "inspect" "423df28da05536db09618a48cf3d3591a42997fb5d5ad043bed33f40d364b95c", kill_on_drop: false }`
[INFO] running `Command { std: "docker" "rm" "-f" "423df28da05536db09618a48cf3d3591a42997fb5d5ad043bed33f40d364b95c", kill_on_drop: false }`
[INFO] [stdout] 423df28da05536db09618a48cf3d3591a42997fb5d5ad043bed33f40d364b95c
