[INFO] fetching crate macro-lens 2.0.1...
[INFO] testing macro-lens-2.0.1 against 1.100.0-beta.1+cargoflags=--release for beta-release-1.100-3
[INFO] extracting crate macro-lens 2.0.1 into /workspace/builds/worker-5-tc2/source
[INFO] started tweaking crates.io crate macro-lens 2.0.1
[INFO] removed 0 missing tests
[INFO] finished tweaking crates.io crate macro-lens 2.0.1
[INFO] tweaked toml for crates.io crate macro-lens 2.0.1 written to /workspace/builds/worker-5-tc2/source/Cargo.toml
[INFO] validating manifest of crates.io crate macro-lens 2.0.1 on toolchain 1.100.0-beta.1
[INFO] running `Command { std: CARGO_HOME="/workspace/cargo-home" RUSTUP_HOME="/workspace/rustup-home" "/workspace/cargo-home/bin/cargo" "+1.100.0-beta.1" "metadata" "--manifest-path" "Cargo.toml" "--no-deps", kill_on_drop: false }`
[INFO] crate crates.io crate macro-lens 2.0.1 already has a lockfile, it will not be regenerated
[INFO] running `Command { std: CARGO_HOME="/workspace/cargo-home" RUSTUP_HOME="/workspace/rustup-home" "/workspace/cargo-home/bin/cargo" "+1.100.0-beta.1" "fetch" "--manifest-path" "Cargo.toml", kill_on_drop: false }`
[INFO] [stderr] warning: `package.homepage` is redundant with `package.repository`
[INFO] [stderr]   --> Cargo.toml:27:12
[INFO] [stderr]    |
[INFO] [stderr] 27 | homepage = "https://github.com/daemonfire300/macro-lens-rs"
[INFO] [stderr]    |            ^^^^^^^^^^^^^^^^^^^^^^^^^^^^^^^^^^^^^^^^^^^^^^^^
[INFO] [stderr] ...
[INFO] [stderr] 32 | repository = "https://github.com/daemonfire300/macro-lens-rs"
[INFO] [stderr]    |              ------------------------------------------------
[INFO] [stderr]    |
[INFO] [stderr]    = note: `cargo::redundant_homepage` is set to `warn` by default
[INFO] [stderr] help: consider removing `package.homepage`
[INFO] [stderr] warning: `macro-lens` (manifest) generated 1 warning
[INFO] running `Command { std: "docker" "create" "-v" "/var/lib/crater-agent-workspace/builds/worker-5-tc2/source:/opt/rustwide/workdir:ro,Z" "-v" "/var/lib/crater-agent-workspace/builds/worker-5-tc2/target:/opt/rustwide/target:rw,Z" "-v" "/var/lib/crater-agent-workspace/cargo-home:/opt/rustwide/cargo-home:ro,Z" "-v" "/var/lib/crater-agent-workspace/rustup-home:/opt/rustwide/rustup-home:ro,Z" "-m" "1610612736" "--network" "none" "ghcr.io/rust-lang/crates-build-env/linux@sha256:77db811e55d90add9212f6832c23229e3de5f1c1f9905e8cb07319ea15df73ac" "sleep" "infinity", kill_on_drop: false }`
[INFO] [stdout] 943b18b64375e90e429e6c07acf27f8a05c087de62bdd5d25c62f64fc2ac4cd8
[INFO] running `Command { std: "docker" "start" "943b18b64375e90e429e6c07acf27f8a05c087de62bdd5d25c62f64fc2ac4cd8", kill_on_drop: false }`
[INFO] running `Command { std: "docker" "inspect" "943b18b64375e90e429e6c07acf27f8a05c087de62bdd5d25c62f64fc2ac4cd8", kill_on_drop: false }`
[INFO] running `Command { std: "docker" "exec" "-e" "SOURCE_DIR=/opt/rustwide/workdir" "-e" "CARGO_HOME=/opt/rustwide/cargo-home" "-e" "RUSTUP_HOME=/opt/rustwide/rustup-home" "-e" "CARGO_TARGET_DIR=/opt/rustwide/target" "-w" "/opt/rustwide/workdir" "--user" "0:0" "943b18b64375e90e429e6c07acf27f8a05c087de62bdd5d25c62f64fc2ac4cd8" "/opt/rustwide/cargo-home/bin/cargo" "+1.100.0-beta.1" "metadata" "--no-deps" "--format-version=1", kill_on_drop: false }`
[INFO] running `Command { std: "docker" "inspect" "943b18b64375e90e429e6c07acf27f8a05c087de62bdd5d25c62f64fc2ac4cd8", kill_on_drop: false }`
[INFO] running `Command { std: "docker" "exec" "-e" "SOURCE_DIR=/opt/rustwide/workdir" "-e" "CARGO_HOME=/opt/rustwide/cargo-home" "-e" "RUSTUP_HOME=/opt/rustwide/rustup-home" "-e" "CARGO_TARGET_DIR=/opt/rustwide/target" "-e" "CARGO_INCREMENTAL=0" "-e" "RUST_BACKTRACE=full" "-e" "RUSTFLAGS=--cap-lints=warn" "-e" "RUSTDOCFLAGS=--cap-lints=warn" "-w" "/opt/rustwide/workdir" "--user" "0:0" "943b18b64375e90e429e6c07acf27f8a05c087de62bdd5d25c62f64fc2ac4cd8" "/opt/rustwide/cargo-home/bin/cargo" "+1.100.0-beta.1" "build" "--frozen" "--message-format=json" "--release", kill_on_drop: false }`
[INFO] [stderr] warning: `package.homepage` is redundant with `package.repository`
[INFO] [stderr]   --> Cargo.toml:27:12
[INFO] [stderr]    |
[INFO] [stderr] 27 | homepage = "https://github.com/daemonfire300/macro-lens-rs"
[INFO] [stderr]    |            ^^^^^^^^^^^^^^^^^^^^^^^^^^^^^^^^^^^^^^^^^^^^^^^^
[INFO] [stderr] ...
[INFO] [stderr] 32 | repository = "https://github.com/daemonfire300/macro-lens-rs"
[INFO] [stderr]    |              ------------------------------------------------
[INFO] [stderr]    |
[INFO] [stderr]    = note: `cargo::redundant_homepage` is set to `warn` by default
[INFO] [stderr] help: consider removing `package.homepage`
[INFO] [stderr] warning: `macro-lens` (manifest) generated 1 warning
[INFO] [stderr]    Compiling syn v2.0.117
[INFO] [stderr]    Compiling macro-lens-derive v2.0.1
[INFO] [stderr]    Compiling macro-lens-macros v2.0.1
[INFO] [stderr]    Compiling macro-lens v2.0.1 (/opt/rustwide/workdir)
[INFO] [stderr]     Finished `release` profile [optimized] target(s) in 5.12s
[INFO] running `Command { std: "docker" "inspect" "943b18b64375e90e429e6c07acf27f8a05c087de62bdd5d25c62f64fc2ac4cd8", kill_on_drop: false }`
[INFO] running `Command { std: "docker" "exec" "-e" "SOURCE_DIR=/opt/rustwide/workdir" "-e" "CARGO_HOME=/opt/rustwide/cargo-home" "-e" "RUSTUP_HOME=/opt/rustwide/rustup-home" "-e" "CARGO_TARGET_DIR=/opt/rustwide/target" "-e" "CARGO_INCREMENTAL=0" "-e" "RUST_BACKTRACE=full" "-e" "RUSTFLAGS=--cap-lints=warn" "-e" "RUSTDOCFLAGS=--cap-lints=warn" "-w" "/opt/rustwide/workdir" "--user" "0:0" "943b18b64375e90e429e6c07acf27f8a05c087de62bdd5d25c62f64fc2ac4cd8" "/opt/rustwide/cargo-home/bin/cargo" "+1.100.0-beta.1" "test" "--frozen" "--no-run" "--message-format=json" "--release", kill_on_drop: false }`
[INFO] [stderr] warning: `package.homepage` is redundant with `package.repository`
[INFO] [stderr]   --> Cargo.toml:27:12
[INFO] [stderr]    |
[INFO] [stderr] 27 | homepage = "https://github.com/daemonfire300/macro-lens-rs"
[INFO] [stderr]    |            ^^^^^^^^^^^^^^^^^^^^^^^^^^^^^^^^^^^^^^^^^^^^^^^^
[INFO] [stderr] ...
[INFO] [stderr] 32 | repository = "https://github.com/daemonfire300/macro-lens-rs"
[INFO] [stderr]    |              ------------------------------------------------
[INFO] [stderr]    |
[INFO] [stderr]    = note: `cargo::redundant_homepage` is set to `warn` by default
[INFO] [stderr] help: consider removing `package.homepage`
[INFO] [stderr] warning: `macro-lens` (manifest) generated 1 warning
[INFO] [stderr]    Compiling serde_core v1.0.228
[INFO] [stderr]    Compiling target-triple v1.0.0
[INFO] [stderr]    Compiling winnow v1.0.3
[INFO] [stderr]    Compiling serde v1.0.228
[INFO] [stderr]    Compiling memchr v2.8.0
[INFO] [stderr]    Compiling toml_writer v1.1.1+spec-1.1.0
[INFO] [stderr]    Compiling glob v0.3.3
[INFO] [stderr]    Compiling termcolor v1.4.1
[INFO] [stderr]    Compiling serde_derive v1.0.228
[INFO] [stderr]    Compiling toml_parser v1.1.2+spec-1.1.0
[INFO] [stderr]    Compiling serde_spanned v1.1.1
[INFO] [stderr]    Compiling toml_datetime v1.1.1+spec-1.1.0
[INFO] [stderr]    Compiling serde_json v1.0.149
[INFO] [stderr]    Compiling toml v1.1.2+spec-1.1.0
[INFO] [stderr]    Compiling trybuild v1.0.116
[INFO] [stderr]    Compiling macro-lens v2.0.1 (/opt/rustwide/workdir)
[INFO] [stderr]     Finished `release` profile [optimized] target(s) in 22.21s
[INFO] running `Command { std: "docker" "inspect" "943b18b64375e90e429e6c07acf27f8a05c087de62bdd5d25c62f64fc2ac4cd8", kill_on_drop: false }`
[INFO] running `Command { std: "docker" "exec" "-e" "SOURCE_DIR=/opt/rustwide/workdir" "-e" "CARGO_HOME=/opt/rustwide/cargo-home" "-e" "RUSTUP_HOME=/opt/rustwide/rustup-home" "-e" "CARGO_TARGET_DIR=/opt/rustwide/target" "-e" "CARGO_INCREMENTAL=0" "-e" "RUST_BACKTRACE=full" "-e" "RUSTFLAGS=--cap-lints=warn" "-e" "RUSTDOCFLAGS=--cap-lints=warn" "-w" "/opt/rustwide/workdir" "--user" "0:0" "943b18b64375e90e429e6c07acf27f8a05c087de62bdd5d25c62f64fc2ac4cd8" "/opt/rustwide/cargo-home/bin/cargo" "+1.100.0-beta.1" "test" "--frozen" "--release", kill_on_drop: false }`
[INFO] [stderr] warning: `package.homepage` is redundant with `package.repository`
[INFO] [stderr]   --> Cargo.toml:27:12
[INFO] [stderr]    |
[INFO] [stderr] 27 | homepage = "https://github.com/daemonfire300/macro-lens-rs"
[INFO] [stderr]    |            ^^^^^^^^^^^^^^^^^^^^^^^^^^^^^^^^^^^^^^^^^^^^^^^^
[INFO] [stderr] ...
[INFO] [stderr] 32 | repository = "https://github.com/daemonfire300/macro-lens-rs"
[INFO] [stderr]    |              ------------------------------------------------
[INFO] [stderr]    |
[INFO] [stderr]    = note: `cargo::redundant_homepage` is set to `warn` by default
[INFO] [stderr] help: consider removing `package.homepage`
[INFO] [stderr] warning: `macro-lens` (manifest) generated 1 warning
[INFO] [stderr]     Finished `release` profile [optimized] target(s) in 0.07s
[INFO] [stderr]      Running unittests src/lib.rs (/opt/rustwide/target/release/build/macro-lens/193f7742a225fc13/out/lens-193f7742a225fc13)
[INFO] [stdout] 
[INFO] [stdout] running 9 tests
[INFO] [stdout] test path::tests::lens_path_constructors_should_work ... ok
[INFO] [stdout] test core::tests::lens_composition_should_work_with_boxed_lenses ... ok
[INFO] [stdout] test path::tests::lens_path_concat_should_work ... ok
[INFO] [stdout] test core::tests::the_lens_macro_should_support_vec_indexing ... ok
[INFO] [stdout] test core::tests::a_basic_lens_should_work ... ok
[INFO] [stdout] test core::tests::a_vec_lens_should_work ... ok
[INFO] [stdout] test path::tests::lens_path_debug_should_work ... ok
[INFO] [stdout] test core::tests::value_lenses_are_generated_for_scalars_and_strings ... ok
[INFO] [stdout] test core::tests::a_vec_lens_panics_with_a_clear_message - should panic ... ok
[INFO] [stdout] 
[INFO] [stdout] test result: ok. 9 passed; 0 failed; 0 ignored; 0 measured; 0 filtered out; finished in 0.01s
[INFO] [stdout] 
[INFO] [stderr]      Running tests/lib.rs (/opt/rustwide/target/release/build/macro-lens/ec2f5978f0f5e15f/out/lib-ec2f5978f0f5e15f)
[INFO] [stdout] 
[INFO] [stdout] running 4 tests
[INFO] [stdout] test value_lenses_work_for_scalars_and_strings ... ok
[INFO] [stderr]      Running tests/ui.rs (/opt/rustwide/target/release/build/macro-lens/eb734582d6aab5f0/out/ui-eb734582d6aab5f0)
[INFO] [stdout] test vec_indexing_is_supported_in_macro_paths ... ok
[INFO] [stdout] test a_simple_nested_data_structure_should_be_lensable ... ok
[INFO] [stdout] test vec_lens_supports_primitives ... ok
[INFO] [stdout] 
[INFO] [stdout] test result: ok. 4 passed; 0 failed; 0 ignored; 0 measured; 0 filtered out; finished in 0.00s
[INFO] [stdout] 
[INFO] [stdout] 
[INFO] [stdout] running 1 test
[INFO] [stderr] warning: `package.homepage` is redundant with `package.repository`
[INFO] [stderr]   --> /opt/rustwide/workdir/Cargo.toml:27:12
[INFO] [stderr]    |
[INFO] [stderr] 27 | homepage = "https://github.com/daemonfire300/macro-lens-rs"
[INFO] [stderr]    |            ^^^^^^^^^^^^^^^^^^^^^^^^^^^^^^^^^^^^^^^^^^^^^^^^
[INFO] [stderr] ...
[INFO] [stderr] 32 | repository = "https://github.com/daemonfire300/macro-lens-rs"
[INFO] [stderr]    |              ------------------------------------------------
[INFO] [stderr]    |
[INFO] [stderr]    = note: `cargo::redundant_homepage` is set to `warn` by default
[INFO] [stderr] help: consider removing `package.homepage`
[INFO] [stderr] warning: `macro-lens` (manifest) generated 1 warning
[INFO] [stderr]    Compiling proc-macro2 v1.0.106
[INFO] [stderr]    Compiling quote v1.0.45
[INFO] [stderr]    Compiling unicode-ident v1.0.24
[INFO] [stderr]    Compiling syn v2.0.117
[INFO] [stderr]    Compiling macro-lens-derive v2.0.1
[INFO] [stderr]    Compiling macro-lens-macros v2.0.1
[INFO] [stderr]    Compiling macro-lens v2.0.1 (/opt/rustwide/workdir)
[INFO] [stderr]    Compiling macro-lens-tests v0.0.0 (/opt/rustwide/target/tests/trybuild/macro-lens)
[INFO] [stderr]     Finished `dev` profile [unoptimized + debuginfo] target(s) in 7.79s
[INFO] [stderr] 
[INFO] [stderr] 
[INFO] [stderr] test tests/ui/pass/pub_crate_visibility.rs [should pass] ... ok
[INFO] [stderr] 
[INFO] [stderr] STDERR:
[INFO] [stderr] ┈┈┈┈┈┈┈┈┈┈┈┈┈┈┈┈┈┈┈┈┈┈┈┈┈┈┈┈┈┈┈┈┈┈┈┈┈┈┈┈┈┈┈┈┈┈┈┈┈┈┈┈┈┈┈┈┈┈┈┈
[INFO] [stderr] warning: `package.homepage` is redundant with `package.repository`
[INFO] [stderr]   --> /opt/rustwide/workdir/Cargo.toml:27:12
[INFO] [stderr]    |
[INFO] [stderr] 27 | homepage = "https://github.com/daemonfire300/macro-lens-rs"
[INFO] [stderr]    |            ^^^^^^^^^^^^^^^^^^^^^^^^^^^^^^^^^^^^^^^^^^^^^^^^
[INFO] [stderr] ...
[INFO] [stderr] 32 | repository = "https://github.com/daemonfire300/macro-lens-rs"
[INFO] [stderr]    |              ------------------------------------------------
[INFO] [stderr]    |
[INFO] [stderr]    = note: `cargo::redundant_homepage` is set to `warn` by default
[INFO] [stderr] help: consider removing `package.homepage`
[INFO] [stderr] ┈┈┈┈┈┈┈┈┈┈┈┈┈┈┈┈┈┈┈┈┈┈┈┈┈┈┈┈┈┈┈┈┈┈┈┈┈┈┈┈┈┈┈┈┈┈┈┈┈┈┈┈┈┈┈┈┈┈┈┈
[INFO] [stderr] 
[INFO] [stderr] test tests/ui/pass/vec_indexing.rs [should pass] ... ok
[INFO] [stderr] 
[INFO] [stderr] STDERR:
[INFO] [stderr] ┈┈┈┈┈┈┈┈┈┈┈┈┈┈┈┈┈┈┈┈┈┈┈┈┈┈┈┈┈┈┈┈┈┈┈┈┈┈┈┈┈┈┈┈┈┈┈┈┈┈┈┈┈┈┈┈┈┈┈┈
[INFO] [stderr] warning: `package.homepage` is redundant with `package.repository`
[INFO] [stderr]   --> /opt/rustwide/workdir/Cargo.toml:27:12
[INFO] [stderr]    |
[INFO] [stderr] 27 | homepage = "https://github.com/daemonfire300/macro-lens-rs"
[INFO] [stderr]    |            ^^^^^^^^^^^^^^^^^^^^^^^^^^^^^^^^^^^^^^^^^^^^^^^^
[INFO] [stderr] ...
[INFO] [stderr] 32 | repository = "https://github.com/daemonfire300/macro-lens-rs"
[INFO] [stderr]    |              ------------------------------------------------
[INFO] [stderr]    |
[INFO] [stderr]    = note: `cargo::redundant_homepage` is set to `warn` by default
[INFO] [stderr] help: consider removing `package.homepage`
[INFO] [stderr] ┈┈┈┈┈┈┈┈┈┈┈┈┈┈┈┈┈┈┈┈┈┈┈┈┈┈┈┈┈┈┈┈┈┈┈┈┈┈┈┈┈┈┈┈┈┈┈┈┈┈┈┈┈┈┈┈┈┈┈┈
[INFO] [stderr] 
[INFO] [stderr] test tests/ui/fail/invalid_root.rs [should fail to compile] ... ok
[INFO] [stderr] test tests/ui/fail/non_vec_index.rs [should fail to compile] ... mismatch
[INFO] [stderr] 
[INFO] [stderr] EXPECTED:
[INFO] [stderr] ┈┈┈┈┈┈┈┈┈┈┈┈┈┈┈┈┈┈┈┈┈┈┈┈┈┈┈┈┈┈┈┈┈┈┈┈┈┈┈┈┈┈┈┈┈┈┈┈┈┈┈┈┈┈┈┈┈┈┈┈
[INFO] [stderr] error[E0609]: no field `value_item` on type `RootLenses`
[INFO] [stderr]  --> tests/ui/fail/non_vec_index.rs:9:13
[INFO] [stderr]   |
[INFO] [stderr] 9 |     let _ = lens!(Root.value[0]);
[INFO] [stderr]   |             ^^^^^^^^^^^^^^^^^^^^ unknown field
[INFO] [stderr]   |
[INFO] [stderr]   = note: this error originates in the macro `lens` (in Nightly builds, run with -Z macro-backtrace for more info)
[INFO] [stderr] 
[INFO] [stderr] error[E0271]: type mismatch resolving `<VecLens<_> as Lens>::Source == u32`
[INFO] [stderr]  --> tests/ui/fail/non_vec_index.rs:9:13
[INFO] [stderr]   |
[INFO] [stderr] 9 |     let _ = lens!(Root.value[0]);
[INFO] [stderr]   |             ^^^^^^^^^^^^^^^^^^^^
[INFO] [stderr]   |             |
[INFO] [stderr]   |             expected `u32`, found `Vec<_>`
[INFO] [stderr]   |             required by a bound introduced by this call
[INFO] [stderr]   |
[INFO] [stderr]   = note: expected type `u32`
[INFO] [stderr]            found struct `Vec<_>`
[INFO] [stderr] note: required by a bound in `compose`
[INFO] [stderr]  --> src/core.rs
[INFO] [stderr]   |
[INFO] [stderr]   | pub fn compose<LHS, RHS>(lhs: LHS, rhs: RHS) -> ComposedLens<LHS, RHS>
[INFO] [stderr]   |        ------- required by a bound in this function
[INFO] [stderr] ...
[INFO] [stderr]   |     RHS: Lens<Source = LHS::Target>,
[INFO] [stderr]   |               ^^^^^^^^^^^^^^^^^^^^ required by this bound in `compose`
[INFO] [stderr]   = note: this error originates in the macro `lens` (in Nightly builds, run with -Z macro-backtrace for more info)
[INFO] [stderr] ┈┈┈┈┈┈┈┈┈┈┈┈┈┈┈┈┈┈┈┈┈┈┈┈┈┈┈┈┈┈┈┈┈┈┈┈┈┈┈┈┈┈┈┈┈┈┈┈┈┈┈┈┈┈┈┈┈┈┈┈
[INFO] [stderr] 
[INFO] [stderr] ACTUAL OUTPUT:
[INFO] [stderr] ┈┈┈┈┈┈┈┈┈┈┈┈┈┈┈┈┈┈┈┈┈┈┈┈┈┈┈┈┈┈┈┈┈┈┈┈┈┈┈┈┈┈┈┈┈┈┈┈┈┈┈┈┈┈┈┈┈┈┈┈
[INFO] [stderr] error[E0609]: no field `value_item` on type `RootLenses`
[INFO] [stderr]  --> tests/ui/fail/non_vec_index.rs:9:13
[INFO] [stderr]   |
[INFO] [stderr] 9 |     let _ = lens!(Root.value[0]);
[INFO] [stderr]   |             ^^^^^^^^^^^^^^^^^^^^ unknown field
[INFO] [stderr]   |
[INFO] [stderr]   = note: this error originates in the macro `lens` (in Nightly builds, run with -Z macro-backtrace for more info)
[INFO] [stderr] 
[INFO] [stderr] error[E0271]: type mismatch resolving `<VecLens<_> as Lens>::Source == u32`
[INFO] [stderr]  --> tests/ui/fail/non_vec_index.rs:9:13
[INFO] [stderr]   |
[INFO] [stderr] 9 |     let _ = lens!(Root.value[0]);
[INFO] [stderr]   |             ^^^^^^^^^^^^^^^^^^^^
[INFO] [stderr]   |             |
[INFO] [stderr]   |             expected `u32`, found `Vec<_>`
[INFO] [stderr]   |             required by a bound introduced by this call
[INFO] [stderr]   |
[INFO] [stderr]   = note: expected type `u32`
[INFO] [stderr]            found struct `Vec<_>`
[INFO] [stderr] note: required by a bound in `compose`
[INFO] [stderr]  --> src/core.rs
[INFO] [stderr]   |
[INFO] [stderr]   | pub fn compose<LHS, RHS>(lhs: LHS, rhs: RHS) -> ComposedLens<LHS, RHS>
[INFO] [stderr] ...
[INFO] [stderr]   |     RHS: Lens<Source = LHS::Target>,
[INFO] [stderr]   |               ^^^^^^^^^^^^^^^^^^^^ required by this bound in `compose`
[INFO] [stderr]   = note: this error originates in the macro `lens` (in Nightly builds, run with -Z macro-backtrace for more info)
[INFO] [stderr] ┈┈┈┈┈┈┈┈┈┈┈┈┈┈┈┈┈┈┈┈┈┈┈┈┈┈┈┈┈┈┈┈┈┈┈┈┈┈┈┈┈┈┈┈┈┈┈┈┈┈┈┈┈┈┈┈┈┈┈┈
[INFO] [stderr] note: If the actual output is the correct output you can bless it by rerunning
[INFO] [stderr]       your test with the environment variable TRYBUILD=overwrite
[INFO] [stderr] 
[INFO] [stderr] test tests/ui/fail/tuple_struct.rs [should fail to compile] ... ok
[INFO] [stderr] 
[INFO] [stderr] 
[INFO] [stderr] error: test failed, to rerun pass `--test ui`
[INFO] [stdout] test ui_coverage_matches_supported_macro_shapes ... FAILED
[INFO] [stdout] 
[INFO] [stdout] failures:
[INFO] [stdout] 
[INFO] [stdout] ---- ui_coverage_matches_supported_macro_shapes stdout ----
[INFO] [stdout] 
[INFO] [stdout] thread 'ui_coverage_matches_supported_macro_shapes' (636) panicked at /opt/rustwide/cargo-home/registry/src/index.crates.io-1949cf8c6b5b557f/trybuild-1.0.116/src/run.rs:102:13:
[INFO] [stdout] 1 of 5 tests failed
[INFO] [stdout] stack backtrace:
[INFO] [stdout]    0:     0x6518e7691b41 - <<std[617be2ca0a6fd877]::sys::backtrace::BacktraceLock>::print::DisplayBacktrace as core[a373ad73a504971]::fmt::Display>::fmt
[INFO] [stdout]    1:     0x6518e76a7e2a - core[a373ad73a504971]::fmt::write
[INFO] [stdout]    2:     0x6518e769638c - <alloc[2e1b2a31b91974c5]::vec::Vec<u8> as core[a373ad73a504971]::io::write::Write>::write_fmt
[INFO] [stdout]    3:     0x6518e766afa6 - std[617be2ca0a6fd877]::panicking::default_hook::{closure#0}
[INFO] [stdout]    4:     0x6518e76890e9 - std[617be2ca0a6fd877]::panicking::default_hook
[INFO] [stdout]    5:     0x6518e76226f0 - test[aada8e7e76ba119b]::test_main_inner::{closure#0}
[INFO] [stdout]    6:     0x6518e76892a2 - std[617be2ca0a6fd877]::panicking::panic_with_hook
[INFO] [stdout]    7:     0x6518e766b052 - std[617be2ca0a6fd877]::panicking::panic_handler::{closure#0}
[INFO] [stdout]    8:     0x6518e76638a9 - std[617be2ca0a6fd877]::sys::backtrace::__rust_end_short_backtrace::<std[617be2ca0a6fd877]::panicking::panic_handler::{closure#0}, !>
[INFO] [stdout]    9:     0x6518e766bc5d - __rustc[ea4f61d10b84890b]::rust_begin_unwind
[INFO] [stdout]   10:     0x6518e76a859c - core[a373ad73a504971]::panicking::panic_fmt
[INFO] [stdout]   11:     0x6518e7574bcb - <trybuild[a82125716e25c106]::Runner>::run
[INFO] [stdout]   12:     0x6518e7577ce0 - <trybuild[a82125716e25c106]::TestCases as core[a373ad73a504971]::ops::drop::Drop>::drop
[INFO] [stdout]   13:     0x6518e756df06 - ui[f90b9816189ff028]::ui_coverage_matches_supported_macro_shapes
[INFO] [stdout]   14:     0x6518e756e139 - <ui[f90b9816189ff028]::ui_coverage_matches_supported_macro_shapes::{closure#0} as core[a373ad73a504971]::ops::function::FnOnce<()>>::call_once
[INFO] [stdout]   15:     0x6518e7615b3b - test[aada8e7e76ba119b]::__rust_begin_short_backtrace::<core[a373ad73a504971]::result::Result<(), alloc[2e1b2a31b91974c5]::string::String>, fn() -> core[a373ad73a504971]::result::Result<(), alloc[2e1b2a31b91974c5]::string::String>>
[INFO] [stdout]   16:     0x6518e7622d15 - test[aada8e7e76ba119b]::run_test::{closure#0}
[INFO] [stdout]   17:     0x6518e761c604 - std[617be2ca0a6fd877]::sys::backtrace::__rust_begin_short_backtrace::<test[aada8e7e76ba119b]::run_test::{closure#1}, ()>
[INFO] [stdout]   18:     0x6518e7625da2 - <std[617be2ca0a6fd877]::thread::lifecycle::spawn_unchecked<test[aada8e7e76ba119b]::run_test::{closure#1}, ()>::{closure#1} as core[a373ad73a504971]::ops::function::FnOnce<()>>::call_once::{shim:vtable#0}
[INFO] [stdout]   19:     0x6518e7690d9f - <std[617be2ca0a6fd877]::sys::thread::unix::Thread>::new::thread_start
[INFO] [stdout]   20:     0x7a5fd06c5dfa - <unknown>
[INFO] [stdout]   21:     0x7a5fd07593d4 - clone
[INFO] [stdout]   22:                0x0 - <unknown>
[INFO] [stdout] 
[INFO] [stdout] 
[INFO] [stdout] failures:
[INFO] [stdout]     ui_coverage_matches_supported_macro_shapes
[INFO] [stdout] 
[INFO] [stdout] test result: FAILED. 0 passed; 1 failed; 0 ignored; 0 measured; 0 filtered out; finished in 9.55s
[INFO] [stdout] 
[INFO] running `Command { std: "docker" "inspect" "943b18b64375e90e429e6c07acf27f8a05c087de62bdd5d25c62f64fc2ac4cd8", kill_on_drop: false }`
[INFO] running `Command { std: "docker" "rm" "-f" "943b18b64375e90e429e6c07acf27f8a05c087de62bdd5d25c62f64fc2ac4cd8", kill_on_drop: false }`
[INFO] [stdout] 943b18b64375e90e429e6c07acf27f8a05c087de62bdd5d25c62f64fc2ac4cd8
