[INFO] fetching crate lateral 0.3.1...
[INFO] testing lateral-0.3.1 against 1.100.0-beta.1+cargoflags=--release for beta-release-1.100-3
[INFO] extracting crate lateral 0.3.1 into /workspace/builds/worker-7-tc2/source
[INFO] started tweaking crates.io crate lateral 0.3.1
[INFO] finished tweaking crates.io crate lateral 0.3.1
[INFO] tweaked toml for crates.io crate lateral 0.3.1 written to /workspace/builds/worker-7-tc2/source/Cargo.toml
[INFO] validating manifest of crates.io crate lateral 0.3.1 on toolchain 1.100.0-beta.1
[INFO] running `Command { std: CARGO_HOME="/workspace/cargo-home" RUSTUP_HOME="/workspace/rustup-home" "/workspace/cargo-home/bin/cargo" "+1.100.0-beta.1" "metadata" "--manifest-path" "Cargo.toml" "--no-deps", kill_on_drop: false }`
[INFO] crate crates.io crate lateral 0.3.1 already has a lockfile, it will not be regenerated
[INFO] running `Command { std: CARGO_HOME="/workspace/cargo-home" RUSTUP_HOME="/workspace/rustup-home" "/workspace/cargo-home/bin/cargo" "+1.100.0-beta.1" "fetch" "--manifest-path" "Cargo.toml", kill_on_drop: false }`
[INFO] running `Command { std: "docker" "create" "-v" "/var/lib/crater-agent-workspace/builds/worker-7-tc2/source:/opt/rustwide/workdir:ro,Z" "-v" "/var/lib/crater-agent-workspace/builds/worker-7-tc2/target:/opt/rustwide/target:rw,Z" "-v" "/var/lib/crater-agent-workspace/cargo-home:/opt/rustwide/cargo-home:ro,Z" "-v" "/var/lib/crater-agent-workspace/rustup-home:/opt/rustwide/rustup-home:ro,Z" "-m" "1610612736" "--network" "none" "ghcr.io/rust-lang/crates-build-env/linux@sha256:77db811e55d90add9212f6832c23229e3de5f1c1f9905e8cb07319ea15df73ac" "sleep" "infinity", kill_on_drop: false }`
[INFO] [stdout] 185cd28c67c955e85b41a6f8f9df569b9290027b1db63b39af3e85408e3f51fc
[INFO] running `Command { std: "docker" "start" "185cd28c67c955e85b41a6f8f9df569b9290027b1db63b39af3e85408e3f51fc", kill_on_drop: false }`
[INFO] running `Command { std: "docker" "inspect" "185cd28c67c955e85b41a6f8f9df569b9290027b1db63b39af3e85408e3f51fc", kill_on_drop: false }`
[INFO] running `Command { std: "docker" "exec" "-e" "SOURCE_DIR=/opt/rustwide/workdir" "-e" "CARGO_HOME=/opt/rustwide/cargo-home" "-e" "RUSTUP_HOME=/opt/rustwide/rustup-home" "-e" "CARGO_TARGET_DIR=/opt/rustwide/target" "-w" "/opt/rustwide/workdir" "--user" "0:0" "185cd28c67c955e85b41a6f8f9df569b9290027b1db63b39af3e85408e3f51fc" "/opt/rustwide/cargo-home/bin/cargo" "+1.100.0-beta.1" "metadata" "--no-deps" "--format-version=1", kill_on_drop: false }`
[INFO] running `Command { std: "docker" "inspect" "185cd28c67c955e85b41a6f8f9df569b9290027b1db63b39af3e85408e3f51fc", kill_on_drop: false }`
[INFO] running `Command { std: "docker" "exec" "-e" "SOURCE_DIR=/opt/rustwide/workdir" "-e" "CARGO_HOME=/opt/rustwide/cargo-home" "-e" "RUSTUP_HOME=/opt/rustwide/rustup-home" "-e" "CARGO_TARGET_DIR=/opt/rustwide/target" "-e" "CARGO_INCREMENTAL=0" "-e" "RUST_BACKTRACE=full" "-e" "RUSTFLAGS=--cap-lints=warn" "-e" "RUSTDOCFLAGS=--cap-lints=warn" "-w" "/opt/rustwide/workdir" "--user" "0:0" "185cd28c67c955e85b41a6f8f9df569b9290027b1db63b39af3e85408e3f51fc" "/opt/rustwide/cargo-home/bin/cargo" "+1.100.0-beta.1" "build" "--frozen" "--message-format=json" "--release", kill_on_drop: false }`
[INFO] [stderr]    Compiling libc v0.2.141
[INFO] [stderr]    Compiling log v0.4.17
[INFO] [stderr]    Compiling proc-macro2 v0.4.30
[INFO] [stderr]    Compiling num-traits v0.2.15
[INFO] [stderr]    Compiling unicode-xid v0.1.0
[INFO] [stderr]    Compiling proc-macro2 v1.0.56
[INFO] [stderr]    Compiling num-integer v0.1.45
[INFO] [stderr]    Compiling crossbeam-utils v0.8.15
[INFO] [stderr]    Compiling quote v1.0.26
[INFO] [stderr]    Compiling syn v0.15.44
[INFO] [stderr]    Compiling unicode-segmentation v1.10.1
[INFO] [stderr]    Compiling serde v1.0.159
[INFO] [stderr]    Compiling regex-syntax v0.6.29
[INFO] [stderr]    Compiling aho-corasick v0.7.20
[INFO] [stderr]    Compiling humantime v1.3.0
[INFO] [stderr]    Compiling textwrap v0.11.0
[INFO] [stderr]    Compiling iana-time-zone v0.1.56
[INFO] [stderr]    Compiling serde_derive v1.0.159
[INFO] [stderr]    Compiling ansi_term v0.12.1
[INFO] [stderr]    Compiling strsim v0.8.0
[INFO] [stderr]    Compiling serde_json v1.0.95
[INFO] [stderr]    Compiling vec_map v0.8.2
[INFO] [stderr]    Compiling termcolor v1.2.0
[INFO] [stderr]    Compiling nix v0.11.1
[INFO] [stderr]    Compiling crossbeam-channel v0.5.7
[INFO] [stderr]    Compiling ansi_term v0.11.0
[INFO] [stderr]    Compiling published_value v0.1.2
[INFO] [stderr]    Compiling void v1.0.2
[INFO] [stderr]    Compiling quote v0.6.13
[INFO] [stderr]    Compiling take_mut v0.2.2
[INFO] [stderr]    Compiling heck v0.3.3
[INFO] [stderr]    Compiling workpool v0.2.1
[INFO] [stderr]    Compiling syn v2.0.13
[INFO] [stderr]    Compiling atty v0.2.14
[INFO] [stderr]    Compiling time v0.1.45
[INFO] [stderr]    Compiling net2 v0.2.38
[INFO] [stderr]    Compiling iovec v0.1.4
[INFO] [stderr]    Compiling dirs v1.0.5
[INFO] [stderr]    Compiling clap v2.34.0
[INFO] [stderr]    Compiling regex v1.7.3
[INFO] [stderr]    Compiling structopt-derive v0.2.18
[INFO] [stderr]    Compiling chrono v0.4.24
[INFO] [stderr]    Compiling mio v0.6.23
[INFO] [stderr]    Compiling stoppable_listener v0.1.0
[INFO] [stderr]    Compiling env_logger v0.5.13
[INFO] [stderr]    Compiling pretty_env_logger v0.2.5
[INFO] [stderr]    Compiling structopt v0.2.18
[INFO] [stderr]    Compiling lateral v0.3.1 (/opt/rustwide/workdir)
[INFO] [stdout] warning: unnecessary parentheses around type
[INFO] [stdout]    --> src/lib.rs:314:33
[INFO] [stdout]     |
[INFO] [stdout] 314 |         let mut cmsg: CmsgSpace<([RawFd; 1024])> = CmsgSpace::new();
[INFO] [stdout]     |                                 ^             ^
[INFO] [stdout]     |
[INFO] [stdout]     = note: `#[warn(unused_parens)]` (part of `#[warn(unused)]`) on by default
[INFO] [stdout] help: remove these parentheses
[INFO] [stdout]     |
[INFO] [stdout] 314 -         let mut cmsg: CmsgSpace<([RawFd; 1024])> = CmsgSpace::new();
[INFO] [stdout] 314 +         let mut cmsg: CmsgSpace<[RawFd; 1024]> = CmsgSpace::new();
[INFO] [stdout]     |
[INFO] [stdout] 
[INFO] [stdout] 
[INFO] [stdout] warning: use of deprecated method `std::os::unix::process::CommandExt::before_exec`: should be unsafe, use `pre_exec` instead
[INFO] [stdout]    --> src/cmds/start.rs:257:13
[INFO] [stdout]     |
[INFO] [stdout] 257 |         cmd.before_exec(move || {
[INFO] [stdout]     |             ^^^^^^^^^^^
[INFO] [stdout]     |
[INFO] [stdout]     = note: `#[warn(deprecated)]` on by default
[INFO] [stdout] 
[INFO] [stdout] 
[INFO] [stdout] warning: hiding a lifetime that's elided elsewhere is confusing
[INFO] [stdout]   --> src/cmds/start.rs:56:13
[INFO] [stdout]    |
[INFO] [stdout] 56 |     fn lock(&self) -> MutexGuard<ServerData<'a>> {
[INFO] [stdout]    |             ^^^^^     ^^^^^^^^^^^^^^^^^^^^^^^^^^ the same lifetime is hidden here
[INFO] [stdout]    |             |
[INFO] [stdout]    |             the lifetime is elided here
[INFO] [stdout]    |
[INFO] [stdout]    = help: the same lifetime is referred to in inconsistent ways, making the signature confusing
[INFO] [stdout]    = note: `#[warn(mismatched_lifetime_syntaxes)]` on by default
[INFO] [stdout] help: use `'_` for type paths
[INFO] [stdout]    |
[INFO] [stdout] 56 |     fn lock(&self) -> MutexGuard<'_, ServerData<'a>> {
[INFO] [stdout]    |                                  +++
[INFO] [stdout] 
[INFO] [stdout] 
[INFO] [stdout] warning: unused `Result` that must be used
[INFO] [stdout]    --> src/cmds/start.rs:112:25
[INFO] [stdout]     |
[INFO] [stdout] 112 |                         tx.send(socket);
[INFO] [stdout]     |                         ^^^^^^^^^^^^^^^
[INFO] [stdout]     |
[INFO] [stdout]     = note: this `Result` may be an `Err` variant, which should be handled
[INFO] [stdout]     = note: `#[warn(unused_must_use)]` (part of `#[warn(unused)]`) on by default
[INFO] [stdout] help: use `let _ = ...` to ignore the resulting value
[INFO] [stdout]     |
[INFO] [stdout] 112 |                         let _ = tx.send(socket);
[INFO] [stdout]     |                         +++++++
[INFO] [stdout] 
[INFO] [stdout] 
[INFO] [stderr]     Finished `release` profile [optimized] target(s) in 33.74s
[INFO] running `Command { std: "docker" "inspect" "185cd28c67c955e85b41a6f8f9df569b9290027b1db63b39af3e85408e3f51fc", kill_on_drop: false }`
[INFO] running `Command { std: "docker" "exec" "-e" "SOURCE_DIR=/opt/rustwide/workdir" "-e" "CARGO_HOME=/opt/rustwide/cargo-home" "-e" "RUSTUP_HOME=/opt/rustwide/rustup-home" "-e" "CARGO_TARGET_DIR=/opt/rustwide/target" "-e" "CARGO_INCREMENTAL=0" "-e" "RUST_BACKTRACE=full" "-e" "RUSTFLAGS=--cap-lints=warn" "-e" "RUSTDOCFLAGS=--cap-lints=warn" "-w" "/opt/rustwide/workdir" "--user" "0:0" "185cd28c67c955e85b41a6f8f9df569b9290027b1db63b39af3e85408e3f51fc" "/opt/rustwide/cargo-home/bin/cargo" "+1.100.0-beta.1" "test" "--frozen" "--no-run" "--message-format=json" "--release", kill_on_drop: false }`
[INFO] [stderr]    Compiling io-lifetimes v1.0.10
[INFO] [stderr]    Compiling rustix v0.37.8
[INFO] [stderr]    Compiling linux-raw-sys v0.3.1
[INFO] [stderr]    Compiling fastrand v1.9.0
[INFO] [stdout] warning: unnecessary parentheses around type
[INFO] [stdout]    --> src/lib.rs:314:33
[INFO] [stdout]     |
[INFO] [stdout] 314 |         let mut cmsg: CmsgSpace<([RawFd; 1024])> = CmsgSpace::new();
[INFO] [stdout]     |                                 ^             ^
[INFO] [stdout]     |
[INFO] [stdout]     = note: `#[warn(unused_parens)]` (part of `#[warn(unused)]`) on by default
[INFO] [stdout] help: remove these parentheses
[INFO] [stdout]     |
[INFO] [stdout] 314 -         let mut cmsg: CmsgSpace<([RawFd; 1024])> = CmsgSpace::new();
[INFO] [stdout] 314 +         let mut cmsg: CmsgSpace<[RawFd; 1024]> = CmsgSpace::new();
[INFO] [stdout]     |
[INFO] [stdout] 
[INFO] [stdout] 
[INFO] [stdout] warning: use of deprecated method `std::os::unix::process::CommandExt::before_exec`: should be unsafe, use `pre_exec` instead
[INFO] [stdout]    --> src/cmds/start.rs:257:13
[INFO] [stdout]     |
[INFO] [stdout] 257 |         cmd.before_exec(move || {
[INFO] [stdout]     |             ^^^^^^^^^^^
[INFO] [stdout]     |
[INFO] [stdout]     = note: `#[warn(deprecated)]` on by default
[INFO] [stdout] 
[INFO] [stdout] 
[INFO] [stdout] warning: hiding a lifetime that's elided elsewhere is confusing
[INFO] [stdout]   --> src/cmds/start.rs:56:13
[INFO] [stdout]    |
[INFO] [stdout] 56 |     fn lock(&self) -> MutexGuard<ServerData<'a>> {
[INFO] [stdout]    |             ^^^^^     ^^^^^^^^^^^^^^^^^^^^^^^^^^ the same lifetime is hidden here
[INFO] [stdout]    |             |
[INFO] [stdout]    |             the lifetime is elided here
[INFO] [stdout]    |
[INFO] [stdout]    = help: the same lifetime is referred to in inconsistent ways, making the signature confusing
[INFO] [stdout]    = note: `#[warn(mismatched_lifetime_syntaxes)]` on by default
[INFO] [stdout] help: use `'_` for type paths
[INFO] [stdout]    |
[INFO] [stdout] 56 |     fn lock(&self) -> MutexGuard<'_, ServerData<'a>> {
[INFO] [stdout]    |                                  +++
[INFO] [stdout] 
[INFO] [stdout] 
[INFO] [stdout] warning: unused `Result` that must be used
[INFO] [stdout]    --> src/cmds/start.rs:112:25
[INFO] [stdout]     |
[INFO] [stdout] 112 |                         tx.send(socket);
[INFO] [stdout]     |                         ^^^^^^^^^^^^^^^
[INFO] [stdout]     |
[INFO] [stdout]     = note: this `Result` may be an `Err` variant, which should be handled
[INFO] [stdout]     = note: `#[warn(unused_must_use)]` (part of `#[warn(unused)]`) on by default
[INFO] [stdout] help: use `let _ = ...` to ignore the resulting value
[INFO] [stdout]     |
[INFO] [stdout] 112 |                         let _ = tx.send(socket);
[INFO] [stdout]     |                         +++++++
[INFO] [stdout] 
[INFO] [stdout] 
[INFO] [stderr]    Compiling tempfile v3.5.0
[INFO] [stderr]    Compiling lateral v0.3.1 (/opt/rustwide/workdir)
[INFO] [stdout] warning: unnecessary parentheses around type
[INFO] [stdout]    --> src/lib.rs:314:33
[INFO] [stdout]     |
[INFO] [stdout] 314 |         let mut cmsg: CmsgSpace<([RawFd; 1024])> = CmsgSpace::new();
[INFO] [stdout]     |                                 ^             ^
[INFO] [stdout]     |
[INFO] [stdout]     = note: `#[warn(unused_parens)]` (part of `#[warn(unused)]`) on by default
[INFO] [stdout] help: remove these parentheses
[INFO] [stdout]     |
[INFO] [stdout] 314 -         let mut cmsg: CmsgSpace<([RawFd; 1024])> = CmsgSpace::new();
[INFO] [stdout] 314 +         let mut cmsg: CmsgSpace<[RawFd; 1024]> = CmsgSpace::new();
[INFO] [stdout]     |
[INFO] [stdout] 
[INFO] [stdout] 
[INFO] [stdout] warning: use of deprecated method `std::os::unix::process::CommandExt::before_exec`: should be unsafe, use `pre_exec` instead
[INFO] [stdout]    --> src/cmds/start.rs:257:13
[INFO] [stdout]     |
[INFO] [stdout] 257 |         cmd.before_exec(move || {
[INFO] [stdout]     |             ^^^^^^^^^^^
[INFO] [stdout]     |
[INFO] [stdout]     = note: `#[warn(deprecated)]` on by default
[INFO] [stdout] 
[INFO] [stdout] 
[INFO] [stdout] warning: hiding a lifetime that's elided elsewhere is confusing
[INFO] [stdout]   --> src/cmds/start.rs:56:13
[INFO] [stdout]    |
[INFO] [stdout] 56 |     fn lock(&self) -> MutexGuard<ServerData<'a>> {
[INFO] [stdout]    |             ^^^^^     ^^^^^^^^^^^^^^^^^^^^^^^^^^ the same lifetime is hidden here
[INFO] [stdout]    |             |
[INFO] [stdout]    |             the lifetime is elided here
[INFO] [stdout]    |
[INFO] [stdout]    = help: the same lifetime is referred to in inconsistent ways, making the signature confusing
[INFO] [stdout]    = note: `#[warn(mismatched_lifetime_syntaxes)]` on by default
[INFO] [stdout] help: use `'_` for type paths
[INFO] [stdout]    |
[INFO] [stdout] 56 |     fn lock(&self) -> MutexGuard<'_, ServerData<'a>> {
[INFO] [stdout]    |                                  +++
[INFO] [stdout] 
[INFO] [stdout] 
[INFO] [stdout] warning: unused `Result` that must be used
[INFO] [stdout]    --> src/cmds/start.rs:112:25
[INFO] [stdout]     |
[INFO] [stdout] 112 |                         tx.send(socket);
[INFO] [stdout]     |                         ^^^^^^^^^^^^^^^
[INFO] [stdout]     |
[INFO] [stdout]     = note: this `Result` may be an `Err` variant, which should be handled
[INFO] [stdout]     = note: `#[warn(unused_must_use)]` (part of `#[warn(unused)]`) on by default
[INFO] [stdout] help: use `let _ = ...` to ignore the resulting value
[INFO] [stdout]     |
[INFO] [stdout] 112 |                         let _ = tx.send(socket);
[INFO] [stdout]     |                         +++++++
[INFO] [stdout] 
[INFO] [stdout] 
[INFO] [stderr]     Finished `release` profile [optimized] target(s) in 4.43s
[INFO] running `Command { std: "docker" "inspect" "185cd28c67c955e85b41a6f8f9df569b9290027b1db63b39af3e85408e3f51fc", kill_on_drop: false }`
[INFO] running `Command { std: "docker" "exec" "-e" "SOURCE_DIR=/opt/rustwide/workdir" "-e" "CARGO_HOME=/opt/rustwide/cargo-home" "-e" "RUSTUP_HOME=/opt/rustwide/rustup-home" "-e" "CARGO_TARGET_DIR=/opt/rustwide/target" "-e" "CARGO_INCREMENTAL=0" "-e" "RUST_BACKTRACE=full" "-e" "RUSTFLAGS=--cap-lints=warn" "-e" "RUSTDOCFLAGS=--cap-lints=warn" "-w" "/opt/rustwide/workdir" "--user" "0:0" "185cd28c67c955e85b41a6f8f9df569b9290027b1db63b39af3e85408e3f51fc" "/opt/rustwide/cargo-home/bin/cargo" "+1.100.0-beta.1" "test" "--frozen" "--release", kill_on_drop: false }`
[INFO] [stderr] warning: unnecessary parentheses around type
[INFO] [stderr]    --> src/lib.rs:314:33
[INFO] [stderr]     |
[INFO] [stderr] 314 |         let mut cmsg: CmsgSpace<([RawFd; 1024])> = CmsgSpace::new();
[INFO] [stderr]     |                                 ^             ^
[INFO] [stderr]     |
[INFO] [stderr]     = note: `#[warn(unused_parens)]` (part of `#[warn(unused)]`) on by default
[INFO] [stderr] help: remove these parentheses
[INFO] [stderr]     |
[INFO] [stderr] 314 -         let mut cmsg: CmsgSpace<([RawFd; 1024])> = CmsgSpace::new();
[INFO] [stderr] 314 +         let mut cmsg: CmsgSpace<[RawFd; 1024]> = CmsgSpace::new();
[INFO] [stderr]     |
[INFO] [stderr] 
[INFO] [stderr] warning: use of deprecated method `std::os::unix::process::CommandExt::before_exec`: should be unsafe, use `pre_exec` instead
[INFO] [stderr]    --> src/cmds/start.rs:257:13
[INFO] [stderr]     |
[INFO] [stderr] 257 |         cmd.before_exec(move || {
[INFO] [stderr]     |             ^^^^^^^^^^^
[INFO] [stderr]     |
[INFO] [stderr]     = note: `#[warn(deprecated)]` on by default
[INFO] [stderr] 
[INFO] [stderr] warning: hiding a lifetime that's elided elsewhere is confusing
[INFO] [stderr]   --> src/cmds/start.rs:56:13
[INFO] [stderr]    |
[INFO] [stderr] 56 |     fn lock(&self) -> MutexGuard<ServerData<'a>> {
[INFO] [stderr]    |             ^^^^^     ^^^^^^^^^^^^^^^^^^^^^^^^^^ the same lifetime is hidden here
[INFO] [stderr]    |             |
[INFO] [stderr]    |             the lifetime is elided here
[INFO] [stderr]    |
[INFO] [stderr]    = help: the same lifetime is referred to in inconsistent ways, making the signature confusing
[INFO] [stderr]    = note: `#[warn(mismatched_lifetime_syntaxes)]` on by default
[INFO] [stderr] help: use `'_` for type paths
[INFO] [stderr]    |
[INFO] [stderr] 56 |     fn lock(&self) -> MutexGuard<'_, ServerData<'a>> {
[INFO] [stderr]    |                                  +++
[INFO] [stderr] 
[INFO] [stderr] warning: unused `Result` that must be used
[INFO] [stderr]    --> src/cmds/start.rs:112:25
[INFO] [stderr]     |
[INFO] [stderr] 112 |                         tx.send(socket);
[INFO] [stderr]     |                         ^^^^^^^^^^^^^^^
[INFO] [stderr]     |
[INFO] [stderr]     = note: this `Result` may be an `Err` variant, which should be handled
[INFO] [stderr]     = note: `#[warn(unused_must_use)]` (part of `#[warn(unused)]`) on by default
[INFO] [stderr] help: use `let _ = ...` to ignore the resulting value
[INFO] [stderr]     |
[INFO] [stderr] 112 |                         let _ = tx.send(socket);
[INFO] [stderr]     |                         +++++++
[INFO] [stderr] 
[INFO] [stderr] warning: `lateral` (lib) generated 4 warnings (run `cargo fix --lib -p lateral` to apply 2 suggestions)
[INFO] [stderr] warning: `lateral` (lib test) generated 4 warnings (4 duplicates)
[INFO] [stderr]     Finished `release` profile [optimized] target(s) in 0.10s
[INFO] [stderr]      Running unittests src/lib.rs (/opt/rustwide/target/release/build/lateral/81f44d5b69f76b0a/out/lateral-81f44d5b69f76b0a)
[INFO] [stdout] 
[INFO] [stdout] running 0 tests
[INFO] [stdout] 
[INFO] [stdout] test result: ok. 0 passed; 0 failed; 0 ignored; 0 measured; 0 filtered out; finished in 0.00s
[INFO] [stdout] 
[INFO] [stderr]      Running unittests src/main.rs (/opt/rustwide/target/release/build/lateral/5a1d6118dcebaaf2/out/lateral-5a1d6118dcebaaf2)
[INFO] [stdout] 
[INFO] [stdout] running 0 tests
[INFO] [stdout] 
[INFO] [stdout] test result: ok. 0 passed; 0 failed; 0 ignored; 0 measured; 0 filtered out; finished in 0.00s
[INFO] [stdout] 
[INFO] [stderr]      Running tests/basic.rs (/opt/rustwide/target/release/build/lateral/3b082b843ca61d52/out/basic-3b082b843ca61d52)
[INFO] [stdout] 
[INFO] [stdout] running 8 tests
[INFO] [stdout] test max_paralleism::twenty ... FAILED
[INFO] [stdout] test max_paralleism::two ... FAILED
[INFO] [stdout] test pause ... FAILED
[INFO] [stdout] test basic ... FAILED
[INFO] [stdout] test pause_from_beginning ... FAILED
[INFO] [stdout] test max_paralleism::one ... FAILED
[INFO] [stdout] test max_paralleism::ten ... FAILED
[INFO] [stdout] test exit_status ... FAILED
[INFO] [stdout] 
[INFO] [stdout] failures:
[INFO] [stdout] 
[INFO] [stdout] ---- max_paralleism::twenty stdout ----
[INFO] [stdout] 
[INFO] [stdout] thread 'max_paralleism::twenty' (1471) panicked at tests/basic.rs:66:14:
[INFO] [stdout] failed to start lateral: Os { code: 2, kind: NotFound, message: "No such file or directory" }
[INFO] [stdout] stack backtrace:
[INFO] [stderr] error: test failed, to rerun pass `--test basic`
[INFO] [stdout]    0:     0x596a51665ee1 - <<std[617be2ca0a6fd877]::sys::backtrace::BacktraceLock>::print::DisplayBacktrace as core[a373ad73a504971]::fmt::Display>::fmt
[INFO] [stdout]    1:     0x596a5167a13a - core[a373ad73a504971]::fmt::write
[INFO] [stdout]    2:     0x596a5166a35c - <alloc[2e1b2a31b91974c5]::vec::Vec<u8> as core[a373ad73a504971]::io::write::Write>::write_fmt
[INFO] [stdout]    3:     0x596a51640a26 - std[617be2ca0a6fd877]::panicking::default_hook::{closure#0}
[INFO] [stdout]    4:     0x596a5165dd99 - std[617be2ca0a6fd877]::panicking::default_hook
[INFO] [stdout]    5:     0x596a515f8480 - test[aada8e7e76ba119b]::test_main_inner::{closure#0}
[INFO] [stdout]    6:     0x596a5165df52 - std[617be2ca0a6fd877]::panicking::panic_with_hook
[INFO] [stdout]    7:     0x596a51640ad2 - std[617be2ca0a6fd877]::panicking::panic_handler::{closure#0}
[INFO] [stdout]    8:     0x596a516396c9 - std[617be2ca0a6fd877]::sys::backtrace::__rust_end_short_backtrace::<std[617be2ca0a6fd877]::panicking::panic_handler::{closure#0}, !>
[INFO] [stdout]    9:     0x596a516416dd - __rustc[ea4f61d10b84890b]::rust_begin_unwind
[INFO] [stdout]   10:     0x596a5167a86c - core[a373ad73a504971]::panicking::panic_fmt
[INFO] [stdout]   11:     0x596a5167a642 - core[a373ad73a504971]::result::unwrap_failed
[INFO] [stdout]   12:     0x596a515e9055 - <basic[aea27087a83710d5]::TestHarness>::run_lateral_cmd::<&[&str; 1usize], &&str>
[INFO] [stdout]   13:     0x596a515ea0b4 - <basic[aea27087a83710d5]::TestHarness>::new
[INFO] [stdout]   14:     0x596a515e89e6 - <basic[aea27087a83710d5]::max_paralleism::twenty::{closure#0} as core[a373ad73a504971]::ops::function::FnOnce<()>>::call_once
[INFO] [stdout]   15:     0x596a515eb8cb - test[aada8e7e76ba119b]::__rust_begin_short_backtrace::<core[a373ad73a504971]::result::Result<(), alloc[2e1b2a31b91974c5]::string::String>, fn() -> core[a373ad73a504971]::result::Result<(), alloc[2e1b2a31b91974c5]::string::String>>
[INFO] [stdout]   16:     0x596a515f8aa5 - test[aada8e7e76ba119b]::run_test::{closure#0}
[INFO] [stdout]   17:     0x596a515f2394 - std[617be2ca0a6fd877]::sys::backtrace::__rust_begin_short_backtrace::<test[aada8e7e76ba119b]::run_test::{closure#1}, ()>
[INFO] [stdout]   18:     0x596a515fbb32 - <std[617be2ca0a6fd877]::thread::lifecycle::spawn_unchecked<test[aada8e7e76ba119b]::run_test::{closure#1}, ()>::{closure#1} as core[a373ad73a504971]::ops::function::FnOnce<()>>::call_once::{shim:vtable#0}
[INFO] [stdout]   19:     0x596a5166573f - <std[617be2ca0a6fd877]::sys::thread::unix::Thread>::new::thread_start
[INFO] [stdout]   20:     0x749d41211dfa - <unknown>
[INFO] [stdout]   21:     0x749d412a53d4 - clone
[INFO] [stdout]   22:                0x0 - <unknown>
[INFO] [stdout] 
[INFO] [stdout] ---- max_paralleism::two stdout ----
[INFO] [stdout] 
[INFO] [stdout] thread 'max_paralleism::two' (1472) panicked at tests/basic.rs:66:14:
[INFO] [stdout] failed to start lateral: Os { code: 2, kind: NotFound, message: "No such file or directory" }
[INFO] [stdout] stack backtrace:
[INFO] [stdout]    0:     0x596a51665ee1 - <<std[617be2ca0a6fd877]::sys::backtrace::BacktraceLock>::print::DisplayBacktrace as core[a373ad73a504971]::fmt::Display>::fmt
[INFO] [stdout]    1:     0x596a5167a13a - core[a373ad73a504971]::fmt::write
[INFO] [stdout]    2:     0x596a5166a35c - <alloc[2e1b2a31b91974c5]::vec::Vec<u8> as core[a373ad73a504971]::io::write::Write>::write_fmt
[INFO] [stdout]    3:     0x596a51640a26 - std[617be2ca0a6fd877]::panicking::default_hook::{closure#0}
[INFO] [stdout]    4:     0x596a5165dd99 - std[617be2ca0a6fd877]::panicking::default_hook
[INFO] [stdout]    5:     0x596a515f8480 - test[aada8e7e76ba119b]::test_main_inner::{closure#0}
[INFO] [stdout]    6:     0x596a5165df52 - std[617be2ca0a6fd877]::panicking::panic_with_hook
[INFO] [stdout]    7:     0x596a51640ad2 - std[617be2ca0a6fd877]::panicking::panic_handler::{closure#0}
[INFO] [stdout]    8:     0x596a516396c9 - std[617be2ca0a6fd877]::sys::backtrace::__rust_end_short_backtrace::<std[617be2ca0a6fd877]::panicking::panic_handler::{closure#0}, !>
[INFO] [stdout]    9:     0x596a516416dd - __rustc[ea4f61d10b84890b]::rust_begin_unwind
[INFO] [stdout]   10:     0x596a5167a86c - core[a373ad73a504971]::panicking::panic_fmt
[INFO] [stdout]   11:     0x596a5167a642 - core[a373ad73a504971]::result::unwrap_failed
[INFO] [stdout]   12:     0x596a515e9055 - <basic[aea27087a83710d5]::TestHarness>::run_lateral_cmd::<&[&str; 1usize], &&str>
[INFO] [stdout]   13:     0x596a515ea0b4 - <basic[aea27087a83710d5]::TestHarness>::new
[INFO] [stdout]   14:     0x596a515e8276 - <basic[aea27087a83710d5]::max_paralleism::two::{closure#0} as core[a373ad73a504971]::ops::function::FnOnce<()>>::call_once
[INFO] [stdout]   15:     0x596a515eb8cb - test[aada8e7e76ba119b]::__rust_begin_short_backtrace::<core[a373ad73a504971]::result::Result<(), alloc[2e1b2a31b91974c5]::string::String>, fn() -> core[a373ad73a504971]::result::Result<(), alloc[2e1b2a31b91974c5]::string::String>>
[INFO] [stdout]   16:     0x596a515f8aa5 - test[aada8e7e76ba119b]::run_test::{closure#0}
[INFO] [stdout]   17:     0x596a515f2394 - std[617be2ca0a6fd877]::sys::backtrace::__rust_begin_short_backtrace::<test[aada8e7e76ba119b]::run_test::{closure#1}, ()>
[INFO] [stdout]   18:     0x596a515fbb32 - <std[617be2ca0a6fd877]::thread::lifecycle::spawn_unchecked<test[aada8e7e76ba119b]::run_test::{closure#1}, ()>::{closure#1} as core[a373ad73a504971]::ops::function::FnOnce<()>>::call_once::{shim:vtable#0}
[INFO] [stdout]   19:     0x596a5166573f - <std[617be2ca0a6fd877]::sys::thread::unix::Thread>::new::thread_start
[INFO] [stdout]   20:     0x749d41211dfa - <unknown>
[INFO] [stdout]   21:     0x749d412a53d4 - clone
[INFO] [stdout]   22:                0x0 - <unknown>
[INFO] [stdout] 
[INFO] [stdout] ---- pause stdout ----
[INFO] [stdout] 
[INFO] [stdout] thread 'pause' (1473) panicked at tests/basic.rs:66:14:
[INFO] [stdout] failed to start lateral: Os { code: 2, kind: NotFound, message: "No such file or directory" }
[INFO] [stdout] stack backtrace:
[INFO] [stdout]    0:     0x596a51665ee1 - <<std[617be2ca0a6fd877]::sys::backtrace::BacktraceLock>::print::DisplayBacktrace as core[a373ad73a504971]::fmt::Display>::fmt
[INFO] [stdout]    1:     0x596a5167a13a - core[a373ad73a504971]::fmt::write
[INFO] [stdout]    2:     0x596a5166a35c - <alloc[2e1b2a31b91974c5]::vec::Vec<u8> as core[a373ad73a504971]::io::write::Write>::write_fmt
[INFO] [stdout]    3:     0x596a51640a26 - std[617be2ca0a6fd877]::panicking::default_hook::{closure#0}
[INFO] [stdout]    4:     0x596a5165dd99 - std[617be2ca0a6fd877]::panicking::default_hook
[INFO] [stdout]    5:     0x596a515f8480 - test[aada8e7e76ba119b]::test_main_inner::{closure#0}
[INFO] [stdout]    6:     0x596a5165df52 - std[617be2ca0a6fd877]::panicking::panic_with_hook
[INFO] [stdout]    7:     0x596a51640ad2 - std[617be2ca0a6fd877]::panicking::panic_handler::{closure#0}
[INFO] [stdout]    8:     0x596a516396c9 - std[617be2ca0a6fd877]::sys::backtrace::__rust_end_short_backtrace::<std[617be2ca0a6fd877]::panicking::panic_handler::{closure#0}, !>
[INFO] [stdout]    9:     0x596a516416dd - __rustc[ea4f61d10b84890b]::rust_begin_unwind
[INFO] [stdout]   10:     0x596a5167a86c - core[a373ad73a504971]::panicking::panic_fmt
[INFO] [stdout]   11:     0x596a5167a642 - core[a373ad73a504971]::result::unwrap_failed
[INFO] [stdout]   12:     0x596a515e9055 - <basic[aea27087a83710d5]::TestHarness>::run_lateral_cmd::<&[&str; 1usize], &&str>
[INFO] [stdout]   13:     0x596a515ea0b4 - <basic[aea27087a83710d5]::TestHarness>::new
[INFO] [stdout]   14:     0x596a515eaf79 - <basic[aea27087a83710d5]::pause::{closure#0} as core[a373ad73a504971]::ops::function::FnOnce<()>>::call_once
[INFO] [stdout]   15:     0x596a515eb8cb - test[aada8e7e76ba119b]::__rust_begin_short_backtrace::<core[a373ad73a504971]::result::Result<(), alloc[2e1b2a31b91974c5]::string::String>, fn() -> core[a373ad73a504971]::result::Result<(), alloc[2e1b2a31b91974c5]::string::String>>
[INFO] [stdout]   16:     0x596a515f8aa5 - test[aada8e7e76ba119b]::run_test::{closure#0}
[INFO] [stdout]   17:     0x596a515f2394 - std[617be2ca0a6fd877]::sys::backtrace::__rust_begin_short_backtrace::<test[aada8e7e76ba119b]::run_test::{closure#1}, ()>
[INFO] [stdout]   18:     0x596a515fbb32 - <std[617be2ca0a6fd877]::thread::lifecycle::spawn_unchecked<test[aada8e7e76ba119b]::run_test::{closure#1}, ()>::{closure#1} as core[a373ad73a504971]::ops::function::FnOnce<()>>::call_once::{shim:vtable#0}
[INFO] [stdout]   19:     0x596a5166573f - <std[617be2ca0a6fd877]::sys::thread::unix::Thread>::new::thread_start
[INFO] [stdout]   20:     0x749d41211dfa - <unknown>
[INFO] [stdout]   21:     0x749d412a53d4 - clone
[INFO] [stdout]   22:                0x0 - <unknown>
[INFO] [stdout] 
[INFO] [stdout] ---- basic stdout ----
[INFO] [stdout] 
[INFO] [stdout] thread 'basic' (1467) panicked at tests/basic.rs:66:14:
[INFO] [stdout] failed to start lateral: Os { code: 2, kind: NotFound, message: "No such file or directory" }
[INFO] [stdout] stack backtrace:
[INFO] [stdout]    0:     0x596a51665ee1 - <<std[617be2ca0a6fd877]::sys::backtrace::BacktraceLock>::print::DisplayBacktrace as core[a373ad73a504971]::fmt::Display>::fmt
[INFO] [stdout]    1:     0x596a5167a13a - core[a373ad73a504971]::fmt::write
[INFO] [stdout]    2:     0x596a5166a35c - <alloc[2e1b2a31b91974c5]::vec::Vec<u8> as core[a373ad73a504971]::io::write::Write>::write_fmt
[INFO] [stdout]    3:     0x596a51640a26 - std[617be2ca0a6fd877]::panicking::default_hook::{closure#0}
[INFO] [stdout]    4:     0x596a5165dd99 - std[617be2ca0a6fd877]::panicking::default_hook
[INFO] [stdout]    5:     0x596a515f8480 - test[aada8e7e76ba119b]::test_main_inner::{closure#0}
[INFO] [stdout]    6:     0x596a5165df52 - std[617be2ca0a6fd877]::panicking::panic_with_hook
[INFO] [stdout]    7:     0x596a51640ad2 - std[617be2ca0a6fd877]::panicking::panic_handler::{closure#0}
[INFO] [stdout]    8:     0x596a516396c9 - std[617be2ca0a6fd877]::sys::backtrace::__rust_end_short_backtrace::<std[617be2ca0a6fd877]::panicking::panic_handler::{closure#0}, !>
[INFO] [stdout]    9:     0x596a516416dd - __rustc[ea4f61d10b84890b]::rust_begin_unwind
[INFO] [stdout]   10:     0x596a5167a86c - core[a373ad73a504971]::panicking::panic_fmt
[INFO] [stdout]   11:     0x596a5167a642 - core[a373ad73a504971]::result::unwrap_failed
[INFO] [stdout]   12:     0x596a515e9055 - <basic[aea27087a83710d5]::TestHarness>::run_lateral_cmd::<&[&str; 1usize], &&str>
[INFO] [stdout]   13:     0x596a515ea0b4 - <basic[aea27087a83710d5]::TestHarness>::new
[INFO] [stdout]   14:     0x596a515eaee5 - <basic[aea27087a83710d5]::basic::{closure#0} as core[a373ad73a504971]::ops::function::FnOnce<()>>::call_once
[INFO] [stdout]   15:     0x596a515eb8cb - test[aada8e7e76ba119b]::__rust_begin_short_backtrace::<core[a373ad73a504971]::result::Result<(), alloc[2e1b2a31b91974c5]::string::String>, fn() -> core[a373ad73a504971]::result::Result<(), alloc[2e1b2a31b91974c5]::string::String>>
[INFO] [stdout]   16:     0x596a515f8aa5 - test[aada8e7e76ba119b]::run_test::{closure#0}
[INFO] [stdout]   17:     0x596a515f2394 - std[617be2ca0a6fd877]::sys::backtrace::__rust_begin_short_backtrace::<test[aada8e7e76ba119b]::run_test::{closure#1}, ()>
[INFO] [stdout]   18:     0x596a515fbb32 - <std[617be2ca0a6fd877]::thread::lifecycle::spawn_unchecked<test[aada8e7e76ba119b]::run_test::{closure#1}, ()>::{closure#1} as core[a373ad73a504971]::ops::function::FnOnce<()>>::call_once::{shim:vtable#0}
[INFO] [stdout]   19:     0x596a5166573f - <std[617be2ca0a6fd877]::sys::thread::unix::Thread>::new::thread_start
[INFO] [stdout]   20:     0x749d41211dfa - <unknown>
[INFO] [stdout]   21:     0x749d412a53d4 - clone
[INFO] [stdout]   22:                0x0 - <unknown>
[INFO] [stdout] 
[INFO] [stdout] ---- pause_from_beginning stdout ----
[INFO] [stdout] 
[INFO] [stdout] thread 'pause_from_beginning' (1474) panicked at tests/basic.rs:66:14:
[INFO] [stdout] failed to start lateral: Os { code: 2, kind: NotFound, message: "No such file or directory" }
[INFO] [stdout] stack backtrace:
[INFO] [stdout]    0:     0x596a51665ee1 - <<std[617be2ca0a6fd877]::sys::backtrace::BacktraceLock>::print::DisplayBacktrace as core[a373ad73a504971]::fmt::Display>::fmt
[INFO] [stdout]    1:     0x596a5167a13a - core[a373ad73a504971]::fmt::write
[INFO] [stdout]    2:     0x596a5166a35c - <alloc[2e1b2a31b91974c5]::vec::Vec<u8> as core[a373ad73a504971]::io::write::Write>::write_fmt
[INFO] [stdout]    3:     0x596a51640a26 - std[617be2ca0a6fd877]::panicking::default_hook::{closure#0}
[INFO] [stdout]    4:     0x596a5165dd99 - std[617be2ca0a6fd877]::panicking::default_hook
[INFO] [stdout]    5:     0x596a515f8480 - test[aada8e7e76ba119b]::test_main_inner::{closure#0}
[INFO] [stdout]    6:     0x596a5165df52 - std[617be2ca0a6fd877]::panicking::panic_with_hook
[INFO] [stdout]    7:     0x596a51640ad2 - std[617be2ca0a6fd877]::panicking::panic_handler::{closure#0}
[INFO] [stdout]    8:     0x596a516396c9 - std[617be2ca0a6fd877]::sys::backtrace::__rust_end_short_backtrace::<std[617be2ca0a6fd877]::panicking::panic_handler::{closure#0}, !>
[INFO] [stdout]    9:     0x596a516416dd - __rustc[ea4f61d10b84890b]::rust_begin_unwind
[INFO] [stdout]   10:     0x596a5167a86c - core[a373ad73a504971]::panicking::panic_fmt
[INFO] [stdout]   11:     0x596a5167a642 - core[a373ad73a504971]::result::unwrap_failed
[INFO] [stdout]   12:     0x596a515e9055 - <basic[aea27087a83710d5]::TestHarness>::run_lateral_cmd::<&[&str; 1usize], &&str>
[INFO] [stdout]   13:     0x596a515ea0b4 - <basic[aea27087a83710d5]::TestHarness>::new
[INFO] [stdout]   14:     0x596a515ea696 - <basic[aea27087a83710d5]::pause_from_beginning::{closure#0} as core[a373ad73a504971]::ops::function::FnOnce<()>>::call_once
[INFO] [stdout]   15:     0x596a515eb8cb - test[aada8e7e76ba119b]::__rust_begin_short_backtrace::<core[a373ad73a504971]::result::Result<(), alloc[2e1b2a31b91974c5]::string::String>, fn() -> core[a373ad73a504971]::result::Result<(), alloc[2e1b2a31b91974c5]::string::String>>
[INFO] [stdout]   16:     0x596a515f8aa5 - test[aada8e7e76ba119b]::run_test::{closure#0}
[INFO] [stdout]   17:     0x596a515f2394 - std[617be2ca0a6fd877]::sys::backtrace::__rust_begin_short_backtrace::<test[aada8e7e76ba119b]::run_test::{closure#1}, ()>
[INFO] [stdout]   18:     0x596a515fbb32 - <std[617be2ca0a6fd877]::thread::lifecycle::spawn_unchecked<test[aada8e7e76ba119b]::run_test::{closure#1}, ()>::{closure#1} as core[a373ad73a504971]::ops::function::FnOnce<()>>::call_once::{shim:vtable#0}
[INFO] [stdout]   19:     0x596a5166573f - <std[617be2ca0a6fd877]::sys::thread::unix::Thread>::new::thread_start
[INFO] [stdout]   20:     0x749d41211dfa - <unknown>
[INFO] [stdout]   21:     0x749d412a53d4 - clone
[INFO] [stdout]   22:                0x0 - <unknown>
[INFO] [stdout] 
[INFO] [stdout] ---- max_paralleism::one stdout ----
[INFO] [stdout] 
[INFO] [stdout] thread 'max_paralleism::one' (1469) panicked at tests/basic.rs:66:14:
[INFO] [stdout] failed to start lateral: Os { code: 2, kind: NotFound, message: "No such file or directory" }
[INFO] [stdout] stack backtrace:
[INFO] [stdout]    0:     0x596a51665ee1 - <<std[617be2ca0a6fd877]::sys::backtrace::BacktraceLock>::print::DisplayBacktrace as core[a373ad73a504971]::fmt::Display>::fmt
[INFO] [stdout]    1:     0x596a5167a13a - core[a373ad73a504971]::fmt::write
[INFO] [stdout]    2:     0x596a5166a35c - <alloc[2e1b2a31b91974c5]::vec::Vec<u8> as core[a373ad73a504971]::io::write::Write>::write_fmt
[INFO] [stdout]    3:     0x596a51640a26 - std[617be2ca0a6fd877]::panicking::default_hook::{closure#0}
[INFO] [stdout]    4:     0x596a5165dd99 - std[617be2ca0a6fd877]::panicking::default_hook
[INFO] [stdout]    5:     0x596a515f8480 - test[aada8e7e76ba119b]::test_main_inner::{closure#0}
[INFO] [stdout]    6:     0x596a5165df52 - std[617be2ca0a6fd877]::panicking::panic_with_hook
[INFO] [stdout]    7:     0x596a51640ad2 - std[617be2ca0a6fd877]::panicking::panic_handler::{closure#0}
[INFO] [stdout]    8:     0x596a516396c9 - std[617be2ca0a6fd877]::sys::backtrace::__rust_end_short_backtrace::<std[617be2ca0a6fd877]::panicking::panic_handler::{closure#0}, !>
[INFO] [stdout]    9:     0x596a516416dd - __rustc[ea4f61d10b84890b]::rust_begin_unwind
[INFO] [stdout]   10:     0x596a5167a86c - core[a373ad73a504971]::panicking::panic_fmt
[INFO] [stdout]   11:     0x596a5167a642 - core[a373ad73a504971]::result::unwrap_failed
[INFO] [stdout]   12:     0x596a515e9055 - <basic[aea27087a83710d5]::TestHarness>::run_lateral_cmd::<&[&str; 1usize], &&str>
[INFO] [stdout]   13:     0x596a515ea0b4 - <basic[aea27087a83710d5]::TestHarness>::new
[INFO] [stdout]   14:     0x596a515e75e6 - <basic[aea27087a83710d5]::max_paralleism::one::{closure#0} as core[a373ad73a504971]::ops::function::FnOnce<()>>::call_once
[INFO] [stdout]   15:     0x596a515eb8cb - test[aada8e7e76ba119b]::__rust_begin_short_backtrace::<core[a373ad73a504971]::result::Result<(), alloc[2e1b2a31b91974c5]::string::String>, fn() -> core[a373ad73a504971]::result::Result<(), alloc[2e1b2a31b91974c5]::string::String>>
[INFO] [stdout]   16:     0x596a515f8aa5 - test[aada8e7e76ba119b]::run_test::{closure#0}
[INFO] [stdout]   17:     0x596a515f2394 - std[617be2ca0a6fd877]::sys::backtrace::__rust_begin_short_backtrace::<test[aada8e7e76ba119b]::run_test::{closure#1}, ()>
[INFO] [stdout]   18:     0x596a515fbb32 - <std[617be2ca0a6fd877]::thread::lifecycle::spawn_unchecked<test[aada8e7e76ba119b]::run_test::{closure#1}, ()>::{closure#1} as core[a373ad73a504971]::ops::function::FnOnce<()>>::call_once::{shim:vtable#0}
[INFO] [stdout]   19:     0x596a5166573f - <std[617be2ca0a6fd877]::sys::thread::unix::Thread>::new::thread_start
[INFO] [stdout]   20:     0x749d41211dfa - <unknown>
[INFO] [stdout]   21:     0x749d412a53d4 - clone
[INFO] [stdout]   22:                0x0 - <unknown>
[INFO] [stdout] 
[INFO] [stdout] ---- max_paralleism::ten stdout ----
[INFO] [stdout] 
[INFO] [stdout] thread 'max_paralleism::ten' (1470) panicked at tests/basic.rs:66:14:
[INFO] [stdout] failed to start lateral: Os { code: 2, kind: NotFound, message: "No such file or directory" }
[INFO] [stdout] stack backtrace:
[INFO] [stdout]    0:     0x596a51665ee1 - <<std[617be2ca0a6fd877]::sys::backtrace::BacktraceLock>::print::DisplayBacktrace as core[a373ad73a504971]::fmt::Display>::fmt
[INFO] [stdout]    1:     0x596a5167a13a - core[a373ad73a504971]::fmt::write
[INFO] [stdout]    2:     0x596a5166a35c - <alloc[2e1b2a31b91974c5]::vec::Vec<u8> as core[a373ad73a504971]::io::write::Write>::write_fmt
[INFO] [stdout]    3:     0x596a51640a26 - std[617be2ca0a6fd877]::panicking::default_hook::{closure#0}
[INFO] [stdout]    4:     0x596a5165dd99 - std[617be2ca0a6fd877]::panicking::default_hook
[INFO] [stdout]    5:     0x596a515f8480 - test[aada8e7e76ba119b]::test_main_inner::{closure#0}
[INFO] [stdout]    6:     0x596a5165df52 - std[617be2ca0a6fd877]::panicking::panic_with_hook
[INFO] [stdout]    7:     0x596a51640ad2 - std[617be2ca0a6fd877]::panicking::panic_handler::{closure#0}
[INFO] [stdout]    8:     0x596a516396c9 - std[617be2ca0a6fd877]::sys::backtrace::__rust_end_short_backtrace::<std[617be2ca0a6fd877]::panicking::panic_handler::{closure#0}, !>
[INFO] [stdout]    9:     0x596a516416dd - __rustc[ea4f61d10b84890b]::rust_begin_unwind
[INFO] [stdout]   10:     0x596a5167a86c - core[a373ad73a504971]::panicking::panic_fmt
[INFO] [stdout]   11:     0x596a5167a642 - core[a373ad73a504971]::result::unwrap_failed
[INFO] [stdout]   12:     0x596a515e9055 - <basic[aea27087a83710d5]::TestHarness>::run_lateral_cmd::<&[&str; 1usize], &&str>
[INFO] [stdout]   13:     0x596a515ea0b4 - <basic[aea27087a83710d5]::TestHarness>::new
[INFO] [stdout]   14:     0x596a515e7d56 - <basic[aea27087a83710d5]::max_paralleism::ten::{closure#0} as core[a373ad73a504971]::ops::function::FnOnce<()>>::call_once
[INFO] [stdout]   15:     0x596a515eb8cb - test[aada8e7e76ba119b]::__rust_begin_short_backtrace::<core[a373ad73a504971]::result::Result<(), alloc[2e1b2a31b91974c5]::string::String>, fn() -> core[a373ad73a504971]::result::Result<(), alloc[2e1b2a31b91974c5]::string::String>>
[INFO] [stdout]   16:     0x596a515f8aa5 - test[aada8e7e76ba119b]::run_test::{closure#0}
[INFO] [stdout]   17:     0x596a515f2394 - std[617be2ca0a6fd877]::sys::backtrace::__rust_begin_short_backtrace::<test[aada8e7e76ba119b]::run_test::{closure#1}, ()>
[INFO] [stdout]   18:     0x596a515fbb32 - <std[617be2ca0a6fd877]::thread::lifecycle::spawn_unchecked<test[aada8e7e76ba119b]::run_test::{closure#1}, ()>::{closure#1} as core[a373ad73a504971]::ops::function::FnOnce<()>>::call_once::{shim:vtable#0}
[INFO] [stdout]   19:     0x596a5166573f - <std[617be2ca0a6fd877]::sys::thread::unix::Thread>::new::thread_start
[INFO] [stdout]   20:     0x749d41211dfa - <unknown>
[INFO] [stdout]   21:     0x749d412a53d4 - clone
[INFO] [stdout]   22:                0x0 - <unknown>
[INFO] [stdout] 
[INFO] [stdout] ---- exit_status stdout ----
[INFO] [stdout] 
[INFO] [stdout] thread 'exit_status' (1468) panicked at tests/basic.rs:66:14:
[INFO] [stdout] failed to start lateral: Os { code: 2, kind: NotFound, message: "No such file or directory" }
[INFO] [stdout] stack backtrace:
[INFO] [stdout]    0:     0x596a51665ee1 - <<std[617be2ca0a6fd877]::sys::backtrace::BacktraceLock>::print::DisplayBacktrace as core[a373ad73a504971]::fmt::Display>::fmt
[INFO] [stdout]    1:     0x596a5167a13a - core[a373ad73a504971]::fmt::write
[INFO] [stdout]    2:     0x596a5166a35c - <alloc[2e1b2a31b91974c5]::vec::Vec<u8> as core[a373ad73a504971]::io::write::Write>::write_fmt
[INFO] [stdout]    3:     0x596a51640a26 - std[617be2ca0a6fd877]::panicking::default_hook::{closure#0}
[INFO] [stdout]    4:     0x596a5165dd99 - std[617be2ca0a6fd877]::panicking::default_hook
[INFO] [stdout]    5:     0x596a515f8480 - test[aada8e7e76ba119b]::test_main_inner::{closure#0}
[INFO] [stdout]    6:     0x596a5165df52 - std[617be2ca0a6fd877]::panicking::panic_with_hook
[INFO] [stdout]    7:     0x596a51640ad2 - std[617be2ca0a6fd877]::panicking::panic_handler::{closure#0}
[INFO] [stdout]    8:     0x596a516396c9 - std[617be2ca0a6fd877]::sys::backtrace::__rust_end_short_backtrace::<std[617be2ca0a6fd877]::panicking::panic_handler::{closure#0}, !>
[INFO] [stdout]    9:     0x596a516416dd - __rustc[ea4f61d10b84890b]::rust_begin_unwind
[INFO] [stdout]   10:     0x596a5167a86c - core[a373ad73a504971]::panicking::panic_fmt
[INFO] [stdout]   11:     0x596a5167a642 - core[a373ad73a504971]::result::unwrap_failed
[INFO] [stdout]   12:     0x596a515e9055 - <basic[aea27087a83710d5]::TestHarness>::run_lateral_cmd::<&[&str; 1usize], &&str>
[INFO] [stdout]   13:     0x596a515ea0b4 - <basic[aea27087a83710d5]::TestHarness>::new
[INFO] [stdout]   14:     0x596a515ea5b5 - <basic[aea27087a83710d5]::exit_status::{closure#0} as core[a373ad73a504971]::ops::function::FnOnce<()>>::call_once
[INFO] [stdout]   15:     0x596a515eb8cb - test[aada8e7e76ba119b]::__rust_begin_short_backtrace::<core[a373ad73a504971]::result::Result<(), alloc[2e1b2a31b91974c5]::string::String>, fn() -> core[a373ad73a504971]::result::Result<(), alloc[2e1b2a31b91974c5]::string::String>>
[INFO] [stdout]   16:     0x596a515f8aa5 - test[aada8e7e76ba119b]::run_test::{closure#0}
[INFO] [stdout]   17:     0x596a515f2394 - std[617be2ca0a6fd877]::sys::backtrace::__rust_begin_short_backtrace::<test[aada8e7e76ba119b]::run_test::{closure#1}, ()>
[INFO] [stdout]   18:     0x596a515fbb32 - <std[617be2ca0a6fd877]::thread::lifecycle::spawn_unchecked<test[aada8e7e76ba119b]::run_test::{closure#1}, ()>::{closure#1} as core[a373ad73a504971]::ops::function::FnOnce<()>>::call_once::{shim:vtable#0}
[INFO] [stdout]   19:     0x596a5166573f - <std[617be2ca0a6fd877]::sys::thread::unix::Thread>::new::thread_start
[INFO] [stdout]   20:     0x749d41211dfa - <unknown>
[INFO] [stdout]   21:     0x749d412a53d4 - clone
[INFO] [stdout]   22:                0x0 - <unknown>
[INFO] [stdout] 
[INFO] [stdout] 
[INFO] [stdout] failures:
[INFO] [stdout]     basic
[INFO] [stdout]     exit_status
[INFO] [stdout]     max_paralleism::one
[INFO] [stdout]     max_paralleism::ten
[INFO] [stdout]     max_paralleism::twenty
[INFO] [stdout]     max_paralleism::two
[INFO] [stdout]     pause
[INFO] [stdout]     pause_from_beginning
[INFO] [stdout] 
[INFO] [stdout] test result: FAILED. 0 passed; 8 failed; 0 ignored; 0 measured; 0 filtered out; finished in 0.01s
[INFO] [stdout] 
[INFO] running `Command { std: "docker" "inspect" "185cd28c67c955e85b41a6f8f9df569b9290027b1db63b39af3e85408e3f51fc", kill_on_drop: false }`
[INFO] running `Command { std: "docker" "rm" "-f" "185cd28c67c955e85b41a6f8f9df569b9290027b1db63b39af3e85408e3f51fc", kill_on_drop: false }`
[INFO] [stdout] 185cd28c67c955e85b41a6f8f9df569b9290027b1db63b39af3e85408e3f51fc
