[INFO] fetching crate lakefs-rs 1.1.7...
[INFO] testing lakefs-rs-1.1.7 against 1.99.0-beta.8+cargoflags=--release for beta-release-1.100-3
[INFO] extracting crate lakefs-rs 1.1.7 into /workspace/builds/worker-3-tc1/source
[INFO] started tweaking crates.io crate lakefs-rs 1.1.7
[INFO] finished tweaking crates.io crate lakefs-rs 1.1.7
[INFO] tweaked toml for crates.io crate lakefs-rs 1.1.7 written to /workspace/builds/worker-3-tc1/source/Cargo.toml
[INFO] validating manifest of crates.io crate lakefs-rs 1.1.7 on toolchain 1.99.0-beta.8
[INFO] running `Command { std: CARGO_HOME="/workspace/cargo-home" RUSTUP_HOME="/workspace/rustup-home" "/workspace/cargo-home/bin/cargo" "+1.99.0-beta.8" "metadata" "--manifest-path" "Cargo.toml" "--no-deps", kill_on_drop: false }`
[INFO] running `Command { std: CARGO_HOME="/workspace/cargo-home" RUSTUP_HOME="/workspace/rustup-home" "/workspace/cargo-home/bin/cargo" "+1.99.0-beta.8" "generate-lockfile" "--manifest-path" "Cargo.toml", kill_on_drop: false }`
[INFO] [stderr]     Blocking waiting for file lock on package cache
[INFO] [stderr]     Updating crates.io index
[INFO] [stderr]     Blocking waiting for file lock on package cache
[INFO] [stderr]      Locking 192 packages to highest compatible versions
[INFO] [stderr]       Adding env_logger v0.10.2 (available: v0.11.11)
[INFO] [stderr]       Adding reqwest v0.11.27 (available: v0.13.5)
[INFO] [stderr]       Adding thiserror v1.0.69 (available: v2.0.21)
[INFO] [stderr]       Adding validator v0.16.1 (available: v0.21.0)
[INFO] running `Command { std: CARGO_HOME="/workspace/cargo-home" RUSTUP_HOME="/workspace/rustup-home" "/workspace/cargo-home/bin/cargo" "+1.99.0-beta.8" "fetch" "--manifest-path" "Cargo.toml", kill_on_drop: false }`
[INFO] [stderr]     Blocking waiting for file lock on package cache
[INFO] [stderr]     Blocking waiting for file lock on package cache
[INFO] [stderr]  Downloading crates ...
[INFO] [stderr]   Downloaded validator_types v0.16.0
[INFO] [stderr]   Downloaded validator v0.16.1
[INFO] [stderr]   Downloaded validator_derive v0.16.0
[INFO] [stderr]   Downloaded if_chain v1.0.3
[INFO] [stderr]   Downloaded schannel v0.1.30
[INFO] [stderr]   Downloaded idna v0.4.0
[INFO] [stderr]   Downloaded unicode-normalization v0.1.26
[INFO] [stderr]   Downloaded is-terminal v0.4.17
[INFO] [stderr]   Downloaded envy v0.4.2
[INFO] running `Command { std: "docker" "create" "-v" "/var/lib/crater-agent-workspace/builds/worker-3-tc1/source:/opt/rustwide/workdir:ro,Z" "-v" "/var/lib/crater-agent-workspace/builds/worker-3-tc1/target:/opt/rustwide/target:rw,Z" "-v" "/var/lib/crater-agent-workspace/cargo-home:/opt/rustwide/cargo-home:ro,Z" "-v" "/var/lib/crater-agent-workspace/rustup-home:/opt/rustwide/rustup-home:ro,Z" "-m" "1610612736" "--network" "none" "ghcr.io/rust-lang/crates-build-env/linux@sha256:77db811e55d90add9212f6832c23229e3de5f1c1f9905e8cb07319ea15df73ac" "sleep" "infinity", kill_on_drop: false }`
[INFO] [stdout] 1b1baacf0832522630cbc426ae718ded2319d080c1bd36136b3eede19646df2d
[INFO] running `Command { std: "docker" "start" "1b1baacf0832522630cbc426ae718ded2319d080c1bd36136b3eede19646df2d", kill_on_drop: false }`
[INFO] running `Command { std: "docker" "inspect" "1b1baacf0832522630cbc426ae718ded2319d080c1bd36136b3eede19646df2d", kill_on_drop: false }`
[INFO] running `Command { std: "docker" "exec" "-e" "SOURCE_DIR=/opt/rustwide/workdir" "-e" "CARGO_HOME=/opt/rustwide/cargo-home" "-e" "RUSTUP_HOME=/opt/rustwide/rustup-home" "-e" "CARGO_TARGET_DIR=/opt/rustwide/target" "-w" "/opt/rustwide/workdir" "--user" "0:0" "1b1baacf0832522630cbc426ae718ded2319d080c1bd36136b3eede19646df2d" "/opt/rustwide/cargo-home/bin/cargo" "+1.99.0-beta.8" "metadata" "--no-deps" "--format-version=1", kill_on_drop: false }`
[INFO] running `Command { std: "docker" "inspect" "1b1baacf0832522630cbc426ae718ded2319d080c1bd36136b3eede19646df2d", kill_on_drop: false }`
[INFO] running `Command { std: "docker" "exec" "-e" "SOURCE_DIR=/opt/rustwide/workdir" "-e" "CARGO_HOME=/opt/rustwide/cargo-home" "-e" "RUSTUP_HOME=/opt/rustwide/rustup-home" "-e" "CARGO_TARGET_DIR=/opt/rustwide/target" "-e" "CARGO_INCREMENTAL=0" "-e" "RUST_BACKTRACE=full" "-e" "RUSTFLAGS=--cap-lints=warn" "-e" "RUSTDOCFLAGS=--cap-lints=warn" "-w" "/opt/rustwide/workdir" "--user" "0:0" "1b1baacf0832522630cbc426ae718ded2319d080c1bd36136b3eede19646df2d" "/opt/rustwide/cargo-home/bin/cargo" "+1.99.0-beta.8" "build" "--frozen" "--message-format=json" "--release", kill_on_drop: false }`
[INFO] [stderr]    Compiling proc-macro2 v1.0.107
[INFO] [stderr]    Compiling quote v1.0.47
[INFO] [stderr]    Compiling unicode-ident v1.0.27
[INFO] [stderr]    Compiling libc v0.2.191
[INFO] [stderr]    Compiling stable_deref_trait v1.2.1
[INFO] [stderr]    Compiling smallvec v1.16.3
[INFO] [stderr]    Compiling cfg-if v1.0.5
[INFO] [stderr]    Compiling find-msvc-tools v0.1.14
[INFO] [stderr]    Compiling shlex v2.0.1
[INFO] [stderr]    Compiling pin-project-lite v0.2.17
[INFO] [stderr]    Compiling pkg-config v0.3.34
[INFO] [stderr]    Compiling parking_lot_core v0.9.12
[INFO] [stderr]    Compiling vcpkg v0.2.15
[INFO] [stderr]    Compiling writeable v0.6.4
[INFO] [stderr]    Compiling litemap v0.8.3
[INFO] [stderr]    Compiling bytes v1.12.1
[INFO] [stderr]    Compiling itoa v1.0.18
[INFO] [stderr]    Compiling lock_api v0.4.14
[INFO] [stderr]    Compiling icu_properties_data v2.3.0
[INFO] [stderr]    Compiling icu_normalizer_data v2.3.0
[INFO] [stderr]    Compiling serde_core v1.0.229
[INFO] [stderr]    Compiling memchr v2.8.3
[INFO] [stderr]    Compiling cc v1.8.0
[INFO] [stderr]    Compiling futures-core v0.3.34
[INFO] [stderr]    Compiling foreign-types-shared v0.1.1
[INFO] [stderr]    Compiling once_cell v1.21.4
[INFO] [stderr]    Compiling rustversion v1.0.23
[INFO] [stderr]    Compiling syn v1.0.109
[INFO] [stderr]    Compiling openssl v0.10.81
[INFO] [stderr]    Compiling serde v1.0.229
[INFO] [stderr]    Compiling foreign-types v0.3.2
[INFO] [stderr]    Compiling proc-macro-error-attr v1.0.4
[INFO] [stderr]    Compiling zmij v1.0.23
[INFO] [stderr]    Compiling futures-task v0.3.34
[INFO] [stderr]    Compiling native-tls v0.2.18
[INFO] [stderr]    Compiling tracing-core v0.1.36
[INFO] [stderr]    Compiling bitflags v2.13.2
[INFO] [stderr]    Compiling log v0.4.34
[INFO] [stderr]    Compiling httparse v1.10.1
[INFO] [stderr]    Compiling percent-encoding v2.3.2
[INFO] [stderr]    Compiling hashbrown v0.17.1
[INFO] [stderr]    Compiling equivalent v1.0.3
[INFO] [stderr]    Compiling futures-sink v0.3.34
[INFO] [stderr]    Compiling form_urlencoded v1.2.2
[INFO] [stderr]    Compiling aho-corasick v1.1.5
[INFO] [stderr]    Compiling futures-util v0.3.34
[INFO] [stderr]    Compiling proc-macro-error v1.0.4
[INFO] [stderr]    Compiling slab v0.4.12
[INFO] [stderr]    Compiling regex-syntax v0.8.11
[INFO] [stderr]    Compiling serde_json v1.0.154
[INFO] [stderr]    Compiling syn v3.0.9
[INFO] [stderr]    Compiling syn v2.0.119
[INFO] [stderr]    Compiling http v0.2.12
[INFO] [stderr]    Compiling tracing v0.1.44
[INFO] [stderr]    Compiling autocfg v1.5.1
[INFO] [stderr]    Compiling try-lock v0.2.5
[INFO] [stderr]    Compiling indexmap v2.14.2
[INFO] [stderr]    Compiling openssl-probe v0.2.1
[INFO] [stderr]    Compiling num-traits v0.2.19
[INFO] [stderr]    Compiling errno v0.3.14
[INFO] [stderr]    Compiling mio v1.2.4
[INFO] [stderr]    Compiling signal-hook-registry v1.4.8
[INFO] [stderr]    Compiling socket2 v0.6.5
[INFO] [stderr]    Compiling parking_lot v0.12.5
[INFO] [stderr]    Compiling openssl-sys v0.9.117
[INFO] [stderr]    Compiling http-body v0.4.6
[INFO] [stderr]    Compiling socket2 v0.5.10
[INFO] [stderr]    Compiling want v0.3.2
[INFO] [stderr]    Compiling encoding_rs v0.8.42
[INFO] [stderr]    Compiling futures-channel v0.3.34
[INFO] [stderr]    Compiling tower-service v0.3.3
[INFO] [stderr]    Compiling httpdate v1.0.3
[INFO] [stderr]    Compiling tinyvec v1.13.3
[INFO] [stderr]    Compiling multiversion_no_op v1.0.0
[INFO] [stderr]    Compiling simdutf8 v0.1.5
[INFO] [stderr]    Compiling lazy_static v1.5.1
[INFO] [stderr]    Compiling ryu v1.0.23
[INFO] [stderr]    Compiling core_detect v1.0.0
[INFO] [stderr]    Compiling base64 v0.21.7
[INFO] [stderr]    Compiling unicode-bidi v0.3.18
[INFO] [stderr]    Compiling if_chain v1.0.3
[INFO] [stderr]    Compiling regex-automata v0.4.18
[INFO] [stderr]    Compiling is-terminal v0.4.17
[INFO] [stderr]    Compiling humantime v2.4.0
[INFO] [stderr]    Compiling unicode-normalization v0.1.26
[INFO] [stderr]    Compiling validator_types v0.16.0
[INFO] [stderr]    Compiling rustls-pemfile v1.0.4
[INFO] [stderr]    Compiling termcolor v1.4.1
[INFO] [stderr]    Compiling iana-time-zone v0.1.65
[INFO] [stderr]    Compiling idna v0.4.0
[INFO] [stderr]    Compiling ipnet v2.12.2
[INFO] [stderr]    Compiling sync_wrapper v0.1.2
[INFO] [stderr]    Compiling chrono v0.4.45
[INFO] [stderr]    Compiling openssl-macros v0.1.1
[INFO] [stderr]    Compiling thiserror-impl v1.0.69
[INFO] [stderr]    Compiling synstructure v0.14.0
[INFO] [stderr]    Compiling thiserror v1.0.69
[INFO] [stderr]    Compiling regex v1.13.1
[INFO] [stderr]    Compiling zerofrom-derive v0.1.8
[INFO] [stderr]    Compiling yoke-derive v0.8.4
[INFO] [stderr]    Compiling zerovec-derive v0.11.6
[INFO] [stderr]    Compiling displaydoc v0.2.7
[INFO] [stderr]    Compiling tokio-macros v2.7.2
[INFO] [stderr]    Compiling serde_derive v1.0.229
[INFO] [stderr]    Compiling validator_derive v0.16.0
[INFO] [stderr]    Compiling env_logger v0.10.2
[INFO] [stderr]    Compiling async-trait v0.1.92
[INFO] [stderr]    Compiling tokio v1.53.3
[INFO] [stderr]    Compiling zerofrom v0.1.8
[INFO] [stderr]    Compiling yoke v0.8.3
[INFO] [stderr]    Compiling zerovec v0.11.8
[INFO] [stderr]    Compiling zerotrie v0.2.5
[INFO] [stderr]    Compiling tinystr v0.8.4
[INFO] [stderr]    Compiling potential_utf v0.1.6
[INFO] [stderr]    Compiling icu_collections v2.3.0
[INFO] [stderr]    Compiling icu_locale_core v2.3.0
[INFO] [stderr]    Compiling serde_urlencoded v0.7.1
[INFO] [stderr]    Compiling envy v0.4.2
[INFO] [stderr]    Compiling icu_provider v2.3.1
[INFO] [stderr]    Compiling icu_normalizer v2.3.0
[INFO] [stderr]    Compiling icu_properties v2.3.0
[INFO] [stderr]    Compiling idna_adapter v1.2.2
[INFO] [stderr]    Compiling idna v1.1.0
[INFO] [stderr]    Compiling url v2.5.8
[INFO] [stderr]    Compiling validator v0.16.1
[INFO] [stderr]    Compiling tokio-util v0.7.20
[INFO] [stderr]    Compiling tokio-native-tls v0.3.1
[INFO] [stderr]    Compiling h2 v0.3.27
[INFO] [stderr]    Compiling hyper v0.14.32
[INFO] [stderr]    Compiling hyper-tls v0.5.0
[INFO] [stderr]    Compiling reqwest v0.11.27
[INFO] [stderr]    Compiling lakefs-rs v1.1.7 (/opt/rustwide/workdir)
[INFO] [stdout] warning: unused imports: `group_api::GroupApi`, `repositories::RepositoriesApi`, and `setup::SetupApi`
[INFO] [stdout]  --> src/api/mod.rs:9:19
[INFO] [stdout]   |
[INFO] [stdout] 9 | pub use sub_api::{group_api::GroupApi, repositories::RepositoriesApi, setup::SetupApi};
[INFO] [stdout]   |                   ^^^^^^^^^^^^^^^^^^^  ^^^^^^^^^^^^^^^^^^^^^^^^^^^^^  ^^^^^^^^^^^^^^^
[INFO] [stdout]   |
[INFO] [stdout]   = note: `#[warn(unused_imports)]` (part of `#[warn(unused)]`) on by default
[INFO] [stdout] 
[INFO] [stdout] 
[INFO] [stdout] warning: this function depends on never type fallback being `()`
[INFO] [stdout]    --> src/api/sub_api/repositories.rs:123:5
[INFO] [stdout]     |
[INFO] [stdout] 123 | /     pub async fn revert_branch(
[INFO] [stdout] 124 | |         &self,
[INFO] [stdout] 125 | |         repo_name: String,
[INFO] [stdout] 126 | |         name: String,
[INFO] [stdout] 127 | |         revert: RevertInfo,
[INFO] [stdout] 128 | |     ) -> Response<()> {
[INFO] [stdout]     | |_____________________^
[INFO] [stdout]     |
[INFO] [stdout]     = help: specify the types explicitly
[INFO] [stdout] note: in edition 2024, the requirement `for<'de> !: Deserialize<'de>` will fail
[INFO] [stdout]    --> src/api/sub_api/repositories.rs:132:21
[INFO] [stdout]     |
[INFO] [stdout] 132 |         self.client.post(url, body).await?;
[INFO] [stdout]     |                     ^^^^
[INFO] [stdout]     = warning: this was previously accepted by the compiler but is being phased out; it will become a hard error in Rust 2024 and in a future release in all editions!
[INFO] [stdout]     = note: for more information, see <https://doc.rust-lang.org/edition-guide/rust-2024/never-type-fallback.html>
[INFO] [stdout]     = note: `#[warn(dependency_on_unit_never_type_fallback)]` (part of `#[warn(rust_2024_compatibility)]`) on by default
[INFO] [stdout] help: use `()` annotations to avoid fallback changes
[INFO] [stdout]     |
[INFO] [stdout] 132 |         self.client.post::<()>(url, body).await?;
[INFO] [stdout]     |                         ++++++
[INFO] [stdout] 
[INFO] [stdout] 
[INFO] [stdout] warning: this function depends on never type fallback being `()`
[INFO] [stdout]    --> src/api/sub_api/repositories.rs:136:5
[INFO] [stdout]     |
[INFO] [stdout] 136 | /     pub async fn cherry_pick_branch(
[INFO] [stdout] 137 | |         &self,
[INFO] [stdout] 138 | |         repo_name: String,
[INFO] [stdout] 139 | |         name: String,
[INFO] [stdout] 140 | |         cherry: RevertInfo,
[INFO] [stdout] 141 | |     ) -> Response<()> {
[INFO] [stdout]     | |_____________________^
[INFO] [stdout]     |
[INFO] [stdout]     = help: specify the types explicitly
[INFO] [stdout] note: in edition 2024, the requirement `for<'de> !: Deserialize<'de>` will fail
[INFO] [stdout]    --> src/api/sub_api/repositories.rs:145:21
[INFO] [stdout]     |
[INFO] [stdout] 145 |         self.client.post(url, body).await?;
[INFO] [stdout]     |                     ^^^^
[INFO] [stdout]     = warning: this was previously accepted by the compiler but is being phased out; it will become a hard error in Rust 2024 and in a future release in all editions!
[INFO] [stdout]     = note: for more information, see <https://doc.rust-lang.org/edition-guide/rust-2024/never-type-fallback.html>
[INFO] [stdout] help: use `()` annotations to avoid fallback changes
[INFO] [stdout]     |
[INFO] [stdout] 145 |         self.client.post::<()>(url, body).await?;
[INFO] [stdout]     |                         ++++++
[INFO] [stdout] 
[INFO] [stdout] 
[INFO] [stdout] warning: method `put` is never used
[INFO] [stdout]   --> src/api/core_request.rs:51:14
[INFO] [stdout]    |
[INFO] [stdout] 14 | pub trait CoreRequest {
[INFO] [stdout]    |           ----------- method in this trait
[INFO] [stdout] ...
[INFO] [stdout] 51 |     async fn put<T>(&self, endpoint: String, body: Value) -> Response<T>
[INFO] [stdout]    |              ^^^
[INFO] [stdout]    |
[INFO] [stdout]    = note: `#[warn(dead_code)]` (part of `#[warn(unused)]`) on by default
[INFO] [stdout] 
[INFO] [stdout] 
[INFO] [stderr]     Finished `release` profile [optimized] target(s) in 2m 05s
[INFO] [stderr] warning: the following packages contain code that will be rejected by a future version of Rust: lakefs-rs v1.1.7 (/opt/rustwide/workdir)
[INFO] [stderr] note: to see what the problems were, use the option `--future-incompat-report`, or run `cargo report future-incompatibilities --id 2`
[INFO] running `Command { std: "docker" "inspect" "1b1baacf0832522630cbc426ae718ded2319d080c1bd36136b3eede19646df2d", kill_on_drop: false }`
[INFO] running `Command { std: "docker" "exec" "-e" "SOURCE_DIR=/opt/rustwide/workdir" "-e" "CARGO_HOME=/opt/rustwide/cargo-home" "-e" "RUSTUP_HOME=/opt/rustwide/rustup-home" "-e" "CARGO_TARGET_DIR=/opt/rustwide/target" "-e" "CARGO_INCREMENTAL=0" "-e" "RUST_BACKTRACE=full" "-e" "RUSTFLAGS=--cap-lints=warn" "-e" "RUSTDOCFLAGS=--cap-lints=warn" "-w" "/opt/rustwide/workdir" "--user" "0:0" "1b1baacf0832522630cbc426ae718ded2319d080c1bd36136b3eede19646df2d" "/opt/rustwide/cargo-home/bin/cargo" "+1.99.0-beta.8" "test" "--frozen" "--no-run" "--message-format=json" "--release", kill_on_drop: false }`
[INFO] [stderr]    Compiling lakefs-rs v1.1.7 (/opt/rustwide/workdir)
[INFO] [stdout] warning: unused imports: `group_api::GroupApi`, `repositories::RepositoriesApi`, and `setup::SetupApi`
[INFO] [stdout]  --> src/api/mod.rs:9:19
[INFO] [stdout]   |
[INFO] [stdout] 9 | pub use sub_api::{group_api::GroupApi, repositories::RepositoriesApi, setup::SetupApi};
[INFO] [stdout]   |                   ^^^^^^^^^^^^^^^^^^^  ^^^^^^^^^^^^^^^^^^^^^^^^^^^^^  ^^^^^^^^^^^^^^^
[INFO] [stdout]   |
[INFO] [stdout]   = note: `#[warn(unused_imports)]` (part of `#[warn(unused)]`) on by default
[INFO] [stdout] 
[INFO] [stdout] 
[INFO] [stdout] warning: this function depends on never type fallback being `()`
[INFO] [stdout]    --> src/api/sub_api/repositories.rs:123:5
[INFO] [stdout]     |
[INFO] [stdout] 123 | /     pub async fn revert_branch(
[INFO] [stdout] 124 | |         &self,
[INFO] [stdout] 125 | |         repo_name: String,
[INFO] [stdout] 126 | |         name: String,
[INFO] [stdout] 127 | |         revert: RevertInfo,
[INFO] [stdout] 128 | |     ) -> Response<()> {
[INFO] [stdout]     | |_____________________^
[INFO] [stdout]     |
[INFO] [stdout]     = help: specify the types explicitly
[INFO] [stdout] note: in edition 2024, the requirement `for<'de> !: Deserialize<'de>` will fail
[INFO] [stdout]    --> src/api/sub_api/repositories.rs:132:21
[INFO] [stdout]     |
[INFO] [stdout] 132 |         self.client.post(url, body).await?;
[INFO] [stdout]     |                     ^^^^
[INFO] [stdout]     = warning: this was previously accepted by the compiler but is being phased out; it will become a hard error in Rust 2024 and in a future release in all editions!
[INFO] [stdout]     = note: for more information, see <https://doc.rust-lang.org/edition-guide/rust-2024/never-type-fallback.html>
[INFO] [stdout]     = note: `#[warn(dependency_on_unit_never_type_fallback)]` (part of `#[warn(rust_2024_compatibility)]`) on by default
[INFO] [stdout] help: use `()` annotations to avoid fallback changes
[INFO] [stdout]     |
[INFO] [stdout] 132 |         self.client.post::<()>(url, body).await?;
[INFO] [stdout]     |                         ++++++
[INFO] [stdout] 
[INFO] [stdout] 
[INFO] [stdout] warning: this function depends on never type fallback being `()`
[INFO] [stdout]    --> src/api/sub_api/repositories.rs:136:5
[INFO] [stdout]     |
[INFO] [stdout] 136 | /     pub async fn cherry_pick_branch(
[INFO] [stdout] 137 | |         &self,
[INFO] [stdout] 138 | |         repo_name: String,
[INFO] [stdout] 139 | |         name: String,
[INFO] [stdout] 140 | |         cherry: RevertInfo,
[INFO] [stdout] 141 | |     ) -> Response<()> {
[INFO] [stdout]     | |_____________________^
[INFO] [stdout]     |
[INFO] [stdout]     = help: specify the types explicitly
[INFO] [stdout] note: in edition 2024, the requirement `for<'de> !: Deserialize<'de>` will fail
[INFO] [stdout]    --> src/api/sub_api/repositories.rs:145:21
[INFO] [stdout]     |
[INFO] [stdout] 145 |         self.client.post(url, body).await?;
[INFO] [stdout]     |                     ^^^^
[INFO] [stdout]     = warning: this was previously accepted by the compiler but is being phased out; it will become a hard error in Rust 2024 and in a future release in all editions!
[INFO] [stdout]     = note: for more information, see <https://doc.rust-lang.org/edition-guide/rust-2024/never-type-fallback.html>
[INFO] [stdout] help: use `()` annotations to avoid fallback changes
[INFO] [stdout]     |
[INFO] [stdout] 145 |         self.client.post::<()>(url, body).await?;
[INFO] [stdout]     |                         ++++++
[INFO] [stdout] 
[INFO] [stdout] 
[INFO] [stdout] warning: method `put` is never used
[INFO] [stdout]   --> src/api/core_request.rs:51:14
[INFO] [stdout]    |
[INFO] [stdout] 14 | pub trait CoreRequest {
[INFO] [stdout]    |           ----------- method in this trait
[INFO] [stdout] ...
[INFO] [stdout] 51 |     async fn put<T>(&self, endpoint: String, body: Value) -> Response<T>
[INFO] [stdout]    |              ^^^
[INFO] [stdout]    |
[INFO] [stdout]    = note: `#[warn(dead_code)]` (part of `#[warn(unused)]`) on by default
[INFO] [stdout] 
[INFO] [stdout] 
[INFO] [stdout] warning: unused imports: `group_api::GroupApi`, `repositories::RepositoriesApi`, and `setup::SetupApi`
[INFO] [stdout]  --> src/api/mod.rs:9:19
[INFO] [stdout]   |
[INFO] [stdout] 9 | pub use sub_api::{group_api::GroupApi, repositories::RepositoriesApi, setup::SetupApi};
[INFO] [stdout]   |                   ^^^^^^^^^^^^^^^^^^^  ^^^^^^^^^^^^^^^^^^^^^^^^^^^^^  ^^^^^^^^^^^^^^^
[INFO] [stdout]   |
[INFO] [stdout]   = note: `#[warn(unused_imports)]` (part of `#[warn(unused)]`) on by default
[INFO] [stdout] 
[INFO] [stdout] 
[INFO] [stdout] warning: this function depends on never type fallback being `()`
[INFO] [stdout]    --> src/api/sub_api/repositories.rs:123:5
[INFO] [stdout]     |
[INFO] [stdout] 123 | /     pub async fn revert_branch(
[INFO] [stdout] 124 | |         &self,
[INFO] [stdout] 125 | |         repo_name: String,
[INFO] [stdout] 126 | |         name: String,
[INFO] [stdout] 127 | |         revert: RevertInfo,
[INFO] [stdout] 128 | |     ) -> Response<()> {
[INFO] [stdout]     | |_____________________^
[INFO] [stdout]     |
[INFO] [stdout]     = help: specify the types explicitly
[INFO] [stdout] note: in edition 2024, the requirement `for<'de> !: Deserialize<'de>` will fail
[INFO] [stdout]    --> src/api/sub_api/repositories.rs:132:21
[INFO] [stdout]     |
[INFO] [stdout] 132 |         self.client.post(url, body).await?;
[INFO] [stdout]     |                     ^^^^
[INFO] [stdout]     = warning: this was previously accepted by the compiler but is being phased out; it will become a hard error in Rust 2024 and in a future release in all editions!
[INFO] [stdout]     = note: for more information, see <https://doc.rust-lang.org/edition-guide/rust-2024/never-type-fallback.html>
[INFO] [stdout]     = note: `#[warn(dependency_on_unit_never_type_fallback)]` (part of `#[warn(rust_2024_compatibility)]`) on by default
[INFO] [stdout] help: use `()` annotations to avoid fallback changes
[INFO] [stdout]     |
[INFO] [stdout] 132 |         self.client.post::<()>(url, body).await?;
[INFO] [stdout]     |                         ++++++
[INFO] [stdout] 
[INFO] [stdout] 
[INFO] [stdout] warning: this function depends on never type fallback being `()`
[INFO] [stdout]    --> src/api/sub_api/repositories.rs:136:5
[INFO] [stdout]     |
[INFO] [stdout] 136 | /     pub async fn cherry_pick_branch(
[INFO] [stdout] 137 | |         &self,
[INFO] [stdout] 138 | |         repo_name: String,
[INFO] [stdout] 139 | |         name: String,
[INFO] [stdout] 140 | |         cherry: RevertInfo,
[INFO] [stdout] 141 | |     ) -> Response<()> {
[INFO] [stdout]     | |_____________________^
[INFO] [stdout]     |
[INFO] [stdout]     = help: specify the types explicitly
[INFO] [stdout] note: in edition 2024, the requirement `for<'de> !: Deserialize<'de>` will fail
[INFO] [stdout]    --> src/api/sub_api/repositories.rs:145:21
[INFO] [stdout]     |
[INFO] [stdout] 145 |         self.client.post(url, body).await?;
[INFO] [stdout]     |                     ^^^^
[INFO] [stdout]     = warning: this was previously accepted by the compiler but is being phased out; it will become a hard error in Rust 2024 and in a future release in all editions!
[INFO] [stdout]     = note: for more information, see <https://doc.rust-lang.org/edition-guide/rust-2024/never-type-fallback.html>
[INFO] [stdout] help: use `()` annotations to avoid fallback changes
[INFO] [stdout]     |
[INFO] [stdout] 145 |         self.client.post::<()>(url, body).await?;
[INFO] [stdout]     |                         ++++++
[INFO] [stdout] 
[INFO] [stdout] 
[INFO] [stdout] warning: method `put` is never used
[INFO] [stdout]   --> src/api/core_request.rs:51:14
[INFO] [stdout]    |
[INFO] [stdout] 14 | pub trait CoreRequest {
[INFO] [stdout]    |           ----------- method in this trait
[INFO] [stdout] ...
[INFO] [stdout] 51 |     async fn put<T>(&self, endpoint: String, body: Value) -> Response<T>
[INFO] [stdout]    |              ^^^
[INFO] [stdout]    |
[INFO] [stdout]    = note: `#[warn(dead_code)]` (part of `#[warn(unused)]`) on by default
[INFO] [stdout] 
[INFO] [stdout] 
[INFO] [stderr]     Finished `release` profile [optimized] target(s) in 6.94s
[INFO] [stderr] warning: the following packages contain code that will be rejected by a future version of Rust: lakefs-rs v1.1.7 (/opt/rustwide/workdir)
[INFO] [stderr] note: to see what the problems were, use the option `--future-incompat-report`, or run `cargo report future-incompatibilities --id 3`
[INFO] running `Command { std: "docker" "inspect" "1b1baacf0832522630cbc426ae718ded2319d080c1bd36136b3eede19646df2d", kill_on_drop: false }`
[INFO] running `Command { std: "docker" "exec" "-e" "SOURCE_DIR=/opt/rustwide/workdir" "-e" "CARGO_HOME=/opt/rustwide/cargo-home" "-e" "RUSTUP_HOME=/opt/rustwide/rustup-home" "-e" "CARGO_TARGET_DIR=/opt/rustwide/target" "-e" "CARGO_INCREMENTAL=0" "-e" "RUST_BACKTRACE=full" "-e" "RUSTFLAGS=--cap-lints=warn" "-e" "RUSTDOCFLAGS=--cap-lints=warn" "-w" "/opt/rustwide/workdir" "--user" "0:0" "1b1baacf0832522630cbc426ae718ded2319d080c1bd36136b3eede19646df2d" "/opt/rustwide/cargo-home/bin/cargo" "+1.99.0-beta.8" "test" "--frozen" "--release", kill_on_drop: false }`
[INFO] [stderr] warning: unused imports: `group_api::GroupApi`, `repositories::RepositoriesApi`, and `setup::SetupApi`
[INFO] [stderr]  --> src/api/mod.rs:9:19
[INFO] [stderr]   |
[INFO] [stderr] 9 | pub use sub_api::{group_api::GroupApi, repositories::RepositoriesApi, setup::SetupApi};
[INFO] [stderr]   |                   ^^^^^^^^^^^^^^^^^^^  ^^^^^^^^^^^^^^^^^^^^^^^^^^^^^  ^^^^^^^^^^^^^^^
[INFO] [stderr]   |
[INFO] [stderr]   = note: `#[warn(unused_imports)]` (part of `#[warn(unused)]`) on by default
[INFO] [stderr] 
[INFO] [stderr] warning: this function depends on never type fallback being `()`
[INFO] [stderr]    --> src/api/sub_api/repositories.rs:123:5
[INFO] [stderr]     |
[INFO] [stderr] 123 | /     pub async fn revert_branch(
[INFO] [stderr] 124 | |         &self,
[INFO] [stderr] 125 | |         repo_name: String,
[INFO] [stderr] 126 | |         name: String,
[INFO] [stderr] 127 | |         revert: RevertInfo,
[INFO] [stderr] 128 | |     ) -> Response<()> {
[INFO] [stderr]     | |_____________________^
[INFO] [stderr]     |
[INFO] [stderr]     = help: specify the types explicitly
[INFO] [stderr] note: in edition 2024, the requirement `for<'de> !: Deserialize<'de>` will fail
[INFO] [stderr]    --> src/api/sub_api/repositories.rs:132:21
[INFO] [stderr]     |
[INFO] [stderr] 132 |         self.client.post(url, body).await?;
[INFO] [stderr]     |                     ^^^^
[INFO] [stderr]     = warning: this was previously accepted by the compiler but is being phased out; it will become a hard error in Rust 2024 and in a future release in all editions!
[INFO] [stderr]     = note: for more information, see <https://doc.rust-lang.org/edition-guide/rust-2024/never-type-fallback.html>
[INFO] [stderr]     = note: `#[warn(dependency_on_unit_never_type_fallback)]` (part of `#[warn(rust_2024_compatibility)]`) on by default
[INFO] [stderr] help: use `()` annotations to avoid fallback changes
[INFO] [stderr]     |
[INFO] [stderr] 132 |         self.client.post::<()>(url, body).await?;
[INFO] [stderr]     |                         ++++++
[INFO] [stderr] 
[INFO] [stderr] warning: this function depends on never type fallback being `()`
[INFO] [stderr]    --> src/api/sub_api/repositories.rs:136:5
[INFO] [stderr]     |
[INFO] [stderr] 136 | /     pub async fn cherry_pick_branch(
[INFO] [stderr] 137 | |         &self,
[INFO] [stderr] 138 | |         repo_name: String,
[INFO] [stderr] 139 | |         name: String,
[INFO] [stderr] 140 | |         cherry: RevertInfo,
[INFO] [stderr] 141 | |     ) -> Response<()> {
[INFO] [stderr]     | |_____________________^
[INFO] [stderr]     |
[INFO] [stderr]     = help: specify the types explicitly
[INFO] [stderr] note: in edition 2024, the requirement `for<'de> !: Deserialize<'de>` will fail
[INFO] [stderr]    --> src/api/sub_api/repositories.rs:145:21
[INFO] [stderr]     |
[INFO] [stderr] 145 |         self.client.post(url, body).await?;
[INFO] [stderr]     |                     ^^^^
[INFO] [stderr]     = warning: this was previously accepted by the compiler but is being phased out; it will become a hard error in Rust 2024 and in a future release in all editions!
[INFO] [stderr]     = note: for more information, see <https://doc.rust-lang.org/edition-guide/rust-2024/never-type-fallback.html>
[INFO] [stderr] help: use `()` annotations to avoid fallback changes
[INFO] [stderr]     |
[INFO] [stderr] 145 |         self.client.post::<()>(url, body).await?;
[INFO] [stderr]     |                         ++++++
[INFO] [stderr] 
[INFO] [stderr] warning: method `put` is never used
[INFO] [stderr]   --> src/api/core_request.rs:51:14
[INFO] [stderr]    |
[INFO] [stderr] 14 | pub trait CoreRequest {
[INFO] [stderr]    |           ----------- method in this trait
[INFO] [stderr] ...
[INFO] [stderr] 51 |     async fn put<T>(&self, endpoint: String, body: Value) -> Response<T>
[INFO] [stderr]    |              ^^^
[INFO] [stderr]    |
[INFO] [stderr]    = note: `#[warn(dead_code)]` (part of `#[warn(unused)]`) on by default
[INFO] [stderr] 
[INFO] [stderr] warning: `lakefs-rs` (lib) generated 4 warnings (run `cargo fix --lib -p lakefs-rs` to apply 3 suggestions)
[INFO] [stderr] warning: `lakefs-rs` (lib test) generated 4 warnings (4 duplicates)
[INFO] [stderr]     Finished `release` profile [optimized] target(s) in 0.18s
[INFO] [stderr] warning: the following packages contain code that will be rejected by a future version of Rust: lakefs-rs v1.1.7 (/opt/rustwide/workdir)
[INFO] [stderr] note: to see what the problems were, use the option `--future-incompat-report`, or run `cargo report future-incompatibilities --id 3`
[INFO] [stderr]      Running unittests src/lib.rs (/opt/rustwide/target/release/deps/lakefs-babf2c909058932b)
[INFO] [stdout] 
[INFO] [stdout] running 20 tests
[INFO] [stdout] test api::api_data::repository_data::tests::test_parse_metadata ... ok
[INFO] [stdout] test api::api_data::setup_data::tests::test_blockstore_config_deserialization ... ok
[INFO] [stdout] test api::lakefs_config::tests::test_config_from_envar ... ok
[INFO] [stdout] test api::api_data::setup_data::tests::test_parse_version ... ok
[INFO] [stdout] test api::api_data::repository_data::tests::test_repositories_struct_from_json ... ok
[INFO] [stdout] test api::tests::test_users_api::test_create_user ... FAILED
[INFO] [stdout] test api::tests::test_users_api::test_credential_user ... FAILED
[INFO] [stderr] [2026-10-19T07:32:54Z INFO  lakefs::api::sub_api::repositories] Object {"default_branch": String("main"), "name": String("test"), "sample_data": Bool(false), "storage_namespace": String("s3://test")}
[INFO] [stderr] [2026-10-19T07:32:54Z INFO  lakefs::api::tests::test_setup_repositories] Err(Request(reqwest::Error { kind: Request, url: Url { scheme: "http", cannot_be_a_base: false, username: "", password: None, host: Some(Domain("localhost")), port: Some(8000), path: "/api/v1/repositories", query: None, fragment: None }, source: hyper::Error(Connect, ConnectError("tcp connect error", Os { code: 111, kind: ConnectionRefused, message: "Connection refused" })) }))
[INFO] [stdout] test api::tests::test_setup_repositories::test_create_repository ... FAILED
[INFO] [stdout] test api::tests::test_object_api::test_del_file ... FAILED
[INFO] [stdout] test api::tests::test_users_api::test_get_list_users ... FAILED
[INFO] [stdout] test api::tests::test_branch_api::test_create_delete_branch ... FAILED
[INFO] [stdout] test api::tests::test_object_api::test_get_list_objs ... FAILED
[INFO] [stderr] [2026-10-19T07:32:54Z INFO  lakefs::api::tests::test_setup_repositories] Err(Request(reqwest::Error { kind: Request, url: Url { scheme: "http", cannot_be_a_base: false, username: "", password: None, host: Some(Domain("localhost")), port: Some(8000), path: "/api/v1/repositories", query: Some("after=&amount=100&prefix=&delimiter=&user_metadata=false&presign=false&path="), fragment: None }, source: hyper::Error(Connect, ConnectError("tcp connect error", Os { code: 111, kind: ConnectionRefused, message: "Connection refused" })) }))
[INFO] [stdout] test api::tests::test_users_api::test_add_user_to_groups ... FAILED
[INFO] [stdout] test api::tests::test_users_api::test_create_delete_groups ... FAILED
[INFO] [stdout] test api::tests::test_object_api::test_get_stat_obj ... FAILED
[INFO] [stdout] test api::tests::test_setup_repositories::test_get_repository ... FAILED
[INFO] [stdout] test api::tests::test_setup_repositories::test_setup_admin ... FAILED
[INFO] [stdout] test api::tests::test_object_api::test_get_file_info ... FAILED
[INFO] [stdout] test api::tests::test_users_api::test_get_user ... FAILED
[INFO] [stderr] [2026-10-19T07:32:54Z INFO  lakefs::api::tests::test_setup_repositories] Err(Request(reqwest::Error { kind: Request, url: Url { scheme: "http", cannot_be_a_base: false, username: "", password: None, host: Some(Domain("localhost")), port: Some(8000), path: "/api/v1/setup_lakefs", query: None, fragment: None }, source: hyper::Error(Connect, ConnectError("tcp connect error", Os { code: 111, kind: ConnectionRefused, message: "Connection refused" })) }))
[INFO] [stderr] [2026-10-19T07:32:54Z INFO  lakefs::api::tests::test_users_api] result: Err(Request(reqwest::Error { kind: Request, url: Url { scheme: "http", cannot_be_a_base: false, username: "", password: None, host: Some(Domain("localhost")), port: Some(8000), path: "/api/v1/auth/groups/Admins/members/test", query: None, fragment: None }, source: hyper::Error(Connect, ConnectError("tcp connect error", Os { code: 111, kind: ConnectionRefused, message: "Connection refused" })) }))
[INFO] [stdout] test api::tests::test_users_api::test_remove_user_to_groups ... FAILED
[INFO] [stdout] 
[INFO] [stdout] failures:
[INFO] [stdout] 
[INFO] [stdout] ---- api::tests::test_users_api::test_create_user stdout ----
[INFO] [stdout] 
[INFO] [stdout] thread 'api::tests::test_users_api::test_create_user' (2852) panicked at src/api/tests/test_users_api.rs:34:10:
[INFO] [stdout] called `Result::unwrap()` on an `Err` value: Request(reqwest::Error { kind: Request, url: Url { scheme: "http", cannot_be_a_base: false, username: "", password: None, host: Some(Domain("localhost")), port: Some(8000), path: "/api/v1/auth/users", query: None, fragment: None }, source: hyper::Error(Connect, ConnectError("tcp connect error", Os { code: 111, kind: ConnectionRefused, message: "Connection refused" })) })
[INFO] [stdout] stack backtrace:
[INFO] [stdout]    0:     0x559b5ef6c961 - <<std[70759c8f55707aa4]::sys::backtrace::BacktraceLock>::print::DisplayBacktrace as core[df12db4294e9bfd3]::fmt::Display>::fmt
[INFO] [stdout]    1:     0x559b5ef841ba - core[df12db4294e9bfd3]::fmt::write
[INFO] [stdout]    2:     0x559b5ef7198c - <alloc[2182bb758b4b3781]::vec::Vec<u8> as core[df12db4294e9bfd3]::io::write::Write>::write_fmt
[INFO] [stdout]    3:     0x559b5ef47c96 - std[70759c8f55707aa4]::panicking::default_hook::{closure#0}
[INFO] [stdout]    4:     0x559b5ef64879 - std[70759c8f55707aa4]::panicking::default_hook
[INFO] [stdout]    5:     0x559b5ece9810 - test[9d35eded1c95d3be]::test_main_inner::<test[9d35eded1c95d3be]::test_main_static::{closure#0}>::{closure#0}
[INFO] [stdout]    6:     0x559b5ef64ba2 - std[70759c8f55707aa4]::panicking::panic_with_hook
[INFO] [stdout]    7:     0x559b5ef47d42 - std[70759c8f55707aa4]::panicking::panic_handler::{closure#0}
[INFO] [stdout]    8:     0x559b5ef407a9 - std[70759c8f55707aa4]::sys::backtrace::__rust_end_short_backtrace::<std[70759c8f55707aa4]::panicking::panic_handler::{closure#0}, !>
[INFO] [stdout]    9:     0x559b5ef48bcd - __rustc[8fa7c3cbc660c2b3]::rust_begin_unwind
[INFO] [stdout]   10:     0x559b5ef8499c - core[df12db4294e9bfd3]::panicking::panic_fmt
[INFO] [stdout]   11:     0x559b5ef84772 - core[df12db4294e9bfd3]::result::unwrap_failed
[INFO] [stdout]   12:     0x559b5eca50ca - lakefs[d9f215755bf6ed80]::api::tests::test_users_api::test_create_user::{closure#0}
[INFO] [stdout]   13:     0x559b5ecc5443 - <tokio[802eaeee5dbcae8]::runtime::scheduler::current_thread::Context>::enter::<core[df12db4294e9bfd3]::task::poll::Poll<()>, <tokio[802eaeee5dbcae8]::runtime::scheduler::current_thread::CoreGuard>::block_on<core[df12db4294e9bfd3]::pin::Pin<&mut core[df12db4294e9bfd3]::pin::Pin<&mut dyn core[df12db4294e9bfd3]::future::future::Future<Output = ()>>>>::{closure#0}::{closure#0}>
[INFO] [stdout]   14:     0x559b5ecb1fac - <tokio[802eaeee5dbcae8]::runtime::context::scoped::Scoped<tokio[802eaeee5dbcae8]::runtime::scheduler::Context>>::set::<<tokio[802eaeee5dbcae8]::runtime::scheduler::current_thread::CoreGuard>::enter<<tokio[802eaeee5dbcae8]::runtime::scheduler::current_thread::CoreGuard>::block_on<core[df12db4294e9bfd3]::pin::Pin<&mut core[df12db4294e9bfd3]::pin::Pin<&mut dyn core[df12db4294e9bfd3]::future::future::Future<Output = ()>>>>::{closure#0}, core[df12db4294e9bfd3]::option::Option<()>>::{closure#0}, (alloc[2182bb758b4b3781]::boxed::Box<tokio[802eaeee5dbcae8]::runtime::scheduler::current_thread::Core>, core[df12db4294e9bfd3]::option::Option<()>)>
[INFO] [stdout]   15:     0x559b5ecc55e7 - <tokio[802eaeee5dbcae8]::runtime::scheduler::current_thread::CoreGuard>::block_on::<core[df12db4294e9bfd3]::pin::Pin<&mut core[df12db4294e9bfd3]::pin::Pin<&mut dyn core[df12db4294e9bfd3]::future::future::Future<Output = ()>>>>
[INFO] [stdout]   16:     0x559b5eccc33b - tokio[802eaeee5dbcae8]::runtime::context::runtime::enter_runtime::<<tokio[802eaeee5dbcae8]::runtime::scheduler::current_thread::CurrentThread>::block_on<core[df12db4294e9bfd3]::pin::Pin<&mut dyn core[df12db4294e9bfd3]::future::future::Future<Output = ()>>>::{closure#0}, ()>
[INFO] [stdout]   17:     0x559b5ecbfb15 - <tokio[802eaeee5dbcae8]::runtime::runtime::Runtime>::block_on::<core[df12db4294e9bfd3]::pin::Pin<&mut dyn core[df12db4294e9bfd3]::future::future::Future<Output = ()>>>
[INFO] [stdout]   18:     0x559b5eca9b6b - lakefs[d9f215755bf6ed80]::api::tests::test_users_api::test_create_user
[INFO] [stdout]   19:     0x559b5ecc5149 - <lakefs[d9f215755bf6ed80]::api::tests::test_users_api::test_create_user::{closure#0} as core[df12db4294e9bfd3]::ops::function::FnOnce<()>>::call_once
[INFO] [stdout]   20:     0x559b5ecdcafb - test[9d35eded1c95d3be]::__rust_begin_short_backtrace::<core[df12db4294e9bfd3]::result::Result<(), alloc[2182bb758b4b3781]::string::String>, fn() -> core[df12db4294e9bfd3]::result::Result<(), alloc[2182bb758b4b3781]::string::String>>
[INFO] [stdout]   21:     0x559b5ecea165 - test[9d35eded1c95d3be]::run_test::{closure#0}
[INFO] [stdout]   22:     0x559b5ece3a24 - std[70759c8f55707aa4]::sys::backtrace::__rust_begin_short_backtrace::<test[9d35eded1c95d3be]::run_test::{closure#1}, ()>
[INFO] [stdout]   23:     0x559b5eced2c2 - <std[70759c8f55707aa4]::thread::lifecycle::spawn_unchecked<test[9d35eded1c95d3be]::run_test::{closure#1}, ()>::{closure#1} as core[df12db4294e9bfd3]::ops::function::FnOnce<()>>::call_once::{shim:vtable#0}
[INFO] [stdout]   24:     0x559b5ef6be89 - <std[70759c8f55707aa4]::sys::thread::unix::Thread>::new::thread_start
[INFO] [stdout]   25:     0x7a95f5530dfa - <unknown>
[INFO] [stdout]   26:     0x7a95f55c43d4 - clone
[INFO] [stdout]   27:                0x0 - <unknown>
[INFO] [stdout] 
[INFO] [stdout] ---- api::tests::test_users_api::test_credential_user stdout ----
[INFO] [stdout] 
[INFO] [stdout] thread 'api::tests::test_users_api::test_credential_user' (2853) panicked at src/api/tests/test_users_api.rs:49:10:
[INFO] [stdout] called `Result::unwrap()` on an `Err` value: Request(reqwest::Error { kind: Request, url: Url { scheme: "http", cannot_be_a_base: false, username: "", password: None, host: Some(Domain("localhost")), port: Some(8000), path: "/api/v1/auth/users/test/credentials", query: None, fragment: None }, source: hyper::Error(Connect, ConnectError("tcp connect error", Os { code: 111, kind: ConnectionRefused, message: "Connection refused" })) })
[INFO] [stdout] stack backtrace:
[INFO] [stdout]    0:     0x559b5ef6c961 - <<std[70759c8f55707aa4]::sys::backtrace::BacktraceLock>::print::DisplayBacktrace as core[df12db4294e9bfd3]::fmt::Display>::fmt
[INFO] [stdout]    1:     0x559b5ef841ba - core[df12db4294e9bfd3]::fmt::write
[INFO] [stdout]    2:     0x559b5ef7198c - <alloc[2182bb758b4b3781]::vec::Vec<u8> as core[df12db4294e9bfd3]::io::write::Write>::write_fmt
[INFO] [stdout]    3:     0x559b5ef47c96 - std[70759c8f55707aa4]::panicking::default_hook::{closure#0}
[INFO] [stdout]    4:     0x559b5ef64879 - std[70759c8f55707aa4]::panicking::default_hook
[INFO] [stdout]    5:     0x559b5ece9810 - test[9d35eded1c95d3be]::test_main_inner::<test[9d35eded1c95d3be]::test_main_static::{closure#0}>::{closure#0}
[INFO] [stdout]    6:     0x559b5ef64ba2 - std[70759c8f55707aa4]::panicking::panic_with_hook
[INFO] [stdout]    7:     0x559b5ef47d42 - std[70759c8f55707aa4]::panicking::panic_handler::{closure#0}
[INFO] [stdout]    8:     0x559b5ef407a9 - std[70759c8f55707aa4]::sys::backtrace::__rust_end_short_backtrace::<std[70759c8f55707aa4]::panicking::panic_handler::{closure#0}, !>
[INFO] [stdout]    9:     0x559b5ef48bcd - __rustc[8fa7c3cbc660c2b3]::rust_begin_unwind
[INFO] [stdout]   10:     0x559b5ef8499c - core[df12db4294e9bfd3]::panicking::panic_fmt
[INFO] [stdout]   11:     0x559b5ef84772 - core[df12db4294e9bfd3]::result::unwrap_failed
[INFO] [stdout]   12:     0x559b5eca6387 - lakefs[d9f215755bf6ed80]::api::tests::test_users_api::test_credential_user::{closure#0}
[INFO] [stdout]   13:     0x559b5ecc5443 - <tokio[802eaeee5dbcae8]::runtime::scheduler::current_thread::Context>::enter::<core[df12db4294e9bfd3]::task::poll::Poll<()>, <tokio[802eaeee5dbcae8]::runtime::scheduler::current_thread::CoreGuard>::block_on<core[df12db4294e9bfd3]::pin::Pin<&mut core[df12db4294e9bfd3]::pin::Pin<&mut dyn core[df12db4294e9bfd3]::future::future::Future<Output = ()>>>>::{closure#0}::{closure#0}>
[INFO] [stdout]   14:     0x559b5ecb1fac - <tokio[802eaeee5dbcae8]::runtime::context::scoped::Scoped<tokio[802eaeee5dbcae8]::runtime::scheduler::Context>>::set::<<tokio[802eaeee5dbcae8]::runtime::scheduler::current_thread::CoreGuard>::enter<<tokio[802eaeee5dbcae8]::runtime::scheduler::current_thread::CoreGuard>::block_on<core[df12db4294e9bfd3]::pin::Pin<&mut core[df12db4294e9bfd3]::pin::Pin<&mut dyn core[df12db4294e9bfd3]::future::future::Future<Output = ()>>>>::{closure#0}, core[df12db4294e9bfd3]::option::Option<()>>::{closure#0}, (alloc[2182bb758b4b3781]::boxed::Box<tokio[802eaeee5dbcae8]::runtime::scheduler::current_thread::Core>, core[df12db4294e9bfd3]::option::Option<()>)>
[INFO] [stdout]   15:     0x559b5ecc55e7 - <tokio[802eaeee5dbcae8]::runtime::scheduler::current_thread::CoreGuard>::block_on::<core[df12db4294e9bfd3]::pin::Pin<&mut core[df12db4294e9bfd3]::pin::Pin<&mut dyn core[df12db4294e9bfd3]::future::future::Future<Output = ()>>>>
[INFO] [stdout]   16:     0x559b5eccc33b - tokio[802eaeee5dbcae8]::runtime::context::runtime::enter_runtime::<<tokio[802eaeee5dbcae8]::runtime::scheduler::current_thread::CurrentThread>::block_on<core[df12db4294e9bfd3]::pin::Pin<&mut dyn core[df12db4294e9bfd3]::future::future::Future<Output = ()>>>::{closure#0}, ()>
[INFO] [stdout]   17:     0x559b5ecbfb15 - <tokio[802eaeee5dbcae8]::runtime::runtime::Runtime>::block_on::<core[df12db4294e9bfd3]::pin::Pin<&mut dyn core[df12db4294e9bfd3]::future::future::Future<Output = ()>>>
[INFO] [stdout]   18:     0x559b5eca9e3b - lakefs[d9f215755bf6ed80]::api::tests::test_users_api::test_credential_user
[INFO] [stdout]   19:     0x559b5ecc5189 - <lakefs[d9f215755bf6ed80]::api::tests::test_users_api::test_credential_user::{closure#0} as core[df12db4294e9bfd3]::ops::function::FnOnce<()>>::call_once
[INFO] [stdout]   20:     0x559b5ecdcafb - test[9d35eded1c95d3be]::__rust_begin_short_backtrace::<core[df12db4294e9bfd3]::result::Result<(), alloc[2182bb758b4b3781]::string::String>, fn() -> core[df12db4294e9bfd3]::result::Result<(), alloc[2182bb758b4b3781]::string::String>>
[INFO] [stdout]   21:     0x559b5ecea165 - test[9d35eded1c95d3be]::run_test::{closure#0}
[INFO] [stdout]   22:     0x559b5ece3a24 - std[70759c8f55707aa4]::sys::backtrace::__rust_begin_short_backtrace::<test[9d35eded1c95d3be]::run_test::{closure#1}, ()>
[INFO] [stdout]   23:     0x559b5eced2c2 - <std[70759c8f55707aa4]::thread::lifecycle::spawn_unchecked<test[9d35eded1c95d3be]::run_test::{closure#1}, ()>::{closure#1} as core[df12db4294e9bfd3]::ops::function::FnOnce<()>>::call_once::{shim:vtable#0}
[INFO] [stdout]   24:     0x559b5ef6be89 - <std[70759c8f55707aa4]::sys::thread::unix::Thread>::new::thread_start
[INFO] [stdout]   25:     0x7a95f5530dfa - <unknown>
[INFO] [stdout]   26:     0x7a95f55c43d4 - clone
[INFO] [stdout]   27:                0x0 - <unknown>
[INFO] [stdout] 
[INFO] [stdout] ---- api::tests::test_setup_repositories::test_create_repository stdout ----
[INFO] [stdout] 
[INFO] [stdout] thread 'api::tests::test_setup_repositories::test_create_repository' (2847) panicked at src/api/tests/test_setup_repositories.rs:33:5:
[INFO] [stdout] assertion failed: result.is_ok()
[INFO] [stdout] stack backtrace:
[INFO] [stdout]    0:     0x559b5ef6c961 - <<std[70759c8f55707aa4]::sys::backtrace::BacktraceLock>::print::DisplayBacktrace as core[df12db4294e9bfd3]::fmt::Display>::fmt
[INFO] [stdout]    1:     0x559b5ef841ba - core[df12db4294e9bfd3]::fmt::write
[INFO] [stdout]    2:     0x559b5ef7198c - <alloc[2182bb758b4b3781]::vec::Vec<u8> as core[df12db4294e9bfd3]::io::write::Write>::write_fmt
[INFO] [stdout]    3:     0x559b5ef47c96 - std[70759c8f55707aa4]::panicking::default_hook::{closure#0}
[INFO] [stdout]    4:     0x559b5ef64879 - std[70759c8f55707aa4]::panicking::default_hook
[INFO] [stdout]    5:     0x559b5ece9810 - test[9d35eded1c95d3be]::test_main_inner::<test[9d35eded1c95d3be]::test_main_static::{closure#0}>::{closure#0}
[INFO] [stdout]    6:     0x559b5ef64ba2 - std[70759c8f55707aa4]::panicking::panic_with_hook
[INFO] [stdout]    7:     0x559b5ef47d74 - std[70759c8f55707aa4]::panicking::panic_handler::{closure#0}
[INFO] [stdout]    8:     0x559b5ef407a9 - std[70759c8f55707aa4]::sys::backtrace::__rust_end_short_backtrace::<std[70759c8f55707aa4]::panicking::panic_handler::{closure#0}, !>
[INFO] [stdout]    9:     0x559b5ef48bcd - __rustc[8fa7c3cbc660c2b3]::rust_begin_unwind
[INFO] [stdout]   10:     0x559b5ef8499c - core[df12db4294e9bfd3]::panicking::panic_fmt
[INFO] [stdout]   11:     0x559b5ef84962 - core[df12db4294e9bfd3]::panicking::panic
[INFO] [stdout]   12:     0x559b5ecb146a - lakefs[d9f215755bf6ed80]::api::tests::test_setup_repositories::test_create_repository::{closure#0}
[INFO] [stdout]   13:     0x559b5ecc5443 - <tokio[802eaeee5dbcae8]::runtime::scheduler::current_thread::Context>::enter::<core[df12db4294e9bfd3]::task::poll::Poll<()>, <tokio[802eaeee5dbcae8]::runtime::scheduler::current_thread::CoreGuard>::block_on<core[df12db4294e9bfd3]::pin::Pin<&mut core[df12db4294e9bfd3]::pin::Pin<&mut dyn core[df12db4294e9bfd3]::future::future::Future<Output = ()>>>>::{closure#0}::{closure#0}>
[INFO] [stdout]   14:     0x559b5ecb1fac - <tokio[802eaeee5dbcae8]::runtime::context::scoped::Scoped<tokio[802eaeee5dbcae8]::runtime::scheduler::Context>>::set::<<tokio[802eaeee5dbcae8]::runtime::scheduler::current_thread::CoreGuard>::enter<<tokio[802eaeee5dbcae8]::runtime::scheduler::current_thread::CoreGuard>::block_on<core[df12db4294e9bfd3]::pin::Pin<&mut core[df12db4294e9bfd3]::pin::Pin<&mut dyn core[df12db4294e9bfd3]::future::future::Future<Output = ()>>>>::{closure#0}, core[df12db4294e9bfd3]::option::Option<()>>::{closure#0}, (alloc[2182bb758b4b3781]::boxed::Box<tokio[802eaeee5dbcae8]::runtime::scheduler::current_thread::Core>, core[df12db4294e9bfd3]::option::Option<()>)>
[INFO] [stdout]   15:     0x559b5ecc55e7 - <tokio[802eaeee5dbcae8]::runtime::scheduler::current_thread::CoreGuard>::block_on::<core[df12db4294e9bfd3]::pin::Pin<&mut core[df12db4294e9bfd3]::pin::Pin<&mut dyn core[df12db4294e9bfd3]::future::future::Future<Output = ()>>>>
[INFO] [stdout]   16:     0x559b5eccc33b - tokio[802eaeee5dbcae8]::runtime::context::runtime::enter_runtime::<<tokio[802eaeee5dbcae8]::runtime::scheduler::current_thread::CurrentThread>::block_on<core[df12db4294e9bfd3]::pin::Pin<&mut dyn core[df12db4294e9bfd3]::future::future::Future<Output = ()>>>::{closure#0}, ()>
[INFO] [stdout]   17:     0x559b5ecbfb15 - <tokio[802eaeee5dbcae8]::runtime::runtime::Runtime>::block_on::<core[df12db4294e9bfd3]::pin::Pin<&mut dyn core[df12db4294e9bfd3]::future::future::Future<Output = ()>>>
[INFO] [stdout]   18:     0x559b5ecb1b4b - lakefs[d9f215755bf6ed80]::api::tests::test_setup_repositories::test_create_repository
[INFO] [stdout]   19:     0x559b5ecc52e9 - <lakefs[d9f215755bf6ed80]::api::tests::test_setup_repositories::test_create_repository::{closure#0} as core[df12db4294e9bfd3]::ops::function::FnOnce<()>>::call_once
[INFO] [stdout]   20:     0x559b5ecdcafb - test[9d35eded1c95d3be]::__rust_begin_short_backtrace::<core[df12db4294e9bfd3]::result::Result<(), alloc[2182bb758b4b3781]::string::String>, fn() -> core[df12db4294e9bfd3]::result::Result<(), alloc[2182bb758b4b3781]::string::String>>
[INFO] [stdout]   21:     0x559b5ecea165 - test[9d35eded1c95d3be]::run_test::{closure#0}
[INFO] [stdout]   22:     0x559b5ece3a24 - std[70759c8f55707aa4]::sys::backtrace::__rust_begin_short_backtrace::<test[9d35eded1c95d3be]::run_test::{closure#1}, ()>
[INFO] [stdout]   23:     0x559b5eced2c2 - <std[70759c8f55707aa4]::thread::lifecycle::spawn_unchecked<test[9d35eded1c95d3be]::run_test::{closure#1}, ()>::{closure#1} as core[df12db4294e9bfd3]::ops::function::FnOnce<()>>::call_once::{shim:vtable#0}
[INFO] [stdout]   24:     0x559b5ef6be89 - <std[70759c8f55707aa4]::sys::thread::unix::Thread>::new::thread_start
[INFO] [stdout]   25:     0x7a95f5530dfa - <unknown>
[INFO] [stdout]   26:     0x7a95f55c43d4 - clone
[INFO] [stdout]   27:                0x0 - <unknown>
[INFO] [stdout] 
[INFO] [stdout] ---- api::tests::test_object_api::test_del_file stdout ----
[INFO] [stdout] 
[INFO] [stdout] thread 'api::tests::test_object_api::test_del_file' (2843) panicked at src/api/tests/test_object_api.rs:70:10:
[INFO] [stdout] called `Result::unwrap()` on an `Err` value: Request(reqwest::Error { kind: Request, url: Url { scheme: "http", cannot_be_a_base: false, username: "", password: None, host: Some(Domain("localhost")), port: Some(8000), path: "/api/v1/repositories/test/branches/main/objects", query: Some("after=&amount=100&prefix=&delimiter=&user_metadata=false&presign=false&path=example.parquet"), fragment: None }, source: hyper::Error(Connect, ConnectError("tcp connect error", Os { code: 111, kind: ConnectionRefused, message: "Connection refused" })) })
[INFO] [stdout] stack backtrace:
[INFO] [stdout]    0:     0x559b5ef6c961 - <<std[70759c8f55707aa4]::sys::backtrace::BacktraceLock>::print::DisplayBacktrace as core[df12db4294e9bfd3]::fmt::Display>::fmt
[INFO] [stdout]    1:     0x559b5ef841ba - core[df12db4294e9bfd3]::fmt::write
[INFO] [stdout]    2:     0x559b5ef7198c - <alloc[2182bb758b4b3781]::vec::Vec<u8> as core[df12db4294e9bfd3]::io::write::Write>::write_fmt
[INFO] [stdout]    3:     0x559b5ef47c96 - std[70759c8f55707aa4]::panicking::default_hook::{closure#0}
[INFO] [stdout]    4:     0x559b5ef64879 - std[70759c8f55707aa4]::panicking::default_hook
[INFO] [stdout]    5:     0x559b5ece9810 - test[9d35eded1c95d3be]::test_main_inner::<test[9d35eded1c95d3be]::test_main_static::{closure#0}>::{closure#0}
[INFO] [stdout]    6:     0x559b5ef64ba2 - std[70759c8f55707aa4]::panicking::panic_with_hook
[INFO] [stdout]    7:     0x559b5ef47d42 - std[70759c8f55707aa4]::panicking::panic_handler::{closure#0}
[INFO] [stdout]    8:     0x559b5ef407a9 - std[70759c8f55707aa4]::sys::backtrace::__rust_end_short_backtrace::<std[70759c8f55707aa4]::panicking::panic_handler::{closure#0}, !>
[INFO] [stdout]    9:     0x559b5ef48bcd - __rustc[8fa7c3cbc660c2b3]::rust_begin_unwind
[INFO] [stdout]   10:     0x559b5ef8499c - core[df12db4294e9bfd3]::panicking::panic_fmt
[INFO] [stdout]   11:     0x559b5ef84772 - core[df12db4294e9bfd3]::result::unwrap_failed
[INFO] [stdout]   12:     0x559b5ecba01d - lakefs[d9f215755bf6ed80]::api::tests::test_object_api::test_del_file::{closure#0}
[INFO] [stdout]   13:     0x559b5ecc5443 - <tokio[802eaeee5dbcae8]::runtime::scheduler::current_thread::Context>::enter::<core[df12db4294e9bfd3]::task::poll::Poll<()>, <tokio[802eaeee5dbcae8]::runtime::scheduler::current_thread::CoreGuard>::block_on<core[df12db4294e9bfd3]::pin::Pin<&mut core[df12db4294e9bfd3]::pin::Pin<&mut dyn core[df12db4294e9bfd3]::future::future::Future<Output = ()>>>>::{closure#0}::{closure#0}>
[INFO] [stdout]   14:     0x559b5ecb1fac - <tokio[802eaeee5dbcae8]::runtime::context::scoped::Scoped<tokio[802eaeee5dbcae8]::runtime::scheduler::Context>>::set::<<tokio[802eaeee5dbcae8]::runtime::scheduler::current_thread::CoreGuard>::enter<<tokio[802eaeee5dbcae8]::runtime::scheduler::current_thread::CoreGuard>::block_on<core[df12db4294e9bfd3]::pin::Pin<&mut core[df12db4294e9bfd3]::pin::Pin<&mut dyn core[df12db4294e9bfd3]::future::future::Future<Output = ()>>>>::{closure#0}, core[df12db4294e9bfd3]::option::Option<()>>::{closure#0}, (alloc[2182bb758b4b3781]::boxed::Box<tokio[802eaeee5dbcae8]::runtime::scheduler::current_thread::Core>, core[df12db4294e9bfd3]::option::Option<()>)>
[INFO] [stdout]   15:     0x559b5ecc55e7 - <tokio[802eaeee5dbcae8]::runtime::scheduler::current_thread::CoreGuard>::block_on::<core[df12db4294e9bfd3]::pin::Pin<&mut core[df12db4294e9bfd3]::pin::Pin<&mut dyn core[df12db4294e9bfd3]::future::future::Future<Output = ()>>>>
[INFO] [stdout]   16:     0x559b5eccc33b - tokio[802eaeee5dbcae8]::runtime::context::runtime::enter_runtime::<<tokio[802eaeee5dbcae8]::runtime::scheduler::current_thread::CurrentThread>::block_on<core[df12db4294e9bfd3]::pin::Pin<&mut dyn core[df12db4294e9bfd3]::future::future::Future<Output = ()>>>::{closure#0}, ()>
[INFO] [stdout]   17:     0x559b5ecbfb15 - <tokio[802eaeee5dbcae8]::runtime::runtime::Runtime>::block_on::<core[df12db4294e9bfd3]::pin::Pin<&mut dyn core[df12db4294e9bfd3]::future::future::Future<Output = ()>>>
[INFO] [stdout]   18:     0x559b5ecbc8eb - lakefs[d9f215755bf6ed80]::api::tests::test_object_api::test_del_file
[INFO] [stdout]   19:     0x559b5ecc5229 - <lakefs[d9f215755bf6ed80]::api::tests::test_object_api::test_del_file::{closure#0} as core[df12db4294e9bfd3]::ops::function::FnOnce<()>>::call_once
[INFO] [stdout]   20:     0x559b5ecdcafb - test[9d35eded1c95d3be]::__rust_begin_short_backtrace::<core[df12db4294e9bfd3]::result::Result<(), alloc[2182bb758b4b3781]::string::String>, fn() -> core[df12db4294e9bfd3]::result::Result<(), alloc[2182bb758b4b3781]::string::String>>
[INFO] [stdout]   21:     0x559b5ecea165 - test[9d35eded1c95d3be]::run_test::{closure#0}
[INFO] [stdout]   22:     0x559b5ece3a24 - std[70759c8f55707aa4]::sys::backtrace::__rust_begin_short_backtrace::<test[9d35eded1c95d3be]::run_test::{closure#1}, ()>
[INFO] [stderr] error: test failed, to rerun pass `--lib`
[INFO] [stdout]   23:     0x559b5eced2c2 - <std[70759c8f55707aa4]::thread::lifecycle::spawn_unchecked<test[9d35eded1c95d3be]::run_test::{closure#1}, ()>::{closure#1} as core[df12db4294e9bfd3]::ops::function::FnOnce<()>>::call_once::{shim:vtable#0}
[INFO] [stdout]   24:     0x559b5ef6be89 - <std[70759c8f55707aa4]::sys::thread::unix::Thread>::new::thread_start
[INFO] [stdout]   25:     0x7a95f5530dfa - <unknown>
[INFO] [stdout]   26:     0x7a95f55c43d4 - clone
[INFO] [stdout]   27:                0x0 - <unknown>
[INFO] [stdout] 
[INFO] [stdout] ---- api::tests::test_users_api::test_get_list_users stdout ----
[INFO] [stdout] 
[INFO] [stdout] thread 'api::tests::test_users_api::test_get_list_users' (2854) panicked at src/api/tests/test_users_api.rs:11:57:
[INFO] [stdout] called `Result::unwrap()` on an `Err` value: Request(reqwest::Error { kind: Request, url: Url { scheme: "http", cannot_be_a_base: false, username: "", password: None, host: Some(Domain("localhost")), port: Some(8000), path: "/api/v1/auth/users", query: Some("after=&amount=100&prefix=&delimiter=&user_metadata=false&presign=false&path="), fragment: None }, source: hyper::Error(Connect, ConnectError("tcp connect error", Os { code: 111, kind: ConnectionRefused, message: "Connection refused" })) })
[INFO] [stdout] stack backtrace:
[INFO] [stdout]    0:     0x559b5ef6c961 - <<std[70759c8f55707aa4]::sys::backtrace::BacktraceLock>::print::DisplayBacktrace as core[df12db4294e9bfd3]::fmt::Display>::fmt
[INFO] [stdout]    1:     0x559b5ef841ba - core[df12db4294e9bfd3]::fmt::write
[INFO] [stdout]    2:     0x559b5ef7198c - <alloc[2182bb758b4b3781]::vec::Vec<u8> as core[df12db4294e9bfd3]::io::write::Write>::write_fmt
[INFO] [stdout]    3:     0x559b5ef47c96 - std[70759c8f55707aa4]::panicking::default_hook::{closure#0}
[INFO] [stdout]    4:     0x559b5ef64879 - std[70759c8f55707aa4]::panicking::default_hook
[INFO] [stdout]    5:     0x559b5ece9810 - test[9d35eded1c95d3be]::test_main_inner::<test[9d35eded1c95d3be]::test_main_static::{closure#0}>::{closure#0}
[INFO] [stdout]    6:     0x559b5ef64ba2 - std[70759c8f55707aa4]::panicking::panic_with_hook
[INFO] [stdout]    7:     0x559b5ef47d42 - std[70759c8f55707aa4]::panicking::panic_handler::{closure#0}
[INFO] [stdout]    8:     0x559b5ef407a9 - std[70759c8f55707aa4]::sys::backtrace::__rust_end_short_backtrace::<std[70759c8f55707aa4]::panicking::panic_handler::{closure#0}, !>
[INFO] [stdout]    9:     0x559b5ef48bcd - __rustc[8fa7c3cbc660c2b3]::rust_begin_unwind
[INFO] [stdout]   10:     0x559b5ef8499c - core[df12db4294e9bfd3]::panicking::panic_fmt
[INFO] [stdout]   11:     0x559b5ef84772 - core[df12db4294e9bfd3]::result::unwrap_failed
[INFO] [stdout]   12:     0x559b5eca57bc - lakefs[d9f215755bf6ed80]::api::tests::test_users_api::test_get_list_users::{closure#0}
[INFO] [stdout]   13:     0x559b5ecc5443 - <tokio[802eaeee5dbcae8]::runtime::scheduler::current_thread::Context>::enter::<core[df12db4294e9bfd3]::task::poll::Poll<()>, <tokio[802eaeee5dbcae8]::runtime::scheduler::current_thread::CoreGuard>::block_on<core[df12db4294e9bfd3]::pin::Pin<&mut core[df12db4294e9bfd3]::pin::Pin<&mut dyn core[df12db4294e9bfd3]::future::future::Future<Output = ()>>>>::{closure#0}::{closure#0}>
[INFO] [stdout]   14:     0x559b5ecb1fac - <tokio[802eaeee5dbcae8]::runtime::context::scoped::Scoped<tokio[802eaeee5dbcae8]::runtime::scheduler::Context>>::set::<<tokio[802eaeee5dbcae8]::runtime::scheduler::current_thread::CoreGuard>::enter<<tokio[802eaeee5dbcae8]::runtime::scheduler::current_thread::CoreGuard>::block_on<core[df12db4294e9bfd3]::pin::Pin<&mut core[df12db4294e9bfd3]::pin::Pin<&mut dyn core[df12db4294e9bfd3]::future::future::Future<Output = ()>>>>::{closure#0}, core[df12db4294e9bfd3]::option::Option<()>>::{closure#0}, (alloc[2182bb758b4b3781]::boxed::Box<tokio[802eaeee5dbcae8]::runtime::scheduler::current_thread::Core>, core[df12db4294e9bfd3]::option::Option<()>)>
[INFO] [stdout]   15:     0x559b5ecc55e7 - <tokio[802eaeee5dbcae8]::runtime::scheduler::current_thread::CoreGuard>::block_on::<core[df12db4294e9bfd3]::pin::Pin<&mut core[df12db4294e9bfd3]::pin::Pin<&mut dyn core[df12db4294e9bfd3]::future::future::Future<Output = ()>>>>
[INFO] [stdout]   16:     0x559b5eccc33b - tokio[802eaeee5dbcae8]::runtime::context::runtime::enter_runtime::<<tokio[802eaeee5dbcae8]::runtime::scheduler::current_thread::CurrentThread>::block_on<core[df12db4294e9bfd3]::pin::Pin<&mut dyn core[df12db4294e9bfd3]::future::future::Future<Output = ()>>>::{closure#0}, ()>
[INFO] [stdout]   17:     0x559b5ecbfb15 - <tokio[802eaeee5dbcae8]::runtime::runtime::Runtime>::block_on::<core[df12db4294e9bfd3]::pin::Pin<&mut dyn core[df12db4294e9bfd3]::future::future::Future<Output = ()>>>
[INFO] [stdout]   18:     0x559b5eca9ceb - lakefs[d9f215755bf6ed80]::api::tests::test_users_api::test_get_list_users
[INFO] [stdout]   19:     0x559b5ecc5169 - <lakefs[d9f215755bf6ed80]::api::tests::test_users_api::test_get_list_users::{closure#0} as core[df12db4294e9bfd3]::ops::function::FnOnce<()>>::call_once
[INFO] [stdout]   20:     0x559b5ecdcafb - test[9d35eded1c95d3be]::__rust_begin_short_backtrace::<core[df12db4294e9bfd3]::result::Result<(), alloc[2182bb758b4b3781]::string::String>, fn() -> core[df12db4294e9bfd3]::result::Result<(), alloc[2182bb758b4b3781]::string::String>>
[INFO] [stdout]   21:     0x559b5ecea165 - test[9d35eded1c95d3be]::run_test::{closure#0}
[INFO] [stdout]   22:     0x559b5ece3a24 - std[70759c8f55707aa4]::sys::backtrace::__rust_begin_short_backtrace::<test[9d35eded1c95d3be]::run_test::{closure#1}, ()>
[INFO] [stdout]   23:     0x559b5eced2c2 - <std[70759c8f55707aa4]::thread::lifecycle::spawn_unchecked<test[9d35eded1c95d3be]::run_test::{closure#1}, ()>::{closure#1} as core[df12db4294e9bfd3]::ops::function::FnOnce<()>>::call_once::{shim:vtable#0}
[INFO] [stdout]   24:     0x559b5ef6be89 - <std[70759c8f55707aa4]::sys::thread::unix::Thread>::new::thread_start
[INFO] [stdout]   25:     0x7a95f5530dfa - <unknown>
[INFO] [stdout]   26:     0x7a95f55c43d4 - clone
[INFO] [stdout]   27:                0x0 - <unknown>
[INFO] [stdout] 
[INFO] [stdout] ---- api::tests::test_branch_api::test_create_delete_branch stdout ----
[INFO] [stdout] 
[INFO] [stdout] thread 'api::tests::test_branch_api::test_create_delete_branch' (2842) panicked at src/api/tests/test_branch_api.rs:17:10:
[INFO] [stdout] called `Result::unwrap()` on an `Err` value: Request(reqwest::Error { kind: Request, url: Url { scheme: "http", cannot_be_a_base: false, username: "", password: None, host: Some(Domain("localhost")), port: Some(8000), path: "/api/v1/repositories/test/branches", query: None, fragment: None }, source: hyper::Error(Connect, ConnectError("tcp connect error", Os { code: 111, kind: ConnectionRefused, message: "Connection refused" })) })
[INFO] [stdout] stack backtrace:
[INFO] [stdout]    0:     0x559b5ef6c961 - <<std[70759c8f55707aa4]::sys::backtrace::BacktraceLock>::print::DisplayBacktrace as core[df12db4294e9bfd3]::fmt::Display>::fmt
[INFO] [stdout]    1:     0x559b5ef841ba - core[df12db4294e9bfd3]::fmt::write
[INFO] [stdout]    2:     0x559b5ef7198c - <alloc[2182bb758b4b3781]::vec::Vec<u8> as core[df12db4294e9bfd3]::io::write::Write>::write_fmt
[INFO] [stdout]    3:     0x559b5ef47c96 - std[70759c8f55707aa4]::panicking::default_hook::{closure#0}
[INFO] [stdout]    4:     0x559b5ef64879 - std[70759c8f55707aa4]::panicking::default_hook
[INFO] [stdout]    5:     0x559b5ece9810 - test[9d35eded1c95d3be]::test_main_inner::<test[9d35eded1c95d3be]::test_main_static::{closure#0}>::{closure#0}
[INFO] [stdout]    6:     0x559b5ef64ba2 - std[70759c8f55707aa4]::panicking::panic_with_hook
[INFO] [stdout]    7:     0x559b5ef47d42 - std[70759c8f55707aa4]::panicking::panic_handler::{closure#0}
[INFO] [stdout]    8:     0x559b5ef407a9 - std[70759c8f55707aa4]::sys::backtrace::__rust_end_short_backtrace::<std[70759c8f55707aa4]::panicking::panic_handler::{closure#0}, !>
[INFO] [stdout]    9:     0x559b5ef48bcd - __rustc[8fa7c3cbc660c2b3]::rust_begin_unwind
[INFO] [stdout]   10:     0x559b5ef8499c - core[df12db4294e9bfd3]::panicking::panic_fmt
[INFO] [stdout]   11:     0x559b5ef84772 - core[df12db4294e9bfd3]::result::unwrap_failed
[INFO] [stdout]   12:     0x559b5ecc83f3 - lakefs[d9f215755bf6ed80]::api::tests::test_branch_api::test_create_delete_branch::{closure#0}
[INFO] [stdout]   13:     0x559b5ecc5443 - <tokio[802eaeee5dbcae8]::runtime::scheduler::current_thread::Context>::enter::<core[df12db4294e9bfd3]::task::poll::Poll<()>, <tokio[802eaeee5dbcae8]::runtime::scheduler::current_thread::CoreGuard>::block_on<core[df12db4294e9bfd3]::pin::Pin<&mut core[df12db4294e9bfd3]::pin::Pin<&mut dyn core[df12db4294e9bfd3]::future::future::Future<Output = ()>>>>::{closure#0}::{closure#0}>
[INFO] [stdout]   14:     0x559b5ecb1fac - <tokio[802eaeee5dbcae8]::runtime::context::scoped::Scoped<tokio[802eaeee5dbcae8]::runtime::scheduler::Context>>::set::<<tokio[802eaeee5dbcae8]::runtime::scheduler::current_thread::CoreGuard>::enter<<tokio[802eaeee5dbcae8]::runtime::scheduler::current_thread::CoreGuard>::block_on<core[df12db4294e9bfd3]::pin::Pin<&mut core[df12db4294e9bfd3]::pin::Pin<&mut dyn core[df12db4294e9bfd3]::future::future::Future<Output = ()>>>>::{closure#0}, core[df12db4294e9bfd3]::option::Option<()>>::{closure#0}, (alloc[2182bb758b4b3781]::boxed::Box<tokio[802eaeee5dbcae8]::runtime::scheduler::current_thread::Core>, core[df12db4294e9bfd3]::option::Option<()>)>
[INFO] [stdout]   15:     0x559b5ecc55e7 - <tokio[802eaeee5dbcae8]::runtime::scheduler::current_thread::CoreGuard>::block_on::<core[df12db4294e9bfd3]::pin::Pin<&mut core[df12db4294e9bfd3]::pin::Pin<&mut dyn core[df12db4294e9bfd3]::future::future::Future<Output = ()>>>>
[INFO] [stdout]   16:     0x559b5eccc33b - tokio[802eaeee5dbcae8]::runtime::context::runtime::enter_runtime::<<tokio[802eaeee5dbcae8]::runtime::scheduler::current_thread::CurrentThread>::block_on<core[df12db4294e9bfd3]::pin::Pin<&mut dyn core[df12db4294e9bfd3]::future::future::Future<Output = ()>>>::{closure#0}, ()>
[INFO] [stdout]   17:     0x559b5ecbfb15 - <tokio[802eaeee5dbcae8]::runtime::runtime::Runtime>::block_on::<core[df12db4294e9bfd3]::pin::Pin<&mut dyn core[df12db4294e9bfd3]::future::future::Future<Output = ()>>>
[INFO] [stdout]   18:     0x559b5ecc8e7b - lakefs[d9f215755bf6ed80]::api::tests::test_branch_api::test_create_delete_branch
[INFO] [stdout]   19:     0x559b5ecc5209 - <lakefs[d9f215755bf6ed80]::api::tests::test_branch_api::test_create_delete_branch::{closure#0} as core[df12db4294e9bfd3]::ops::function::FnOnce<()>>::call_once
[INFO] [stdout]   20:     0x559b5ecdcafb - test[9d35eded1c95d3be]::__rust_begin_short_backtrace::<core[df12db4294e9bfd3]::result::Result<(), alloc[2182bb758b4b3781]::string::String>, fn() -> core[df12db4294e9bfd3]::result::Result<(), alloc[2182bb758b4b3781]::string::String>>
[INFO] [stdout]   21:     0x559b5ecea165 - test[9d35eded1c95d3be]::run_test::{closure#0}
[INFO] [stdout]   22:     0x559b5ece3a24 - std[70759c8f55707aa4]::sys::backtrace::__rust_begin_short_backtrace::<test[9d35eded1c95d3be]::run_test::{closure#1}, ()>
[INFO] [stdout]   23:     0x559b5eced2c2 - <std[70759c8f55707aa4]::thread::lifecycle::spawn_unchecked<test[9d35eded1c95d3be]::run_test::{closure#1}, ()>::{closure#1} as core[df12db4294e9bfd3]::ops::function::FnOnce<()>>::call_once::{shim:vtable#0}
[INFO] [stdout]   24:     0x559b5ef6be89 - <std[70759c8f55707aa4]::sys::thread::unix::Thread>::new::thread_start
[INFO] [stdout]   25:     0x7a95f5530dfa - <unknown>
[INFO] [stdout]   26:     0x7a95f55c43d4 - clone
[INFO] [stdout]   27:                0x0 - <unknown>
[INFO] [stdout] 
[INFO] [stdout] ---- api::tests::test_object_api::test_get_list_objs stdout ----
[INFO] [stdout] 
[INFO] [stdout] thread 'api::tests::test_object_api::test_get_list_objs' (2845) panicked at src/api/tests/test_object_api.rs:35:10:
[INFO] [stdout] called `Result::unwrap()` on an `Err` value: Request(reqwest::Error { kind: Request, url: Url { scheme: "http", cannot_be_a_base: false, username: "", password: None, host: Some(Domain("localhost")), port: Some(8000), path: "/api/v1/repositories/test/refs/main/objects/ls", query: Some("after=&amount=100&prefix=&delimiter=&user_metadata=false&presign=false&path="), fragment: None }, source: hyper::Error(Connect, ConnectError("tcp connect error", Os { code: 111, kind: ConnectionRefused, message: "Connection refused" })) })
[INFO] [stdout] stack backtrace:
[INFO] [stdout]    0:     0x559b5ef6c961 - <<std[70759c8f55707aa4]::sys::backtrace::BacktraceLock>::print::DisplayBacktrace as core[df12db4294e9bfd3]::fmt::Display>::fmt
[INFO] [stdout]    1:     0x559b5ef841ba - core[df12db4294e9bfd3]::fmt::write
[INFO] [stdout]    2:     0x559b5ef7198c - <alloc[2182bb758b4b3781]::vec::Vec<u8> as core[df12db4294e9bfd3]::io::write::Write>::write_fmt
[INFO] [stdout]    3:     0x559b5ef47c96 - std[70759c8f55707aa4]::panicking::default_hook::{closure#0}
[INFO] [stdout]    4:     0x559b5ef64879 - std[70759c8f55707aa4]::panicking::default_hook
[INFO] [stdout]    5:     0x559b5ece9810 - test[9d35eded1c95d3be]::test_main_inner::<test[9d35eded1c95d3be]::test_main_static::{closure#0}>::{closure#0}
[INFO] [stdout]    6:     0x559b5ef64ba2 - std[70759c8f55707aa4]::panicking::panic_with_hook
[INFO] [stdout]    7:     0x559b5ef47d42 - std[70759c8f55707aa4]::panicking::panic_handler::{closure#0}
[INFO] [stdout]    8:     0x559b5ef407a9 - std[70759c8f55707aa4]::sys::backtrace::__rust_end_short_backtrace::<std[70759c8f55707aa4]::panicking::panic_handler::{closure#0}, !>
[INFO] [stdout]    9:     0x559b5ef48bcd - __rustc[8fa7c3cbc660c2b3]::rust_begin_unwind
[INFO] [stdout]   10:     0x559b5ef8499c - core[df12db4294e9bfd3]::panicking::panic_fmt
[INFO] [stdout]   11:     0x559b5ef84772 - core[df12db4294e9bfd3]::result::unwrap_failed
[INFO] [stdout]   12:     0x559b5ecbc5c9 - lakefs[d9f215755bf6ed80]::api::tests::test_object_api::test_get_list_objs::{closure#0}
[INFO] [stdout]   13:     0x559b5ecc5443 - <tokio[802eaeee5dbcae8]::runtime::scheduler::current_thread::Context>::enter::<core[df12db4294e9bfd3]::task::poll::Poll<()>, <tokio[802eaeee5dbcae8]::runtime::scheduler::current_thread::CoreGuard>::block_on<core[df12db4294e9bfd3]::pin::Pin<&mut core[df12db4294e9bfd3]::pin::Pin<&mut dyn core[df12db4294e9bfd3]::future::future::Future<Output = ()>>>>::{closure#0}::{closure#0}>
[INFO] [stdout]   14:     0x559b5ecb1fac - <tokio[802eaeee5dbcae8]::runtime::context::scoped::Scoped<tokio[802eaeee5dbcae8]::runtime::scheduler::Context>>::set::<<tokio[802eaeee5dbcae8]::runtime::scheduler::current_thread::CoreGuard>::enter<<tokio[802eaeee5dbcae8]::runtime::scheduler::current_thread::CoreGuard>::block_on<core[df12db4294e9bfd3]::pin::Pin<&mut core[df12db4294e9bfd3]::pin::Pin<&mut dyn core[df12db4294e9bfd3]::future::future::Future<Output = ()>>>>::{closure#0}, core[df12db4294e9bfd3]::option::Option<()>>::{closure#0}, (alloc[2182bb758b4b3781]::boxed::Box<tokio[802eaeee5dbcae8]::runtime::scheduler::current_thread::Core>, core[df12db4294e9bfd3]::option::Option<()>)>
[INFO] [stdout]   15:     0x559b5ecc55e7 - <tokio[802eaeee5dbcae8]::runtime::scheduler::current_thread::CoreGuard>::block_on::<core[df12db4294e9bfd3]::pin::Pin<&mut core[df12db4294e9bfd3]::pin::Pin<&mut dyn core[df12db4294e9bfd3]::future::future::Future<Output = ()>>>>
[INFO] [stdout]   16:     0x559b5eccc33b - tokio[802eaeee5dbcae8]::runtime::context::runtime::enter_runtime::<<tokio[802eaeee5dbcae8]::runtime::scheduler::current_thread::CurrentThread>::block_on<core[df12db4294e9bfd3]::pin::Pin<&mut dyn core[df12db4294e9bfd3]::future::future::Future<Output = ()>>>::{closure#0}, ()>
[INFO] [stdout]   17:     0x559b5ecbfb15 - <tokio[802eaeee5dbcae8]::runtime::runtime::Runtime>::block_on::<core[df12db4294e9bfd3]::pin::Pin<&mut dyn core[df12db4294e9bfd3]::future::future::Future<Output = ()>>>
[INFO] [stdout]   18:     0x559b5ecbcd9b - lakefs[d9f215755bf6ed80]::api::tests::test_object_api::test_get_list_objs
[INFO] [stdout]   19:     0x559b5ecc5289 - <lakefs[d9f215755bf6ed80]::api::tests::test_object_api::test_get_list_objs::{closure#0} as core[df12db4294e9bfd3]::ops::function::FnOnce<()>>::call_once
[INFO] [stdout]   20:     0x559b5ecdcafb - test[9d35eded1c95d3be]::__rust_begin_short_backtrace::<core[df12db4294e9bfd3]::result::Result<(), alloc[2182bb758b4b3781]::string::String>, fn() -> core[df12db4294e9bfd3]::result::Result<(), alloc[2182bb758b4b3781]::string::String>>
[INFO] [stdout]   21:     0x559b5ecea165 - test[9d35eded1c95d3be]::run_test::{closure#0}
[INFO] [stdout]   22:     0x559b5ece3a24 - std[70759c8f55707aa4]::sys::backtrace::__rust_begin_short_backtrace::<test[9d35eded1c95d3be]::run_test::{closure#1}, ()>
[INFO] [stdout]   23:     0x559b5eced2c2 - <std[70759c8f55707aa4]::thread::lifecycle::spawn_unchecked<test[9d35eded1c95d3be]::run_test::{closure#1}, ()>::{closure#1} as core[df12db4294e9bfd3]::ops::function::FnOnce<()>>::call_once::{shim:vtable#0}
[INFO] [stdout]   24:     0x559b5ef6be89 - <std[70759c8f55707aa4]::sys::thread::unix::Thread>::new::thread_start
[INFO] [stdout]   25:     0x7a95f5530dfa - <unknown>
[INFO] [stdout]   26:     0x7a95f55c43d4 - clone
[INFO] [stdout]   27:                0x0 - <unknown>
[INFO] [stdout] 
[INFO] [stdout] ---- api::tests::test_users_api::test_add_user_to_groups stdout ----
[INFO] [stdout] 
[INFO] [stdout] thread 'api::tests::test_users_api::test_add_user_to_groups' (2850) panicked at src/api/tests/test_users_api.rs:70:10:
[INFO] [stdout] called `Result::unwrap()` on an `Err` value: Request(reqwest::Error { kind: Request, url: Url { scheme: "http", cannot_be_a_base: false, username: "", password: None, host: Some(Domain("localhost")), port: Some(8000), path: "/api/v1/auth/groups/Admins/members/test", query: None, fragment: None }, source: hyper::Error(Connect, ConnectError("tcp connect error", Os { code: 111, kind: ConnectionRefused, message: "Connection refused" })) })
[INFO] [stdout] stack backtrace:
[INFO] [stdout]    0:     0x559b5ef6c961 - <<std[70759c8f55707aa4]::sys::backtrace::BacktraceLock>::print::DisplayBacktrace as core[df12db4294e9bfd3]::fmt::Display>::fmt
[INFO] [stdout]    1:     0x559b5ef841ba - core[df12db4294e9bfd3]::fmt::write
[INFO] [stdout]    2:     0x559b5ef7198c - <alloc[2182bb758b4b3781]::vec::Vec<u8> as core[df12db4294e9bfd3]::io::write::Write>::write_fmt
[INFO] [stdout]    3:     0x559b5ef47c96 - std[70759c8f55707aa4]::panicking::default_hook::{closure#0}
[INFO] [stdout]    4:     0x559b5ef64879 - std[70759c8f55707aa4]::panicking::default_hook
[INFO] [stdout]    5:     0x559b5ece9810 - test[9d35eded1c95d3be]::test_main_inner::<test[9d35eded1c95d3be]::test_main_static::{closure#0}>::{closure#0}
[INFO] [stdout]    6:     0x559b5ef64ba2 - std[70759c8f55707aa4]::panicking::panic_with_hook
[INFO] [stdout]    7:     0x559b5ef47d42 - std[70759c8f55707aa4]::panicking::panic_handler::{closure#0}
[INFO] [stdout]    8:     0x559b5ef407a9 - std[70759c8f55707aa4]::sys::backtrace::__rust_end_short_backtrace::<std[70759c8f55707aa4]::panicking::panic_handler::{closure#0}, !>
[INFO] [stdout]    9:     0x559b5ef48bcd - __rustc[8fa7c3cbc660c2b3]::rust_begin_unwind
[INFO] [stdout]   10:     0x559b5ef8499c - core[df12db4294e9bfd3]::panicking::panic_fmt
[INFO] [stdout]   11:     0x559b5ef84772 - core[df12db4294e9bfd3]::result::unwrap_failed
[INFO] [stdout]   12:     0x559b5eca70f8 - lakefs[d9f215755bf6ed80]::api::tests::test_users_api::test_add_user_to_groups::{closure#0}
[INFO] [stdout]   13:     0x559b5ecc5443 - <tokio[802eaeee5dbcae8]::runtime::scheduler::current_thread::Context>::enter::<core[df12db4294e9bfd3]::task::poll::Poll<()>, <tokio[802eaeee5dbcae8]::runtime::scheduler::current_thread::CoreGuard>::block_on<core[df12db4294e9bfd3]::pin::Pin<&mut core[df12db4294e9bfd3]::pin::Pin<&mut dyn core[df12db4294e9bfd3]::future::future::Future<Output = ()>>>>::{closure#0}::{closure#0}>
[INFO] [stdout]   14:     0x559b5ecb1fac - <tokio[802eaeee5dbcae8]::runtime::context::scoped::Scoped<tokio[802eaeee5dbcae8]::runtime::scheduler::Context>>::set::<<tokio[802eaeee5dbcae8]::runtime::scheduler::current_thread::CoreGuard>::enter<<tokio[802eaeee5dbcae8]::runtime::scheduler::current_thread::CoreGuard>::block_on<core[df12db4294e9bfd3]::pin::Pin<&mut core[df12db4294e9bfd3]::pin::Pin<&mut dyn core[df12db4294e9bfd3]::future::future::Future<Output = ()>>>>::{closure#0}, core[df12db4294e9bfd3]::option::Option<()>>::{closure#0}, (alloc[2182bb758b4b3781]::boxed::Box<tokio[802eaeee5dbcae8]::runtime::scheduler::current_thread::Core>, core[df12db4294e9bfd3]::option::Option<()>)>
[INFO] [stdout]   15:     0x559b5ecc55e7 - <tokio[802eaeee5dbcae8]::runtime::scheduler::current_thread::CoreGuard>::block_on::<core[df12db4294e9bfd3]::pin::Pin<&mut core[df12db4294e9bfd3]::pin::Pin<&mut dyn core[df12db4294e9bfd3]::future::future::Future<Output = ()>>>>
[INFO] [stdout]   16:     0x559b5eccc33b - tokio[802eaeee5dbcae8]::runtime::context::runtime::enter_runtime::<<tokio[802eaeee5dbcae8]::runtime::scheduler::current_thread::CurrentThread>::block_on<core[df12db4294e9bfd3]::pin::Pin<&mut dyn core[df12db4294e9bfd3]::future::future::Future<Output = ()>>>::{closure#0}, ()>
[INFO] [stdout]   17:     0x559b5ecbfb15 - <tokio[802eaeee5dbcae8]::runtime::runtime::Runtime>::block_on::<core[df12db4294e9bfd3]::pin::Pin<&mut dyn core[df12db4294e9bfd3]::future::future::Future<Output = ()>>>
[INFO] [stdout]   18:     0x559b5eca9f8b - lakefs[d9f215755bf6ed80]::api::tests::test_users_api::test_add_user_to_groups
[INFO] [stdout]   19:     0x559b5ecc51a9 - <lakefs[d9f215755bf6ed80]::api::tests::test_users_api::test_add_user_to_groups::{closure#0} as core[df12db4294e9bfd3]::ops::function::FnOnce<()>>::call_once
[INFO] [stdout]   20:     0x559b5ecdcafb - test[9d35eded1c95d3be]::__rust_begin_short_backtrace::<core[df12db4294e9bfd3]::result::Result<(), alloc[2182bb758b4b3781]::string::String>, fn() -> core[df12db4294e9bfd3]::result::Result<(), alloc[2182bb758b4b3781]::string::String>>
[INFO] [stdout]   21:     0x559b5ecea165 - test[9d35eded1c95d3be]::run_test::{closure#0}
[INFO] [stdout]   22:     0x559b5ece3a24 - std[70759c8f55707aa4]::sys::backtrace::__rust_begin_short_backtrace::<test[9d35eded1c95d3be]::run_test::{closure#1}, ()>
[INFO] [stdout]   23:     0x559b5eced2c2 - <std[70759c8f55707aa4]::thread::lifecycle::spawn_unchecked<test[9d35eded1c95d3be]::run_test::{closure#1}, ()>::{closure#1} as core[df12db4294e9bfd3]::ops::function::FnOnce<()>>::call_once::{shim:vtable#0}
[INFO] [stdout]   24:     0x559b5ef6be89 - <std[70759c8f55707aa4]::sys::thread::unix::Thread>::new::thread_start
[INFO] [stdout]   25:     0x7a95f5530dfa - <unknown>
[INFO] [stdout]   26:     0x7a95f55c43d4 - clone
[INFO] [stdout]   27:                0x0 - <unknown>
[INFO] [stdout] 
[INFO] [stdout] ---- api::tests::test_users_api::test_create_delete_groups stdout ----
[INFO] [stdout] 
[INFO] [stdout] thread 'api::tests::test_users_api::test_create_delete_groups' (2851) panicked at src/api/tests/test_users_api.rs:116:10:
[INFO] [stdout] called `Result::unwrap()` on an `Err` value: Request(reqwest::Error { kind: Request, url: Url { scheme: "http", cannot_be_a_base: false, username: "", password: None, host: Some(Domain("localhost")), port: Some(8000), path: "/api/v1/auth/groups", query: None, fragment: None }, source: hyper::Error(Connect, ConnectError("tcp connect error", Os { code: 111, kind: ConnectionRefused, message: "Connection refused" })) })
[INFO] [stdout] stack backtrace:
[INFO] [stdout]    0:     0x559b5ef6c961 - <<std[70759c8f55707aa4]::sys::backtrace::BacktraceLock>::print::DisplayBacktrace as core[df12db4294e9bfd3]::fmt::Display>::fmt
[INFO] [stdout]    1:     0x559b5ef841ba - core[df12db4294e9bfd3]::fmt::write
[INFO] [stdout]    2:     0x559b5ef7198c - <alloc[2182bb758b4b3781]::vec::Vec<u8> as core[df12db4294e9bfd3]::io::write::Write>::write_fmt
[INFO] [stdout]    3:     0x559b5ef47c96 - std[70759c8f55707aa4]::panicking::default_hook::{closure#0}
[INFO] [stdout]    4:     0x559b5ef64879 - std[70759c8f55707aa4]::panicking::default_hook
[INFO] [stdout]    5:     0x559b5ece9810 - test[9d35eded1c95d3be]::test_main_inner::<test[9d35eded1c95d3be]::test_main_static::{closure#0}>::{closure#0}
[INFO] [stdout]    6:     0x559b5ef64ba2 - std[70759c8f55707aa4]::panicking::panic_with_hook
[INFO] [stdout]    7:     0x559b5ef47d42 - std[70759c8f55707aa4]::panicking::panic_handler::{closure#0}
[INFO] [stdout]    8:     0x559b5ef407a9 - std[70759c8f55707aa4]::sys::backtrace::__rust_end_short_backtrace::<std[70759c8f55707aa4]::panicking::panic_handler::{closure#0}, !>
[INFO] [stdout]    9:     0x559b5ef48bcd - __rustc[8fa7c3cbc660c2b3]::rust_begin_unwind
[INFO] [stdout]   10:     0x559b5ef8499c - core[df12db4294e9bfd3]::panicking::panic_fmt
[INFO] [stdout]   11:     0x559b5ef84772 - core[df12db4294e9bfd3]::result::unwrap_failed
[INFO] [stdout]   12:     0x559b5eca8737 - lakefs[d9f215755bf6ed80]::api::tests::test_users_api::test_create_delete_groups::{closure#0}
[INFO] [stdout]   13:     0x559b5ecc5443 - <tokio[802eaeee5dbcae8]::runtime::scheduler::current_thread::Context>::enter::<core[df12db4294e9bfd3]::task::poll::Poll<()>, <tokio[802eaeee5dbcae8]::runtime::scheduler::current_thread::CoreGuard>::block_on<core[df12db4294e9bfd3]::pin::Pin<&mut core[df12db4294e9bfd3]::pin::Pin<&mut dyn core[df12db4294e9bfd3]::future::future::Future<Output = ()>>>>::{closure#0}::{closure#0}>
[INFO] [stdout]   14:     0x559b5ecb1fac - <tokio[802eaeee5dbcae8]::runtime::context::scoped::Scoped<tokio[802eaeee5dbcae8]::runtime::scheduler::Context>>::set::<<tokio[802eaeee5dbcae8]::runtime::scheduler::current_thread::CoreGuard>::enter<<tokio[802eaeee5dbcae8]::runtime::scheduler::current_thread::CoreGuard>::block_on<core[df12db4294e9bfd3]::pin::Pin<&mut core[df12db4294e9bfd3]::pin::Pin<&mut dyn core[df12db4294e9bfd3]::future::future::Future<Output = ()>>>>::{closure#0}, core[df12db4294e9bfd3]::option::Option<()>>::{closure#0}, (alloc[2182bb758b4b3781]::boxed::Box<tokio[802eaeee5dbcae8]::runtime::scheduler::current_thread::Core>, core[df12db4294e9bfd3]::option::Option<()>)>
[INFO] [stdout]   15:     0x559b5ecc55e7 - <tokio[802eaeee5dbcae8]::runtime::scheduler::current_thread::CoreGuard>::block_on::<core[df12db4294e9bfd3]::pin::Pin<&mut core[df12db4294e9bfd3]::pin::Pin<&mut dyn core[df12db4294e9bfd3]::future::future::Future<Output = ()>>>>
[INFO] [stdout]   16:     0x559b5eccc33b - tokio[802eaeee5dbcae8]::runtime::context::runtime::enter_runtime::<<tokio[802eaeee5dbcae8]::runtime::scheduler::current_thread::CurrentThread>::block_on<core[df12db4294e9bfd3]::pin::Pin<&mut dyn core[df12db4294e9bfd3]::future::future::Future<Output = ()>>>::{closure#0}, ()>
[INFO] [stdout]   17:     0x559b5ecbfb15 - <tokio[802eaeee5dbcae8]::runtime::runtime::Runtime>::block_on::<core[df12db4294e9bfd3]::pin::Pin<&mut dyn core[df12db4294e9bfd3]::future::future::Future<Output = ()>>>
[INFO] [stdout]   18:     0x559b5ecaa0db - lakefs[d9f215755bf6ed80]::api::tests::test_users_api::test_create_delete_groups
[INFO] [stdout]   19:     0x559b5ecc51c9 - <lakefs[d9f215755bf6ed80]::api::tests::test_users_api::test_create_delete_groups::{closure#0} as core[df12db4294e9bfd3]::ops::function::FnOnce<()>>::call_once
[INFO] [stdout]   20:     0x559b5ecdcafb - test[9d35eded1c95d3be]::__rust_begin_short_backtrace::<core[df12db4294e9bfd3]::result::Result<(), alloc[2182bb758b4b3781]::string::String>, fn() -> core[df12db4294e9bfd3]::result::Result<(), alloc[2182bb758b4b3781]::string::String>>
[INFO] [stdout]   21:     0x559b5ecea165 - test[9d35eded1c95d3be]::run_test::{closure#0}
[INFO] [stdout]   22:     0x559b5ece3a24 - std[70759c8f55707aa4]::sys::backtrace::__rust_begin_short_backtrace::<test[9d35eded1c95d3be]::run_test::{closure#1}, ()>
[INFO] [stdout]   23:     0x559b5eced2c2 - <std[70759c8f55707aa4]::thread::lifecycle::spawn_unchecked<test[9d35eded1c95d3be]::run_test::{closure#1}, ()>::{closure#1} as core[df12db4294e9bfd3]::ops::function::FnOnce<()>>::call_once::{shim:vtable#0}
[INFO] [stdout]   24:     0x559b5ef6be89 - <std[70759c8f55707aa4]::sys::thread::unix::Thread>::new::thread_start
[INFO] [stdout]   25:     0x7a95f5530dfa - <unknown>
[INFO] [stdout]   26:     0x7a95f55c43d4 - clone
[INFO] [stdout]   27:                0x0 - <unknown>
[INFO] [stdout] 
[INFO] [stdout] ---- api::tests::test_object_api::test_get_stat_obj stdout ----
[INFO] [stdout] 
[INFO] [stdout] thread 'api::tests::test_object_api::test_get_stat_obj' (2846) panicked at src/api/tests/test_object_api.rs:18:10:
[INFO] [stdout] called `Result::unwrap()` on an `Err` value: Request(reqwest::Error { kind: Request, url: Url { scheme: "http", cannot_be_a_base: false, username: "", password: None, host: Some(Domain("localhost")), port: Some(8000), path: "/api/v1/repositories/test/refs/main/objects/stat", query: Some("after=&amount=100&prefix=&delimiter=&user_metadata=false&presign=false&path=example.parquet"), fragment: None }, source: hyper::Error(Connect, ConnectError("tcp connect error", Os { code: 111, kind: ConnectionRefused, message: "Connection refused" })) })
[INFO] [stdout] stack backtrace:
[INFO] [stdout]    0:     0x559b5ef6c961 - <<std[70759c8f55707aa4]::sys::backtrace::BacktraceLock>::print::DisplayBacktrace as core[df12db4294e9bfd3]::fmt::Display>::fmt
[INFO] [stdout]    1:     0x559b5ef841ba - core[df12db4294e9bfd3]::fmt::write
[INFO] [stdout]    2:     0x559b5ef7198c - <alloc[2182bb758b4b3781]::vec::Vec<u8> as core[df12db4294e9bfd3]::io::write::Write>::write_fmt
[INFO] [stdout]    3:     0x559b5ef47c96 - std[70759c8f55707aa4]::panicking::default_hook::{closure#0}
[INFO] [stdout]    4:     0x559b5ef64879 - std[70759c8f55707aa4]::panicking::default_hook
[INFO] [stdout]    5:     0x559b5ece9810 - test[9d35eded1c95d3be]::test_main_inner::<test[9d35eded1c95d3be]::test_main_static::{closure#0}>::{closure#0}
[INFO] [stdout]    6:     0x559b5ef64ba2 - std[70759c8f55707aa4]::panicking::panic_with_hook
[INFO] [stdout]    7:     0x559b5ef47d42 - std[70759c8f55707aa4]::panicking::panic_handler::{closure#0}
[INFO] [stdout]    8:     0x559b5ef407a9 - std[70759c8f55707aa4]::sys::backtrace::__rust_end_short_backtrace::<std[70759c8f55707aa4]::panicking::panic_handler::{closure#0}, !>
[INFO] [stdout]    9:     0x559b5ef48bcd - __rustc[8fa7c3cbc660c2b3]::rust_begin_unwind
[INFO] [stdout]   10:     0x559b5ef8499c - core[df12db4294e9bfd3]::panicking::panic_fmt
[INFO] [stdout]   11:     0x559b5ef84772 - core[df12db4294e9bfd3]::result::unwrap_failed
[INFO] [stdout]   12:     0x559b5ecbada1 - lakefs[d9f215755bf6ed80]::api::tests::test_object_api::test_get_stat_obj::{closure#0}
[INFO] [stdout]   13:     0x559b5ecc5443 - <tokio[802eaeee5dbcae8]::runtime::scheduler::current_thread::Context>::enter::<core[df12db4294e9bfd3]::task::poll::Poll<()>, <tokio[802eaeee5dbcae8]::runtime::scheduler::current_thread::CoreGuard>::block_on<core[df12db4294e9bfd3]::pin::Pin<&mut core[df12db4294e9bfd3]::pin::Pin<&mut dyn core[df12db4294e9bfd3]::future::future::Future<Output = ()>>>>::{closure#0}::{closure#0}>
[INFO] [stdout]   14:     0x559b5ecb1fac - <tokio[802eaeee5dbcae8]::runtime::context::scoped::Scoped<tokio[802eaeee5dbcae8]::runtime::scheduler::Context>>::set::<<tokio[802eaeee5dbcae8]::runtime::scheduler::current_thread::CoreGuard>::enter<<tokio[802eaeee5dbcae8]::runtime::scheduler::current_thread::CoreGuard>::block_on<core[df12db4294e9bfd3]::pin::Pin<&mut core[df12db4294e9bfd3]::pin::Pin<&mut dyn core[df12db4294e9bfd3]::future::future::Future<Output = ()>>>>::{closure#0}, core[df12db4294e9bfd3]::option::Option<()>>::{closure#0}, (alloc[2182bb758b4b3781]::boxed::Box<tokio[802eaeee5dbcae8]::runtime::scheduler::current_thread::Core>, core[df12db4294e9bfd3]::option::Option<()>)>
[INFO] [stdout]   15:     0x559b5ecc55e7 - <tokio[802eaeee5dbcae8]::runtime::scheduler::current_thread::CoreGuard>::block_on::<core[df12db4294e9bfd3]::pin::Pin<&mut core[df12db4294e9bfd3]::pin::Pin<&mut dyn core[df12db4294e9bfd3]::future::future::Future<Output = ()>>>>
[INFO] [stdout]   16:     0x559b5eccc33b - tokio[802eaeee5dbcae8]::runtime::context::runtime::enter_runtime::<<tokio[802eaeee5dbcae8]::runtime::scheduler::current_thread::CurrentThread>::block_on<core[df12db4294e9bfd3]::pin::Pin<&mut dyn core[df12db4294e9bfd3]::future::future::Future<Output = ()>>>::{closure#0}, ()>
[INFO] [stdout]   17:     0x559b5ecbfb15 - <tokio[802eaeee5dbcae8]::runtime::runtime::Runtime>::block_on::<core[df12db4294e9bfd3]::pin::Pin<&mut dyn core[df12db4294e9bfd3]::future::future::Future<Output = ()>>>
[INFO] [stdout]   18:     0x559b5ecbca7b - lakefs[d9f215755bf6ed80]::api::tests::test_object_api::test_get_stat_obj
[INFO] [stdout]   19:     0x559b5ecc5249 - <lakefs[d9f215755bf6ed80]::api::tests::test_object_api::test_get_stat_obj::{closure#0} as core[df12db4294e9bfd3]::ops::function::FnOnce<()>>::call_once
[INFO] [stdout]   20:     0x559b5ecdcafb - test[9d35eded1c95d3be]::__rust_begin_short_backtrace::<core[df12db4294e9bfd3]::result::Result<(), alloc[2182bb758b4b3781]::string::String>, fn() -> core[df12db4294e9bfd3]::result::Result<(), alloc[2182bb758b4b3781]::string::String>>
[INFO] [stdout]   21:     0x559b5ecea165 - test[9d35eded1c95d3be]::run_test::{closure#0}
[INFO] [stdout]   22:     0x559b5ece3a24 - std[70759c8f55707aa4]::sys::backtrace::__rust_begin_short_backtrace::<test[9d35eded1c95d3be]::run_test::{closure#1}, ()>
[INFO] [stdout]   23:     0x559b5eced2c2 - <std[70759c8f55707aa4]::thread::lifecycle::spawn_unchecked<test[9d35eded1c95d3be]::run_test::{closure#1}, ()>::{closure#1} as core[df12db4294e9bfd3]::ops::function::FnOnce<()>>::call_once::{shim:vtable#0}
[INFO] [stdout]   24:     0x559b5ef6be89 - <std[70759c8f55707aa4]::sys::thread::unix::Thread>::new::thread_start
[INFO] [stdout]   25:     0x7a95f5530dfa - <unknown>
[INFO] [stdout]   26:     0x7a95f55c43d4 - clone
[INFO] [stdout]   27:                0x0 - <unknown>
[INFO] [stdout] 
[INFO] [stdout] ---- api::tests::test_setup_repositories::test_get_repository stdout ----
[INFO] [stdout] 
[INFO] [stdout] thread 'api::tests::test_setup_repositories::test_get_repository' (2848) panicked at src/api/tests/test_setup_repositories.rs:49:5:
[INFO] [stdout] assertion failed: result.is_ok()
[INFO] [stdout] stack backtrace:
[INFO] [stdout]    0:     0x559b5ef6c961 - <<std[70759c8f55707aa4]::sys::backtrace::BacktraceLock>::print::DisplayBacktrace as core[df12db4294e9bfd3]::fmt::Display>::fmt
[INFO] [stdout]    1:     0x559b5ef841ba - core[df12db4294e9bfd3]::fmt::write
[INFO] [stdout]    2:     0x559b5ef7198c - <alloc[2182bb758b4b3781]::vec::Vec<u8> as core[df12db4294e9bfd3]::io::write::Write>::write_fmt
[INFO] [stdout]    3:     0x559b5ef47c96 - std[70759c8f55707aa4]::panicking::default_hook::{closure#0}
[INFO] [stdout]    4:     0x559b5ef64879 - std[70759c8f55707aa4]::panicking::default_hook
[INFO] [stdout]    5:     0x559b5ece9810 - test[9d35eded1c95d3be]::test_main_inner::<test[9d35eded1c95d3be]::test_main_static::{closure#0}>::{closure#0}
[INFO] [stdout]    6:     0x559b5ef64ba2 - std[70759c8f55707aa4]::panicking::panic_with_hook
[INFO] [stdout]    7:     0x559b5ef47d74 - std[70759c8f55707aa4]::panicking::panic_handler::{closure#0}
[INFO] [stdout]    8:     0x559b5ef407a9 - std[70759c8f55707aa4]::sys::backtrace::__rust_end_short_backtrace::<std[70759c8f55707aa4]::panicking::panic_handler::{closure#0}, !>
[INFO] [stdout]    9:     0x559b5ef48bcd - __rustc[8fa7c3cbc660c2b3]::rust_begin_unwind
[INFO] [stdout]   10:     0x559b5ef8499c - core[df12db4294e9bfd3]::panicking::panic_fmt
[INFO] [stdout]   11:     0x559b5ef84962 - core[df12db4294e9bfd3]::panicking::panic
[INFO] [stdout]   12:     0x559b5ecb05da - lakefs[d9f215755bf6ed80]::api::tests::test_setup_repositories::test_get_repository::{closure#0}
[INFO] [stdout]   13:     0x559b5ecc5443 - <tokio[802eaeee5dbcae8]::runtime::scheduler::current_thread::Context>::enter::<core[df12db4294e9bfd3]::task::poll::Poll<()>, <tokio[802eaeee5dbcae8]::runtime::scheduler::current_thread::CoreGuard>::block_on<core[df12db4294e9bfd3]::pin::Pin<&mut core[df12db4294e9bfd3]::pin::Pin<&mut dyn core[df12db4294e9bfd3]::future::future::Future<Output = ()>>>>::{closure#0}::{closure#0}>
[INFO] [stdout]   14:     0x559b5ecb1fac - <tokio[802eaeee5dbcae8]::runtime::context::scoped::Scoped<tokio[802eaeee5dbcae8]::runtime::scheduler::Context>>::set::<<tokio[802eaeee5dbcae8]::runtime::scheduler::current_thread::CoreGuard>::enter<<tokio[802eaeee5dbcae8]::runtime::scheduler::current_thread::CoreGuard>::block_on<core[df12db4294e9bfd3]::pin::Pin<&mut core[df12db4294e9bfd3]::pin::Pin<&mut dyn core[df12db4294e9bfd3]::future::future::Future<Output = ()>>>>::{closure#0}, core[df12db4294e9bfd3]::option::Option<()>>::{closure#0}, (alloc[2182bb758b4b3781]::boxed::Box<tokio[802eaeee5dbcae8]::runtime::scheduler::current_thread::Core>, core[df12db4294e9bfd3]::option::Option<()>)>
[INFO] [stdout]   15:     0x559b5ecc55e7 - <tokio[802eaeee5dbcae8]::runtime::scheduler::current_thread::CoreGuard>::block_on::<core[df12db4294e9bfd3]::pin::Pin<&mut core[df12db4294e9bfd3]::pin::Pin<&mut dyn core[df12db4294e9bfd3]::future::future::Future<Output = ()>>>>
[INFO] [stdout]   16:     0x559b5eccc33b - tokio[802eaeee5dbcae8]::runtime::context::runtime::enter_runtime::<<tokio[802eaeee5dbcae8]::runtime::scheduler::current_thread::CurrentThread>::block_on<core[df12db4294e9bfd3]::pin::Pin<&mut dyn core[df12db4294e9bfd3]::future::future::Future<Output = ()>>>::{closure#0}, ()>
[INFO] [stdout]   17:     0x559b5ecbfb15 - <tokio[802eaeee5dbcae8]::runtime::runtime::Runtime>::block_on::<core[df12db4294e9bfd3]::pin::Pin<&mut dyn core[df12db4294e9bfd3]::future::future::Future<Output = ()>>>
[INFO] [stdout]   18:     0x559b5ecb19fb - lakefs[d9f215755bf6ed80]::api::tests::test_setup_repositories::test_get_repository
[INFO] [stdout]   19:     0x559b5ecc52c9 - <lakefs[d9f215755bf6ed80]::api::tests::test_setup_repositories::test_get_repository::{closure#0} as core[df12db4294e9bfd3]::ops::function::FnOnce<()>>::call_once
[INFO] [stdout]   20:     0x559b5ecdcafb - test[9d35eded1c95d3be]::__rust_begin_short_backtrace::<core[df12db4294e9bfd3]::result::Result<(), alloc[2182bb758b4b3781]::string::String>, fn() -> core[df12db4294e9bfd3]::result::Result<(), alloc[2182bb758b4b3781]::string::String>>
[INFO] [stdout]   21:     0x559b5ecea165 - test[9d35eded1c95d3be]::run_test::{closure#0}
[INFO] [stdout]   22:     0x559b5ece3a24 - std[70759c8f55707aa4]::sys::backtrace::__rust_begin_short_backtrace::<test[9d35eded1c95d3be]::run_test::{closure#1}, ()>
[INFO] [stdout]   23:     0x559b5eced2c2 - <std[70759c8f55707aa4]::thread::lifecycle::spawn_unchecked<test[9d35eded1c95d3be]::run_test::{closure#1}, ()>::{closure#1} as core[df12db4294e9bfd3]::ops::function::FnOnce<()>>::call_once::{shim:vtable#0}
[INFO] [stdout]   24:     0x559b5ef6be89 - <std[70759c8f55707aa4]::sys::thread::unix::Thread>::new::thread_start
[INFO] [stdout]   25:     0x7a95f5530dfa - <unknown>
[INFO] [stdout]   26:     0x7a95f55c43d4 - clone
[INFO] [stdout]   27:                0x0 - <unknown>
[INFO] [stdout] 
[INFO] [stdout] ---- api::tests::test_setup_repositories::test_setup_admin stdout ----
[INFO] [stdout] 
[INFO] [stdout] thread 'api::tests::test_setup_repositories::test_setup_admin' (2849) panicked at src/api/tests/test_setup_repositories.rs:14:5:
[INFO] [stdout] assertion failed: client.is_ok()
[INFO] [stdout] stack backtrace:
[INFO] [stdout]    0:     0x559b5ef6c961 - <<std[70759c8f55707aa4]::sys::backtrace::BacktraceLock>::print::DisplayBacktrace as core[df12db4294e9bfd3]::fmt::Display>::fmt
[INFO] [stdout]    1:     0x559b5ef841ba - core[df12db4294e9bfd3]::fmt::write
[INFO] [stdout]    2:     0x559b5ef7198c - <alloc[2182bb758b4b3781]::vec::Vec<u8> as core[df12db4294e9bfd3]::io::write::Write>::write_fmt
[INFO] [stdout]    3:     0x559b5ef47c96 - std[70759c8f55707aa4]::panicking::default_hook::{closure#0}
[INFO] [stdout]    4:     0x559b5ef64879 - std[70759c8f55707aa4]::panicking::default_hook
[INFO] [stdout]    5:     0x559b5ece9810 - test[9d35eded1c95d3be]::test_main_inner::<test[9d35eded1c95d3be]::test_main_static::{closure#0}>::{closure#0}
[INFO] [stdout]    6:     0x559b5ef64ba2 - std[70759c8f55707aa4]::panicking::panic_with_hook
[INFO] [stdout]    7:     0x559b5ef47d74 - std[70759c8f55707aa4]::panicking::panic_handler::{closure#0}
[INFO] [stdout]    8:     0x559b5ef407a9 - std[70759c8f55707aa4]::sys::backtrace::__rust_end_short_backtrace::<std[70759c8f55707aa4]::panicking::panic_handler::{closure#0}, !>
[INFO] [stdout]    9:     0x559b5ef48bcd - __rustc[8fa7c3cbc660c2b3]::rust_begin_unwind
[INFO] [stdout]   10:     0x559b5ef8499c - core[df12db4294e9bfd3]::panicking::panic_fmt
[INFO] [stdout]   11:     0x559b5ef84962 - core[df12db4294e9bfd3]::panicking::panic
[INFO] [stdout]   12:     0x559b5ecaf43d - lakefs[d9f215755bf6ed80]::api::tests::test_setup_repositories::test_setup_admin::{closure#0}
[INFO] [stdout]   13:     0x559b5ecc5443 - <tokio[802eaeee5dbcae8]::runtime::scheduler::current_thread::Context>::enter::<core[df12db4294e9bfd3]::task::poll::Poll<()>, <tokio[802eaeee5dbcae8]::runtime::scheduler::current_thread::CoreGuard>::block_on<core[df12db4294e9bfd3]::pin::Pin<&mut core[df12db4294e9bfd3]::pin::Pin<&mut dyn core[df12db4294e9bfd3]::future::future::Future<Output = ()>>>>::{closure#0}::{closure#0}>
[INFO] [stdout]   14:     0x559b5ecb1fac - <tokio[802eaeee5dbcae8]::runtime::context::scoped::Scoped<tokio[802eaeee5dbcae8]::runtime::scheduler::Context>>::set::<<tokio[802eaeee5dbcae8]::runtime::scheduler::current_thread::CoreGuard>::enter<<tokio[802eaeee5dbcae8]::runtime::scheduler::current_thread::CoreGuard>::block_on<core[df12db4294e9bfd3]::pin::Pin<&mut core[df12db4294e9bfd3]::pin::Pin<&mut dyn core[df12db4294e9bfd3]::future::future::Future<Output = ()>>>>::{closure#0}, core[df12db4294e9bfd3]::option::Option<()>>::{closure#0}, (alloc[2182bb758b4b3781]::boxed::Box<tokio[802eaeee5dbcae8]::runtime::scheduler::current_thread::Core>, core[df12db4294e9bfd3]::option::Option<()>)>
[INFO] [stdout]   15:     0x559b5ecc55e7 - <tokio[802eaeee5dbcae8]::runtime::scheduler::current_thread::CoreGuard>::block_on::<core[df12db4294e9bfd3]::pin::Pin<&mut core[df12db4294e9bfd3]::pin::Pin<&mut dyn core[df12db4294e9bfd3]::future::future::Future<Output = ()>>>>
[INFO] [stdout]   16:     0x559b5eccc33b - tokio[802eaeee5dbcae8]::runtime::context::runtime::enter_runtime::<<tokio[802eaeee5dbcae8]::runtime::scheduler::current_thread::CurrentThread>::block_on<core[df12db4294e9bfd3]::pin::Pin<&mut dyn core[df12db4294e9bfd3]::future::future::Future<Output = ()>>>::{closure#0}, ()>
[INFO] [stdout]   17:     0x559b5ecbfb15 - <tokio[802eaeee5dbcae8]::runtime::runtime::Runtime>::block_on::<core[df12db4294e9bfd3]::pin::Pin<&mut dyn core[df12db4294e9bfd3]::future::future::Future<Output = ()>>>
[INFO] [stdout]   18:     0x559b5ecb189b - lakefs[d9f215755bf6ed80]::api::tests::test_setup_repositories::test_setup_admin
[INFO] [stdout]   19:     0x559b5ecc52a9 - <lakefs[d9f215755bf6ed80]::api::tests::test_setup_repositories::test_setup_admin::{closure#0} as core[df12db4294e9bfd3]::ops::function::FnOnce<()>>::call_once
[INFO] [stdout]   20:     0x559b5ecdcafb - test[9d35eded1c95d3be]::__rust_begin_short_backtrace::<core[df12db4294e9bfd3]::result::Result<(), alloc[2182bb758b4b3781]::string::String>, fn() -> core[df12db4294e9bfd3]::result::Result<(), alloc[2182bb758b4b3781]::string::String>>
[INFO] [stdout]   21:     0x559b5ecea165 - test[9d35eded1c95d3be]::run_test::{closure#0}
[INFO] [stdout]   22:     0x559b5ece3a24 - std[70759c8f55707aa4]::sys::backtrace::__rust_begin_short_backtrace::<test[9d35eded1c95d3be]::run_test::{closure#1}, ()>
[INFO] [stdout]   23:     0x559b5eced2c2 - <std[70759c8f55707aa4]::thread::lifecycle::spawn_unchecked<test[9d35eded1c95d3be]::run_test::{closure#1}, ()>::{closure#1} as core[df12db4294e9bfd3]::ops::function::FnOnce<()>>::call_once::{shim:vtable#0}
[INFO] [stdout]   24:     0x559b5ef6be89 - <std[70759c8f55707aa4]::sys::thread::unix::Thread>::new::thread_start
[INFO] [stdout]   25:     0x7a95f5530dfa - <unknown>
[INFO] [stdout]   26:     0x7a95f55c43d4 - clone
[INFO] [stdout]   27:                0x0 - <unknown>
[INFO] [stdout] 
[INFO] [stdout] ---- api::tests::test_object_api::test_get_file_info stdout ----
[INFO] [stdout] 
[INFO] [stdout] thread 'api::tests::test_object_api::test_get_file_info' (2844) panicked at src/api/tests/test_object_api.rs:52:10:
[INFO] [stdout] called `Result::unwrap()` on an `Err` value: Request(reqwest::Error { kind: Request, url: Url { scheme: "http", cannot_be_a_base: false, username: "", password: None, host: Some(Domain("localhost")), port: Some(8000), path: "/api/v1/repositories/test/refs/main/objects", query: Some("after=&amount=100&prefix=&delimiter=&user_metadata=false&presign=false&path=example.parquet"), fragment: None }, source: hyper::Error(Connect, ConnectError("tcp connect error", Os { code: 111, kind: ConnectionRefused, message: "Connection refused" })) })
[INFO] [stdout] stack backtrace:
[INFO] [stdout]    0:     0x559b5ef6c961 - <<std[70759c8f55707aa4]::sys::backtrace::BacktraceLock>::print::DisplayBacktrace as core[df12db4294e9bfd3]::fmt::Display>::fmt
[INFO] [stdout]    1:     0x559b5ef841ba - core[df12db4294e9bfd3]::fmt::write
[INFO] [stdout]    2:     0x559b5ef7198c - <alloc[2182bb758b4b3781]::vec::Vec<u8> as core[df12db4294e9bfd3]::io::write::Write>::write_fmt
[INFO] [stdout]    3:     0x559b5ef47c96 - std[70759c8f55707aa4]::panicking::default_hook::{closure#0}
[INFO] [stdout]    4:     0x559b5ef64879 - std[70759c8f55707aa4]::panicking::default_hook
[INFO] [stdout]    5:     0x559b5ece9810 - test[9d35eded1c95d3be]::test_main_inner::<test[9d35eded1c95d3be]::test_main_static::{closure#0}>::{closure#0}
[INFO] [stdout]    6:     0x559b5ef64ba2 - std[70759c8f55707aa4]::panicking::panic_with_hook
[INFO] [stdout]    7:     0x559b5ef47d42 - std[70759c8f55707aa4]::panicking::panic_handler::{closure#0}
[INFO] [stdout]    8:     0x559b5ef407a9 - std[70759c8f55707aa4]::sys::backtrace::__rust_end_short_backtrace::<std[70759c8f55707aa4]::panicking::panic_handler::{closure#0}, !>
[INFO] [stdout]    9:     0x559b5ef48bcd - __rustc[8fa7c3cbc660c2b3]::rust_begin_unwind
[INFO] [stdout]   10:     0x559b5ef8499c - core[df12db4294e9bfd3]::panicking::panic_fmt
[INFO] [stdout]   11:     0x559b5ef84772 - core[df12db4294e9bfd3]::result::unwrap_failed
[INFO] [stdout]   12:     0x559b5ecbbb27 - lakefs[d9f215755bf6ed80]::api::tests::test_object_api::test_get_file_info::{closure#0}
[INFO] [stdout]   13:     0x559b5ecc5443 - <tokio[802eaeee5dbcae8]::runtime::scheduler::current_thread::Context>::enter::<core[df12db4294e9bfd3]::task::poll::Poll<()>, <tokio[802eaeee5dbcae8]::runtime::scheduler::current_thread::CoreGuard>::block_on<core[df12db4294e9bfd3]::pin::Pin<&mut core[df12db4294e9bfd3]::pin::Pin<&mut dyn core[df12db4294e9bfd3]::future::future::Future<Output = ()>>>>::{closure#0}::{closure#0}>
[INFO] [stdout]   14:     0x559b5ecb1fac - <tokio[802eaeee5dbcae8]::runtime::context::scoped::Scoped<tokio[802eaeee5dbcae8]::runtime::scheduler::Context>>::set::<<tokio[802eaeee5dbcae8]::runtime::scheduler::current_thread::CoreGuard>::enter<<tokio[802eaeee5dbcae8]::runtime::scheduler::current_thread::CoreGuard>::block_on<core[df12db4294e9bfd3]::pin::Pin<&mut core[df12db4294e9bfd3]::pin::Pin<&mut dyn core[df12db4294e9bfd3]::future::future::Future<Output = ()>>>>::{closure#0}, core[df12db4294e9bfd3]::option::Option<()>>::{closure#0}, (alloc[2182bb758b4b3781]::boxed::Box<tokio[802eaeee5dbcae8]::runtime::scheduler::current_thread::Core>, core[df12db4294e9bfd3]::option::Option<()>)>
[INFO] [stdout]   15:     0x559b5ecc55e7 - <tokio[802eaeee5dbcae8]::runtime::scheduler::current_thread::CoreGuard>::block_on::<core[df12db4294e9bfd3]::pin::Pin<&mut core[df12db4294e9bfd3]::pin::Pin<&mut dyn core[df12db4294e9bfd3]::future::future::Future<Output = ()>>>>
[INFO] [stdout]   16:     0x559b5eccc33b - tokio[802eaeee5dbcae8]::runtime::context::runtime::enter_runtime::<<tokio[802eaeee5dbcae8]::runtime::scheduler::current_thread::CurrentThread>::block_on<core[df12db4294e9bfd3]::pin::Pin<&mut dyn core[df12db4294e9bfd3]::future::future::Future<Output = ()>>>::{closure#0}, ()>
[INFO] [stdout]   17:     0x559b5ecbfb15 - <tokio[802eaeee5dbcae8]::runtime::runtime::Runtime>::block_on::<core[df12db4294e9bfd3]::pin::Pin<&mut dyn core[df12db4294e9bfd3]::future::future::Future<Output = ()>>>
[INFO] [stdout]   18:     0x559b5ecbcc0b - lakefs[d9f215755bf6ed80]::api::tests::test_object_api::test_get_file_info
[INFO] [stdout]   19:     0x559b5ecc5269 - <lakefs[d9f215755bf6ed80]::api::tests::test_object_api::test_get_file_info::{closure#0} as core[df12db4294e9bfd3]::ops::function::FnOnce<()>>::call_once
[INFO] [stdout]   20:     0x559b5ecdcafb - test[9d35eded1c95d3be]::__rust_begin_short_backtrace::<core[df12db4294e9bfd3]::result::Result<(), alloc[2182bb758b4b3781]::string::String>, fn() -> core[df12db4294e9bfd3]::result::Result<(), alloc[2182bb758b4b3781]::string::String>>
[INFO] [stdout]   21:     0x559b5ecea165 - test[9d35eded1c95d3be]::run_test::{closure#0}
[INFO] [stdout]   22:     0x559b5ece3a24 - std[70759c8f55707aa4]::sys::backtrace::__rust_begin_short_backtrace::<test[9d35eded1c95d3be]::run_test::{closure#1}, ()>
[INFO] [stdout]   23:     0x559b5eced2c2 - <std[70759c8f55707aa4]::thread::lifecycle::spawn_unchecked<test[9d35eded1c95d3be]::run_test::{closure#1}, ()>::{closure#1} as core[df12db4294e9bfd3]::ops::function::FnOnce<()>>::call_once::{shim:vtable#0}
[INFO] [stdout]   24:     0x559b5ef6be89 - <std[70759c8f55707aa4]::sys::thread::unix::Thread>::new::thread_start
[INFO] [stdout]   25:     0x7a95f5530dfa - <unknown>
[INFO] [stdout]   26:     0x7a95f55c43d4 - clone
[INFO] [stdout]   27:                0x0 - <unknown>
[INFO] [stdout] 
[INFO] [stdout] ---- api::tests::test_users_api::test_get_user stdout ----
[INFO] [stdout] 
[INFO] [stdout] thread 'api::tests::test_users_api::test_get_user' (2855) panicked at src/api/tests/test_users_api.rs:20:68:
[INFO] [stdout] called `Result::unwrap()` on an `Err` value: Request(reqwest::Error { kind: Request, url: Url { scheme: "http", cannot_be_a_base: false, username: "", password: None, host: Some(Domain("localhost")), port: Some(8000), path: "/api/v1/auth/users/admin", query: None, fragment: None }, source: hyper::Error(Connect, ConnectError("tcp connect error", Os { code: 111, kind: ConnectionRefused, message: "Connection refused" })) })
[INFO] [stdout] stack backtrace:
[INFO] [stdout]    0:     0x559b5ef6c961 - <<std[70759c8f55707aa4]::sys::backtrace::BacktraceLock>::print::DisplayBacktrace as core[df12db4294e9bfd3]::fmt::Display>::fmt
[INFO] [stdout]    1:     0x559b5ef841ba - core[df12db4294e9bfd3]::fmt::write
[INFO] [stdout]    2:     0x559b5ef7198c - <alloc[2182bb758b4b3781]::vec::Vec<u8> as core[df12db4294e9bfd3]::io::write::Write>::write_fmt
[INFO] [stdout]    3:     0x559b5ef47c96 - std[70759c8f55707aa4]::panicking::default_hook::{closure#0}
[INFO] [stdout]    4:     0x559b5ef64879 - std[70759c8f55707aa4]::panicking::default_hook
[INFO] [stdout]    5:     0x559b5ece9810 - test[9d35eded1c95d3be]::test_main_inner::<test[9d35eded1c95d3be]::test_main_static::{closure#0}>::{closure#0}
[INFO] [stdout]    6:     0x559b5ef64ba2 - std[70759c8f55707aa4]::panicking::panic_with_hook
[INFO] [stdout]    7:     0x559b5ef47d42 - std[70759c8f55707aa4]::panicking::panic_handler::{closure#0}
[INFO] [stdout]    8:     0x559b5ef407a9 - std[70759c8f55707aa4]::sys::backtrace::__rust_end_short_backtrace::<std[70759c8f55707aa4]::panicking::panic_handler::{closure#0}, !>
[INFO] [stdout]    9:     0x559b5ef48bcd - __rustc[8fa7c3cbc660c2b3]::rust_begin_unwind
[INFO] [stdout]   10:     0x559b5ef8499c - core[df12db4294e9bfd3]::panicking::panic_fmt
[INFO] [stdout]   11:     0x559b5ef84772 - core[df12db4294e9bfd3]::result::unwrap_failed
[INFO] [stdout]   12:     0x559b5eca4787 - lakefs[d9f215755bf6ed80]::api::tests::test_users_api::test_get_user::{closure#0}
[INFO] [stdout]   13:     0x559b5ecc5443 - <tokio[802eaeee5dbcae8]::runtime::scheduler::current_thread::Context>::enter::<core[df12db4294e9bfd3]::task::poll::Poll<()>, <tokio[802eaeee5dbcae8]::runtime::scheduler::current_thread::CoreGuard>::block_on<core[df12db4294e9bfd3]::pin::Pin<&mut core[df12db4294e9bfd3]::pin::Pin<&mut dyn core[df12db4294e9bfd3]::future::future::Future<Output = ()>>>>::{closure#0}::{closure#0}>
[INFO] [stdout]   14:     0x559b5ecb1fac - <tokio[802eaeee5dbcae8]::runtime::context::scoped::Scoped<tokio[802eaeee5dbcae8]::runtime::scheduler::Context>>::set::<<tokio[802eaeee5dbcae8]::runtime::scheduler::current_thread::CoreGuard>::enter<<tokio[802eaeee5dbcae8]::runtime::scheduler::current_thread::CoreGuard>::block_on<core[df12db4294e9bfd3]::pin::Pin<&mut core[df12db4294e9bfd3]::pin::Pin<&mut dyn core[df12db4294e9bfd3]::future::future::Future<Output = ()>>>>::{closure#0}, core[df12db4294e9bfd3]::option::Option<()>>::{closure#0}, (alloc[2182bb758b4b3781]::boxed::Box<tokio[802eaeee5dbcae8]::runtime::scheduler::current_thread::Core>, core[df12db4294e9bfd3]::option::Option<()>)>
[INFO] [stdout]   15:     0x559b5ecc55e7 - <tokio[802eaeee5dbcae8]::runtime::scheduler::current_thread::CoreGuard>::block_on::<core[df12db4294e9bfd3]::pin::Pin<&mut core[df12db4294e9bfd3]::pin::Pin<&mut dyn core[df12db4294e9bfd3]::future::future::Future<Output = ()>>>>
[INFO] [stdout]   16:     0x559b5eccc33b - tokio[802eaeee5dbcae8]::runtime::context::runtime::enter_runtime::<<tokio[802eaeee5dbcae8]::runtime::scheduler::current_thread::CurrentThread>::block_on<core[df12db4294e9bfd3]::pin::Pin<&mut dyn core[df12db4294e9bfd3]::future::future::Future<Output = ()>>>::{closure#0}, ()>
[INFO] [stdout]   17:     0x559b5ecbfb15 - <tokio[802eaeee5dbcae8]::runtime::runtime::Runtime>::block_on::<core[df12db4294e9bfd3]::pin::Pin<&mut dyn core[df12db4294e9bfd3]::future::future::Future<Output = ()>>>
[INFO] [stdout]   18:     0x559b5eca997f - lakefs[d9f215755bf6ed80]::api::tests::test_users_api::test_get_user
[INFO] [stdout]   19:     0x559b5ecc5129 - <lakefs[d9f215755bf6ed80]::api::tests::test_users_api::test_get_user::{closure#0} as core[df12db4294e9bfd3]::ops::function::FnOnce<()>>::call_once
[INFO] [stdout]   20:     0x559b5ecdcafb - test[9d35eded1c95d3be]::__rust_begin_short_backtrace::<core[df12db4294e9bfd3]::result::Result<(), alloc[2182bb758b4b3781]::string::String>, fn() -> core[df12db4294e9bfd3]::result::Result<(), alloc[2182bb758b4b3781]::string::String>>
[INFO] [stdout]   21:     0x559b5ecea165 - test[9d35eded1c95d3be]::run_test::{closure#0}
[INFO] [stdout]   22:     0x559b5ece3a24 - std[70759c8f55707aa4]::sys::backtrace::__rust_begin_short_backtrace::<test[9d35eded1c95d3be]::run_test::{closure#1}, ()>
[INFO] [stdout]   23:     0x559b5eced2c2 - <std[70759c8f55707aa4]::thread::lifecycle::spawn_unchecked<test[9d35eded1c95d3be]::run_test::{closure#1}, ()>::{closure#1} as core[df12db4294e9bfd3]::ops::function::FnOnce<()>>::call_once::{shim:vtable#0}
[INFO] [stdout]   24:     0x559b5ef6be89 - <std[70759c8f55707aa4]::sys::thread::unix::Thread>::new::thread_start
[INFO] [stdout]   25:     0x7a95f5530dfa - <unknown>
[INFO] [stdout]   26:     0x7a95f55c43d4 - clone
[INFO] [stdout]   27:                0x0 - <unknown>
[INFO] [stdout] 
[INFO] [stdout] ---- api::tests::test_users_api::test_remove_user_to_groups stdout ----
[INFO] [stdout] 
[INFO] [stdout] thread 'api::tests::test_users_api::test_remove_user_to_groups' (2856) panicked at src/api/tests/test_users_api.rs:95:5:
[INFO] [stdout] assertion failed: result.is_ok()
[INFO] [stdout] stack backtrace:
[INFO] [stdout]    0:     0x559b5ef6c961 - <<std[70759c8f55707aa4]::sys::backtrace::BacktraceLock>::print::DisplayBacktrace as core[df12db4294e9bfd3]::fmt::Display>::fmt
[INFO] [stdout]    1:     0x559b5ef841ba - core[df12db4294e9bfd3]::fmt::write
[INFO] [stdout]    2:     0x559b5ef7198c - <alloc[2182bb758b4b3781]::vec::Vec<u8> as core[df12db4294e9bfd3]::io::write::Write>::write_fmt
[INFO] [stdout]    3:     0x559b5ef47c96 - std[70759c8f55707aa4]::panicking::default_hook::{closure#0}
[INFO] [stdout]    4:     0x559b5ef64879 - std[70759c8f55707aa4]::panicking::default_hook
[INFO] [stdout]    5:     0x559b5ece9810 - test[9d35eded1c95d3be]::test_main_inner::<test[9d35eded1c95d3be]::test_main_static::{closure#0}>::{closure#0}
[INFO] [stdout]    6:     0x559b5ef64ba2 - std[70759c8f55707aa4]::panicking::panic_with_hook
[INFO] [stdout]    7:     0x559b5ef47d74 - std[70759c8f55707aa4]::panicking::panic_handler::{closure#0}
[INFO] [stdout]    8:     0x559b5ef407a9 - std[70759c8f55707aa4]::sys::backtrace::__rust_end_short_backtrace::<std[70759c8f55707aa4]::panicking::panic_handler::{closure#0}, !>
[INFO] [stdout]    9:     0x559b5ef48bcd - __rustc[8fa7c3cbc660c2b3]::rust_begin_unwind
[INFO] [stdout]   10:     0x559b5ef8499c - core[df12db4294e9bfd3]::panicking::panic_fmt
[INFO] [stdout]   11:     0x559b5ef84962 - core[df12db4294e9bfd3]::panicking::panic
[INFO] [stdout]   12:     0x559b5eca960a - lakefs[d9f215755bf6ed80]::api::tests::test_users_api::test_remove_user_to_groups::{closure#0}
[INFO] [stdout]   13:     0x559b5ecc5443 - <tokio[802eaeee5dbcae8]::runtime::scheduler::current_thread::Context>::enter::<core[df12db4294e9bfd3]::task::poll::Poll<()>, <tokio[802eaeee5dbcae8]::runtime::scheduler::current_thread::CoreGuard>::block_on<core[df12db4294e9bfd3]::pin::Pin<&mut core[df12db4294e9bfd3]::pin::Pin<&mut dyn core[df12db4294e9bfd3]::future::future::Future<Output = ()>>>>::{closure#0}::{closure#0}>
[INFO] [stdout]   14:     0x559b5ecb1fac - <tokio[802eaeee5dbcae8]::runtime::context::scoped::Scoped<tokio[802eaeee5dbcae8]::runtime::scheduler::Context>>::set::<<tokio[802eaeee5dbcae8]::runtime::scheduler::current_thread::CoreGuard>::enter<<tokio[802eaeee5dbcae8]::runtime::scheduler::current_thread::CoreGuard>::block_on<core[df12db4294e9bfd3]::pin::Pin<&mut core[df12db4294e9bfd3]::pin::Pin<&mut dyn core[df12db4294e9bfd3]::future::future::Future<Output = ()>>>>::{closure#0}, core[df12db4294e9bfd3]::option::Option<()>>::{closure#0}, (alloc[2182bb758b4b3781]::boxed::Box<tokio[802eaeee5dbcae8]::runtime::scheduler::current_thread::Core>, core[df12db4294e9bfd3]::option::Option<()>)>
[INFO] [stdout]   15:     0x559b5ecc55e7 - <tokio[802eaeee5dbcae8]::runtime::scheduler::current_thread::CoreGuard>::block_on::<core[df12db4294e9bfd3]::pin::Pin<&mut core[df12db4294e9bfd3]::pin::Pin<&mut dyn core[df12db4294e9bfd3]::future::future::Future<Output = ()>>>>
[INFO] [stdout]   16:     0x559b5eccc33b - tokio[802eaeee5dbcae8]::runtime::context::runtime::enter_runtime::<<tokio[802eaeee5dbcae8]::runtime::scheduler::current_thread::CurrentThread>::block_on<core[df12db4294e9bfd3]::pin::Pin<&mut dyn core[df12db4294e9bfd3]::future::future::Future<Output = ()>>>::{closure#0}, ()>
[INFO] [stdout]   17:     0x559b5ecbfb15 - <tokio[802eaeee5dbcae8]::runtime::runtime::Runtime>::block_on::<core[df12db4294e9bfd3]::pin::Pin<&mut dyn core[df12db4294e9bfd3]::future::future::Future<Output = ()>>>
[INFO] [stdout]   18:     0x559b5ecaa22b - lakefs[d9f215755bf6ed80]::api::tests::test_users_api::test_remove_user_to_groups
[INFO] [stdout]   19:     0x559b5ecc51e9 - <lakefs[d9f215755bf6ed80]::api::tests::test_users_api::test_remove_user_to_groups::{closure#0} as core[df12db4294e9bfd3]::ops::function::FnOnce<()>>::call_once
[INFO] [stdout]   20:     0x559b5ecdcafb - test[9d35eded1c95d3be]::__rust_begin_short_backtrace::<core[df12db4294e9bfd3]::result::Result<(), alloc[2182bb758b4b3781]::string::String>, fn() -> core[df12db4294e9bfd3]::result::Result<(), alloc[2182bb758b4b3781]::string::String>>
[INFO] [stdout]   21:     0x559b5ecea165 - test[9d35eded1c95d3be]::run_test::{closure#0}
[INFO] [stdout]   22:     0x559b5ece3a24 - std[70759c8f55707aa4]::sys::backtrace::__rust_begin_short_backtrace::<test[9d35eded1c95d3be]::run_test::{closure#1}, ()>
[INFO] [stdout]   23:     0x559b5eced2c2 - <std[70759c8f55707aa4]::thread::lifecycle::spawn_unchecked<test[9d35eded1c95d3be]::run_test::{closure#1}, ()>::{closure#1} as core[df12db4294e9bfd3]::ops::function::FnOnce<()>>::call_once::{shim:vtable#0}
[INFO] [stdout]   24:     0x559b5ef6be89 - <std[70759c8f55707aa4]::sys::thread::unix::Thread>::new::thread_start
[INFO] [stdout]   25:     0x7a95f5530dfa - <unknown>
[INFO] [stdout]   26:     0x7a95f55c43d4 - clone
[INFO] [stdout]   27:                0x0 - <unknown>
[INFO] [stdout] 
[INFO] [stdout] 
[INFO] [stdout] failures:
[INFO] [stdout]     api::tests::test_branch_api::test_create_delete_branch
[INFO] [stdout]     api::tests::test_object_api::test_del_file
[INFO] [stdout]     api::tests::test_object_api::test_get_file_info
[INFO] [stdout]     api::tests::test_object_api::test_get_list_objs
[INFO] [stdout]     api::tests::test_object_api::test_get_stat_obj
[INFO] [stdout]     api::tests::test_setup_repositories::test_create_repository
[INFO] [stdout]     api::tests::test_setup_repositories::test_get_repository
[INFO] [stdout]     api::tests::test_setup_repositories::test_setup_admin
[INFO] [stdout]     api::tests::test_users_api::test_add_user_to_groups
[INFO] [stdout]     api::tests::test_users_api::test_create_delete_groups
[INFO] [stdout]     api::tests::test_users_api::test_create_user
[INFO] [stdout]     api::tests::test_users_api::test_credential_user
[INFO] [stdout]     api::tests::test_users_api::test_get_list_users
[INFO] [stdout]     api::tests::test_users_api::test_get_user
[INFO] [stdout]     api::tests::test_users_api::test_remove_user_to_groups
[INFO] [stdout] 
[INFO] [stdout] test result: FAILED. 5 passed; 15 failed; 0 ignored; 0 measured; 0 filtered out; finished in 0.20s
[INFO] [stdout] 
[INFO] running `Command { std: "docker" "inspect" "1b1baacf0832522630cbc426ae718ded2319d080c1bd36136b3eede19646df2d", kill_on_drop: false }`
[INFO] running `Command { std: "docker" "rm" "-f" "1b1baacf0832522630cbc426ae718ded2319d080c1bd36136b3eede19646df2d", kill_on_drop: false }`
[INFO] [stdout] 1b1baacf0832522630cbc426ae718ded2319d080c1bd36136b3eede19646df2d
