[INFO] fetching crate hyde-tpm 0.3.0...
[INFO] testing hyde-tpm-0.3.0 against 1.99.0-beta.8+cargoflags=--release for beta-release-1.100-3
[INFO] extracting crate hyde-tpm 0.3.0 into /workspace/builds/worker-4-tc1/source
[INFO] started tweaking crates.io crate hyde-tpm 0.3.0
[INFO] removed 0 missing examples
[INFO] removed 0 missing tests
[INFO] finished tweaking crates.io crate hyde-tpm 0.3.0
[INFO] tweaked toml for crates.io crate hyde-tpm 0.3.0 written to /workspace/builds/worker-4-tc1/source/Cargo.toml
[INFO] validating manifest of crates.io crate hyde-tpm 0.3.0 on toolchain 1.99.0-beta.8
[INFO] running `Command { std: CARGO_HOME="/workspace/cargo-home" RUSTUP_HOME="/workspace/rustup-home" "/workspace/cargo-home/bin/cargo" "+1.99.0-beta.8" "metadata" "--manifest-path" "Cargo.toml" "--no-deps", kill_on_drop: false }`
[INFO] crate crates.io crate hyde-tpm 0.3.0 already has a lockfile, it will not be regenerated
[INFO] running `Command { std: CARGO_HOME="/workspace/cargo-home" RUSTUP_HOME="/workspace/rustup-home" "/workspace/cargo-home/bin/cargo" "+1.99.0-beta.8" "fetch" "--manifest-path" "Cargo.toml", kill_on_drop: false }`
[INFO] [stderr]     Updating crates.io index
[INFO] [stderr]  Downloading crates ...
[INFO] [stderr]   Downloaded picky-asn1-x509 v0.12.0
[INFO] [stderr]   Downloaded picky-asn1-der v0.4.1
[INFO] [stderr]   Downloaded mbox v0.7.1
[INFO] [stderr]   Downloaded kem v0.3.0-pre.0
[INFO] [stderr]   Downloaded crypto-common v0.2.1
[INFO] [stderr]   Downloaded hostname-validator v1.1.1
[INFO] [stderr]   Downloaded bitfield v0.14.0
[INFO] [stderr]   Downloaded digest v0.11.2
[INFO] [stderr]   Downloaded picky-asn1 v0.8.0
[INFO] [stderr]   Downloaded hybrid-array v0.2.3
[INFO] [stderr]   Downloaded oid v0.2.1
[INFO] [stderr]   Downloaded hyde-core v0.2.0
[INFO] [stderr]   Downloaded cmov v0.5.3
[INFO] [stderr]   Downloaded hybrid-array v0.4.10
[INFO] [stderr]   Downloaded ml-kem v0.2.3
[INFO] [stderr]   Downloaded typenum v1.20.0
[INFO] [stderr]   Downloaded tss-esapi-sys v0.5.0
[INFO] [stderr]   Downloaded tss-esapi v7.6.0
[INFO] [stderr]   Downloaded libc v0.2.185
[INFO] running `Command { std: "docker" "create" "-v" "/var/lib/crater-agent-workspace/builds/worker-4-tc1/source:/opt/rustwide/workdir:ro,Z" "-v" "/var/lib/crater-agent-workspace/builds/worker-4-tc1/target:/opt/rustwide/target:rw,Z" "-v" "/var/lib/crater-agent-workspace/cargo-home:/opt/rustwide/cargo-home:ro,Z" "-v" "/var/lib/crater-agent-workspace/rustup-home:/opt/rustwide/rustup-home:ro,Z" "-m" "1610612736" "--network" "none" "ghcr.io/rust-lang/crates-build-env/linux@sha256:77db811e55d90add9212f6832c23229e3de5f1c1f9905e8cb07319ea15df73ac" "sleep" "infinity", kill_on_drop: false }`
[INFO] [stdout] d4d2f861932b5910186ded1eab73d428c2746665c43edcbaf962ef77de575fe2
[INFO] running `Command { std: "docker" "start" "d4d2f861932b5910186ded1eab73d428c2746665c43edcbaf962ef77de575fe2", kill_on_drop: false }`
[INFO] running `Command { std: "docker" "inspect" "d4d2f861932b5910186ded1eab73d428c2746665c43edcbaf962ef77de575fe2", kill_on_drop: false }`
[INFO] running `Command { std: "docker" "exec" "-e" "SOURCE_DIR=/opt/rustwide/workdir" "-e" "CARGO_HOME=/opt/rustwide/cargo-home" "-e" "RUSTUP_HOME=/opt/rustwide/rustup-home" "-e" "CARGO_TARGET_DIR=/opt/rustwide/target" "-w" "/opt/rustwide/workdir" "--user" "0:0" "d4d2f861932b5910186ded1eab73d428c2746665c43edcbaf962ef77de575fe2" "/opt/rustwide/cargo-home/bin/cargo" "+1.99.0-beta.8" "metadata" "--no-deps" "--format-version=1", kill_on_drop: false }`
[INFO] running `Command { std: "docker" "inspect" "d4d2f861932b5910186ded1eab73d428c2746665c43edcbaf962ef77de575fe2", kill_on_drop: false }`
[INFO] running `Command { std: "docker" "exec" "-e" "SOURCE_DIR=/opt/rustwide/workdir" "-e" "CARGO_HOME=/opt/rustwide/cargo-home" "-e" "RUSTUP_HOME=/opt/rustwide/rustup-home" "-e" "CARGO_TARGET_DIR=/opt/rustwide/target" "-e" "CARGO_INCREMENTAL=0" "-e" "RUST_BACKTRACE=full" "-e" "RUSTFLAGS=--cap-lints=warn" "-e" "RUSTDOCFLAGS=--cap-lints=warn" "-w" "/opt/rustwide/workdir" "--user" "0:0" "d4d2f861932b5910186ded1eab73d428c2746665c43edcbaf962ef77de575fe2" "/opt/rustwide/cargo-home/bin/cargo" "+1.99.0-beta.8" "build" "--frozen" "--message-format=json" "--release", kill_on_drop: false }`
[INFO] [stderr]    Compiling libc v0.2.185
[INFO] [stderr]    Compiling cfg-if v1.0.4
[INFO] [stderr]    Compiling typenum v1.20.0
[INFO] [stderr]    Compiling proc-macro2 v1.0.106
[INFO] [stderr]    Compiling unicode-ident v1.0.24
[INFO] [stderr]    Compiling quote v1.0.45
[INFO] [stderr]    Compiling version_check v0.9.5
[INFO] [stderr]    Compiling subtle v2.6.1
[INFO] [stderr]    Compiling serde_core v1.0.228
[INFO] [stderr]    Compiling cmov v0.5.3
[INFO] [stderr]    Compiling getrandom v0.4.3
[INFO] [stderr]    Compiling serde v1.0.228
[INFO] [stderr]    Compiling generic-array v0.14.7
[INFO] [stderr]    Compiling autocfg v1.5.0
[INFO] [stderr]    Compiling ctutils v0.4.2
[INFO] [stderr]    Compiling cpufeatures v0.2.17
[INFO] [stderr]    Compiling rand_core v0.10.1
[INFO] [stderr]    Compiling target-lexicon v0.12.16
[INFO] [stderr]    Compiling memchr v2.8.0
[INFO] [stderr]    Compiling const-oid v0.10.2
[INFO] [stderr]    Compiling num-traits v0.2.19
[INFO] [stderr]    Compiling syn v2.0.117
[INFO] [stderr]    Compiling pkg-config v0.3.33
[INFO] [stderr]    Compiling hybrid-array v0.4.10
[INFO] [stderr]    Compiling getrandom v0.2.17
[INFO] [stderr]    Compiling rand_core v0.6.4
[INFO] [stderr]    Compiling tss-esapi-sys v0.5.0
[INFO] [stderr]    Compiling opaque-debug v0.3.1
[INFO] [stderr]    Compiling zmij v1.0.21
[INFO] [stderr]    Compiling crypto-common v0.1.7
[INFO] [stderr]    Compiling block-buffer v0.10.4
[INFO] [stderr]    Compiling inout v0.1.4
[INFO] [stderr]    Compiling cipher v0.4.4
[INFO] [stderr]    Compiling universal-hash v0.5.1
[INFO] [stderr]    Compiling digest v0.10.7
[INFO] [stderr]    Compiling polyval v0.6.2
[INFO] [stderr]    Compiling aho-corasick v1.1.4
[INFO] [stderr]    Compiling keccak v0.2.0
[INFO] [stderr]    Compiling thiserror v2.0.18
[INFO] [stderr]    Compiling serde_json v1.0.149
[INFO] [stderr]    Compiling once_cell v1.21.4
[INFO] [stderr]    Compiling base64ct v1.8.3
[INFO] [stderr]    Compiling regex-syntax v0.8.10
[INFO] [stderr]    Compiling keccak v0.1.6
[INFO] [stderr]    Compiling crypto-common v0.2.1
[INFO] [stderr]    Compiling sponge-cursor v0.1.0
[INFO] [stderr]    Compiling password-hash v0.5.0
[INFO] [stderr]    Compiling serde_bytes v0.11.19
[INFO] [stderr]    Compiling sha3 v0.10.9
[INFO] [stderr]    Compiling digest v0.11.2
[INFO] [stderr]    Compiling module-lattice v0.2.3
[INFO] [stderr]    Compiling signature v3.0.0
[INFO] [stderr]    Compiling shake v0.1.0
[INFO] [stderr]    Compiling tracing-core v0.1.36
[INFO] [stderr]    Compiling ctr v0.9.2
[INFO] [stderr]    Compiling aes v0.8.4
[INFO] [stderr]    Compiling blake2 v0.10.6
[INFO] [stderr]    Compiling ghash v0.5.1
[INFO] [stderr]    Compiling aead v0.5.2
[INFO] [stderr]    Compiling hybrid-array v0.2.3
[INFO] [stderr]    Compiling pin-project-lite v0.2.17
[INFO] [stderr]    Compiling stable_deref_trait v1.2.1
[INFO] [stderr]    Compiling base64 v0.21.7
[INFO] [stderr]    Compiling regex-automata v0.4.14
[INFO] [stderr]    Compiling itoa v1.0.18
[INFO] [stderr]    Compiling tss-esapi v7.6.0
[INFO] [stderr]    Compiling mbox v0.7.1
[INFO] [stderr]    Compiling aes-gcm v0.10.3
[INFO] [stderr]    Compiling argon2 v0.5.3
[INFO] [stderr]    Compiling sha2 v0.10.9
[INFO] [stderr]    Compiling bitfield v0.14.0
[INFO] [stderr]    Compiling log v0.4.29
[INFO] [stderr]    Compiling hostname-validator v1.1.1
[INFO] [stderr]    Compiling zeroize_derive v1.4.3
[INFO] [stderr]    Compiling zeroize v1.8.2
[INFO] [stderr]    Compiling serde_derive v1.0.228
[INFO] [stderr]    Compiling der v0.8.0
[INFO] [stderr]    Compiling kem v0.3.0-pre.0
[INFO] [stderr]    Compiling thiserror-impl v2.0.18
[INFO] [stderr]    Compiling enumflags2_derive v0.7.12
[INFO] [stderr]    Compiling tracing-attributes v0.1.31
[INFO] [stderr]    Compiling regex v1.12.3
[INFO] [stderr]    Compiling enumflags2 v0.7.12
[INFO] [stderr]    Compiling spki v0.8.0
[INFO] [stderr]    Compiling pkcs8 v0.11.0
[INFO] [stderr]    Compiling tracing v0.1.44
[INFO] [stderr]    Compiling ml-dsa v0.1.1
[INFO] [stderr]    Compiling ml-kem v0.2.3
[INFO] [stderr]    Compiling num-derive v0.4.2
[INFO] [stderr]    Compiling oid v0.2.1
[INFO] [stderr]    Compiling picky-asn1 v0.8.0
[INFO] [stderr]    Compiling hyde-core v0.2.0
[INFO] [stderr]    Compiling picky-asn1-der v0.4.1
[INFO] [stderr]    Compiling picky-asn1-x509 v0.12.0
[INFO] [stderr]    Compiling hyde-tpm v0.3.0 (/opt/rustwide/workdir)
[INFO] [stderr]     Finished `release` profile [optimized] target(s) in 1m 56s
[INFO] [stderr] warning: the following packages contain code that will be rejected by a future version of Rust: picky-asn1-x509 v0.12.0
[INFO] [stderr] note: to see what the problems were, use the option `--future-incompat-report`, or run `cargo report future-incompatibilities --id 10`
[INFO] running `Command { std: "docker" "inspect" "d4d2f861932b5910186ded1eab73d428c2746665c43edcbaf962ef77de575fe2", kill_on_drop: false }`
[INFO] running `Command { std: "docker" "exec" "-e" "SOURCE_DIR=/opt/rustwide/workdir" "-e" "CARGO_HOME=/opt/rustwide/cargo-home" "-e" "RUSTUP_HOME=/opt/rustwide/rustup-home" "-e" "CARGO_TARGET_DIR=/opt/rustwide/target" "-e" "CARGO_INCREMENTAL=0" "-e" "RUST_BACKTRACE=full" "-e" "RUSTFLAGS=--cap-lints=warn" "-e" "RUSTDOCFLAGS=--cap-lints=warn" "-w" "/opt/rustwide/workdir" "--user" "0:0" "d4d2f861932b5910186ded1eab73d428c2746665c43edcbaf962ef77de575fe2" "/opt/rustwide/cargo-home/bin/cargo" "+1.99.0-beta.8" "test" "--frozen" "--no-run" "--message-format=json" "--release", kill_on_drop: false }`
[INFO] [stderr]    Compiling hyde-tpm v0.3.0 (/opt/rustwide/workdir)
[INFO] [stderr]     Finished `release` profile [optimized] target(s) in 1.23s
[INFO] [stderr] warning: the following packages contain code that will be rejected by a future version of Rust: picky-asn1-x509 v0.12.0
[INFO] [stderr] note: to see what the problems were, use the option `--future-incompat-report`, or run `cargo report future-incompatibilities --id 10`
[INFO] running `Command { std: "docker" "inspect" "d4d2f861932b5910186ded1eab73d428c2746665c43edcbaf962ef77de575fe2", kill_on_drop: false }`
[INFO] running `Command { std: "docker" "exec" "-e" "SOURCE_DIR=/opt/rustwide/workdir" "-e" "CARGO_HOME=/opt/rustwide/cargo-home" "-e" "RUSTUP_HOME=/opt/rustwide/rustup-home" "-e" "CARGO_TARGET_DIR=/opt/rustwide/target" "-e" "CARGO_INCREMENTAL=0" "-e" "RUST_BACKTRACE=full" "-e" "RUSTFLAGS=--cap-lints=warn" "-e" "RUSTDOCFLAGS=--cap-lints=warn" "-w" "/opt/rustwide/workdir" "--user" "0:0" "d4d2f861932b5910186ded1eab73d428c2746665c43edcbaf962ef77de575fe2" "/opt/rustwide/cargo-home/bin/cargo" "+1.99.0-beta.8" "test" "--frozen" "--release", kill_on_drop: false }`
[INFO] [stderr]     Finished `release` profile [optimized] target(s) in 0.19s
[INFO] [stderr] warning: the following packages contain code that will be rejected by a future version of Rust: picky-asn1-x509 v0.12.0
[INFO] [stderr] note: to see what the problems were, use the option `--future-incompat-report`, or run `cargo report future-incompatibilities --id 10`
[INFO] [stderr]      Running unittests src/lib.rs (/opt/rustwide/target/release/deps/hyde_tpm-9fc9e4a86f9b1bf7)
[INFO] [stdout] 
[INFO] [stdout] running 0 tests
[INFO] [stdout] 
[INFO] [stdout] test result: ok. 0 passed; 0 failed; 0 ignored; 0 measured; 0 filtered out; finished in 0.00s
[INFO] [stdout] 
[INFO] [stderr]      Running tests/independent_verify.rs (/opt/rustwide/target/release/deps/independent_verify-24fd2fcdd651aee2)
[INFO] [stdout] 
[INFO] [stdout] running 0 tests
[INFO] [stderr]      Running tests/integration.rs (/opt/rustwide/target/release/deps/integration-696a03f76c07fc90)
[INFO] [stdout] 
[INFO] [stdout] test result: ok. 0 passed; 0 failed; 0 ignored; 0 measured; 0 filtered out; finished in 0.00s
[INFO] [stdout] 
[INFO] [stdout] 
[INFO] [stdout] running 16 tests
[INFO] [stderr] WARNING:tcti:src/util-io/io.c:262:socket_connect() Failed to connect to host 127.0.0.1, port 2321: errno 111: Connection refused 
[INFO] [stderr] ERROR:tcti:src/tss2-tcti/tcti-swtpm.c:617:Tss2_Tcti_Swtpm_Init() Cannot connect to swtpm TPM socket 
[INFO] [stderr] ERROR:tcti:src/tss2-tcti/tctildr-dl.c:149:tcti_from_file() Could not initialize TCTI file: swtpm 
[INFO] [stderr] ERROR:tcti:src/tss2-tcti/tctildr.c:477:tctildr_init_context_data() Failed to instantiate TCTI 
[INFO] [stderr] WARNING:tcti:src/util-io/io.c:262:socket_connect() Failed to connect to host 127.0.0.1, port 2321: errno 111: Connection refused 
[INFO] [stderr] ERROR:tcti:src/tss2-tcti/tcti-swtpm.c:617:Tss2_Tcti_Swtpm_Init() Cannot connect to swtpm TPM socket 
[INFO] [stderr] ERROR:tcti:src/tss2-tcti/tctildr-dl.c:149:tcti_from_file() Could not initialize TCTI file: swtpm 
[INFO] [stderr] ERROR:tcti:src/tss2-tcti/tctildr.c:477:tctildr_init_context_data() Failed to instantiate TCTI 
[INFO] [stderr] WARNING:tcti:src/util-io/io.c:262:socket_connect() Failed to connect to host 127.0.0.1, port 2321: errno 111: Connection refused 
[INFO] [stdout] test test_different_keys_cannot_decrypt ... FAILED
[INFO] [stderr] ERROR:tcti:src/tss2-tcti/tcti-swtpm.c:617:Tss2_Tcti_Swtpm_Init() Cannot connect to swtpm TPM socket 
[INFO] [stdout] test test_initialize_primary_key_idempotent ... FAILED
[INFO] [stderr] ERROR:tcti:src/tss2-tcti/tctildr-dl.c:149:tcti_from_file() Could not initialize TCTI file: swtpm 
[INFO] [stderr] WARNING:tcti:src/util-io/io.c:262:socket_connect() Failed to connect to host 127.0.0.1, port 2321: errno 111: Connection refused 
[INFO] [stderr] ERROR:tcti:src/tss2-tcti/tcti-swtpm.c:617:Tss2_Tcti_Swtpm_Init() Cannot connect to swtpm TPM socket 
[INFO] [stderr] ERROR:tcti:src/tss2-tcti/tctildr-dl.c:149:tcti_from_file() Could not initialize TCTI file: swtpm 
[INFO] [stderr] WARNING:tcti:src/util-io/io.c:262:socket_connect() Failed to connect to host 127.0.0.1, port 2321: errno 111: Connection refused 
[INFO] [stderr] ERROR:tcti:src/tss2-tcti/tcti-swtpm.c:617:Tss2_Tcti_Swtpm_Init() Cannot connect to swtpm TPM socket 
[INFO] [stderr] ERROR:tcti:src/tss2-tcti/tctildr-dl.c:149:tcti_from_file() Could not initialize TCTI file: swtpm 
[INFO] [stderr] ERROR:tcti:src/tss2-tcti/tctildr.c:477:tctildr_init_context_data() Failed to instantiate TCTI 
[INFO] [stderr] ERROR:tcti:src/tss2-tcti/tctildr.c:477:tctildr_init_context_data() Failed to instantiate TCTI 
[INFO] [stderr] WARNING:tcti:src/util-io/io.c:262:socket_connect() Failed to connect to host 127.0.0.1, port 2321: errno 111: Connection refused 
[INFO] [stderr] ERROR:tcti:src/tss2-tcti/tcti-swtpm.c:617:Tss2_Tcti_Swtpm_Init() Cannot connect to swtpm TPM socket 
[INFO] [stderr] ERROR:tcti:src/tss2-tcti/tctildr-dl.c:149:tcti_from_file() Could not initialize TCTI file: swtpm 
[INFO] [stderr] WARNING:tcti:src/util-io/io.c:262:socket_connect() Failed to connect to host 127.0.0.1, port 2321: errno 111: Connection refused 
[INFO] [stderr] ERROR:tcti:src/tss2-tcti/tcti-swtpm.c:617:Tss2_Tcti_Swtpm_Init() Cannot connect to swtpm TPM socket 
[INFO] [stderr] ERROR:tcti:src/tss2-tcti/tctildr-dl.c:149:tcti_from_file() Could not initialize TCTI file: swtpm 
[INFO] [stderr] WARNING:tcti:src/util-io/io.c:262:socket_connect() Failed to connect to host 127.0.0.1, port 2321: errno 111: Connection refused 
[INFO] [stdout] test test_initialize_primary_key ... FAILED
[INFO] [stderr] ERROR:tcti:src/tss2-tcti/tcti-swtpm.c:617:Tss2_Tcti_Swtpm_Init() Cannot connect to swtpm TPM socket 
[INFO] [stdout] test test_generate_data_key ... FAILED
[INFO] [stderr] ERROR:tcti:src/tss2-tcti/tctildr-dl.c:149:tcti_from_file() Could not initialize TCTI file: swtpm 
[INFO] [stdout] test test_passphrase_backup_restore_roundtrip ... FAILED
[INFO] [stderr] WARNING:tcti:src/util-io/io.c:262:socket_connect() Failed to connect to host 127.0.0.1, port 2321: errno 111: Connection refused 
[INFO] [stdout] test test_is_available ... FAILED
[INFO] [stderr] ERROR:tcti:src/tss2-tcti/tcti-swtpm.c:617:Tss2_Tcti_Swtpm_Init() Cannot connect to swtpm TPM socket 
[INFO] [stdout] test test_passphrase_no_secret_fails ... FAILED
[INFO] [stderr] ERROR:tcti:src/tss2-tcti/tctildr-dl.c:149:tcti_from_file() Could not initialize TCTI file: swtpm 
[INFO] [stdout] test protected_data_outlives_the_context_that_wrote_it ... FAILED
[INFO] [stderr] WARNING:tcti:src/util-io/io.c:262:socket_connect() Failed to connect to host 127.0.0.1, port 2321: errno 111: Connection refused 
[INFO] [stdout] test test_passphrase_wrong_passphrase_fails ... FAILED
[INFO] [stderr] ERROR:tcti:src/tss2-tcti/tcti-swtpm.c:617:Tss2_Tcti_Swtpm_Init() Cannot connect to swtpm TPM socket 
[INFO] [stdout] test test_pcr_generate_multiple_keys ... FAILED
[INFO] [stderr] ERROR:tcti:src/tss2-tcti/tctildr-dl.c:149:tcti_from_file() Could not initialize TCTI file: swtpm 
[INFO] [stdout] test test_pcr_cross_policy_incompatible ... FAILED
[INFO] [stderr] WARNING:tcti:src/util-io/io.c:262:socket_connect() Failed to connect to host 127.0.0.1, port 2321: errno 111: Connection refused 
[INFO] [stdout] test test_seal_unseal_roundtrip ... FAILED
[INFO] [stderr] ERROR:tcti:src/tss2-tcti/tcti-swtpm.c:617:Tss2_Tcti_Swtpm_Init() Cannot connect to swtpm TPM socket 
[INFO] [stdout] test test_tampered_ciphertext_fails ... FAILED
[INFO] [stderr] ERROR:tcti:src/tss2-tcti/tctildr-dl.c:149:tcti_from_file() Could not initialize TCTI file: swtpm 
[INFO] [stdout] test test_seal_unseal_large_data ... FAILED
[INFO] [stderr] WARNING:tcti:src/util-io/io.c:262:socket_connect() Failed to connect to host 127.0.0.1, port 2321: errno 111: Connection refused 
[INFO] [stdout] test test_passphrase_tampered_fails ... FAILED
[INFO] [stderr] ERROR:tcti:src/tss2-tcti/tcti-swtpm.c:617:Tss2_Tcti_Swtpm_Init() Cannot connect to swtpm TPM socket 
[INFO] [stderr] ERROR:tcti:src/tss2-tcti/tctildr-dl.c:149:tcti_from_file() Could not initialize TCTI file: swtpm 
[INFO] [stderr] WARNING:tcti:src/util-io/io.c:262:socket_connect() Failed to connect to host 127.0.0.1, port 2321: errno 111: Connection refused 
[INFO] [stderr] ERROR:tcti:src/tss2-tcti/tcti-swtpm.c:617:Tss2_Tcti_Swtpm_Init() Cannot connect to swtpm TPM socket 
[INFO] [stderr] ERROR:tcti:src/tss2-tcti/tctildr-dl.c:149:tcti_from_file() Could not initialize TCTI file: swtpm 
[INFO] [stderr] WARNING:tcti:src/util-io/io.c:262:socket_connect() Failed to connect to host 127.0.0.1, port 2321: errno 111: Connection refused 
[INFO] [stderr] ERROR:tcti:src/tss2-tcti/tcti-swtpm.c:617:Tss2_Tcti_Swtpm_Init() Cannot connect to swtpm TPM socket 
[INFO] [stderr] ERROR:tcti:src/tss2-tcti/tctildr-dl.c:149:tcti_from_file() Could not initialize TCTI file: swtpm 
[INFO] [stderr] WARNING:tcti:src/util-io/io.c:262:socket_connect() Failed to connect to host 127.0.0.1, port 2321: errno 111: Connection refused 
[INFO] [stderr] ERROR:tcti:src/tss2-tcti/tcti-swtpm.c:617:Tss2_Tcti_Swtpm_Init() Cannot connect to swtpm TPM socket 
[INFO] [stderr] ERROR:tcti:src/tss2-tcti/tctildr-dl.c:149:tcti_from_file() Could not initialize TCTI file: swtpm 
[INFO] [stdout] test test_pcr_seal_unseal_roundtrip ... FAILED
[INFO] [stdout] 
[INFO] [stdout] failures:
[INFO] [stdout] 
[INFO] [stdout] ---- test_different_keys_cannot_decrypt stdout ----
[INFO] [stdout] 
[INFO] [stdout] thread 'test_different_keys_cannot_decrypt' (1686) panicked at tests/integration.rs:16:23:
[INFO] [stdout] Failed to create TpmBackend — is swtpm running?: Backend(Tss2Error(FormatZero(FormatZeroResponseCode { .0: 655370, error_number: 10, format_selector: false, version: false, tcg_vendor_indicator: false, severity: false })))
[INFO] [stdout] stack backtrace:
[INFO] [stdout]    0:     0x56a98a5cda11 - <<std[70759c8f55707aa4]::sys::backtrace::BacktraceLock>::print::DisplayBacktrace as core[df12db4294e9bfd3]::fmt::Display>::fmt
[INFO] [stdout]    1:     0x56a98a5e405a - core[df12db4294e9bfd3]::fmt::write
[INFO] [stdout]    2:     0x56a98a5d21cc - <alloc[2182bb758b4b3781]::vec::Vec<u8> as core[df12db4294e9bfd3]::io::write::Write>::write_fmt
[INFO] [stdout]    3:     0x56a98a5a9776 - std[70759c8f55707aa4]::panicking::default_hook::{closure#0}
[INFO] [stdout]    4:     0x56a98a5c5ad9 - std[70759c8f55707aa4]::panicking::default_hook
[INFO] [stdout]    5:     0x56a98a4399d0 - test[9d35eded1c95d3be]::test_main_inner::<test[9d35eded1c95d3be]::test_main_static::{closure#0}>::{closure#0}
[INFO] [stdout]    6:     0x56a98a5c5c92 - std[70759c8f55707aa4]::panicking::panic_with_hook
[INFO] [stdout]    7:     0x56a98a5a9822 - std[70759c8f55707aa4]::panicking::panic_handler::{closure#0}
[INFO] [stdout]    8:     0x56a98a5a24f9 - std[70759c8f55707aa4]::sys::backtrace::__rust_end_short_backtrace::<std[70759c8f55707aa4]::panicking::panic_handler::{closure#0}, !>
[INFO] [stdout]    9:     0x56a98a5aa60d - __rustc[8fa7c3cbc660c2b3]::rust_begin_unwind
[INFO] [stdout]   10:     0x56a98a5e483c - core[df12db4294e9bfd3]::panicking::panic_fmt
[INFO] [stdout]   11:     0x56a98a5e4612 - core[df12db4294e9bfd3]::result::unwrap_failed
[INFO] [stdout]   12:     0x56a98a42ad07 - <integration[5c68ac2642a4ae2a]::test_different_keys_cannot_decrypt::{closure#0} as core[df12db4294e9bfd3]::ops::function::FnOnce<()>>::call_once
[INFO] [stdout]   13:     0x56a98a42ccbb - test[9d35eded1c95d3be]::__rust_begin_short_backtrace::<core[df12db4294e9bfd3]::result::Result<(), alloc[2182bb758b4b3781]::string::String>, fn() -> core[df12db4294e9bfd3]::result::Result<(), alloc[2182bb758b4b3781]::string::String>>
[INFO] [stdout]   14:     0x56a98a43a325 - test[9d35eded1c95d3be]::run_test::{closure#0}
[INFO] [stdout]   15:     0x56a98a433be4 - std[70759c8f55707aa4]::sys::backtrace::__rust_begin_short_backtrace::<test[9d35eded1c95d3be]::run_test::{closure#1}, ()>
[INFO] [stdout]   16:     0x56a98a43d482 - <std[70759c8f55707aa4]::thread::lifecycle::spawn_unchecked<test[9d35eded1c95d3be]::run_test::{closure#1}, ()>::{closure#1} as core[df12db4294e9bfd3]::ops::function::FnOnce<()>>::call_once::{shim:vtable#0}
[INFO] [stdout]   17:     0x56a98a5ccd99 - <std[70759c8f55707aa4]::sys::thread::unix::Thread>::new::thread_start
[INFO] [stdout]   18:     0x79fd53300dfa - <unknown>
[INFO] [stdout]   19:     0x79fd533943d4 - clone
[INFO] [stdout]   20:                0x0 - <unknown>
[INFO] [stdout] 
[INFO] [stdout] ---- test_initialize_primary_key_idempotent stdout ----
[INFO] [stdout] 
[INFO] [stdout] thread 'test_initialize_primary_key_idempotent' (1689) panicked at tests/integration.rs:16:23:
[INFO] [stdout] Failed to create TpmBackend — is swtpm running?: Backend(Tss2Error(FormatZero(FormatZeroResponseCode { .0: 655370, error_number: 10, format_selector: false, version: false, tcg_vendor_indicator: false, severity: false })))
[INFO] [stdout] stack backtrace:
[INFO] [stdout]    0:     0x56a98a5cda11 - <<std[70759c8f55707aa4]::sys::backtrace::BacktraceLock>::print::DisplayBacktrace as core[df12db4294e9bfd3]::fmt::Display>::fmt
[INFO] [stdout]    1:     0x56a98a5e405a - core[df12db4294e9bfd3]::fmt::write
[INFO] [stdout]    2:     0x56a98a5d21cc - <alloc[2182bb758b4b3781]::vec::Vec<u8> as core[df12db4294e9bfd3]::io::write::Write>::write_fmt
[INFO] [stdout]    3:     0x56a98a5a9776 - std[70759c8f55707aa4]::panicking::default_hook::{closure#0}
[INFO] [stdout]    4:     0x56a98a5c5ad9 - std[70759c8f55707aa4]::panicking::default_hook
[INFO] [stdout]    5:     0x56a98a4399d0 - test[9d35eded1c95d3be]::test_main_inner::<test[9d35eded1c95d3be]::test_main_static::{closure#0}>::{closure#0}
[INFO] [stdout]    6:     0x56a98a5c5c92 - std[70759c8f55707aa4]::panicking::panic_with_hook
[INFO] [stdout]    7:     0x56a98a5a9822 - std[70759c8f55707aa4]::panicking::panic_handler::{closure#0}
[INFO] [stdout]    8:     0x56a98a5a24f9 - std[70759c8f55707aa4]::sys::backtrace::__rust_end_short_backtrace::<std[70759c8f55707aa4]::panicking::panic_handler::{closure#0}, !>
[INFO] [stdout]    9:     0x56a98a5aa60d - __rustc[8fa7c3cbc660c2b3]::rust_begin_unwind
[INFO] [stdout]   10:     0x56a98a5e483c - core[df12db4294e9bfd3]::panicking::panic_fmt
[INFO] [stdout]   11:     0x56a98a5e4612 - core[df12db4294e9bfd3]::result::unwrap_failed
[INFO] [stdout]   12:     0x56a98a42b64d - <integration[5c68ac2642a4ae2a]::test_initialize_primary_key_idempotent::{closure#0} as core[df12db4294e9bfd3]::ops::function::FnOnce<()>>::call_once
[INFO] [stdout]   13:     0x56a98a42ccbb - test[9d35eded1c95d3be]::__rust_begin_short_backtrace::<core[df12db4294e9bfd3]::result::Result<(), alloc[2182bb758b4b3781]::string::String>, fn() -> core[df12db4294e9bfd3]::result::Result<(), alloc[2182bb758b4b3781]::string::String>>
[INFO] [stdout]   14:     0x56a98a43a325 - test[9d35eded1c95d3be]::run_test::{closure#0}
[INFO] [stdout]   15:     0x56a98a433be4 - std[70759c8f55707aa4]::sys::backtrace::__rust_begin_short_backtrace::<test[9d35eded1c95d3be]::run_test::{closure#1}, ()>
[INFO] [stdout]   16:     0x56a98a43d482 - <std[70759c8f55707aa4]::thread::lifecycle::spawn_unchecked<test[9d35eded1c95d3be]::run_test::{closure#1}, ()>::{closure#1} as core[df12db4294e9bfd3]::ops::function::FnOnce<()>>::call_once::{shim:vtable#0}
[INFO] [stdout]   17:     0x56a98a5ccd99 - <std[70759c8f55707aa4]::sys::thread::unix::Thread>::new::thread_start
[INFO] [stdout]   18:     0x79fd53300dfa - <unknown>
[INFO] [stdout]   19:     0x79fd533943d4 - clone
[INFO] [stdout]   20:                0x0 - <unknown>
[INFO] [stdout] 
[INFO] [stdout] ---- test_initialize_primary_key stdout ----
[INFO] [stdout] 
[INFO] [stdout] thread 'test_initialize_primary_key' (1688) panicked at tests/integration.rs:16:23:
[INFO] [stdout] Failed to create TpmBackend — is swtpm running?: Backend(Tss2Error(FormatZero(FormatZeroResponseCode { .0: 655370, error_number: 10, format_selector: false, version: false, tcg_vendor_indicator: false, severity: false })))
[INFO] [stdout] stack backtrace:
[INFO] [stdout]    0:     0x56a98a5cda11 - <<std[70759c8f55707aa4]::sys::backtrace::BacktraceLock>::print::DisplayBacktrace as core[df12db4294e9bfd3]::fmt::Display>::fmt
[INFO] [stdout]    1:     0x56a98a5e405a - core[df12db4294e9bfd3]::fmt::write
[INFO] [stdout]    2:     0x56a98a5d21cc - <alloc[2182bb758b4b3781]::vec::Vec<u8> as core[df12db4294e9bfd3]::io::write::Write>::write_fmt
[INFO] [stdout]    3:     0x56a98a5a9776 - std[70759c8f55707aa4]::panicking::default_hook::{closure#0}
[INFO] [stdout]    4:     0x56a98a5c5ad9 - std[70759c8f55707aa4]::panicking::default_hook
[INFO] [stdout]    5:     0x56a98a4399d0 - test[9d35eded1c95d3be]::test_main_inner::<test[9d35eded1c95d3be]::test_main_static::{closure#0}>::{closure#0}
[INFO] [stdout]    6:     0x56a98a5c5c92 - std[70759c8f55707aa4]::panicking::panic_with_hook
[INFO] [stdout]    7:     0x56a98a5a9822 - std[70759c8f55707aa4]::panicking::panic_handler::{closure#0}
[INFO] [stdout]    8:     0x56a98a5a24f9 - std[70759c8f55707aa4]::sys::backtrace::__rust_end_short_backtrace::<std[70759c8f55707aa4]::panicking::panic_handler::{closure#0}, !>
[INFO] [stdout]    9:     0x56a98a5aa60d - __rustc[8fa7c3cbc660c2b3]::rust_begin_unwind
[INFO] [stdout]   10:     0x56a98a5e483c - core[df12db4294e9bfd3]::panicking::panic_fmt
[INFO] [stdout]   11:     0x56a98a5e4612 - core[df12db4294e9bfd3]::result::unwrap_failed
[INFO] [stdout]   12:     0x56a98a4291c1 - <integration[5c68ac2642a4ae2a]::test_initialize_primary_key::{closure#0} as core[df12db4294e9bfd3]::ops::function::FnOnce<()>>::call_once
[INFO] [stdout]   13:     0x56a98a42ccbb - test[9d35eded1c95d3be]::__rust_begin_short_backtrace::<core[df12db4294e9bfd3]::result::Result<(), alloc[2182bb758b4b3781]::string::String>, fn() -> core[df12db4294e9bfd3]::result::Result<(), alloc[2182bb758b4b3781]::string::String>>
[INFO] [stdout]   14:     0x56a98a43a325 - test[9d35eded1c95d3be]::run_test::{closure#0}
[INFO] [stdout]   15:     0x56a98a433be4 - std[70759c8f55707aa4]::sys::backtrace::__rust_begin_short_backtrace::<test[9d35eded1c95d3be]::run_test::{closure#1}, ()>
[INFO] [stdout]   16:     0x56a98a43d482 - <std[70759c8f55707aa4]::thread::lifecycle::spawn_unchecked<test[9d35eded1c95d3be]::run_test::{closure#1}, ()>::{closure#1} as core[df12db4294e9bfd3]::ops::function::FnOnce<()>>::call_once::{shim:vtable#0}
[INFO] [stdout]   17:     0x56a98a5ccd99 - <std[70759c8f55707aa4]::sys::thread::unix::Thread>::new::thread_start
[INFO] [stdout]   18:     0x79fd53300dfa - <unknown>
[INFO] [stdout]   19:     0x79fd533943d4 - clone
[INFO] [stdout]   20:                0x0 - <unknown>
[INFO] [stdout] 
[INFO] [stdout] ---- test_generate_data_key stdout ----
[INFO] [stdout] 
[INFO] [stdout] thread 'test_generate_data_key' (1687) panicked at tests/integration.rs:16:23:
[INFO] [stdout] Failed to create TpmBackend — is swtpm running?: Backend(Tss2Error(FormatZero(FormatZeroResponseCode { .0: 655370, error_number: 10, format_selector: false, version: false, tcg_vendor_indicator: false, severity: false })))
[INFO] [stdout] stack backtrace:
[INFO] [stdout]    0:     0x56a98a5cda11 - <<std[70759c8f55707aa4]::sys::backtrace::BacktraceLock>::print::DisplayBacktrace as core[df12db4294e9bfd3]::fmt::Display>::fmt
[INFO] [stdout]    1:     0x56a98a5e405a - core[df12db4294e9bfd3]::fmt::write
[INFO] [stdout]    2:     0x56a98a5d21cc - <alloc[2182bb758b4b3781]::vec::Vec<u8> as core[df12db4294e9bfd3]::io::write::Write>::write_fmt
[INFO] [stdout]    3:     0x56a98a5a9776 - std[70759c8f55707aa4]::panicking::default_hook::{closure#0}
[INFO] [stdout]    4:     0x56a98a5c5ad9 - std[70759c8f55707aa4]::panicking::default_hook
[INFO] [stdout]    5:     0x56a98a4399d0 - test[9d35eded1c95d3be]::test_main_inner::<test[9d35eded1c95d3be]::test_main_static::{closure#0}>::{closure#0}
[INFO] [stdout]    6:     0x56a98a5c5c92 - std[70759c8f55707aa4]::panicking::panic_with_hook
[INFO] [stdout]    7:     0x56a98a5a9822 - std[70759c8f55707aa4]::panicking::panic_handler::{closure#0}
[INFO] [stdout]    8:     0x56a98a5a24f9 - std[70759c8f55707aa4]::sys::backtrace::__rust_end_short_backtrace::<std[70759c8f55707aa4]::panicking::panic_handler::{closure#0}, !>
[INFO] [stdout]    9:     0x56a98a5aa60d - __rustc[8fa7c3cbc660c2b3]::rust_begin_unwind
[INFO] [stdout]   10:     0x56a98a5e483c - core[df12db4294e9bfd3]::panicking::panic_fmt
[INFO] [stdout]   11:     0x56a98a5e4612 - core[df12db4294e9bfd3]::result::unwrap_failed
[INFO] [stdout]   12:     0x56a98a428ad7 - <integration[5c68ac2642a4ae2a]::test_generate_data_key::{closure#0} as core[df12db4294e9bfd3]::ops::function::FnOnce<()>>::call_once
[INFO] [stdout]   13:     0x56a98a42ccbb - test[9d35eded1c95d3be]::__rust_begin_short_backtrace::<core[df12db4294e9bfd3]::result::Result<(), alloc[2182bb758b4b3781]::string::String>, fn() -> core[df12db4294e9bfd3]::result::Result<(), alloc[2182bb758b4b3781]::string::String>>
[INFO] [stdout]   14:     0x56a98a43a325 - test[9d35eded1c95d3be]::run_test::{closure#0}
[INFO] [stdout]   15:     0x56a98a433be4 - std[70759c8f55707aa4]::sys::backtrace::__rust_begin_short_backtrace::<test[9d35eded1c95d3be]::run_test::{closure#1}, ()>
[INFO] [stdout]   16:     0x56a98a43d482 - <std[70759c8f55707aa4]::thread::lifecycle::spawn_unchecked<test[9d35eded1c95d3be]::run_test::{closure#1}, ()>::{closure#1} as core[df12db4294e9bfd3]::ops::function::FnOnce<()>>::call_once::{shim:vtable#0}
[INFO] [stdout]   17:     0x56a98a5ccd99 - <std[70759c8f55707aa4]::sys::thread::unix::Thread>::new::thread_start
[INFO] [stdout]   18:     0x79fd53300dfa - <unknown>
[INFO] [stdout]   19:     0x79fd533943d4 - clone
[INFO] [stdout]   20:                0x0 - <unknown>
[INFO] [stdout] 
[INFO] [stdout] ---- test_passphrase_backup_restore_roundtrip stdout ----
[INFO] [stdout] 
[INFO] [stdout] thread 'test_passphrase_backup_restore_roundtrip' (1691) panicked at tests/integration.rs:16:23:
[INFO] [stdout] Failed to create TpmBackend — is swtpm running?: Backend(Tss2Error(FormatZero(FormatZeroResponseCode { .0: 655370, error_number: 10, format_selector: false, version: false, tcg_vendor_indicator: false, severity: false })))
[INFO] [stdout] stack backtrace:
[INFO] [stdout]    0:     0x56a98a5cda11 - <<std[70759c8f55707aa4]::sys::backtrace::BacktraceLock>::print::DisplayBacktrace as core[df12db4294e9bfd3]::fmt::Display>::fmt
[INFO] [stdout]    1:     0x56a98a5e405a - core[df12db4294e9bfd3]::fmt::write
[INFO] [stdout]    2:     0x56a98a5d21cc - <alloc[2182bb758b4b3781]::vec::Vec<u8> as core[df12db4294e9bfd3]::io::write::Write>::write_fmt
[INFO] [stdout]    3:     0x56a98a5a9776 - std[70759c8f55707aa4]::panicking::default_hook::{closure#0}
[INFO] [stdout]    4:     0x56a98a5c5ad9 - std[70759c8f55707aa4]::panicking::default_hook
[INFO] [stdout]    5:     0x56a98a4399d0 - test[9d35eded1c95d3be]::test_main_inner::<test[9d35eded1c95d3be]::test_main_static::{closure#0}>::{closure#0}
[INFO] [stdout]    6:     0x56a98a5c5c92 - std[70759c8f55707aa4]::panicking::panic_with_hook
[INFO] [stdout]    7:     0x56a98a5a9822 - std[70759c8f55707aa4]::panicking::panic_handler::{closure#0}
[INFO] [stdout]    8:     0x56a98a5a24f9 - std[70759c8f55707aa4]::sys::backtrace::__rust_end_short_backtrace::<std[70759c8f55707aa4]::panicking::panic_handler::{closure#0}, !>
[INFO] [stdout]    9:     0x56a98a5aa60d - __rustc[8fa7c3cbc660c2b3]::rust_begin_unwind
[INFO] [stdout]   10:     0x56a98a5e483c - core[df12db4294e9bfd3]::panicking::panic_fmt
[INFO] [stdout]   11:     0x56a98a5e4612 - core[df12db4294e9bfd3]::result::unwrap_failed
[INFO] [stdout]   12:     0x56a98a42be82 - <integration[5c68ac2642a4ae2a]::test_passphrase_backup_restore_roundtrip::{closure#0} as core[df12db4294e9bfd3]::ops::function::FnOnce<()>>::call_once
[INFO] [stdout]   13:     0x56a98a42ccbb - test[9d35eded1c95d3be]::__rust_begin_short_backtrace::<core[df12db4294e9bfd3]::result::Result<(), alloc[2182bb758b4b3781]::string::String>, fn() -> core[df12db4294e9bfd3]::result::Result<(), alloc[2182bb758b4b3781]::string::String>>
[INFO] [stdout]   14:     0x56a98a43a325 - test[9d35eded1c95d3be]::run_test::{closure#0}
[INFO] [stdout]   15:     0x56a98a433be4 - std[70759c8f55707aa4]::sys::backtrace::__rust_begin_short_backtrace::<test[9d35eded1c95d3be]::run_test::{closure#1}, ()>
[INFO] [stdout]   16:     0x56a98a43d482 - <std[70759c8f55707aa4]::thread::lifecycle::spawn_unchecked<test[9d35eded1c95d3be]::run_test::{closure#1}, ()>::{closure#1} as core[df12db4294e9bfd3]::ops::function::FnOnce<()>>::call_once::{shim:vtable#0}
[INFO] [stdout]   17:     0x56a98a5ccd99 - <std[70759c8f55707aa4]::sys::thread::unix::Thread>::new::thread_start
[INFO] [stdout]   18:     0x79fd53300dfa - <unknown>
[INFO] [stdout]   19:     0x79fd533943d4 - clone
[INFO] [stdout]   20:                0x0 - <unknown>
[INFO] [stdout] 
[INFO] [stdout] ---- test_is_available stdout ----
[INFO] [stdout] 
[INFO] [stdout] thread 'test_is_available' (1690) panicked at tests/integration.rs:27:5:
[INFO] [stdout] assertion failed: TpmBackend::is_available()
[INFO] [stdout] stack backtrace:
[INFO] [stdout]    0:     0x56a98a5cda11 - <<std[70759c8f55707aa4]::sys::backtrace::BacktraceLock>::print::DisplayBacktrace as core[df12db4294e9bfd3]::fmt::Display>::fmt
[INFO] [stdout]    1:     0x56a98a5e405a - core[df12db4294e9bfd3]::fmt::write
[INFO] [stdout]    2:     0x56a98a5d21cc - <alloc[2182bb758b4b3781]::vec::Vec<u8> as core[df12db4294e9bfd3]::io::write::Write>::write_fmt
[INFO] [stdout]    3:     0x56a98a5a9776 - std[70759c8f55707aa4]::panicking::default_hook::{closure#0}
[INFO] [stdout]    4:     0x56a98a5c5ad9 - std[70759c8f55707aa4]::panicking::default_hook
[INFO] [stdout]    5:     0x56a98a4399d0 - test[9d35eded1c95d3be]::test_main_inner::<test[9d35eded1c95d3be]::test_main_static::{closure#0}>::{closure#0}
[INFO] [stdout]    6:     0x56a98a5c5c92 - std[70759c8f55707aa4]::panicking::panic_with_hook
[INFO] [stdout]    7:     0x56a98a5a9854 - std[70759c8f55707aa4]::panicking::panic_handler::{closure#0}
[INFO] [stdout]    8:     0x56a98a5a24f9 - std[70759c8f55707aa4]::sys::backtrace::__rust_end_short_backtrace::<std[70759c8f55707aa4]::panicking::panic_handler::{closure#0}, !>
[INFO] [stdout]    9:     0x56a98a5aa60d - __rustc[8fa7c3cbc660c2b3]::rust_begin_unwind
[INFO] [stdout]   10:     0x56a98a5e483c - core[df12db4294e9bfd3]::panicking::panic_fmt
[INFO] [stdout]   11:     0x56a98a5e4802 - core[df12db4294e9bfd3]::panicking::panic
[INFO] [stdout]   12:     0x56a98a4289c3 - <integration[5c68ac2642a4ae2a]::test_is_available::{closure#0} as core[df12db4294e9bfd3]::ops::function::FnOnce<()>>::call_once
[INFO] [stdout]   13:     0x56a98a42ccbb - test[9d35eded1c95d3be]::__rust_begin_short_backtrace::<core[df12db4294e9bfd3]::result::Result<(), alloc[2182bb758b4b3781]::string::String>, fn() -> core[df12db4294e9bfd3]::result::Result<(), alloc[2182bb758b4b3781]::string::String>>
[INFO] [stdout]   14:     0x56a98a43a325 - test[9d35eded1c95d3be]::run_test::{closure#0}
[INFO] [stdout]   15:     0x56a98a433be4 - std[70759c8f55707aa4]::sys::backtrace::__rust_begin_short_backtrace::<test[9d35eded1c95d3be]::run_test::{closure#1}, ()>
[INFO] [stdout]   16:     0x56a98a43d482 - <std[70759c8f55707aa4]::thread::lifecycle::spawn_unchecked<test[9d35eded1c95d3be]::run_test::{closure#1}, ()>::{closure#1} as core[df12db4294e9bfd3]::ops::function::FnOnce<()>>::call_once::{shim:vtable#0}
[INFO] [stdout]   17:     0x56a98a5ccd99 - <std[70759c8f55707aa4]::sys::thread::unix::Thread>::new::thread_start
[INFO] [stdout]   18:     0x79fd53300dfa - <unknown>
[INFO] [stdout]   19:     0x79fd533943d4 - clone
[INFO] [stdout]   20:                0x0 - <unknown>
[INFO] [stdout] 
[INFO] [stdout] ---- test_passphrase_no_secret_fails stdout ----
[INFO] [stdout] 
[INFO] [stdout] thread 'test_passphrase_no_secret_fails' (1692) panicked at tests/integration.rs:16:23:
[INFO] [stdout] Failed to create TpmBackend — is swtpm running?: Backend(Tss2Error(FormatZero(FormatZeroResponseCode { .0: 655370, error_number: 10, format_selector: false, version: false, tcg_vendor_indicator: false, severity: false })))
[INFO] [stdout] stack backtrace:
[INFO] [stdout]    0:     0x56a98a5cda11 - <<std[70759c8f55707aa4]::sys::backtrace::BacktraceLock>::print::DisplayBacktrace as core[df12db4294e9bfd3]::fmt::Display>::fmt
[INFO] [stdout]    1:     0x56a98a5e405a - core[df12db4294e9bfd3]::fmt::write
[INFO] [stdout]    2:     0x56a98a5d21cc - <alloc[2182bb758b4b3781]::vec::Vec<u8> as core[df12db4294e9bfd3]::io::write::Write>::write_fmt
[INFO] [stdout]    3:     0x56a98a5a9776 - std[70759c8f55707aa4]::panicking::default_hook::{closure#0}
[INFO] [stdout]    4:     0x56a98a5c5ad9 - std[70759c8f55707aa4]::panicking::default_hook
[INFO] [stdout]    5:     0x56a98a4399d0 - test[9d35eded1c95d3be]::test_main_inner::<test[9d35eded1c95d3be]::test_main_static::{closure#0}>::{closure#0}
[INFO] [stdout]    6:     0x56a98a5c5c92 - std[70759c8f55707aa4]::panicking::panic_with_hook
[INFO] [stdout]    7:     0x56a98a5a9822 - std[70759c8f55707aa4]::panicking::panic_handler::{closure#0}
[INFO] [stdout]    8:     0x56a98a5a24f9 - std[70759c8f55707aa4]::sys::backtrace::__rust_end_short_backtrace::<std[70759c8f55707aa4]::panicking::panic_handler::{closure#0}, !>
[INFO] [stdout]    9:     0x56a98a5aa60d - __rustc[8fa7c3cbc660c2b3]::rust_begin_unwind
[INFO] [stdout]   10:     0x56a98a5e483c - core[df12db4294e9bfd3]::panicking::panic_fmt
[INFO] [stdout]   11:     0x56a98a5e4612 - core[df12db4294e9bfd3]::result::unwrap_failed
[INFO] [stdout]   12:     0x56a98a42a365 - <integration[5c68ac2642a4ae2a]::test_passphrase_no_secret_fails::{closure#0} as core[df12db4294e9bfd3]::ops::function::FnOnce<()>>::call_once
[INFO] [stdout]   13:     0x56a98a42ccbb - test[9d35eded1c95d3be]::__rust_begin_short_backtrace::<core[df12db4294e9bfd3]::result::Result<(), alloc[2182bb758b4b3781]::string::String>, fn() -> core[df12db4294e9bfd3]::result::Result<(), alloc[2182bb758b4b3781]::string::String>>
[INFO] [stdout]   14:     0x56a98a43a325 - test[9d35eded1c95d3be]::run_test::{closure#0}
[INFO] [stdout]   15:     0x56a98a433be4 - std[70759c8f55707aa4]::sys::backtrace::__rust_begin_short_backtrace::<test[9d35eded1c95d3be]::run_test::{closure#1}, ()>
[INFO] [stdout]   16:     0x56a98a43d482 - <std[70759c8f55707aa4]::thread::lifecycle::spawn_unchecked<test[9d35eded1c95d3be]::run_test::{closure#1}, ()>::{closure#1} as core[df12db4294e9bfd3]::ops::function::FnOnce<()>>::call_once::{shim:vtable#0}
[INFO] [stdout]   17:     0x56a98a5ccd99 - <std[70759c8f55707aa4]::sys::thread::unix::Thread>::new::thread_start
[INFO] [stdout]   18:     0x79fd53300dfa - <unknown>
[INFO] [stdout]   19:     0x79fd533943d4 - clone
[INFO] [stdout]   20:                0x0 - <unknown>
[INFO] [stdout] 
[INFO] [stdout] ---- protected_data_outlives_the_context_that_wrote_it stdout ----
[INFO] [stdout] 
[INFO] [stdout] thread 'protected_data_outlives_the_context_that_wrote_it' (1685) panicked at tests/integration.rs:16:23:
[INFO] [stdout] Failed to create TpmBackend — is swtpm running?: Backend(Tss2Error(FormatZero(FormatZeroResponseCode { .0: 655370, error_number: 10, format_selector: false, version: false, tcg_vendor_indicator: false, severity: false })))
[INFO] [stdout] stack backtrace:
[INFO] [stdout]    0:     0x56a98a5cda11 - <<std[70759c8f55707aa4]::sys::backtrace::BacktraceLock>::print::DisplayBacktrace as core[df12db4294e9bfd3]::fmt::Display>::fmt
[INFO] [stdout]    1:     0x56a98a5e405a - core[df12db4294e9bfd3]::fmt::write
[INFO] [stdout]    2:     0x56a98a5d21cc - <alloc[2182bb758b4b3781]::vec::Vec<u8> as core[df12db4294e9bfd3]::io::write::Write>::write_fmt
[INFO] [stdout]    3:     0x56a98a5a9776 - std[70759c8f55707aa4]::panicking::default_hook::{closure#0}
[INFO] [stdout]    4:     0x56a98a5c5ad9 - std[70759c8f55707aa4]::panicking::default_hook
[INFO] [stdout]    5:     0x56a98a4399d0 - test[9d35eded1c95d3be]::test_main_inner::<test[9d35eded1c95d3be]::test_main_static::{closure#0}>::{closure#0}
[INFO] [stdout]    6:     0x56a98a5c5c92 - std[70759c8f55707aa4]::panicking::panic_with_hook
[INFO] [stdout]    7:     0x56a98a5a9822 - std[70759c8f55707aa4]::panicking::panic_handler::{closure#0}
[INFO] [stdout]    8:     0x56a98a5a24f9 - std[70759c8f55707aa4]::sys::backtrace::__rust_end_short_backtrace::<std[70759c8f55707aa4]::panicking::panic_handler::{closure#0}, !>
[INFO] [stdout]    9:     0x56a98a5aa60d - __rustc[8fa7c3cbc660c2b3]::rust_begin_unwind
[INFO] [stdout]   10:     0x56a98a5e483c - core[df12db4294e9bfd3]::panicking::panic_fmt
[INFO] [stdout]   11:     0x56a98a5e4612 - core[df12db4294e9bfd3]::result::unwrap_failed
[INFO] [stdout]   12:     0x56a98a42c59a - <integration[5c68ac2642a4ae2a]::protected_data_outlives_the_context_that_wrote_it::{closure#0} as core[df12db4294e9bfd3]::ops::function::FnOnce<()>>::call_once
[INFO] [stdout]   13:     0x56a98a42ccbb - test[9d35eded1c95d3be]::__rust_begin_short_backtrace::<core[df12db4294e9bfd3]::result::Result<(), alloc[2182bb758b4b3781]::string::String>, fn() -> core[df12db4294e9bfd3]::result::Result<(), alloc[2182bb758b4b3781]::string::String>>
[INFO] [stdout]   14:     0x56a98a43a325 - test[9d35eded1c95d3be]::run_test::{closure#0}
[INFO] [stdout]   15:     0x56a98a433be4 - std[70759c8f55707aa4]::sys::backtrace::__rust_begin_short_backtrace::<test[9d35eded1c95d3be]::run_test::{closure#1}, ()>
[INFO] [stdout]   16:     0x56a98a43d482 - <std[70759c8f55707aa4]::thread::lifecycle::spawn_unchecked<test[9d35eded1c95d3be]::run_test::{closure#1}, ()>::{closure#1} as core[df12db4294e9bfd3]::ops::function::FnOnce<()>>::call_once::{shim:vtable#0}
[INFO] [stdout]   17:     0x56a98a5ccd99 - <std[70759c8f55707aa4]::sys::thread::unix::Thread>::new::thread_start
[INFO] [stdout]   18:     0x79fd53300dfa - <unknown>
[INFO] [stdout]   19:     0x79fd533943d4 - clone
[INFO] [stdout]   20:                0x0 - <unknown>
[INFO] [stdout] 
[INFO] [stdout] ---- test_passphrase_wrong_passphrase_fails stdout ----
[INFO] [stdout] 
[INFO] [stdout] thread 'test_passphrase_wrong_passphrase_fails' (1694) panicked at tests/integration.rs:16:23:
[INFO] [stdout] Failed to create TpmBackend — is swtpm running?: Backend(Tss2Error(FormatZero(FormatZeroResponseCode { .0: 655370, error_number: 10, format_selector: false, version: false, tcg_vendor_indicator: false, severity: false })))
[INFO] [stdout] stack backtrace:
[INFO] [stdout]    0:     0x56a98a5cda11 - <<std[70759c8f55707aa4]::sys::backtrace::BacktraceLock>::print::DisplayBacktrace as core[df12db4294e9bfd3]::fmt::Display>::fmt
[INFO] [stdout]    1:     0x56a98a5e405a - core[df12db4294e9bfd3]::fmt::write
[INFO] [stdout]    2:     0x56a98a5d21cc - <alloc[2182bb758b4b3781]::vec::Vec<u8> as core[df12db4294e9bfd3]::io::write::Write>::write_fmt
[INFO] [stdout]    3:     0x56a98a5a9776 - std[70759c8f55707aa4]::panicking::default_hook::{closure#0}
[INFO] [stdout]    4:     0x56a98a5c5ad9 - std[70759c8f55707aa4]::panicking::default_hook
[INFO] [stdout]    5:     0x56a98a4399d0 - test[9d35eded1c95d3be]::test_main_inner::<test[9d35eded1c95d3be]::test_main_static::{closure#0}>::{closure#0}
[INFO] [stdout]    6:     0x56a98a5c5c92 - std[70759c8f55707aa4]::panicking::panic_with_hook
[INFO] [stdout]    7:     0x56a98a5a9822 - std[70759c8f55707aa4]::panicking::panic_handler::{closure#0}
[INFO] [stdout]    8:     0x56a98a5a24f9 - std[70759c8f55707aa4]::sys::backtrace::__rust_end_short_backtrace::<std[70759c8f55707aa4]::panicking::panic_handler::{closure#0}, !>
[INFO] [stdout]    9:     0x56a98a5aa60d - __rustc[8fa7c3cbc660c2b3]::rust_begin_unwind
[INFO] [stdout]   10:     0x56a98a5e483c - core[df12db4294e9bfd3]::panicking::panic_fmt
[INFO] [stdout]   11:     0x56a98a5e4612 - core[df12db4294e9bfd3]::result::unwrap_failed
[INFO] [stdout]   12:     0x56a98a42b978 - <integration[5c68ac2642a4ae2a]::test_passphrase_wrong_passphrase_fails::{closure#0} as core[df12db4294e9bfd3]::ops::function::FnOnce<()>>::call_once
[INFO] [stdout]   13:     0x56a98a42ccbb - test[9d35eded1c95d3be]::__rust_begin_short_backtrace::<core[df12db4294e9bfd3]::result::Result<(), alloc[2182bb758b4b3781]::string::String>, fn() -> core[df12db4294e9bfd3]::result::Result<(), alloc[2182bb758b4b3781]::string::String>>
[INFO] [stdout]   14:     0x56a98a43a325 - test[9d35eded1c95d3be]::run_test::{closure#0}
[INFO] [stdout]   15:     0x56a98a433be4 - std[70759c8f55707aa4]::sys::backtrace::__rust_begin_short_backtrace::<test[9d35eded1c95d3be]::run_test::{closure#1}, ()>
[INFO] [stdout]   16:     0x56a98a43d482 - <std[70759c8f55707aa4]::thread::lifecycle::spawn_unchecked<test[9d35eded1c95d3be]::run_test::{closure#1}, ()>::{closure#1} as core[df12db4294e9bfd3]::ops::function::FnOnce<()>>::call_once::{shim:vtable#0}
[INFO] [stdout]   17:     0x56a98a5ccd99 - <std[70759c8f55707aa4]::sys::thread::unix::Thread>::new::thread_start
[INFO] [stdout]   18:     0x79fd53300dfa - <unknown>
[INFO] [stdout]   19:     0x79fd533943d4 - clone
[INFO] [stdout]   20:                0x0 - <unknown>
[INFO] [stdout] 
[INFO] [stdout] ---- test_pcr_generate_multiple_keys stdout ----
[INFO] [stdout] 
[INFO] [stdout] thread 'test_pcr_generate_multiple_keys' (1696) panicked at tests/integration.rs:21:10:
[INFO] [stdout] Failed to create TpmBackend with PCR policy: Backend(Tss2Error(FormatZero(FormatZeroResponseCode { .0: 655370, error_number: 10, format_selector: false, version: false, tcg_vendor_indicator: false, severity: false })))
[INFO] [stdout] stack backtrace:
[INFO] [stdout]    0:     0x56a98a5cda11 - <<std[70759c8f55707aa4]::sys::backtrace::BacktraceLock>::print::DisplayBacktrace as core[df12db4294e9bfd3]::fmt::Display>::fmt
[INFO] [stdout]    1:     0x56a98a5e405a - core[df12db4294e9bfd3]::fmt::write
[INFO] [stdout]    2:     0x56a98a5d21cc - <alloc[2182bb758b4b3781]::vec::Vec<u8> as core[df12db4294e9bfd3]::io::write::Write>::write_fmt
[INFO] [stdout]    3:     0x56a98a5a9776 - std[70759c8f55707aa4]::panicking::default_hook::{closure#0}
[INFO] [stdout]    4:     0x56a98a5c5ad9 - std[70759c8f55707aa4]::panicking::default_hook
[INFO] [stdout]    5:     0x56a98a4399d0 - test[9d35eded1c95d3be]::test_main_inner::<test[9d35eded1c95d3be]::test_main_static::{closure#0}>::{closure#0}
[INFO] [stdout]    6:     0x56a98a5c5c92 - std[70759c8f55707aa4]::panicking::panic_with_hook
[INFO] [stdout]    7:     0x56a98a5a9822 - std[70759c8f55707aa4]::panicking::panic_handler::{closure#0}
[INFO] [stdout]    8:     0x56a98a5a24f9 - std[70759c8f55707aa4]::sys::backtrace::__rust_end_short_backtrace::<std[70759c8f55707aa4]::panicking::panic_handler::{closure#0}, !>
[INFO] [stdout]    9:     0x56a98a5aa60d - __rustc[8fa7c3cbc660c2b3]::rust_begin_unwind
[INFO] [stdout]   10:     0x56a98a5e483c - core[df12db4294e9bfd3]::panicking::panic_fmt
[INFO] [stdout]   11:     0x56a98a5e4612 - core[df12db4294e9bfd3]::result::unwrap_failed
[INFO] [stdout]   12:     0x56a98a42a7fa - <integration[5c68ac2642a4ae2a]::test_pcr_generate_multiple_keys::{closure#0} as core[df12db4294e9bfd3]::ops::function::FnOnce<()>>::call_once
[INFO] [stdout]   13:     0x56a98a42ccbb - test[9d35eded1c95d3be]::__rust_begin_short_backtrace::<core[df12db4294e9bfd3]::result::Result<(), alloc[2182bb758b4b3781]::string::String>, fn() -> core[df12db4294e9bfd3]::result::Result<(), alloc[2182bb758b4b3781]::string::String>>
[INFO] [stdout]   14:     0x56a98a43a325 - test[9d35eded1c95d3be]::run_test::{closure#0}
[INFO] [stdout]   15:     0x56a98a433be4 - std[70759c8f55707aa4]::sys::backtrace::__rust_begin_short_backtrace::<test[9d35eded1c95d3be]::run_test::{closure#1}, ()>
[INFO] [stdout]   16:     0x56a98a43d482 - <std[70759c8f55707aa4]::thread::lifecycle::spawn_unchecked<test[9d35eded1c95d3be]::run_test::{closure#1}, ()>::{closure#1} as core[df12db4294e9bfd3]::ops::function::FnOnce<()>>::call_once::{shim:vtable#0}
[INFO] [stdout]   17:     0x56a98a5ccd99 - <std[70759c8f55707aa4]::sys::thread::unix::Thread>::new::thread_start
[INFO] [stdout]   18:     0x79fd53300dfa - <unknown>
[INFO] [stdout]   19:     0x79fd533943d4 - clone
[INFO] [stdout]   20:                0x0 - <unknown>
[INFO] [stdout] 
[INFO] [stdout] ---- test_pcr_cross_policy_incompatible stdout ----
[INFO] [stdout] 
[INFO] [stdout] thread 'test_pcr_cross_policy_incompatible' (1695) panicked at tests/integration.rs:16:23:
[INFO] [stdout] Failed to create TpmBackend — is swtpm running?: Backend(Tss2Error(FormatZero(FormatZeroResponseCode { .0: 655370, error_number: 10, format_selector: false, version: false, tcg_vendor_indicator: false, severity: false })))
[INFO] [stdout] stack backtrace:
[INFO] [stdout]    0:     0x56a98a5cda11 - <<std[70759c8f55707aa4]::sys::backtrace::BacktraceLock>::print::DisplayBacktrace as core[df12db4294e9bfd3]::fmt::Display>::fmt
[INFO] [stdout]    1:     0x56a98a5e405a - core[df12db4294e9bfd3]::fmt::write
[INFO] [stdout]    2:     0x56a98a5d21cc - <alloc[2182bb758b4b3781]::vec::Vec<u8> as core[df12db4294e9bfd3]::io::write::Write>::write_fmt
[INFO] [stdout]    3:     0x56a98a5a9776 - std[70759c8f55707aa4]::panicking::default_hook::{closure#0}
[INFO] [stdout]    4:     0x56a98a5c5ad9 - std[70759c8f55707aa4]::panicking::default_hook
[INFO] [stdout]    5:     0x56a98a4399d0 - test[9d35eded1c95d3be]::test_main_inner::<test[9d35eded1c95d3be]::test_main_static::{closure#0}>::{closure#0}
[INFO] [stdout]    6:     0x56a98a5c5c92 - std[70759c8f55707aa4]::panicking::panic_with_hook
[INFO] [stdout]    7:     0x56a98a5a9822 - std[70759c8f55707aa4]::panicking::panic_handler::{closure#0}
[INFO] [stdout]    8:     0x56a98a5a24f9 - std[70759c8f55707aa4]::sys::backtrace::__rust_end_short_backtrace::<std[70759c8f55707aa4]::panicking::panic_handler::{closure#0}, !>
[INFO] [stdout]    9:     0x56a98a5aa60d - __rustc[8fa7c3cbc660c2b3]::rust_begin_unwind
[INFO] [stdout]   10:     0x56a98a5e483c - core[df12db4294e9bfd3]::panicking::panic_fmt
[INFO] [stdout]   11:     0x56a98a5e4612 - core[df12db4294e9bfd3]::result::unwrap_failed
[INFO] [stdout]   12:     0x56a98a42b1bf - <integration[5c68ac2642a4ae2a]::test_pcr_cross_policy_incompatible::{closure#0} as core[df12db4294e9bfd3]::ops::function::FnOnce<()>>::call_once
[INFO] [stdout]   13:     0x56a98a42ccbb - test[9d35eded1c95d3be]::__rust_begin_short_backtrace::<core[df12db4294e9bfd3]::result::Result<(), alloc[2182bb758b4b3781]::string::String>, fn() -> core[df12db4294e9bfd3]::result::Result<(), alloc[2182bb758b4b3781]::string::String>>
[INFO] [stdout]   14:     0x56a98a43a325 - test[9d35eded1c95d3be]::run_test::{closure#0}
[INFO] [stdout]   15:     0x56a98a433be4 - std[70759c8f55707aa4]::sys::backtrace::__rust_begin_short_backtrace::<test[9d35eded1c95d3be]::run_test::{closure#1}, ()>
[INFO] [stdout]   16:     0x56a98a43d482 - <std[70759c8f55707aa4]::thread::lifecycle::spawn_unchecked<test[9d35eded1c95d3be]::run_test::{closure#1}, ()>::{closure#1} as core[df12db4294e9bfd3]::ops::function::FnOnce<()>>::call_once::{shim:vtable#0}
[INFO] [stdout]   17:     0x56a98a5ccd99 - <std[70759c8f55707aa4]::sys::thread::unix::Thread>::new::thread_start
[INFO] [stdout]   18:     0x79fd53300dfa - <unknown>
[INFO] [stdout]   19:     0x79fd533943d4 - clone
[INFO] [stdout]   20:                0x0 - <unknown>
[INFO] [stdout] 
[INFO] [stdout] ---- test_seal_unseal_roundtrip stdout ----
[INFO] [stdout] 
[INFO] [stdout] thread 'test_seal_unseal_roundtrip' (1699) panicked at tests/integration.rs:16:23:
[INFO] [stdout] Failed to create TpmBackend — is swtpm running?: Backend(Tss2Error(FormatZero(FormatZeroResponseCode { .0: 655370, error_number: 10, format_selector: false, version: false, tcg_vendor_indicator: false, severity: false })))
[INFO] [stdout] stack backtrace:
[INFO] [stdout]    0:     0x56a98a5cda11 - <<std[70759c8f55707aa4]::sys::backtrace::BacktraceLock>::print::DisplayBacktrace as core[df12db4294e9bfd3]::fmt::Display>::fmt
[INFO] [stdout]    1:     0x56a98a5e405a - core[df12db4294e9bfd3]::fmt::write
[INFO] [stdout]    2:     0x56a98a5d21cc - <alloc[2182bb758b4b3781]::vec::Vec<u8> as core[df12db4294e9bfd3]::io::write::Write>::write_fmt
[INFO] [stdout]    3:     0x56a98a5a9776 - std[70759c8f55707aa4]::panicking::default_hook::{closure#0}
[INFO] [stdout]    4:     0x56a98a5c5ad9 - std[70759c8f55707aa4]::panicking::default_hook
[INFO] [stdout]    5:     0x56a98a4399d0 - test[9d35eded1c95d3be]::test_main_inner::<test[9d35eded1c95d3be]::test_main_static::{closure#0}>::{closure#0}
[INFO] [stdout]    6:     0x56a98a5c5c92 - std[70759c8f55707aa4]::panicking::panic_with_hook
[INFO] [stdout]    7:     0x56a98a5a9822 - std[70759c8f55707aa4]::panicking::panic_handler::{closure#0}
[INFO] [stdout]    8:     0x56a98a5a24f9 - std[70759c8f55707aa4]::sys::backtrace::__rust_end_short_backtrace::<std[70759c8f55707aa4]::panicking::panic_handler::{closure#0}, !>
[INFO] [stdout]    9:     0x56a98a5aa60d - __rustc[8fa7c3cbc660c2b3]::rust_begin_unwind
[INFO] [stdout]   10:     0x56a98a5e483c - core[df12db4294e9bfd3]::panicking::panic_fmt
[INFO] [stdout]   11:     0x56a98a5e4612 - core[df12db4294e9bfd3]::result::unwrap_failed
[INFO] [stdout]   12:     0x56a98a428eea - <integration[5c68ac2642a4ae2a]::test_seal_unseal_roundtrip::{closure#0} as core[df12db4294e9bfd3]::ops::function::FnOnce<()>>::call_once
[INFO] [stdout]   13:     0x56a98a42ccbb - test[9d35eded1c95d3be]::__rust_begin_short_backtrace::<core[df12db4294e9bfd3]::result::Result<(), alloc[2182bb758b4b3781]::string::String>, fn() -> core[df12db4294e9bfd3]::result::Result<(), alloc[2182bb758b4b3781]::string::String>>
[INFO] [stdout]   14:     0x56a98a43a325 - test[9d35eded1c95d3be]::run_test::{closure#0}
[INFO] [stdout]   15:     0x56a98a433be4 - std[70759c8f55707aa4]::sys::backtrace::__rust_begin_short_backtrace::<test[9d35eded1c95d3be]::run_test::{closure#1}, ()>
[INFO] [stdout]   16:     0x56a98a43d482 - <std[70759c8f55707aa4]::thread::lifecycle::spawn_unchecked<test[9d35eded1c95d3be]::run_test::{closure#1}, ()>::{closure#1} as core[df12db4294e9bfd3]::ops::function::FnOnce<()>>::call_once::{shim:vtable#0}
[INFO] [stdout]   17:     0x56a98a5ccd99 - <std[70759c8f55707aa4]::sys::thread::unix::Thread>::new::thread_start
[INFO] [stdout]   18:     0x79fd53300dfa - <unknown>
[INFO] [stdout]   19:     0x79fd533943d4 - clone
[INFO] [stdout]   20:                0x0 - <unknown>
[INFO] [stdout] 
[INFO] [stdout] ---- test_tampered_ciphertext_fails stdout ----
[INFO] [stdout] 
[INFO] [stdout] thread 'test_tampered_ciphertext_fails' (1700) panicked at tests/integration.rs:16:23:
[INFO] [stdout] Failed to create TpmBackend — is swtpm running?: Backend(Tss2Error(FormatZero(FormatZeroResponseCode { .0: 655370, error_number: 10, format_selector: false, version: false, tcg_vendor_indicator: false, severity: false })))
[INFO] [stdout] stack backtrace:
[INFO] [stdout]    0:     0x56a98a5cda11 - <<std[70759c8f55707aa4]::sys::backtrace::BacktraceLock>::print::DisplayBacktrace as core[df12db4294e9bfd3]::fmt::Display>::fmt
[INFO] [stdout]    1:     0x56a98a5e405a - core[df12db4294e9bfd3]::fmt::write
[INFO] [stdout]    2:     0x56a98a5d21cc - <alloc[2182bb758b4b3781]::vec::Vec<u8> as core[df12db4294e9bfd3]::io::write::Write>::write_fmt
[INFO] [stdout]    3:     0x56a98a5a9776 - std[70759c8f55707aa4]::panicking::default_hook::{closure#0}
[INFO] [stdout]    4:     0x56a98a5c5ad9 - std[70759c8f55707aa4]::panicking::default_hook
[INFO] [stdout]    5:     0x56a98a4399d0 - test[9d35eded1c95d3be]::test_main_inner::<test[9d35eded1c95d3be]::test_main_static::{closure#0}>::{closure#0}
[INFO] [stdout]    6:     0x56a98a5c5c92 - std[70759c8f55707aa4]::panicking::panic_with_hook
[INFO] [stdout]    7:     0x56a98a5a9822 - std[70759c8f55707aa4]::panicking::panic_handler::{closure#0}
[INFO] [stdout]    8:     0x56a98a5a24f9 - std[70759c8f55707aa4]::sys::backtrace::__rust_end_short_backtrace::<std[70759c8f55707aa4]::panicking::panic_handler::{closure#0}, !>
[INFO] [stdout]    9:     0x56a98a5aa60d - __rustc[8fa7c3cbc660c2b3]::rust_begin_unwind
[INFO] [stdout]   10:     0x56a98a5e483c - core[df12db4294e9bfd3]::panicking::panic_fmt
[INFO] [stdout]   11:     0x56a98a5e4612 - core[df12db4294e9bfd3]::result::unwrap_failed
[INFO] [stdout]   12:     0x56a98a42a0a5 - <integration[5c68ac2642a4ae2a]::test_tampered_ciphertext_fails::{closure#0} as core[df12db4294e9bfd3]::ops::function::FnOnce<()>>::call_once
[INFO] [stdout]   13:     0x56a98a42ccbb - test[9d35eded1c95d3be]::__rust_begin_short_backtrace::<core[df12db4294e9bfd3]::result::Result<(), alloc[2182bb758b4b3781]::string::String>, fn() -> core[df12db4294e9bfd3]::result::Result<(), alloc[2182bb758b4b3781]::string::String>>
[INFO] [stdout]   14:     0x56a98a43a325 - test[9d35eded1c95d3be]::run_test::{closure#0}
[INFO] [stdout]   15:     0x56a98a433be4 - std[70759c8f55707aa4]::sys::backtrace::__rust_begin_short_backtrace::<test[9d35eded1c95d3be]::run_test::{closure#1}, ()>
[INFO] [stdout]   16:     0x56a98a43d482 - <std[70759c8f55707aa4]::thread::lifecycle::spawn_unchecked<test[9d35eded1c95d3be]::run_test::{closure#1}, ()>::{closure#1} as core[df12db4294e9bfd3]::ops::function::FnOnce<()>>::call_once::{shim:vtable#0}
[INFO] [stdout]   17:     0x56a98a5ccd99 - <std[70759c8f55707aa4]::sys::thread::unix::Thread>::new::thread_start
[INFO] [stdout]   18:     0x79fd53300dfa - <unknown>
[INFO] [stdout]   19:     0x79fd533943d4 - clone
[INFO] [stdout]   20:                0x0 - <unknown>
[INFO] [stdout] 
[INFO] [stdout] ---- test_seal_unseal_large_data stdout ----
[INFO] [stdout] 
[INFO] [stdout] thread 'test_seal_unseal_large_data' (1698) panicked at tests/integration.rs:16:23:
[INFO] [stdout] Failed to create TpmBackend — is swtpm running?: Backend(Tss2Error(FormatZero(FormatZeroResponseCode { .0: 655370, error_number: 10, format_selector: false, version: false, tcg_vendor_indicator: false, severity: false })))
[INFO] [stdout] stack backtrace:
[INFO] [stdout]    0:     0x56a98a5cda11 - <<std[70759c8f55707aa4]::sys::backtrace::BacktraceLock>::print::DisplayBacktrace as core[df12db4294e9bfd3]::fmt::Display>::fmt
[INFO] [stdout]    1:     0x56a98a5e405a - core[df12db4294e9bfd3]::fmt::write
[INFO] [stdout]    2:     0x56a98a5d21cc - <alloc[2182bb758b4b3781]::vec::Vec<u8> as core[df12db4294e9bfd3]::io::write::Write>::write_fmt
[INFO] [stdout]    3:     0x56a98a5a9776 - std[70759c8f55707aa4]::panicking::default_hook::{closure#0}
[INFO] [stdout]    4:     0x56a98a5c5ad9 - std[70759c8f55707aa4]::panicking::default_hook
[INFO] [stdout]    5:     0x56a98a4399d0 - test[9d35eded1c95d3be]::test_main_inner::<test[9d35eded1c95d3be]::test_main_static::{closure#0}>::{closure#0}
[INFO] [stdout]    6:     0x56a98a5c5c92 - std[70759c8f55707aa4]::panicking::panic_with_hook
[INFO] [stdout]    7:     0x56a98a5a9822 - std[70759c8f55707aa4]::panicking::panic_handler::{closure#0}
[INFO] [stdout]    8:     0x56a98a5a24f9 - std[70759c8f55707aa4]::sys::backtrace::__rust_end_short_backtrace::<std[70759c8f55707aa4]::panicking::panic_handler::{closure#0}, !>
[INFO] [stdout]    9:     0x56a98a5aa60d - __rustc[8fa7c3cbc660c2b3]::rust_begin_unwind
[INFO] [stdout]   10:     0x56a98a5e483c - core[df12db4294e9bfd3]::panicking::panic_fmt
[INFO] [stdout]   11:     0x56a98a5e4612 - core[df12db4294e9bfd3]::result::unwrap_failed
[INFO] [stdout]   12:     0x56a98a42957a - <integration[5c68ac2642a4ae2a]::test_seal_unseal_large_data::{closure#0} as core[df12db4294e9bfd3]::ops::function::FnOnce<()>>::call_once
[INFO] [stdout]   13:     0x56a98a42ccbb - test[9d35eded1c95d3be]::__rust_begin_short_backtrace::<core[df12db4294e9bfd3]::result::Result<(), alloc[2182bb758b4b3781]::string::String>, fn() -> core[df12db4294e9bfd3]::result::Result<(), alloc[2182bb758b4b3781]::string::String>>
[INFO] [stdout]   14:     0x56a98a43a325 - test[9d35eded1c95d3be]::run_test::{closure#0}
[INFO] [stdout]   15:     0x56a98a433be4 - std[70759c8f55707aa4]::sys::backtrace::__rust_begin_short_backtrace::<test[9d35eded1c95d3be]::run_test::{closure#1}, ()>
[INFO] [stdout]   16:     0x56a98a43d482 - <std[70759c8f55707aa4]::thread::lifecycle::spawn_unchecked<test[9d35eded1c95d3be]::run_test::{closure#1}, ()>::{closure#1} as core[df12db4294e9bfd3]::ops::function::FnOnce<()>>::call_once::{shim:vtable#0}
[INFO] [stdout]   17:     0x56a98a5ccd99 - <std[70759c8f55707aa4]::sys::thread::unix::Thread>::new::thread_start
[INFO] [stdout]   18:     0x79fd53300dfa - <unknown>
[INFO] [stdout]   19:     0x79fd533943d4 - clone
[INFO] [stdout]   20:                0x0 - <unknown>
[INFO] [stdout] 
[INFO] [stdout] ---- test_passphrase_tampered_fails stdout ----
[INFO] [stdout] 
[INFO] [stdout] thread 'test_passphrase_tampered_fails' (1693) panicked at tests/integration.rs:16:23:
[INFO] [stdout] Failed to create TpmBackend — is swtpm running?: Backend(Tss2Error(FormatZero(FormatZeroResponseCode { .0: 655370, error_number: 10, format_selector: false, version: false, tcg_vendor_indicator: false, severity: false })))
[INFO] [stdout] stack backtrace:
[INFO] [stdout]    0:     0x56a98a5cda11 - <<std[70759c8f55707aa4]::sys::backtrace::BacktraceLock>::print::DisplayBacktrace as core[df12db4294e9bfd3]::fmt::Display>::fmt
[INFO] [stdout]    1:     0x56a98a5e405a - core[df12db4294e9bfd3]::fmt::write
[INFO] [stdout]    2:     0x56a98a5d21cc - <alloc[2182bb758b4b3781]::vec::Vec<u8> as core[df12db4294e9bfd3]::io::write::Write>::write_fmt
[INFO] [stdout]    3:     0x56a98a5a9776 - std[70759c8f55707aa4]::panicking::default_hook::{closure#0}
[INFO] [stdout]    4:     0x56a98a5c5ad9 - std[70759c8f55707aa4]::panicking::default_hook
[INFO] [stdout]    5:     0x56a98a4399d0 - test[9d35eded1c95d3be]::test_main_inner::<test[9d35eded1c95d3be]::test_main_static::{closure#0}>::{closure#0}
[INFO] [stdout]    6:     0x56a98a5c5c92 - std[70759c8f55707aa4]::panicking::panic_with_hook
[INFO] [stdout]    7:     0x56a98a5a9822 - std[70759c8f55707aa4]::panicking::panic_handler::{closure#0}
[INFO] [stdout]    8:     0x56a98a5a24f9 - std[70759c8f55707aa4]::sys::backtrace::__rust_end_short_backtrace::<std[70759c8f55707aa4]::panicking::panic_handler::{closure#0}, !>
[INFO] [stdout]    9:     0x56a98a5aa60d - __rustc[8fa7c3cbc660c2b3]::rust_begin_unwind
[INFO] [stdout]   10:     0x56a98a5e483c - core[df12db4294e9bfd3]::panicking::panic_fmt
[INFO] [stdout]   11:     0x56a98a5e4612 - core[df12db4294e9bfd3]::result::unwrap_failed
[INFO] [stdout]   12:     0x56a98a429978 - <integration[5c68ac2642a4ae2a]::test_passphrase_tampered_fails::{closure#0} as core[df12db4294e9bfd3]::ops::function::FnOnce<()>>::call_once
[INFO] [stdout]   13:     0x56a98a42ccbb - test[9d35eded1c95d3be]::__rust_begin_short_backtrace::<core[df12db4294e9bfd3]::result::Result<(), alloc[2182bb758b4b3781]::string::String>, fn() -> core[df12db4294e9bfd3]::result::Result<(), alloc[2182bb758b4b3781]::string::String>>
[INFO] [stdout]   14:     0x56a98a43a325 - test[9d35eded1c95d3be]::run_test::{closure#0}
[INFO] [stdout]   15:     0x56a98a433be4 - std[70759c8f55707aa4]::sys::backtrace::__rust_begin_short_backtrace::<test[9d35eded1c95d3be]::run_test::{closure#1}, ()>
[INFO] [stdout]   16:     0x56a98a43d482 - <std[70759c8f55707aa4]::thread::lifecycle::spawn_unchecked<test[9d35eded1c95d3be]::run_test::{closure#1}, ()>::{closure#1} as core[df12db4294e9bfd3]::ops::function::FnOnce<()>>::call_once::{shim:vtable#0}
[INFO] [stdout]   17:     0x56a98a5ccd99 - <std[70759c8f55707aa4]::sys::thread::unix::Thread>::new::thread_start
[INFO] [stdout]   18:     0x79fd53300dfa - <unknown>
[INFO] [stdout]   19:     0x79fd533943d4 - clone
[INFO] [stdout]   20:                0x0 - <unknown>
[INFO] [stdout] 
[INFO] [stdout] ---- test_pcr_seal_unseal_roundtrip stdout ----
[INFO] [stdout] 
[INFO] [stdout] thread 'test_pcr_seal_unseal_roundtrip' (1697) panicked at tests/integration.rs:21:10:
[INFO] [stdout] Failed to create TpmBackend with PCR policy: Backend(Tss2Error(FormatZero(FormatZeroResponseCode { .0: 655370, error_number: 10, format_selector: false, version: false, tcg_vendor_indicator: false, severity: false })))
[INFO] [stdout] stack backtrace:
[INFO] [stdout]    0:     0x56a98a5cda11 - <<std[70759c8f55707aa4]::sys::backtrace::BacktraceLock>::print::DisplayBacktrace as core[df12db4294e9bfd3]::fmt::Display>::fmt
[INFO] [stdout]    1:     0x56a98a5e405a - core[df12db4294e9bfd3]::fmt::write
[INFO] [stdout]    2:     0x56a98a5d21cc - <alloc[2182bb758b4b3781]::vec::Vec<u8> as core[df12db4294e9bfd3]::io::write::Write>::write_fmt
[INFO] [stdout]    3:     0x56a98a5a9776 - std[70759c8f55707aa4]::panicking::default_hook::{closure#0}
[INFO] [stdout]    4:     0x56a98a5c5ad9 - std[70759c8f55707aa4]::panicking::default_hook
[INFO] [stdout]    5:     0x56a98a4399d0 - test[9d35eded1c95d3be]::test_main_inner::<test[9d35eded1c95d3be]::test_main_static::{closure#0}>::{closure#0}
[INFO] [stdout]    6:     0x56a98a5c5c92 - std[70759c8f55707aa4]::panicking::panic_with_hook
[INFO] [stdout]    7:     0x56a98a5a9822 - std[70759c8f55707aa4]::panicking::panic_handler::{closure#0}
[INFO] [stdout]    8:     0x56a98a5a24f9 - std[70759c8f55707aa4]::sys::backtrace::__rust_end_short_backtrace::<std[70759c8f55707aa4]::panicking::panic_handler::{closure#0}, !>
[INFO] [stdout]    9:     0x56a98a5aa60d - __rustc[8fa7c3cbc660c2b3]::rust_begin_unwind
[INFO] [stdout]   10:     0x56a98a5e483c - core[df12db4294e9bfd3]::panicking::panic_fmt
[INFO] [stdout]   11:     0x56a98a5e4612 - core[df12db4294e9bfd3]::result::unwrap_failed
[INFO] [stdout]   12:     0x56a98a429d25 - <integration[5c68ac2642a4ae2a]::test_pcr_seal_unseal_roundtrip::{closure#0} as core[df12db4294e9bfd3]::ops::function::FnOnce<()>>::call_once
[INFO] [stdout]   13:     0x56a98a42ccbb - test[9d35eded1c95d3be]::__rust_begin_short_backtrace::<core[df12db4294e9bfd3]::result::Result<(), alloc[2182bb758b4b3781]::string::String>, fn() -> core[df12db4294e9bfd3]::result::Result<(), alloc[2182bb758b4b3781]::string::String>>
[INFO] [stdout]   14:     0x56a98a43a325 - test[9d35eded1c95d3be]::run_test::{closure#0}
[INFO] [stdout]   15:     0x56a98a433be4 - std[70759c8f55707aa4]::sys::backtrace::__rust_begin_short_backtrace::<test[9d35eded1c95d3be]::run_test::{closure#1}, ()>
[INFO] [stdout]   16:     0x56a98a43d482 - <std[70759c8f55707aa4]::thread::lifecycle::spawn_unchecked<test[9d35eded1c95d3be]::run_test::{closure#1}, ()>::{closure#1} as core[df12db4294e9bfd3]::ops::function::FnOnce<()>>::call_once::{shim:vtable#0}
[INFO] [stdout]   17:     0x56a98a5ccd99 - <std[70759c8f55707aa4]::sys::thread::unix::Thread>::new::thread_start
[INFO] [stdout]   18:     0x79fd53300dfa - <unknown>
[INFO] [stdout]   19:     0x79fd533943d4 - clone
[INFO] [stdout]   20:                0x0 - <unknown>
[INFO] [stdout] 
[INFO] [stdout] 
[INFO] [stdout] failures:
[INFO] [stdout]     protected_data_outlives_the_context_that_wrote_it
[INFO] [stdout]     test_different_keys_cannot_decrypt
[INFO] [stdout]     test_generate_data_key
[INFO] [stdout]     test_initialize_primary_key
[INFO] [stdout]     test_initialize_primary_key_idempotent
[INFO] [stdout]     test_is_available
[INFO] [stdout]     test_passphrase_backup_restore_roundtrip
[INFO] [stdout]     test_passphrase_no_secret_fails
[INFO] [stdout]     test_passphrase_tampered_fails
[INFO] [stdout]     test_passphrase_wrong_passphrase_fails
[INFO] [stdout]     test_pcr_cross_policy_incompatible
[INFO] [stdout]     test_pcr_generate_multiple_keys
[INFO] [stdout]     test_pcr_seal_unseal_roundtrip
[INFO] [stdout]     test_seal_unseal_large_data
[INFO] [stdout]     test_seal_unseal_roundtrip
[INFO] [stdout]     test_tampered_ciphertext_fails
[INFO] [stdout] 
[INFO] [stdout] test result: FAILED. 0 passed; 16 failed; 0 ignored; 0 measured; 0 filtered out; finished in 0.02s
[INFO] [stdout] 
[INFO] [stderr] error: test failed, to rerun pass `--test integration`
[INFO] running `Command { std: "docker" "inspect" "d4d2f861932b5910186ded1eab73d428c2746665c43edcbaf962ef77de575fe2", kill_on_drop: false }`
[INFO] running `Command { std: "docker" "rm" "-f" "d4d2f861932b5910186ded1eab73d428c2746665c43edcbaf962ef77de575fe2", kill_on_drop: false }`
[INFO] [stdout] d4d2f861932b5910186ded1eab73d428c2746665c43edcbaf962ef77de575fe2
