[INFO] fetching crate hornetmq 0.3.1...
[INFO] testing hornetmq-0.3.1 against 1.99.0-beta.8+cargoflags=--release for beta-release-1.100-3
[INFO] extracting crate hornetmq 0.3.1 into /workspace/builds/worker-0-tc1/source
[INFO] started tweaking crates.io crate hornetmq 0.3.1
[INFO] removed 0 missing examples
[INFO] removed 0 missing tests
[INFO] finished tweaking crates.io crate hornetmq 0.3.1
[INFO] tweaked toml for crates.io crate hornetmq 0.3.1 written to /workspace/builds/worker-0-tc1/source/Cargo.toml
[INFO] validating manifest of crates.io crate hornetmq 0.3.1 on toolchain 1.99.0-beta.8
[INFO] running `Command { std: CARGO_HOME="/workspace/cargo-home" RUSTUP_HOME="/workspace/rustup-home" "/workspace/cargo-home/bin/cargo" "+1.99.0-beta.8" "metadata" "--manifest-path" "Cargo.toml" "--no-deps", kill_on_drop: false }`
[INFO] crate crates.io crate hornetmq 0.3.1 already has a lockfile, it will not be regenerated
[INFO] running `Command { std: CARGO_HOME="/workspace/cargo-home" RUSTUP_HOME="/workspace/rustup-home" "/workspace/cargo-home/bin/cargo" "+1.99.0-beta.8" "fetch" "--manifest-path" "Cargo.toml", kill_on_drop: false }`
[INFO] [stderr]     Blocking waiting for file lock on package cache
[INFO] [stderr]     Updating crates.io index
[INFO] [stderr]     Blocking waiting for file lock on package cache
[INFO] [stderr]  Downloading crates ...
[INFO] [stderr]   Downloaded trybuild v1.0.116
[INFO] [stderr]   Downloaded arc-swap v1.8.2
[INFO] [stderr]   Downloaded hornetmq-macros v0.3.1
[INFO] [stderr]   Downloaded redis v0.24.0
[INFO] running `Command { std: "docker" "create" "-v" "/var/lib/crater-agent-workspace/builds/worker-0-tc1/source:/opt/rustwide/workdir:ro,Z" "-v" "/var/lib/crater-agent-workspace/builds/worker-0-tc1/target:/opt/rustwide/target:rw,Z" "-v" "/var/lib/crater-agent-workspace/cargo-home:/opt/rustwide/cargo-home:ro,Z" "-v" "/var/lib/crater-agent-workspace/rustup-home:/opt/rustwide/rustup-home:ro,Z" "-m" "1610612736" "--network" "none" "ghcr.io/rust-lang/crates-build-env/linux@sha256:77db811e55d90add9212f6832c23229e3de5f1c1f9905e8cb07319ea15df73ac" "sleep" "infinity", kill_on_drop: false }`
[INFO] [stdout] e06d26dd717116991bdfb16ffd8e65e02a8577c57cbaa65279fac9c71fb6b826
[INFO] running `Command { std: "docker" "start" "e06d26dd717116991bdfb16ffd8e65e02a8577c57cbaa65279fac9c71fb6b826", kill_on_drop: false }`
[INFO] running `Command { std: "docker" "inspect" "e06d26dd717116991bdfb16ffd8e65e02a8577c57cbaa65279fac9c71fb6b826", kill_on_drop: false }`
[INFO] running `Command { std: "docker" "exec" "-e" "SOURCE_DIR=/opt/rustwide/workdir" "-e" "CARGO_HOME=/opt/rustwide/cargo-home" "-e" "RUSTUP_HOME=/opt/rustwide/rustup-home" "-e" "CARGO_TARGET_DIR=/opt/rustwide/target" "-w" "/opt/rustwide/workdir" "--user" "0:0" "e06d26dd717116991bdfb16ffd8e65e02a8577c57cbaa65279fac9c71fb6b826" "/opt/rustwide/cargo-home/bin/cargo" "+1.99.0-beta.8" "metadata" "--no-deps" "--format-version=1", kill_on_drop: false }`
[INFO] running `Command { std: "docker" "inspect" "e06d26dd717116991bdfb16ffd8e65e02a8577c57cbaa65279fac9c71fb6b826", kill_on_drop: false }`
[INFO] running `Command { std: "docker" "exec" "-e" "SOURCE_DIR=/opt/rustwide/workdir" "-e" "CARGO_HOME=/opt/rustwide/cargo-home" "-e" "RUSTUP_HOME=/opt/rustwide/rustup-home" "-e" "CARGO_TARGET_DIR=/opt/rustwide/target" "-e" "CARGO_INCREMENTAL=0" "-e" "RUST_BACKTRACE=full" "-e" "RUSTFLAGS=--cap-lints=warn" "-e" "RUSTDOCFLAGS=--cap-lints=warn" "-w" "/opt/rustwide/workdir" "--user" "0:0" "e06d26dd717116991bdfb16ffd8e65e02a8577c57cbaa65279fac9c71fb6b826" "/opt/rustwide/cargo-home/bin/cargo" "+1.99.0-beta.8" "build" "--frozen" "--message-format=json" "--release", kill_on_drop: false }`
[INFO] [stderr]    Compiling quote v1.0.45
[INFO] [stderr]    Compiling libc v0.2.183
[INFO] [stderr]    Compiling smallvec v1.15.1
[INFO] [stderr]    Compiling zerocopy v0.8.42
[INFO] [stderr]    Compiling bytes v1.11.1
[INFO] [stderr]    Compiling slab v0.4.12
[INFO] [stderr]    Compiling rand_core v0.10.0
[INFO] [stderr]    Compiling futures-channel v0.3.32
[INFO] [stderr]    Compiling serde_core v1.0.228
[INFO] [stderr]    Compiling futures-io v0.3.32
[INFO] [stderr]    Compiling getrandom v0.4.2
[INFO] [stderr]    Compiling proc-macro2 v1.0.106
[INFO] [stderr]    Compiling form_urlencoded v1.2.2
[INFO] [stderr]    Compiling serde v1.0.228
[INFO] [stderr]    Compiling aho-corasick v1.1.4
[INFO] [stderr]    Compiling regex-syntax v0.8.10
[INFO] [stderr]    Compiling serde_json v1.0.149
[INFO] [stderr]    Compiling chacha20 v0.10.0
[INFO] [stderr]    Compiling rmp v0.8.15
[INFO] [stderr]    Compiling arc-swap v1.8.2
[INFO] [stderr]    Compiling glob v0.3.3
[INFO] [stderr]    Compiling syn v2.0.117
[INFO] [stderr]    Compiling parking_lot_core v0.9.12
[INFO] [stderr]    Compiling errno v0.3.14
[INFO] [stderr]    Compiling getrandom v0.2.17
[INFO] [stderr]    Compiling socket2 v0.6.3
[INFO] [stderr]    Compiling mio v1.1.1
[INFO] [stderr]    Compiling socket2 v0.4.10
[INFO] [stderr]    Compiling signal-hook-registry v1.4.8
[INFO] [stderr]    Compiling rand_core v0.6.4
[INFO] [stderr]    Compiling rand v0.10.0
[INFO] [stderr]    Compiling parking_lot v0.12.5
[INFO] [stderr]    Compiling regex-automata v0.4.14
[INFO] [stderr]    Compiling uuid v1.22.0
[INFO] [stderr]    Compiling synstructure v0.13.2
[INFO] [stderr]    Compiling zerovec-derive v0.11.2
[INFO] [stderr]    Compiling displaydoc v0.2.5
[INFO] [stderr]    Compiling tokio-macros v2.6.1
[INFO] [stderr]    Compiling futures-macro v0.3.32
[INFO] [stderr]    Compiling pin-project-internal v1.1.11
[INFO] [stderr]    Compiling serde_derive v1.0.228
[INFO] [stderr]    Compiling async-trait v0.1.89
[INFO] [stderr]    Compiling hornetmq-macros v0.3.1
[INFO] [stderr]    Compiling zerofrom-derive v0.1.6
[INFO] [stderr]    Compiling yoke-derive v0.8.1
[INFO] [stderr]    Compiling tokio v1.50.0
[INFO] [stderr]    Compiling futures-util v0.3.32
[INFO] [stderr]    Compiling zerofrom v0.1.6
[INFO] [stderr]    Compiling ppv-lite86 v0.2.21
[INFO] [stderr]    Compiling yoke v0.8.1
[INFO] [stderr]    Compiling zerovec v0.11.5
[INFO] [stderr]    Compiling zerotrie v0.2.3
[INFO] [stderr]    Compiling pin-project v1.1.11
[INFO] [stderr]    Compiling rand_chacha v0.3.1
[INFO] [stderr]    Compiling rand v0.8.5
[INFO] [stderr]    Compiling tinystr v0.8.2
[INFO] [stderr]    Compiling potential_utf v0.1.4
[INFO] [stderr]    Compiling icu_collections v2.1.1
[INFO] [stderr]    Compiling icu_locale_core v2.1.1
[INFO] [stderr]    Compiling regex v1.12.3
[INFO] [stderr]    Compiling icu_provider v2.1.1
[INFO] [stderr]    Compiling icu_normalizer v2.1.1
[INFO] [stderr]    Compiling icu_properties v2.1.2
[INFO] [stderr]    Compiling rmp-serde v1.3.1
[INFO] [stderr]    Compiling idna_adapter v1.2.1
[INFO] [stderr]    Compiling idna v1.1.0
[INFO] [stderr]    Compiling url v2.5.8
[INFO] [stderr]    Compiling futures-executor v0.3.32
[INFO] [stderr]    Compiling futures v0.3.32
[INFO] [stderr]    Compiling tokio-util v0.7.18
[INFO] [stderr]    Compiling tokio-retry v0.3.0
[INFO] [stderr]    Compiling combine v4.6.7
[INFO] [stderr]    Compiling redis v0.24.0
[INFO] [stderr]    Compiling hornetmq v0.3.1 (/opt/rustwide/workdir)
[INFO] [stderr]     Finished `release` profile [optimized] target(s) in 1m 15s
[INFO] [stderr] warning: the following packages contain code that will be rejected by a future version of Rust: redis v0.24.0
[INFO] [stderr] note: to see what the problems were, use the option `--future-incompat-report`, or run `cargo report future-incompatibilities --id 8`
[INFO] running `Command { std: "docker" "inspect" "e06d26dd717116991bdfb16ffd8e65e02a8577c57cbaa65279fac9c71fb6b826", kill_on_drop: false }`
[INFO] running `Command { std: "docker" "exec" "-e" "SOURCE_DIR=/opt/rustwide/workdir" "-e" "CARGO_HOME=/opt/rustwide/cargo-home" "-e" "RUSTUP_HOME=/opt/rustwide/rustup-home" "-e" "CARGO_TARGET_DIR=/opt/rustwide/target" "-e" "CARGO_INCREMENTAL=0" "-e" "RUST_BACKTRACE=full" "-e" "RUSTFLAGS=--cap-lints=warn" "-e" "RUSTDOCFLAGS=--cap-lints=warn" "-w" "/opt/rustwide/workdir" "--user" "0:0" "e06d26dd717116991bdfb16ffd8e65e02a8577c57cbaa65279fac9c71fb6b826" "/opt/rustwide/cargo-home/bin/cargo" "+1.99.0-beta.8" "test" "--frozen" "--no-run" "--message-format=json" "--release", kill_on_drop: false }`
[INFO] [stderr]    Compiling serde_core v1.0.228
[INFO] [stderr]    Compiling zerocopy v0.8.42
[INFO] [stderr]    Compiling zerocopy-derive v0.8.42
[INFO] [stderr]    Compiling num-traits v0.2.19
[INFO] [stderr]    Compiling crossbeam-epoch v0.9.18
[INFO] [stderr]    Compiling rayon-core v1.13.0
[INFO] [stderr]    Compiling either v1.15.0
[INFO] [stderr]    Compiling target-triple v1.0.0
[INFO] [stderr]    Compiling winnow v0.7.15
[INFO] [stderr]    Compiling plotters-backend v0.3.7
[INFO] [stderr]    Compiling clap_builder v4.6.0
[INFO] [stderr]    Compiling cast v0.3.0
[INFO] [stderr]    Compiling toml_writer v1.0.6+spec-1.1.0
[INFO] [stderr]    Compiling is-terminal v0.4.17
[INFO] [stderr]    Compiling anes v0.1.6
[INFO] [stderr]    Compiling oorandom v11.1.5
[INFO] [stderr]    Compiling itertools v0.10.5
[INFO] [stderr]    Compiling plotters-svg v0.3.7
[INFO] [stderr]    Compiling crossbeam-deque v0.8.6
[INFO] [stderr]    Compiling rmp v0.8.15
[INFO] [stderr]    Compiling plotters v0.3.7
[INFO] [stderr]    Compiling rayon v1.11.0
[INFO] [stderr]    Compiling criterion-plot v0.5.0
[INFO] [stderr]    Compiling clap v4.6.0
[INFO] [stderr]    Compiling toml_parser v1.0.9+spec-1.1.0
[INFO] [stderr]    Compiling serde v1.0.228
[INFO] [stderr]    Compiling serde_json v1.0.149
[INFO] [stderr]    Compiling serde_spanned v1.0.4
[INFO] [stderr]    Compiling toml_datetime v1.0.0+spec-1.1.0
[INFO] [stderr]    Compiling toml v1.0.6+spec-1.1.0
[INFO] [stderr]    Compiling rmp-serde v1.3.1
[INFO] [stderr]    Compiling tinytemplate v1.2.1
[INFO] [stderr]    Compiling trybuild v1.0.116
[INFO] [stderr]    Compiling ppv-lite86 v0.2.21
[INFO] [stderr]    Compiling half v2.7.1
[INFO] [stderr]    Compiling ciborium-ll v0.2.2
[INFO] [stderr]    Compiling ciborium v0.2.2
[INFO] [stderr]    Compiling rand_chacha v0.3.1
[INFO] [stderr]    Compiling rand v0.8.5
[INFO] [stderr]    Compiling criterion v0.5.1
[INFO] [stderr]    Compiling tokio-retry v0.3.0
[INFO] [stderr]    Compiling redis v0.24.0
[INFO] [stderr]    Compiling hornetmq v0.3.1 (/opt/rustwide/workdir)
[INFO] [stderr]     Finished `release` profile [optimized] target(s) in 1m 00s
[INFO] [stderr] warning: the following packages contain code that will be rejected by a future version of Rust: redis v0.24.0
[INFO] [stderr] note: to see what the problems were, use the option `--future-incompat-report`, or run `cargo report future-incompatibilities --id 8`
[INFO] running `Command { std: "docker" "inspect" "e06d26dd717116991bdfb16ffd8e65e02a8577c57cbaa65279fac9c71fb6b826", kill_on_drop: false }`
[INFO] running `Command { std: "docker" "exec" "-e" "SOURCE_DIR=/opt/rustwide/workdir" "-e" "CARGO_HOME=/opt/rustwide/cargo-home" "-e" "RUSTUP_HOME=/opt/rustwide/rustup-home" "-e" "CARGO_TARGET_DIR=/opt/rustwide/target" "-e" "CARGO_INCREMENTAL=0" "-e" "RUST_BACKTRACE=full" "-e" "RUSTFLAGS=--cap-lints=warn" "-e" "RUSTDOCFLAGS=--cap-lints=warn" "-w" "/opt/rustwide/workdir" "--user" "0:0" "e06d26dd717116991bdfb16ffd8e65e02a8577c57cbaa65279fac9c71fb6b826" "/opt/rustwide/cargo-home/bin/cargo" "+1.99.0-beta.8" "test" "--frozen" "--release", kill_on_drop: false }`
[INFO] [stderr]     Finished `release` profile [optimized] target(s) in 0.14s
[INFO] [stderr] warning: the following packages contain code that will be rejected by a future version of Rust: redis v0.24.0
[INFO] [stderr] note: to see what the problems were, use the option `--future-incompat-report`, or run `cargo report future-incompatibilities --id 8`
[INFO] [stderr]      Running unittests src/lib.rs (/opt/rustwide/target/release/deps/hornetmq-77688359b1ccc06d)
[INFO] [stdout] 
[INFO] [stdout] running 42 tests
[INFO] [stdout] test core::job::tests::job_builder_with_attempts_made ... ok
[INFO] [stdout] test core::backoff::tests::backoff_exponential_deserializes_with_max ... ok
[INFO] [stdout] test core::job::tests::job_builder_builds_correctly ... ok
[INFO] [stdout] test core::backoff::tests::backoff_fixed_deserializes_from_bullmq_format ... ok
[INFO] [stdout] test core::backoff::tests::fixed_returns_same_value_every_attempt ... ok
[INFO] [stdout] test core::job::tests::job_options_deserialize_with_backoff ... ok
[INFO] [stdout] test core::backoff::tests::backoff_exponential_deserializes_from_bullmq_format ... ok
[INFO] [stdout] test core::backoff::tests::exponential_caps_at_max ... ok
[INFO] [stdout] test core::backoff::tests::exponential_doubles_each_attempt ... ok
[INFO] [stdout] test core::job::tests::job_options_deserialize_without_backoff ... ok
[INFO] [stdout] test core::events::tests::event_clone_and_eq ... ok
[INFO] [stdout] test core::backoff::tests::attempt_zero_treated_as_first ... ok
[INFO] [stdout] test core::job::tests::job_options_deserializes_bullmq_opts_with_backoff ... ok
[INFO] [stdout] test core::backoff::tests::backoff_exponential_serializes_to_bullmq_format ... ok
[INFO] [stdout] test core::backoff::tests::exponential_saturates_instead_of_overflow ... ok
[INFO] [stdout] test core::backoff::tests::backoff_fixed_serializes_to_bullmq_format ... ok
[INFO] [stdout] test core::job::tests::job_options_deserializes_bullmq_opts_with_extra_fields ... ok
[INFO] [stdout] test core::events::tests::event_as_str ... ok
[INFO] [stdout] test core::retry::tests::exponential_strategy_delay ... ok
[INFO] [stdout] test core::job::tests::job_state_equality ... ok
[INFO] [stdout] test core::retry::tests::should_retry_when_under_max ... ok
[INFO] [stdout] test core::retry::tests::should_not_retry_when_max_is_zero ... ok
[INFO] [stdout] test core::retry::tests::fixed_strategy_delay ... ok
[INFO] [stdout] test core::retry::tests::no_strategy_means_immediate_retry ... ok
[INFO] [stdout] test core::job::tests::job_options_deserializes_bullmq_opts_minimal ... ok
[INFO] [stdout] test core::retry::tests::should_not_retry_over_max ... ok
[INFO] [stdout] test core::retry::tests::should_not_retry_at_max ... ok
[INFO] [stdout] test scripts::loader::tests::prevent_multiple_includes_of_file_in_single_script ... ok
[INFO] [stdout] test scripts::loader::tests::inserts_scripts_in_dependency_order ... ok
[INFO] [stdout] test scripts::loader::tests::removes_include_tag ... ok
[INFO] [stdout] test scripts::loader::tests::detect_circular_dependencies ... ok
[INFO] [stdout] test scripts::loader::tests::interpolates_script_exactly_once ... ok
[INFO] [stdout] test scripts::loader::tests::handles_basic_include ... ok
[INFO] [stdout] test queue::tests::test_drain ... FAILED
[INFO] [stdout] test queue::tests::test_add_bulk ... FAILED
[INFO] [stdout] test queue::tests::test_pause_resume ... FAILED
[INFO] [stdout] test queue::tests::test_get_job_counts ... FAILED
[INFO] [stdout] test queue::tests::test_get_job_not_found ... FAILED
[INFO] [stdout] test scripts::move_to_active::tests::loads ... FAILED
[INFO] [stdout] test queue::tests::test_get_jobs ... FAILED
[INFO] [stdout] test queue::tests::test_get_job ... FAILED
[INFO] [stdout] test queue::tests::test_remove_job ... FAILED
[INFO] [stdout] 
[INFO] [stdout] failures:
[INFO] [stdout] 
[INFO] [stdout] ---- queue::tests::test_drain stdout ----
[INFO] [stdout] 
[INFO] [stdout] thread 'queue::tests::test_drain' (3063) panicked at src/queue.rs:499:68:
[INFO] [stdout] called `Result::unwrap()` on an `Err` value: Connection refused (os error 111)
[INFO] [stdout] 
[INFO] [stdout] Stack backtrace:
[INFO] [stdout]    0: <anyhow::Error as core::convert::From<redis::types::RedisError>>::from
[INFO] [stdout]    1: <hornetmq::scripts::add_standard_job::AddStandardJob>::run
[INFO] [stdout]    2: <hornetmq::queue::Queue>::add::<serde_json::value::Value>
[INFO] [stdout]    3: hornetmq::queue::tests::test_drain
[INFO] [stdout]    4: <hornetmq::queue::tests::test_drain::{closure#0} as core::ops::function::FnOnce<()>>::call_once
[INFO] [stdout]    5: test::__rust_begin_short_backtrace::<core::result::Result<(), alloc::string::String>, fn() -> core::result::Result<(), alloc::string::String>>
[INFO] [stdout]    6: test::run_test::{closure#0}
[INFO] [stdout]    7: std::sys::backtrace::__rust_begin_short_backtrace::<test::run_test::{closure#1}, ()>
[INFO] [stdout]    8: <std::thread::lifecycle::spawn_unchecked<test::run_test::{closure#1}, ()>::{closure#1} as core::ops::function::FnOnce<()>>::call_once::{shim:vtable#0}
[INFO] [stdout]    9: <std::sys::thread::unix::Thread>::new::thread_start
[INFO] [stdout]   10: <unknown>
[INFO] [stdout]   11: clone
[INFO] [stdout] stack backtrace:
[INFO] [stdout]    0:     0x56f979694591 - <<std[70759c8f55707aa4]::sys::backtrace::BacktraceLock>::print::DisplayBacktrace as core[df12db4294e9bfd3]::fmt::Display>::fmt
[INFO] [stdout]    1:     0x56f9796ab20a - core[df12db4294e9bfd3]::fmt::write
[INFO] [stdout]    2:     0x56f9796992fc - <alloc[2182bb758b4b3781]::vec::Vec<u8> as core[df12db4294e9bfd3]::io::write::Write>::write_fmt
[INFO] [stdout]    3:     0x56f97966ef36 - std[70759c8f55707aa4]::panicking::default_hook::{closure#0}
[INFO] [stdout]    4:     0x56f97968c279 - std[70759c8f55707aa4]::panicking::default_hook
[INFO] [stdout]    5:     0x56f979528c10 - test[9d35eded1c95d3be]::test_main_inner::<test[9d35eded1c95d3be]::test_main_static::{closure#0}>::{closure#0}
[INFO] [stdout]    6:     0x56f97968c432 - std[70759c8f55707aa4]::panicking::panic_with_hook
[INFO] [stdout]    7:     0x56f97966efe2 - std[70759c8f55707aa4]::panicking::panic_handler::{closure#0}
[INFO] [stdout]    8:     0x56f979667569 - std[70759c8f55707aa4]::sys::backtrace::__rust_end_short_backtrace::<std[70759c8f55707aa4]::panicking::panic_handler::{closure#0}, !>
[INFO] [stdout]    9:     0x56f97966fedd - __rustc[8fa7c3cbc660c2b3]::rust_begin_unwind
[INFO] [stdout]   10:     0x56f9796ab9ec - core[df12db4294e9bfd3]::panicking::panic_fmt
[INFO] [stdout]   11:     0x56f9796ab7c2 - core[df12db4294e9bfd3]::result::unwrap_failed
[INFO] [stdout]   12:     0x56f9794fc542 - hornetmq[31af56f46b6e6a6b]::queue::tests::test_drain
[INFO] [stdout]   13:     0x56f979511d39 - <hornetmq[31af56f46b6e6a6b]::queue::tests::test_drain::{closure#0} as core[df12db4294e9bfd3]::ops::function::FnOnce<()>>::call_once
[INFO] [stdout]   14:     0x56f97951befb - test[9d35eded1c95d3be]::__rust_begin_short_backtrace::<core[df12db4294e9bfd3]::result::Result<(), alloc[2182bb758b4b3781]::string::String>, fn() -> core[df12db4294e9bfd3]::result::Result<(), alloc[2182bb758b4b3781]::string::String>>
[INFO] [stdout]   15:     0x56f979529565 - test[9d35eded1c95d3be]::run_test::{closure#0}
[INFO] [stdout]   16:     0x56f979522e24 - std[70759c8f55707aa4]::sys::backtrace::__rust_begin_short_backtrace::<test[9d35eded1c95d3be]::run_test::{closure#1}, ()>
[INFO] [stdout]   17:     0x56f97952c6c2 - <std[70759c8f55707aa4]::thread::lifecycle::spawn_unchecked<test[9d35eded1c95d3be]::run_test::{closure#1}, ()>::{closure#1} as core[df12db4294e9bfd3]::ops::function::FnOnce<()>>::call_once::{shim:vtable#0}
[INFO] [stdout]   18:     0x56f9796935d9 - <std[70759c8f55707aa4]::sys::thread::unix::Thread>::new::thread_start
[INFO] [stdout]   19:     0x7e0ff5472dfa - <unknown>
[INFO] [stdout]   20:     0x7e0ff55063d4 - clone
[INFO] [stdout]   21:                0x0 - <unknown>
[INFO] [stdout] 
[INFO] [stdout] ---- queue::tests::test_add_bulk stdout ----
[INFO] [stdout] 
[INFO] [stdout] thread 'queue::tests::test_add_bulk' (3062) panicked at src/queue.rs:542:14:
[INFO] [stdout] called `Result::unwrap()` on an `Err` value: Connection refused (os error 111)
[INFO] [stdout] 
[INFO] [stdout] Stack backtrace:
[INFO] [stdout]    0: <anyhow::Error as core::convert::From<redis::types::RedisError>>::from
[INFO] [stdout]    1: <hornetmq::scripts::add_standard_job::AddStandardJob>::run
[INFO] [stdout]    2: <hornetmq::queue::Queue>::add::<serde_json::value::Value>
[INFO] [stdout]    3: <hornetmq::queue::Queue>::add_bulk::<serde_json::value::Value>
[INFO] [stdout]    4: hornetmq::queue::tests::test_add_bulk
[INFO] [stdout]    5: <hornetmq::queue::tests::test_add_bulk::{closure#0} as core::ops::function::FnOnce<()>>::call_once
[INFO] [stdout]    6: test::__rust_begin_short_backtrace::<core::result::Result<(), alloc::string::String>, fn() -> core::result::Result<(), alloc::string::String>>
[INFO] [stdout]    7: test::run_test::{closure#0}
[INFO] [stdout]    8: std::sys::backtrace::__rust_begin_short_backtrace::<test::run_test::{closure#1}, ()>
[INFO] [stdout]    9: <std::thread::lifecycle::spawn_unchecked<test::run_test::{closure#1}, ()>::{closure#1} as core::ops::function::FnOnce<()>>::call_once::{shim:vtable#0}
[INFO] [stdout]   10: <std::sys::thread::unix::Thread>::new::thread_start
[INFO] [stdout]   11: <unknown>
[INFO] [stdout]   12: clone
[INFO] [stdout] stack backtrace:
[INFO] [stdout]    0:     0x56f979694591 - <<std[70759c8f55707aa4]::sys::backtrace::BacktraceLock>::print::DisplayBacktrace as core[df12db4294e9bfd3]::fmt::Display>::fmt
[INFO] [stdout]    1:     0x56f9796ab20a - core[df12db4294e9bfd3]::fmt::write
[INFO] [stdout]    2:     0x56f9796992fc - <alloc[2182bb758b4b3781]::vec::Vec<u8> as core[df12db4294e9bfd3]::io::write::Write>::write_fmt
[INFO] [stdout]    3:     0x56f97966ef36 - std[70759c8f55707aa4]::panicking::default_hook::{closure#0}
[INFO] [stdout]    4:     0x56f97968c279 - std[70759c8f55707aa4]::panicking::default_hook
[INFO] [stdout]    5:     0x56f979528c10 - test[9d35eded1c95d3be]::test_main_inner::<test[9d35eded1c95d3be]::test_main_static::{closure#0}>::{closure#0}
[INFO] [stdout]    6:     0x56f97968c432 - std[70759c8f55707aa4]::panicking::panic_with_hook
[INFO] [stdout]    7:     0x56f97966efe2 - std[70759c8f55707aa4]::panicking::panic_handler::{closure#0}
[INFO] [stdout]    8:     0x56f979667569 - std[70759c8f55707aa4]::sys::backtrace::__rust_end_short_backtrace::<std[70759c8f55707aa4]::panicking::panic_handler::{closure#0}, !>
[INFO] [stdout]    9:     0x56f97966fedd - __rustc[8fa7c3cbc660c2b3]::rust_begin_unwind
[INFO] [stdout]   10:     0x56f9796ab9ec - core[df12db4294e9bfd3]::panicking::panic_fmt
[INFO] [stdout]   11:     0x56f9796ab7c2 - core[df12db4294e9bfd3]::result::unwrap_failed
[INFO] [stdout]   12:     0x56f9794fd5a6 - hornetmq[31af56f46b6e6a6b]::queue::tests::test_add_bulk
[INFO] [stdout]   13:     0x56f979511d79 - <hornetmq[31af56f46b6e6a6b]::queue::tests::test_add_bulk::{closure#0} as core[df12db4294e9bfd3]::ops::function::FnOnce<()>>::call_once
[INFO] [stdout]   14:     0x56f97951befb - test[9d35eded1c95d3be]::__rust_begin_short_backtrace::<core[df12db4294e9bfd3]::result::Result<(), alloc[2182bb758b4b3781]::string::String>, fn() -> core[df12db4294e9bfd3]::result::Result<(), alloc[2182bb758b4b3781]::string::String>>
[INFO] [stdout]   15:     0x56f979529565 - test[9d35eded1c95d3be]::run_test::{closure#0}
[INFO] [stdout]   16:     0x56f979522e24 - std[70759c8f55707aa4]::sys::backtrace::__rust_begin_short_backtrace::<test[9d35eded1c95d3be]::run_test::{closure#1}, ()>
[INFO] [stdout]   17:     0x56f97952c6c2 - <std[70759c8f55707aa4]::thread::lifecycle::spawn_unchecked<test[9d35eded1c95d3be]::run_test::{closure#1}, ()>::{closure#1} as core[df12db4294e9bfd3]::ops::function::FnOnce<()>>::call_once::{shim:vtable#0}
[INFO] [stdout]   18:     0x56f9796935d9 - <std[70759c8f55707aa4]::sys::thread::unix::Thread>::new::thread_start
[INFO] [stdout]   19:     0x7e0ff5472dfa - <unknown>
[INFO] [stdout]   20:     0x7e0ff55063d4 - clone
[INFO] [stdout]   21:                0x0 - <unknown>
[INFO] [stdout] 
[INFO] [stdout] ---- queue::tests::test_pause_resume stdout ----
[INFO] [stdout] 
[INFO] [stdout] thread 'queue::tests::test_pause_resume' (3068) panicked at src/queue.rs:474:73:
[INFO] [stdout] called `Result::unwrap()` on an `Err` value: Connection refused (os error 111)
[INFO] [stdout] 
[INFO] [stdout] Stack backtrace:
[INFO] [stdout]    0: <anyhow::Error as core::convert::From<redis::types::RedisError>>::from
[INFO] [stdout]    1: <hornetmq::scripts::add_standard_job::AddStandardJob>::run
[INFO] [stdout]    2: <hornetmq::queue::Queue>::add::<serde_json::value::Value>
[INFO] [stdout]    3: hornetmq::queue::tests::test_pause_resume
[INFO] [stdout]    4: <hornetmq::queue::tests::test_pause_resume::{closure#0} as core::ops::function::FnOnce<()>>::call_once
[INFO] [stdout]    5: test::__rust_begin_short_backtrace::<core::result::Result<(), alloc::string::String>, fn() -> core::result::Result<(), alloc::string::String>>
[INFO] [stdout]    6: test::run_test::{closure#0}
[INFO] [stdout]    7: std::sys::backtrace::__rust_begin_short_backtrace::<test::run_test::{closure#1}, ()>
[INFO] [stdout]    8: <std::thread::lifecycle::spawn_unchecked<test::run_test::{closure#1}, ()>::{closure#1} as core::ops::function::FnOnce<()>>::call_once::{shim:vtable#0}
[INFO] [stdout]    9: <std::sys::thread::unix::Thread>::new::thread_start
[INFO] [stdout]   10: <unknown>
[INFO] [stdout]   11: clone
[INFO] [stdout] stack backtrace:
[INFO] [stdout]    0:     0x56f979694591 - <<std[70759c8f55707aa4]::sys::backtrace::BacktraceLock>::print::DisplayBacktrace as core[df12db4294e9bfd3]::fmt::Display>::fmt
[INFO] [stdout]    1:     0x56f9796ab20a - core[df12db4294e9bfd3]::fmt::write
[INFO] [stdout]    2:     0x56f9796992fc - <alloc[2182bb758b4b3781]::vec::Vec<u8> as core[df12db4294e9bfd3]::io::write::Write>::write_fmt
[INFO] [stdout]    3:     0x56f97966ef36 - std[70759c8f55707aa4]::panicking::default_hook::{closure#0}
[INFO] [stdout]    4:     0x56f97968c279 - std[70759c8f55707aa4]::panicking::default_hook
[INFO] [stdout]    5:     0x56f979528c10 - test[9d35eded1c95d3be]::test_main_inner::<test[9d35eded1c95d3be]::test_main_static::{closure#0}>::{closure#0}
[INFO] [stdout]    6:     0x56f97968c432 - std[70759c8f55707aa4]::panicking::panic_with_hook
[INFO] [stdout]    7:     0x56f97966efe2 - std[70759c8f55707aa4]::panicking::panic_handler::{closure#0}
[INFO] [stdout]    8:     0x56f979667569 - std[70759c8f55707aa4]::sys::backtrace::__rust_end_short_backtrace::<std[70759c8f55707aa4]::panicking::panic_handler::{closure#0}, !>
[INFO] [stdout]    9:     0x56f97966fedd - __rustc[8fa7c3cbc660c2b3]::rust_begin_unwind
[INFO] [stdout]   10:     0x56f9796ab9ec - core[df12db4294e9bfd3]::panicking::panic_fmt
[INFO] [stdout]   11:     0x56f9796ab7c2 - core[df12db4294e9bfd3]::result::unwrap_failed
[INFO] [stdout]   12:     0x56f9794fe5f0 - hornetmq[31af56f46b6e6a6b]::queue::tests::test_pause_resume
[INFO] [stdout]   13:     0x56f979511dd9 - <hornetmq[31af56f46b6e6a6b]::queue::tests::test_pause_resume::{closure#0} as core[df12db4294e9bfd3]::ops::function::FnOnce<()>>::call_once
[INFO] [stdout]   14:     0x56f97951befb - test[9d35eded1c95d3be]::__rust_begin_short_backtrace::<core[df12db4294e9bfd3]::result::Result<(), alloc[2182bb758b4b3781]::string::String>, fn() -> core[df12db4294e9bfd3]::result::Result<(), alloc[2182bb758b4b3781]::string::String>>
[INFO] [stdout]   15:     0x56f979529565 - test[9d35eded1c95d3be]::run_test::{closure#0}
[INFO] [stdout]   16:     0x56f979522e24 - std[70759c8f55707aa4]::sys::backtrace::__rust_begin_short_backtrace::<test[9d35eded1c95d3be]::run_test::{closure#1}, ()>
[INFO] [stdout]   17:     0x56f97952c6c2 - <std[70759c8f55707aa4]::thread::lifecycle::spawn_unchecked<test[9d35eded1c95d3be]::run_test::{closure#1}, ()>::{closure#1} as core[df12db4294e9bfd3]::ops::function::FnOnce<()>>::call_once::{shim:vtable#0}
[INFO] [stdout]   18:     0x56f9796935d9 - <std[70759c8f55707aa4]::sys::thread::unix::Thread>::new::thread_start
[INFO] [stdout]   19:     0x7e0ff5472dfa - <unknown>
[INFO] [stdout]   20:     0x7e0ff55063d4 - clone
[INFO] [stdout]   21:                0x0 - <unknown>
[INFO] [stdout] 
[INFO] [stdout] ---- queue::tests::test_get_job_counts stdout ----
[INFO] [stdout] 
[INFO] [stdout] thread 'queue::tests::test_get_job_counts' (3065) panicked at src/queue.rs:462:68:
[INFO] [stdout] called `Result::unwrap()` on an `Err` value: Connection refused (os error 111)
[INFO] [stdout] 
[INFO] [stdout] Stack backtrace:
[INFO] [stdout]    0: <anyhow::Error as core::convert::From<redis::types::RedisError>>::from
[INFO] [stdout]    1: <hornetmq::scripts::add_standard_job::AddStandardJob>::run
[INFO] [stdout]    2: <hornetmq::queue::Queue>::add::<serde_json::value::Value>
[INFO] [stdout]    3: hornetmq::queue::tests::test_get_job_counts
[INFO] [stdout]    4: <hornetmq::queue::tests::test_get_job_counts::{closure#0} as core::ops::function::FnOnce<()>>::call_once
[INFO] [stdout]    5: test::__rust_begin_short_backtrace::<core::result::Result<(), alloc::string::String>, fn() -> core::result::Result<(), alloc::string::String>>
[INFO] [stdout]    6: test::run_test::{closure#0}
[INFO] [stdout]    7: std::sys::backtrace::__rust_begin_short_backtrace::<test::run_test::{closure#1}, ()>
[INFO] [stdout]    8: <std::thread::lifecycle::spawn_unchecked<test::run_test::{closure#1}, ()>::{closure#1} as core::ops::function::FnOnce<()>>::call_once::{shim:vtable#0}
[INFO] [stdout]    9: <std::sys::thread::unix::Thread>::new::thread_start
[INFO] [stdout]   10: <unknown>
[INFO] [stdout]   11: clone
[INFO] [stdout] stack backtrace:
[INFO] [stdout]    0:     0x56f979694591 - <<std[70759c8f55707aa4]::sys::backtrace::BacktraceLock>::print::DisplayBacktrace as core[df12db4294e9bfd3]::fmt::Display>::fmt
[INFO] [stdout]    1:     0x56f9796ab20a - core[df12db4294e9bfd3]::fmt::write
[INFO] [stdout]    2:     0x56f9796992fc - <alloc[2182bb758b4b3781]::vec::Vec<u8> as core[df12db4294e9bfd3]::io::write::Write>::write_fmt
[INFO] [stdout]    3:     0x56f97966ef36 - std[70759c8f55707aa4]::panicking::default_hook::{closure#0}
[INFO] [stdout]    4:     0x56f97968c279 - std[70759c8f55707aa4]::panicking::default_hook
[INFO] [stdout]    5:     0x56f979528c10 - test[9d35eded1c95d3be]::test_main_inner::<test[9d35eded1c95d3be]::test_main_static::{closure#0}>::{closure#0}
[INFO] [stdout]    6:     0x56f97968c432 - std[70759c8f55707aa4]::panicking::panic_with_hook
[INFO] [stdout]    7:     0x56f97966efe2 - std[70759c8f55707aa4]::panicking::panic_handler::{closure#0}
[INFO] [stdout]    8:     0x56f979667569 - std[70759c8f55707aa4]::sys::backtrace::__rust_end_short_backtrace::<std[70759c8f55707aa4]::panicking::panic_handler::{closure#0}, !>
[INFO] [stdout]    9:     0x56f97966fedd - __rustc[8fa7c3cbc660c2b3]::rust_begin_unwind
[INFO] [stdout]   10:     0x56f9796ab9ec - core[df12db4294e9bfd3]::panicking::panic_fmt
[INFO] [stdout]   11:     0x56f9796ab7c2 - core[df12db4294e9bfd3]::result::unwrap_failed
[INFO] [stdout]   12:     0x56f9794fec6a - hornetmq[31af56f46b6e6a6b]::queue::tests::test_get_job_counts
[INFO] [stdout]   13:     0x56f979511df9 - <hornetmq[31af56f46b6e6a6b]::queue::tests::test_get_job_counts::{closure#0} as core[df12db4294e9bfd3]::ops::function::FnOnce<()>>::call_once
[INFO] [stdout]   14:     0x56f97951befb - test[9d35eded1c95d3be]::__rust_begin_short_backtrace::<core[df12db4294e9bfd3]::result::Result<(), alloc[2182bb758b4b3781]::string::String>, fn() -> core[df12db4294e9bfd3]::result::Result<(), alloc[2182bb758b4b3781]::string::String>>
[INFO] [stdout]   15:     0x56f979529565 - test[9d35eded1c95d3be]::run_test::{closure#0}
[INFO] [stdout]   16:     0x56f979522e24 - std[70759c8f55707aa4]::sys::backtrace::__rust_begin_short_backtrace::<test[9d35eded1c95d3be]::run_test::{closure#1}, ()>
[INFO] [stdout]   17:     0x56f97952c6c2 - <std[70759c8f55707aa4]::thread::lifecycle::spawn_unchecked<test[9d35eded1c95d3be]::run_test::{closure#1}, ()>::{closure#1} as core[df12db4294e9bfd3]::ops::function::FnOnce<()>>::call_once::{shim:vtable#0}
[INFO] [stdout]   18:     0x56f9796935d9 - <std[70759c8f55707aa4]::sys::thread::unix::Thread>::new::thread_start
[INFO] [stdout]   19:     0x7e0ff5472dfa - <unknown>
[INFO] [stdout]   20:     0x7e0ff55063d4 - clone
[INFO] [stdout]   21:                0x0 - <unknown>
[INFO] [stdout] 
[INFO] [stdout] ---- queue::tests::test_get_job_not_found stdout ----
[INFO] [stdout] 
[INFO] [stdout] thread 'queue::tests::test_get_job_not_found' (3066) panicked at src/queue.rs:442:47:
[INFO] [stdout] called `Result::unwrap()` on an `Err` value: Connection refused (os error 111)
[INFO] [stdout] 
[INFO] [stdout] Stack backtrace:
[INFO] [stdout]    0: <anyhow::Error as core::convert::From<redis::types::RedisError>>::from
[INFO] [stdout]    1: <hornetmq::queue::Queue>::get_job
[INFO] [stdout]    2: hornetmq::queue::tests::test_get_job_not_found
[INFO] [stdout]    3: <hornetmq::queue::tests::test_get_job_not_found::{closure#0} as core::ops::function::FnOnce<()>>::call_once
[INFO] [stdout]    4: test::__rust_begin_short_backtrace::<core::result::Result<(), alloc::string::String>, fn() -> core::result::Result<(), alloc::string::String>>
[INFO] [stdout]    5: test::run_test::{closure#0}
[INFO] [stdout]    6: std::sys::backtrace::__rust_begin_short_backtrace::<test::run_test::{closure#1}, ()>
[INFO] [stdout]    7: <std::thread::lifecycle::spawn_unchecked<test::run_test::{closure#1}, ()>::{closure#1} as core::ops::function::FnOnce<()>>::call_once::{shim:vtable#0}
[INFO] [stdout]    8: <std::sys::thread::unix::Thread>::new::thread_start
[INFO] [stdout]    9: <unknown>
[INFO] [stdout]   10: clone
[INFO] [stdout] stack backtrace:
[INFO] [stdout]    0:     0x56f979694591 - <<std[70759c8f55707aa4]::sys::backtrace::BacktraceLock>::print::DisplayBacktrace as core[df12db4294e9bfd3]::fmt::Display>::fmt
[INFO] [stdout]    1:     0x56f9796ab20a - core[df12db4294e9bfd3]::fmt::write
[INFO] [stdout]    2:     0x56f9796992fc - <alloc[2182bb758b4b3781]::vec::Vec<u8> as core[df12db4294e9bfd3]::io::write::Write>::write_fmt
[INFO] [stdout]    3:     0x56f97966ef36 - std[70759c8f55707aa4]::panicking::default_hook::{closure#0}
[INFO] [stdout]    4:     0x56f97968c279 - std[70759c8f55707aa4]::panicking::default_hook
[INFO] [stdout]    5:     0x56f979528c10 - test[9d35eded1c95d3be]::test_main_inner::<test[9d35eded1c95d3be]::test_main_static::{closure#0}>::{closure#0}
[INFO] [stdout]    6:     0x56f97968c432 - std[70759c8f55707aa4]::panicking::panic_with_hook
[INFO] [stdout]    7:     0x56f97966efe2 - std[70759c8f55707aa4]::panicking::panic_handler::{closure#0}
[INFO] [stdout]    8:     0x56f979667569 - std[70759c8f55707aa4]::sys::backtrace::__rust_end_short_backtrace::<std[70759c8f55707aa4]::panicking::panic_handler::{closure#0}, !>
[INFO] [stdout]    9:     0x56f97966fedd - __rustc[8fa7c3cbc660c2b3]::rust_begin_unwind
[INFO] [stdout]   10:     0x56f9796ab9ec - core[df12db4294e9bfd3]::panicking::panic_fmt
[INFO] [stdout]   11:     0x56f9796ab7c2 - core[df12db4294e9bfd3]::result::unwrap_failed
[INFO] [stdout]   12:     0x56f9794fef7c - hornetmq[31af56f46b6e6a6b]::queue::tests::test_get_job_not_found
[INFO] [stdout]   13:     0x56f979511e19 - <hornetmq[31af56f46b6e6a6b]::queue::tests::test_get_job_not_found::{closure#0} as core[df12db4294e9bfd3]::ops::function::FnOnce<()>>::call_once
[INFO] [stdout]   14:     0x56f97951befb - test[9d35eded1c95d3be]::__rust_begin_short_backtrace::<core[df12db4294e9bfd3]::result::Result<(), alloc[2182bb758b4b3781]::string::String>, fn() -> core[df12db4294e9bfd3]::result::Result<(), alloc[2182bb758b4b3781]::string::String>>
[INFO] [stdout]   15:     0x56f979529565 - test[9d35eded1c95d3be]::run_test::{closure#0}
[INFO] [stdout]   16:     0x56f979522e24 - std[70759c8f55707aa4]::sys::backtrace::__rust_begin_short_backtrace::<test[9d35eded1c95d3be]::run_test::{closure#1}, ()>
[INFO] [stdout]   17:     0x56f97952c6c2 - <std[70759c8f55707aa4]::thread::lifecycle::spawn_unchecked<test[9d35eded1c95d3be]::run_test::{closure#1}, ()>::{closure#1} as core[df12db4294e9bfd3]::ops::function::FnOnce<()>>::call_once::{shim:vtable#0}
[INFO] [stdout]   18:     0x56f9796935d9 - <std[70759c8f55707aa4]::sys::thread::unix::Thread>::new::thread_start
[INFO] [stdout]   19:     0x7e0ff5472dfa - <unknown>
[INFO] [stdout]   20:     0x7e0ff55063d4 - clone
[INFO] [stdout]   21:                0x0 - <unknown>
[INFO] [stdout] 
[INFO] [stdout] ---- scripts::move_to_active::tests::loads stdout ----
[INFO] [stdout] [src/scripts/move_to_active.rs:236:9] &res = Err(
[INFO] [stdout]     Connection refused (os error 111),
[INFO] [stdout] )
[INFO] [stdout] 
[INFO] [stdout] thread 'scripts::move_to_active::tests::loads' (3076) panicked at src/scripts/move_to_active.rs:238:9:
[INFO] [stdout] assertion failed: res.is_ok()
[INFO] [stdout] stack backtrace:
[INFO] [stdout]    0:     0x56f979694591 - <<std[70759c8f55707aa4]::sys::backtrace::BacktraceLock>::print::DisplayBacktrace as core[df12db4294e9bfd3]::fmt::Display>::fmt
[INFO] [stdout]    1:     0x56f9796ab20a - core[df12db4294e9bfd3]::fmt::write
[INFO] [stdout]    2:     0x56f9796992fc - <alloc[2182bb758b4b3781]::vec::Vec<u8> as core[df12db4294e9bfd3]::io::write::Write>::write_fmt
[INFO] [stdout]    3:     0x56f97966ef36 - std[70759c8f55707aa4]::panicking::default_hook::{closure#0}
[INFO] [stdout]    4:     0x56f97968c279 - std[70759c8f55707aa4]::panicking::default_hook
[INFO] [stdout]    5:     0x56f979528c10 - test[9d35eded1c95d3be]::test_main_inner::<test[9d35eded1c95d3be]::test_main_static::{closure#0}>::{closure#0}
[INFO] [stdout]    6:     0x56f97968c432 - std[70759c8f55707aa4]::panicking::panic_with_hook
[INFO] [stdout]    7:     0x56f97966f014 - std[70759c8f55707aa4]::panicking::panic_handler::{closure#0}
[INFO] [stdout]    8:     0x56f979667569 - std[70759c8f55707aa4]::sys::backtrace::__rust_end_short_backtrace::<std[70759c8f55707aa4]::panicking::panic_handler::{closure#0}, !>
[INFO] [stdout]    9:     0x56f97966fedd - __rustc[8fa7c3cbc660c2b3]::rust_begin_unwind
[INFO] [stdout]   10:     0x56f9796ab9ec - core[df12db4294e9bfd3]::panicking::panic_fmt
[INFO] [stdout]   11:     0x56f9796ab9b2 - core[df12db4294e9bfd3]::panicking::panic
[INFO] [stdout]   12:     0x56f979512cc5 - <hornetmq[31af56f46b6e6a6b]::scripts::move_to_active::tests::loads::{closure#0} as core[df12db4294e9bfd3]::ops::function::FnOnce<()>>::call_once
[INFO] [stdout]   13:     0x56f97951befb - test[9d35eded1c95d3be]::__rust_begin_short_backtrace::<core[df12db4294e9bfd3]::result::Result<(), alloc[2182bb758b4b3781]::string::String>, fn() -> core[df12db4294e9bfd3]::result::Result<(), alloc[2182bb758b4b3781]::string::String>>
[INFO] [stdout]   14:     0x56f979529565 - test[9d35eded1c95d3be]::run_test::{closure#0}
[INFO] [stdout]   15:     0x56f979522e24 - std[70759c8f55707aa4]::sys::backtrace::__rust_begin_short_backtrace::<test[9d35eded1c95d3be]::run_test::{closure#1}, ()>
[INFO] [stdout]   16:     0x56f97952c6c2 - <std[70759c8f55707aa4]::thread::lifecycle::spawn_unchecked<test[9d35eded1c95d3be]::run_test::{closure#1}, ()>::{closure#1} as core[df12db4294e9bfd3]::ops::function::FnOnce<()>>::call_once::{shim:vtable#0}
[INFO] [stdout]   17:     0x56f9796935d9 - <std[70759c8f55707aa4]::sys::thread::unix::Thread>::new::thread_start
[INFO] [stdout]   18:     0x7e0ff5472dfa - <unknown>
[INFO] [stdout]   19:     0x7e0ff55063d4 - clone
[INFO] [stdout]   20:                0x0 - <unknown>
[INFO] [stdout] 
[INFO] [stdout] ---- queue::tests::test_get_jobs stdout ----
[INFO] [stdout] 
[INFO] [stdout] thread 'queue::tests::test_get_jobs' (3067) panicked at src/queue.rs:451:69:
[INFO] [stdout] called `Result::unwrap()` on an `Err` value: Connection refused (os error 111)
[INFO] [stdout] 
[INFO] [stdout] Stack backtrace:
[INFO] [stdout]    0: <anyhow::Error as core::convert::From<redis::types::RedisError>>::from
[INFO] [stdout]    1: <hornetmq::scripts::add_standard_job::AddStandardJob>::run
[INFO] [stdout]    2: <hornetmq::queue::Queue>::add::<serde_json::value::Value>
[INFO] [stdout]    3: hornetmq::queue::tests::test_get_jobs
[INFO] [stdout]    4: <hornetmq::queue::tests::test_get_jobs::{closure#0} as core::ops::function::FnOnce<()>>::call_once
[INFO] [stdout]    5: test::__rust_begin_short_backtrace::<core::result::Result<(), alloc::string::String>, fn() -> core::result::Result<(), alloc::string::String>>
[INFO] [stdout]    6: test::run_test::{closure#0}
[INFO] [stdout]    7: std::sys::backtrace::__rust_begin_short_backtrace::<test::run_test::{closure#1}, ()>
[INFO] [stdout]    8: <std::thread::lifecycle::spawn_unchecked<test::run_test::{closure#1}, ()>::{closure#1} as core::ops::function::FnOnce<()>>::call_once::{shim:vtable#0}
[INFO] [stdout]    9: <std::sys::thread::unix::Thread>::new::thread_start
[INFO] [stdout]   10: <unknown>
[INFO] [stdout]   11: clone
[INFO] [stdout] stack backtrace:
[INFO] [stdout]    0:     0x56f979694591 - <<std[70759c8f55707aa4]::sys::backtrace::BacktraceLock>::print::DisplayBacktrace as core[df12db4294e9bfd3]::fmt::Display>::fmt
[INFO] [stdout]    1:     0x56f9796ab20a - core[df12db4294e9bfd3]::fmt::write
[INFO] [stdout]    2:     0x56f9796992fc - <alloc[2182bb758b4b3781]::vec::Vec<u8> as core[df12db4294e9bfd3]::io::write::Write>::write_fmt
[INFO] [stdout]    3:     0x56f97966ef36 - std[70759c8f55707aa4]::panicking::default_hook::{closure#0}
[INFO] [stdout]    4:     0x56f97968c279 - std[70759c8f55707aa4]::panicking::default_hook
[INFO] [stdout]    5:     0x56f979528c10 - test[9d35eded1c95d3be]::test_main_inner::<test[9d35eded1c95d3be]::test_main_static::{closure#0}>::{closure#0}
[INFO] [stdout]    6:     0x56f97968c432 - std[70759c8f55707aa4]::panicking::panic_with_hook
[INFO] [stdout]    7:     0x56f97966efe2 - std[70759c8f55707aa4]::panicking::panic_handler::{closure#0}
[INFO] [stdout]    8:     0x56f979667569 - std[70759c8f55707aa4]::sys::backtrace::__rust_end_short_backtrace::<std[70759c8f55707aa4]::panicking::panic_handler::{closure#0}, !>
[INFO] [stdout]    9:     0x56f97966fedd - __rustc[8fa7c3cbc660c2b3]::rust_begin_unwind
[INFO] [stdout]   10:     0x56f9796ab9ec - core[df12db4294e9bfd3]::panicking::panic_fmt
[INFO] [stdout]   11:     0x56f9796ab7c2 - core[df12db4294e9bfd3]::result::unwrap_failed
[INFO] [stdout]   12:     0x56f9794fda37 - hornetmq[31af56f46b6e6a6b]::queue::tests::test_get_jobs
[INFO] [stdout]   13:     0x56f979511d99 - <hornetmq[31af56f46b6e6a6b]::queue::tests::test_get_jobs::{closure#0} as core[df12db4294e9bfd3]::ops::function::FnOnce<()>>::call_once
[INFO] [stdout]   14:     0x56f97951befb - test[9d35eded1c95d3be]::__rust_begin_short_backtrace::<core[df12db4294e9bfd3]::result::Result<(), alloc[2182bb758b4b3781]::string::String>, fn() -> core[df12db4294e9bfd3]::result::Result<(), alloc[2182bb758b4b3781]::string::String>>
[INFO] [stdout]   15:     0x56f979529565 - test[9d35eded1c95d3be]::run_test::{closure#0}
[INFO] [stdout]   16:     0x56f979522e24 - std[70759c8f55707aa4]::sys::backtrace::__rust_begin_short_backtrace::<test[9d35eded1c95d3be]::run_test::{closure#1}, ()>
[INFO] [stdout]   17:     0x56f97952c6c2 - <std[70759c8f55707aa4]::thread::lifecycle::spawn_unchecked<test[9d35eded1c95d3be]::run_test::{closure#1}, ()>::{closure#1} as core[df12db4294e9bfd3]::ops::function::FnOnce<()>>::call_once::{shim:vtable#0}
[INFO] [stdout]   18:     0x56f9796935d9 - <std[70759c8f55707aa4]::sys::thread::unix::Thread>::new::thread_start
[INFO] [stdout]   19:     0x7e0ff5472dfa - <unknown>
[INFO] [stdout]   20:     0x7e0ff55063d4 - clone
[INFO] [stdout]   21:                0x0 - <unknown>
[INFO] [stdout] 
[INFO] [stdout] ---- queue::tests::test_get_job stdout ----
[INFO] [stdout] 
[INFO] [stdout] thread 'queue::tests::test_get_job' (3064) panicked at src/queue.rs:430:14:
[INFO] [stdout] called `Result::unwrap()` on an `Err` value: Connection refused (os error 111)
[INFO] [stdout] 
[INFO] [stdout] Stack backtrace:
[INFO] [stdout]    0: <anyhow::Error as core::convert::From<redis::types::RedisError>>::from
[INFO] [stdout]    1: <hornetmq::scripts::add_standard_job::AddStandardJob>::run
[INFO] [stdout]    2: <hornetmq::queue::Queue>::add::<serde_json::value::Value>
[INFO] [stdout]    3: hornetmq::queue::tests::test_get_job
[INFO] [stdout]    4: <hornetmq::queue::tests::test_get_job::{closure#0} as core::ops::function::FnOnce<()>>::call_once
[INFO] [stdout]    5: test::__rust_begin_short_backtrace::<core::result::Result<(), alloc::string::String>, fn() -> core::result::Result<(), alloc::string::String>>
[INFO] [stdout]    6: test::run_test::{closure#0}
[INFO] [stdout]    7: std::sys::backtrace::__rust_begin_short_backtrace::<test::run_test::{closure#1}, ()>
[INFO] [stdout]    8: <std::thread::lifecycle::spawn_unchecked<test::run_test::{closure#1}, ()>::{closure#1} as core::ops::function::FnOnce<()>>::call_once::{shim:vtable#0}
[INFO] [stdout]    9: <std::sys::thread::unix::Thread>::new::thread_start
[INFO] [stdout]   10: <unknown>
[INFO] [stdout]   11: clone
[INFO] [stdout] stack backtrace:
[INFO] [stdout]    0:     0x56f979694591 - <<std[70759c8f55707aa4]::sys::backtrace::BacktraceLock>::print::DisplayBacktrace as core[df12db4294e9bfd3]::fmt::Display>::fmt
[INFO] [stdout]    1:     0x56f9796ab20a - core[df12db4294e9bfd3]::fmt::write
[INFO] [stdout]    2:     0x56f9796992fc - <alloc[2182bb758b4b3781]::vec::Vec<u8> as core[df12db4294e9bfd3]::io::write::Write>::write_fmt
[INFO] [stdout]    3:     0x56f97966ef36 - std[70759c8f55707aa4]::panicking::default_hook::{closure#0}
[INFO] [stdout]    4:     0x56f97968c279 - std[70759c8f55707aa4]::panicking::default_hook
[INFO] [stdout]    5:     0x56f979528c10 - test[9d35eded1c95d3be]::test_main_inner::<test[9d35eded1c95d3be]::test_main_static::{closure#0}>::{closure#0}
[INFO] [stdout]    6:     0x56f97968c432 - std[70759c8f55707aa4]::panicking::panic_with_hook
[INFO] [stdout]    7:     0x56f97966efe2 - std[70759c8f55707aa4]::panicking::panic_handler::{closure#0}
[INFO] [stdout]    8:     0x56f979667569 - std[70759c8f55707aa4]::sys::backtrace::__rust_end_short_backtrace::<std[70759c8f55707aa4]::panicking::panic_handler::{closure#0}, !>
[INFO] [stdout]    9:     0x56f97966fedd - __rustc[8fa7c3cbc660c2b3]::rust_begin_unwind
[INFO] [stdout]   10:     0x56f9796ab9ec - core[df12db4294e9bfd3]::panicking::panic_fmt
[INFO] [stdout]   11:     0x56f9796ab7c2 - core[df12db4294e9bfd3]::result::unwrap_failed
[INFO] [stdout]   12:     0x56f9794fd04d - hornetmq[31af56f46b6e6a6b]::queue::tests::test_get_job
[INFO] [stdout]   13:     0x56f979511d59 - <hornetmq[31af56f46b6e6a6b]::queue::tests::test_get_job::{closure#0} as core[df12db4294e9bfd3]::ops::function::FnOnce<()>>::call_once
[INFO] [stdout]   14:     0x56f97951befb - test[9d35eded1c95d3be]::__rust_begin_short_backtrace::<core[df12db4294e9bfd3]::result::Result<(), alloc[2182bb758b4b3781]::string::String>, fn() -> core[df12db4294e9bfd3]::result::Result<(), alloc[2182bb758b4b3781]::string::String>>
[INFO] [stdout]   15:     0x56f979529565 - test[9d35eded1c95d3be]::run_test::{closure#0}
[INFO] [stdout]   16:     0x56f979522e24 - std[70759c8f55707aa4]::sys::backtrace::__rust_begin_short_backtrace::<test[9d35eded1c95d3be]::run_test::{closure#1}, ()>
[INFO] [stdout]   17:     0x56f97952c6c2 - <std[70759c8f55707aa4]::thread::lifecycle::spawn_unchecked<test[9d35eded1c95d3be]::run_test::{closure#1}, ()>::{closure#1} as core[df12db4294e9bfd3]::ops::function::FnOnce<()>>::call_once::{shim:vtable#0}
[INFO] [stdout]   18:     0x56f9796935d9 - <std[70759c8f55707aa4]::sys::thread::unix::Thread>::new::thread_start
[INFO] [stdout]   19:     0x7e0ff5472dfa - <unknown>
[INFO] [stdout]   20:     0x7e0ff55063d4 - clone
[INFO] [stdout]   21:                0x0 - <unknown>
[INFO] [stdout] 
[INFO] [stdout] ---- queue::tests::test_remove_job stdout ----
[INFO] [stdout] 
[INFO] [stdout] thread 'queue::tests::test_remove_job' (3069) panicked at src/queue.rs:519:14:
[INFO] [stdout] called `Result::unwrap()` on an `Err` value: Connection refused (os error 111)
[INFO] [stdout] 
[INFO] [stdout] Stack backtrace:
[INFO] [stdout]    0: <anyhow::Error as core::convert::From<redis::types::RedisError>>::from
[INFO] [stdout]    1: <hornetmq::scripts::add_standard_job::AddStandardJob>::run
[INFO] [stdout]    2: <hornetmq::queue::Queue>::add::<serde_json::value::Value>
[INFO] [stdout]    3: hornetmq::queue::tests::test_remove_job
[INFO] [stdout]    4: <hornetmq::queue::tests::test_remove_job::{closure#0} as core::ops::function::FnOnce<()>>::call_once
[INFO] [stdout]    5: test::__rust_begin_short_backtrace::<core::result::Result<(), alloc::string::String>, fn() -> core::result::Result<(), alloc::string::String>>
[INFO] [stdout]    6: test::run_test::{closure#0}
[INFO] [stdout]    7: std::sys::backtrace::__rust_begin_short_backtrace::<test::run_test::{closure#1}, ()>
[INFO] [stdout]    8: <std::thread::lifecycle::spawn_unchecked<test::run_test::{closure#1}, ()>::{closure#1} as core::ops::function::FnOnce<()>>::call_once::{shim:vtable#0}
[INFO] [stdout]    9: <std::sys::thread::unix::Thread>::new::thread_start
[INFO] [stdout]   10: <unknown>
[INFO] [stdout]   11: clone
[INFO] [stdout] stack backtrace:
[INFO] [stdout]    0:     0x56f979694591 - <<std[70759c8f55707aa4]::sys::backtrace::BacktraceLock>::print::DisplayBacktrace as core[df12db4294e9bfd3]::fmt::Display>::fmt
[INFO] [stdout]    1:     0x56f9796ab20a - core[df12db4294e9bfd3]::fmt::write
[INFO] [stdout]    2:     0x56f9796992fc - <alloc[2182bb758b4b3781]::vec::Vec<u8> as core[df12db4294e9bfd3]::io::write::Write>::write_fmt
[INFO] [stdout]    3:     0x56f97966ef36 - std[70759c8f55707aa4]::panicking::default_hook::{closure#0}
[INFO] [stdout]    4:     0x56f97968c279 - std[70759c8f55707aa4]::panicking::default_hook
[INFO] [stdout]    5:     0x56f979528c10 - test[9d35eded1c95d3be]::test_main_inner::<test[9d35eded1c95d3be]::test_main_static::{closure#0}>::{closure#0}
[INFO] [stdout]    6:     0x56f97968c432 - std[70759c8f55707aa4]::panicking::panic_with_hook
[INFO] [stdout]    7:     0x56f97966efe2 - std[70759c8f55707aa4]::panicking::panic_handler::{closure#0}
[INFO] [stdout]    8:     0x56f979667569 - std[70759c8f55707aa4]::sys::backtrace::__rust_end_short_backtrace::<std[70759c8f55707aa4]::panicking::panic_handler::{closure#0}, !>
[INFO] [stdout]    9:     0x56f97966fedd - __rustc[8fa7c3cbc660c2b3]::rust_begin_unwind
[INFO] [stdout]   10:     0x56f9796ab9ec - core[df12db4294e9bfd3]::panicking::panic_fmt
[INFO] [stdout]   11:     0x56f9796ab7c2 - core[df12db4294e9bfd3]::result::unwrap_failed
[INFO] [stdout]   12:     0x56f9794fdfd3 - hornetmq[31af56f46b6e6a6b]::queue::tests::test_remove_job
[INFO] [stdout]   13:     0x56f979511db9 - <hornetmq[31af56f46b6e6a6b]::queue::tests::test_remove_job::{closure#0} as core[df12db4294e9bfd3]::ops::function::FnOnce<()>>::call_once
[INFO] [stdout]   14:     0x56f97951befb - test[9d35eded1c95d3be]::__rust_begin_short_backtrace::<core[df12db4294e9bfd3]::result::Result<(), alloc[2182bb758b4b3781]::string::String>, fn() -> core[df12db4294e9bfd3]::result::Result<(), alloc[2182bb758b4b3781]::string::String>>
[INFO] [stdout]   15:     0x56f979529565 - test[9d35eded1c95d3be]::run_test::{closure#0}
[INFO] [stdout]   16:     0x56f979522e24 - std[70759c8f55707aa4]::sys::backtrace::__rust_begin_short_backtrace::<test[9d35eded1c95d3be]::run_test::{closure#1}, ()>
[INFO] [stdout]   17:     0x56f97952c6c2 - <std[70759c8f55707aa4]::thread::lifecycle::spawn_unchecked<test[9d35eded1c95d3be]::run_test::{closure#1}, ()>::{closure#1} as core[df12db4294e9bfd3]::ops::function::FnOnce<()>>::call_once::{shim:vtable#0}
[INFO] [stdout]   18:     0x56f9796935d9 - <std[70759c8f55707aa4]::sys::thread::unix::Thread>::new::thread_start
[INFO] [stdout]   19:     0x7e0ff5472dfa - <unknown>
[INFO] [stdout]   20:     0x7e0ff55063d4 - clone
[INFO] [stdout]   21:                0x0 - <unknown>
[INFO] [stdout] 
[INFO] [stdout] 
[INFO] [stdout] failures:
[INFO] [stdout]     queue::tests::test_add_bulk
[INFO] [stdout]     queue::tests::test_drain
[INFO] [stdout]     queue::tests::test_get_job
[INFO] [stdout]     queue::tests::test_get_job_counts
[INFO] [stdout]     queue::tests::test_get_job_not_found
[INFO] [stdout]     queue::tests::test_get_jobs
[INFO] [stdout]     queue::tests::test_pause_resume
[INFO] [stdout]     queue::tests::test_remove_job
[INFO] [stdout]     scripts::move_to_active::tests::loads
[INFO] [stdout] 
[INFO] [stdout] test result: FAILED. 33 passed; 9 failed; 0 ignored; 0 measured; 0 filtered out; finished in 0.01s
[INFO] [stdout] 
[INFO] [stderr] error: test failed, to rerun pass `--lib`
[INFO] running `Command { std: "docker" "inspect" "e06d26dd717116991bdfb16ffd8e65e02a8577c57cbaa65279fac9c71fb6b826", kill_on_drop: false }`
[INFO] running `Command { std: "docker" "rm" "-f" "e06d26dd717116991bdfb16ffd8e65e02a8577c57cbaa65279fac9c71fb6b826", kill_on_drop: false }`
[INFO] [stdout] e06d26dd717116991bdfb16ffd8e65e02a8577c57cbaa65279fac9c71fb6b826
