[INFO] fetching crate handlebars-cli 1.0.0...
[INFO] testing handlebars-cli-1.0.0 against 1.100.0-beta.1+cargoflags=--release for beta-release-1.100-3
[INFO] extracting crate handlebars-cli 1.0.0 into /workspace/builds/worker-6-tc2/source
[INFO] started tweaking crates.io crate handlebars-cli 1.0.0
[INFO] finished tweaking crates.io crate handlebars-cli 1.0.0
[INFO] tweaked toml for crates.io crate handlebars-cli 1.0.0 written to /workspace/builds/worker-6-tc2/source/Cargo.toml
[INFO] validating manifest of crates.io crate handlebars-cli 1.0.0 on toolchain 1.100.0-beta.1
[INFO] running `Command { std: CARGO_HOME="/workspace/cargo-home" RUSTUP_HOME="/workspace/rustup-home" "/workspace/cargo-home/bin/cargo" "+1.100.0-beta.1" "metadata" "--manifest-path" "Cargo.toml" "--no-deps", kill_on_drop: false }`
[INFO] crate crates.io crate handlebars-cli 1.0.0 already has a lockfile, it will not be regenerated
[INFO] running `Command { std: CARGO_HOME="/workspace/cargo-home" RUSTUP_HOME="/workspace/rustup-home" "/workspace/cargo-home/bin/cargo" "+1.100.0-beta.1" "fetch" "--manifest-path" "Cargo.toml", kill_on_drop: false }`
[INFO] running `Command { std: "docker" "create" "-v" "/var/lib/crater-agent-workspace/builds/worker-6-tc2/source:/opt/rustwide/workdir:ro,Z" "-v" "/var/lib/crater-agent-workspace/builds/worker-6-tc2/target:/opt/rustwide/target:rw,Z" "-v" "/var/lib/crater-agent-workspace/cargo-home:/opt/rustwide/cargo-home:ro,Z" "-v" "/var/lib/crater-agent-workspace/rustup-home:/opt/rustwide/rustup-home:ro,Z" "-m" "1610612736" "--network" "none" "ghcr.io/rust-lang/crates-build-env/linux@sha256:77db811e55d90add9212f6832c23229e3de5f1c1f9905e8cb07319ea15df73ac" "sleep" "infinity", kill_on_drop: false }`
[INFO] [stdout] a7f6827eaea775dbde36405efc7c8760a88f287b88a14015254a8edddb4b6f70
[INFO] running `Command { std: "docker" "start" "a7f6827eaea775dbde36405efc7c8760a88f287b88a14015254a8edddb4b6f70", kill_on_drop: false }`
[INFO] running `Command { std: "docker" "inspect" "a7f6827eaea775dbde36405efc7c8760a88f287b88a14015254a8edddb4b6f70", kill_on_drop: false }`
[INFO] running `Command { std: "docker" "exec" "-e" "SOURCE_DIR=/opt/rustwide/workdir" "-e" "CARGO_HOME=/opt/rustwide/cargo-home" "-e" "RUSTUP_HOME=/opt/rustwide/rustup-home" "-e" "CARGO_TARGET_DIR=/opt/rustwide/target" "-w" "/opt/rustwide/workdir" "--user" "0:0" "a7f6827eaea775dbde36405efc7c8760a88f287b88a14015254a8edddb4b6f70" "/opt/rustwide/cargo-home/bin/cargo" "+1.100.0-beta.1" "metadata" "--no-deps" "--format-version=1", kill_on_drop: false }`
[INFO] running `Command { std: "docker" "inspect" "a7f6827eaea775dbde36405efc7c8760a88f287b88a14015254a8edddb4b6f70", kill_on_drop: false }`
[INFO] running `Command { std: "docker" "exec" "-e" "SOURCE_DIR=/opt/rustwide/workdir" "-e" "CARGO_HOME=/opt/rustwide/cargo-home" "-e" "RUSTUP_HOME=/opt/rustwide/rustup-home" "-e" "CARGO_TARGET_DIR=/opt/rustwide/target" "-e" "CARGO_INCREMENTAL=0" "-e" "RUST_BACKTRACE=full" "-e" "RUSTFLAGS=--cap-lints=warn" "-e" "RUSTDOCFLAGS=--cap-lints=warn" "-w" "/opt/rustwide/workdir" "--user" "0:0" "a7f6827eaea775dbde36405efc7c8760a88f287b88a14015254a8edddb4b6f70" "/opt/rustwide/cargo-home/bin/cargo" "+1.100.0-beta.1" "build" "--frozen" "--message-format=json" "--release", kill_on_drop: false }`
[INFO] [stderr]    Compiling proc-macro2 v1.0.6
[INFO] [stderr]    Compiling unicode-xid v0.2.0
[INFO] [stderr]    Compiling syn v1.0.8
[INFO] [stderr]    Compiling ucd-trie v0.1.2
[INFO] [stderr]    Compiling maplit v1.0.2
[INFO] [stderr]    Compiling serde v1.0.102
[INFO] [stderr]    Compiling ryu v1.0.2
[INFO] [stderr]    Compiling log v0.4.8
[INFO] [stderr]    Compiling doc-comment v0.3.1
[INFO] [stderr]    Compiling cfg-if v0.1.10
[INFO] [stderr]    Compiling itoa v0.4.4
[INFO] [stderr]    Compiling quick-error v1.2.2
[INFO] [stderr]    Compiling pest v2.1.2
[INFO] [stderr]    Compiling quote v1.0.2
[INFO] [stderr]    Compiling pest_meta v2.1.2
[INFO] [stderr]    Compiling pest_generator v2.1.1
[INFO] [stderr]    Compiling serde_derive v1.0.102
[INFO] [stderr]    Compiling snafu-derive v0.6.0
[INFO] [stderr]    Compiling pest_derive v2.1.0
[INFO] [stderr]    Compiling snafu v0.6.0
[INFO] [stderr]    Compiling serde_json v1.0.41
[INFO] [stderr]    Compiling handlebars v3.0.0-beta.1
[INFO] [stderr]    Compiling handlebars-cli v1.0.0 (/opt/rustwide/workdir)
[INFO] [stderr]     Finished `release` profile [optimized] target(s) in 9.22s
[INFO] running `Command { std: "docker" "inspect" "a7f6827eaea775dbde36405efc7c8760a88f287b88a14015254a8edddb4b6f70", kill_on_drop: false }`
[INFO] running `Command { std: "docker" "exec" "-e" "SOURCE_DIR=/opt/rustwide/workdir" "-e" "CARGO_HOME=/opt/rustwide/cargo-home" "-e" "RUSTUP_HOME=/opt/rustwide/rustup-home" "-e" "CARGO_TARGET_DIR=/opt/rustwide/target" "-e" "CARGO_INCREMENTAL=0" "-e" "RUST_BACKTRACE=full" "-e" "RUSTFLAGS=--cap-lints=warn" "-e" "RUSTDOCFLAGS=--cap-lints=warn" "-w" "/opt/rustwide/workdir" "--user" "0:0" "a7f6827eaea775dbde36405efc7c8760a88f287b88a14015254a8edddb4b6f70" "/opt/rustwide/cargo-home/bin/cargo" "+1.100.0-beta.1" "test" "--frozen" "--no-run" "--message-format=json" "--release", kill_on_drop: false }`
[INFO] [stderr]    Compiling libc v0.2.65
[INFO] [stderr]    Compiling memchr v2.2.1
[INFO] [stderr]    Compiling getrandom v0.1.13
[INFO] [stderr]    Compiling autocfg v0.1.7
[INFO] [stderr]    Compiling ppv-lite86 v0.2.6
[INFO] [stderr]    Compiling thread_local v0.3.6
[INFO] [stderr]    Compiling predicates-core v1.0.0
[INFO] [stderr]    Compiling regex-syntax v0.6.12
[INFO] [stderr]    Compiling escargot v0.4.0
[INFO] [stderr]    Compiling normalize-line-endings v0.2.2
[INFO] [stderr]    Compiling difference v2.0.0
[INFO] [stderr]    Compiling treeline v0.1.0
[INFO] [stderr]    Compiling remove_dir_all v0.5.2
[INFO] [stderr]    Compiling predicates-tree v1.0.0
[INFO] [stderr]    Compiling num-traits v0.2.10
[INFO] [stderr]    Compiling c2-chacha v0.2.3
[INFO] [stderr]    Compiling aho-corasick v0.7.6
[INFO] [stderr]    Compiling rand_core v0.5.1
[INFO] [stderr]    Compiling rand_chacha v0.2.1
[INFO] [stderr]    Compiling rand v0.7.2
[INFO] [stderr]    Compiling float-cmp v0.5.3
[INFO] [stderr]    Compiling tempfile v3.1.0
[INFO] [stderr]    Compiling regex v1.3.1
[INFO] [stderr]    Compiling predicates v1.0.2
[INFO] [stderr]    Compiling assert_cmd v0.11.1
[INFO] [stderr]    Compiling handlebars-cli v1.0.0 (/opt/rustwide/workdir)
[INFO] [stderr]     Finished `release` profile [optimized] target(s) in 3.77s
[INFO] [stderr] warning: the following packages contain code that will be rejected by a future version of Rust: escargot v0.4.0
[INFO] [stderr] note: to see what the problems were, use the option `--future-incompat-report`, or run `cargo report future-incompatibilities --id 2`
[INFO] running `Command { std: "docker" "inspect" "a7f6827eaea775dbde36405efc7c8760a88f287b88a14015254a8edddb4b6f70", kill_on_drop: false }`
[INFO] running `Command { std: "docker" "exec" "-e" "SOURCE_DIR=/opt/rustwide/workdir" "-e" "CARGO_HOME=/opt/rustwide/cargo-home" "-e" "RUSTUP_HOME=/opt/rustwide/rustup-home" "-e" "CARGO_TARGET_DIR=/opt/rustwide/target" "-e" "CARGO_INCREMENTAL=0" "-e" "RUST_BACKTRACE=full" "-e" "RUSTFLAGS=--cap-lints=warn" "-e" "RUSTDOCFLAGS=--cap-lints=warn" "-w" "/opt/rustwide/workdir" "--user" "0:0" "a7f6827eaea775dbde36405efc7c8760a88f287b88a14015254a8edddb4b6f70" "/opt/rustwide/cargo-home/bin/cargo" "+1.100.0-beta.1" "test" "--frozen" "--release", kill_on_drop: false }`
[INFO] [stderr]     Finished `release` profile [optimized] target(s) in 0.03s
[INFO] [stderr] warning: the following packages contain code that will be rejected by a future version of Rust: escargot v0.4.0
[INFO] [stderr] note: to see what the problems were, use the option `--future-incompat-report`, or run `cargo report future-incompatibilities --id 2`
[INFO] [stderr]      Running unittests src/main.rs (/opt/rustwide/target/release/build/handlebars-cli/917996dfe5bf575b/out/handlebars_cli-917996dfe5bf575b)
[INFO] [stdout] 
[INFO] [stdout] running 0 tests
[INFO] [stdout] 
[INFO] [stdout] test result: ok. 0 passed; 0 failed; 0 ignored; 0 measured; 0 filtered out; finished in 0.00s
[INFO] [stdout] 
[INFO] [stderr]      Running tests/integration_tests.rs (/opt/rustwide/target/release/build/handlebars-cli/d131b3633ff136ad/out/integration_tests-d131b3633ff136ad)
[INFO] [stdout] 
[INFO] [stdout] running 7 tests
[INFO] [stdout] test test_fails_if_only_one_param ... FAILED
[INFO] [stdout] test test_fails_if_properties_are_not_valid_json ... FAILED
[INFO] [stdout] test test_fails_if_template_file_not_found ... FAILED
[INFO] [stdout] test test_fails_with_usage_if_no_params ... FAILED
[INFO] [stdout] test test_fails_if_template_file_uses_property_not_found ... FAILED
[INFO] [stdout] test test_succeeds_when_noop ... FAILED
[INFO] [stdout] test test_succeeds_when_templating_successful ... FAILED
[INFO] [stdout] 
[INFO] [stdout] failures:
[INFO] [stdout] 
[INFO] [stdout] ---- test_fails_if_only_one_param stdout ----
[INFO] [stdout] 
[INFO] [stdout] thread 'test_fails_if_only_one_param' (1220) panicked at tests/integration_tests.rs:26:5:
[INFO] [stdout] called `Result::unwrap()` on an `Err` value: CargoError { cause: Some(NotFoundError { path: "/opt/rustwide/target/release/build/handlebars-cli/d131b3633ff136ad/out/handlebars-cli" }) }
[INFO] [stdout] stack backtrace:
[INFO] [stdout]    0:     0x5eba9b4e4f01 - <<std[617be2ca0a6fd877]::sys::backtrace::BacktraceLock>::print::DisplayBacktrace as core[a373ad73a504971]::fmt::Display>::fmt
[INFO] [stdout]    1:     0x5eba9b4fabca - core[a373ad73a504971]::fmt::write
[INFO] [stderr] error: test failed, to rerun pass `--test integration_tests`
[INFO] [stdout]    2:     0x5eba9b4ea3cc - <alloc[2e1b2a31b91974c5]::vec::Vec<u8> as core[a373ad73a504971]::io::write::Write>::write_fmt
[INFO] [stdout]    3:     0x5eba9b4c0bd6 - std[617be2ca0a6fd877]::panicking::default_hook::{closure#0}
[INFO] [stdout]    4:     0x5eba9b4dd439 - std[617be2ca0a6fd877]::panicking::default_hook
[INFO] [stdout]    5:     0x5eba9b46d3c0 - test[aada8e7e76ba119b]::test_main_inner::{closure#0}
[INFO] [stdout]    6:     0x5eba9b4dd5f2 - std[617be2ca0a6fd877]::panicking::panic_with_hook
[INFO] [stdout]    7:     0x5eba9b4c0c82 - std[617be2ca0a6fd877]::panicking::panic_handler::{closure#0}
[INFO] [stdout]    8:     0x5eba9b4b98e9 - std[617be2ca0a6fd877]::sys::backtrace::__rust_end_short_backtrace::<std[617be2ca0a6fd877]::panicking::panic_handler::{closure#0}, !>
[INFO] [stdout]    9:     0x5eba9b4c188d - __rustc[ea4f61d10b84890b]::rust_begin_unwind
[INFO] [stdout]   10:     0x5eba9b4fb2fc - core[a373ad73a504971]::panicking::panic_fmt
[INFO] [stdout]   11:     0x5eba9b4fb0d2 - core[a373ad73a504971]::result::unwrap_failed
[INFO] [stdout]   12:     0x5eba9b45f860 - <integration_tests[fc29fffde0a56f5b]::test_fails_if_only_one_param::{closure#0} as core[a373ad73a504971]::ops::function::FnOnce<()>>::call_once
[INFO] [stdout]   13:     0x5eba9b46080b - test[aada8e7e76ba119b]::__rust_begin_short_backtrace::<core[a373ad73a504971]::result::Result<(), alloc[2e1b2a31b91974c5]::string::String>, fn() -> core[a373ad73a504971]::result::Result<(), alloc[2e1b2a31b91974c5]::string::String>>
[INFO] [stdout]   14:     0x5eba9b46d9e5 - test[aada8e7e76ba119b]::run_test::{closure#0}
[INFO] [stdout]   15:     0x5eba9b4672d4 - std[617be2ca0a6fd877]::sys::backtrace::__rust_begin_short_backtrace::<test[aada8e7e76ba119b]::run_test::{closure#1}, ()>
[INFO] [stdout]   16:     0x5eba9b470a72 - <std[617be2ca0a6fd877]::thread::lifecycle::spawn_unchecked<test[aada8e7e76ba119b]::run_test::{closure#1}, ()>::{closure#1} as core[a373ad73a504971]::ops::function::FnOnce<()>>::call_once::{shim:vtable#0}
[INFO] [stdout]   17:     0x5eba9b4e46df - <std[617be2ca0a6fd877]::sys::thread::unix::Thread>::new::thread_start
[INFO] [stdout]   18:     0x7ccde10a2dfa - <unknown>
[INFO] [stdout]   19:     0x7ccde11363d4 - clone
[INFO] [stdout]   20:                0x0 - <unknown>
[INFO] [stdout] 
[INFO] [stdout] ---- test_fails_if_properties_are_not_valid_json stdout ----
[INFO] [stdout] 
[INFO] [stdout] thread 'test_fails_if_properties_are_not_valid_json' (1221) panicked at tests/integration_tests.rs:35:5:
[INFO] [stdout] called `Result::unwrap()` on an `Err` value: CargoError { cause: Some(NotFoundError { path: "/opt/rustwide/target/release/build/handlebars-cli/d131b3633ff136ad/out/handlebars-cli" }) }
[INFO] [stdout] stack backtrace:
[INFO] [stdout]    0:     0x5eba9b4e4f01 - <<std[617be2ca0a6fd877]::sys::backtrace::BacktraceLock>::print::DisplayBacktrace as core[a373ad73a504971]::fmt::Display>::fmt
[INFO] [stdout]    1:     0x5eba9b4fabca - core[a373ad73a504971]::fmt::write
[INFO] [stdout]    2:     0x5eba9b4ea3cc - <alloc[2e1b2a31b91974c5]::vec::Vec<u8> as core[a373ad73a504971]::io::write::Write>::write_fmt
[INFO] [stdout]    3:     0x5eba9b4c0bd6 - std[617be2ca0a6fd877]::panicking::default_hook::{closure#0}
[INFO] [stdout]    4:     0x5eba9b4dd439 - std[617be2ca0a6fd877]::panicking::default_hook
[INFO] [stdout]    5:     0x5eba9b46d3c0 - test[aada8e7e76ba119b]::test_main_inner::{closure#0}
[INFO] [stdout]    6:     0x5eba9b4dd5f2 - std[617be2ca0a6fd877]::panicking::panic_with_hook
[INFO] [stdout]    7:     0x5eba9b4c0c82 - std[617be2ca0a6fd877]::panicking::panic_handler::{closure#0}
[INFO] [stdout]    8:     0x5eba9b4b98e9 - std[617be2ca0a6fd877]::sys::backtrace::__rust_end_short_backtrace::<std[617be2ca0a6fd877]::panicking::panic_handler::{closure#0}, !>
[INFO] [stdout]    9:     0x5eba9b4c188d - __rustc[ea4f61d10b84890b]::rust_begin_unwind
[INFO] [stdout]   10:     0x5eba9b4fb2fc - core[a373ad73a504971]::panicking::panic_fmt
[INFO] [stdout]   11:     0x5eba9b4fb0d2 - core[a373ad73a504971]::result::unwrap_failed
[INFO] [stdout]   12:     0x5eba9b460356 - <integration_tests[fc29fffde0a56f5b]::test_fails_if_properties_are_not_valid_json::{closure#0} as core[a373ad73a504971]::ops::function::FnOnce<()>>::call_once
[INFO] [stdout]   13:     0x5eba9b46080b - test[aada8e7e76ba119b]::__rust_begin_short_backtrace::<core[a373ad73a504971]::result::Result<(), alloc[2e1b2a31b91974c5]::string::String>, fn() -> core[a373ad73a504971]::result::Result<(), alloc[2e1b2a31b91974c5]::string::String>>
[INFO] [stdout]   14:     0x5eba9b46d9e5 - test[aada8e7e76ba119b]::run_test::{closure#0}
[INFO] [stdout]   15:     0x5eba9b4672d4 - std[617be2ca0a6fd877]::sys::backtrace::__rust_begin_short_backtrace::<test[aada8e7e76ba119b]::run_test::{closure#1}, ()>
[INFO] [stdout]   16:     0x5eba9b470a72 - <std[617be2ca0a6fd877]::thread::lifecycle::spawn_unchecked<test[aada8e7e76ba119b]::run_test::{closure#1}, ()>::{closure#1} as core[a373ad73a504971]::ops::function::FnOnce<()>>::call_once::{shim:vtable#0}
[INFO] [stdout]   17:     0x5eba9b4e46df - <std[617be2ca0a6fd877]::sys::thread::unix::Thread>::new::thread_start
[INFO] [stdout]   18:     0x7ccde10a2dfa - <unknown>
[INFO] [stdout]   19:     0x7ccde11363d4 - clone
[INFO] [stdout]   20:                0x0 - <unknown>
[INFO] [stdout] 
[INFO] [stdout] ---- test_fails_if_template_file_not_found stdout ----
[INFO] [stdout] 
[INFO] [stdout] thread 'test_fails_if_template_file_not_found' (1222) panicked at tests/integration_tests.rs:45:5:
[INFO] [stdout] called `Result::unwrap()` on an `Err` value: CargoError { cause: Some(NotFoundError { path: "/opt/rustwide/target/release/build/handlebars-cli/d131b3633ff136ad/out/handlebars-cli" }) }
[INFO] [stdout] stack backtrace:
[INFO] [stdout]    0:     0x5eba9b4e4f01 - <<std[617be2ca0a6fd877]::sys::backtrace::BacktraceLock>::print::DisplayBacktrace as core[a373ad73a504971]::fmt::Display>::fmt
[INFO] [stdout]    1:     0x5eba9b4fabca - core[a373ad73a504971]::fmt::write
[INFO] [stdout]    2:     0x5eba9b4ea3cc - <alloc[2e1b2a31b91974c5]::vec::Vec<u8> as core[a373ad73a504971]::io::write::Write>::write_fmt
[INFO] [stdout]    3:     0x5eba9b4c0bd6 - std[617be2ca0a6fd877]::panicking::default_hook::{closure#0}
[INFO] [stdout]    4:     0x5eba9b4dd439 - std[617be2ca0a6fd877]::panicking::default_hook
[INFO] [stdout]    5:     0x5eba9b46d3c0 - test[aada8e7e76ba119b]::test_main_inner::{closure#0}
[INFO] [stdout]    6:     0x5eba9b4dd5f2 - std[617be2ca0a6fd877]::panicking::panic_with_hook
[INFO] [stdout]    7:     0x5eba9b4c0c82 - std[617be2ca0a6fd877]::panicking::panic_handler::{closure#0}
[INFO] [stdout]    8:     0x5eba9b4b98e9 - std[617be2ca0a6fd877]::sys::backtrace::__rust_end_short_backtrace::<std[617be2ca0a6fd877]::panicking::panic_handler::{closure#0}, !>
[INFO] [stdout]    9:     0x5eba9b4c188d - __rustc[ea4f61d10b84890b]::rust_begin_unwind
[INFO] [stdout]   10:     0x5eba9b4fb2fc - core[a373ad73a504971]::panicking::panic_fmt
[INFO] [stdout]   11:     0x5eba9b4fb0d2 - core[a373ad73a504971]::result::unwrap_failed
[INFO] [stdout]   12:     0x5eba9b45fd46 - <integration_tests[fc29fffde0a56f5b]::test_fails_if_template_file_not_found::{closure#0} as core[a373ad73a504971]::ops::function::FnOnce<()>>::call_once
[INFO] [stdout]   13:     0x5eba9b46080b - test[aada8e7e76ba119b]::__rust_begin_short_backtrace::<core[a373ad73a504971]::result::Result<(), alloc[2e1b2a31b91974c5]::string::String>, fn() -> core[a373ad73a504971]::result::Result<(), alloc[2e1b2a31b91974c5]::string::String>>
[INFO] [stdout]   14:     0x5eba9b46d9e5 - test[aada8e7e76ba119b]::run_test::{closure#0}
[INFO] [stdout]   15:     0x5eba9b4672d4 - std[617be2ca0a6fd877]::sys::backtrace::__rust_begin_short_backtrace::<test[aada8e7e76ba119b]::run_test::{closure#1}, ()>
[INFO] [stdout]   16:     0x5eba9b470a72 - <std[617be2ca0a6fd877]::thread::lifecycle::spawn_unchecked<test[aada8e7e76ba119b]::run_test::{closure#1}, ()>::{closure#1} as core[a373ad73a504971]::ops::function::FnOnce<()>>::call_once::{shim:vtable#0}
[INFO] [stdout]   17:     0x5eba9b4e46df - <std[617be2ca0a6fd877]::sys::thread::unix::Thread>::new::thread_start
[INFO] [stdout]   18:     0x7ccde10a2dfa - <unknown>
[INFO] [stdout]   19:     0x7ccde11363d4 - clone
[INFO] [stdout]   20:                0x0 - <unknown>
[INFO] [stdout] 
[INFO] [stdout] ---- test_fails_with_usage_if_no_params stdout ----
[INFO] [stdout] 
[INFO] [stdout] thread 'test_fails_with_usage_if_no_params' (1224) panicked at tests/integration_tests.rs:18:5:
[INFO] [stdout] called `Result::unwrap()` on an `Err` value: CargoError { cause: Some(NotFoundError { path: "/opt/rustwide/target/release/build/handlebars-cli/d131b3633ff136ad/out/handlebars-cli" }) }
[INFO] [stdout] stack backtrace:
[INFO] [stdout]    0:     0x5eba9b4e4f01 - <<std[617be2ca0a6fd877]::sys::backtrace::BacktraceLock>::print::DisplayBacktrace as core[a373ad73a504971]::fmt::Display>::fmt
[INFO] [stdout]    1:     0x5eba9b4fabca - core[a373ad73a504971]::fmt::write
[INFO] [stdout]    2:     0x5eba9b4ea3cc - <alloc[2e1b2a31b91974c5]::vec::Vec<u8> as core[a373ad73a504971]::io::write::Write>::write_fmt
[INFO] [stdout]    3:     0x5eba9b4c0bd6 - std[617be2ca0a6fd877]::panicking::default_hook::{closure#0}
[INFO] [stdout]    4:     0x5eba9b4dd439 - std[617be2ca0a6fd877]::panicking::default_hook
[INFO] [stdout]    5:     0x5eba9b46d3c0 - test[aada8e7e76ba119b]::test_main_inner::{closure#0}
[INFO] [stdout]    6:     0x5eba9b4dd5f2 - std[617be2ca0a6fd877]::panicking::panic_with_hook
[INFO] [stdout]    7:     0x5eba9b4c0c82 - std[617be2ca0a6fd877]::panicking::panic_handler::{closure#0}
[INFO] [stdout]    8:     0x5eba9b4b98e9 - std[617be2ca0a6fd877]::sys::backtrace::__rust_end_short_backtrace::<std[617be2ca0a6fd877]::panicking::panic_handler::{closure#0}, !>
[INFO] [stdout]    9:     0x5eba9b4c188d - __rustc[ea4f61d10b84890b]::rust_begin_unwind
[INFO] [stdout]   10:     0x5eba9b4fb2fc - core[a373ad73a504971]::panicking::panic_fmt
[INFO] [stdout]   11:     0x5eba9b4fb0d2 - core[a373ad73a504971]::result::unwrap_failed
[INFO] [stdout]   12:     0x5eba9b45faa6 - <integration_tests[fc29fffde0a56f5b]::test_fails_with_usage_if_no_params::{closure#0} as core[a373ad73a504971]::ops::function::FnOnce<()>>::call_once
[INFO] [stdout]   13:     0x5eba9b46080b - test[aada8e7e76ba119b]::__rust_begin_short_backtrace::<core[a373ad73a504971]::result::Result<(), alloc[2e1b2a31b91974c5]::string::String>, fn() -> core[a373ad73a504971]::result::Result<(), alloc[2e1b2a31b91974c5]::string::String>>
[INFO] [stdout]   14:     0x5eba9b46d9e5 - test[aada8e7e76ba119b]::run_test::{closure#0}
[INFO] [stdout]   15:     0x5eba9b4672d4 - std[617be2ca0a6fd877]::sys::backtrace::__rust_begin_short_backtrace::<test[aada8e7e76ba119b]::run_test::{closure#1}, ()>
[INFO] [stdout]   16:     0x5eba9b470a72 - <std[617be2ca0a6fd877]::thread::lifecycle::spawn_unchecked<test[aada8e7e76ba119b]::run_test::{closure#1}, ()>::{closure#1} as core[a373ad73a504971]::ops::function::FnOnce<()>>::call_once::{shim:vtable#0}
[INFO] [stdout]   17:     0x5eba9b4e46df - <std[617be2ca0a6fd877]::sys::thread::unix::Thread>::new::thread_start
[INFO] [stdout]   18:     0x7ccde10a2dfa - <unknown>
[INFO] [stdout]   19:     0x7ccde11363d4 - clone
[INFO] [stdout]   20:                0x0 - <unknown>
[INFO] [stdout] 
[INFO] [stdout] ---- test_fails_if_template_file_uses_property_not_found stdout ----
[INFO] [stdout] 
[INFO] [stdout] thread 'test_fails_if_template_file_uses_property_not_found' (1223) panicked at tests/integration_tests.rs:55:5:
[INFO] [stdout] called `Result::unwrap()` on an `Err` value: CargoError { cause: Some(NotFoundError { path: "/opt/rustwide/target/release/build/handlebars-cli/d131b3633ff136ad/out/handlebars-cli" }) }
[INFO] [stdout] stack backtrace:
[INFO] [stdout]    0:     0x5eba9b4e4f01 - <<std[617be2ca0a6fd877]::sys::backtrace::BacktraceLock>::print::DisplayBacktrace as core[a373ad73a504971]::fmt::Display>::fmt
[INFO] [stdout]    1:     0x5eba9b4fabca - core[a373ad73a504971]::fmt::write
[INFO] [stdout]    2:     0x5eba9b4ea3cc - <alloc[2e1b2a31b91974c5]::vec::Vec<u8> as core[a373ad73a504971]::io::write::Write>::write_fmt
[INFO] [stdout]    3:     0x5eba9b4c0bd6 - std[617be2ca0a6fd877]::panicking::default_hook::{closure#0}
[INFO] [stdout]    4:     0x5eba9b4dd439 - std[617be2ca0a6fd877]::panicking::default_hook
[INFO] [stdout]    5:     0x5eba9b46d3c0 - test[aada8e7e76ba119b]::test_main_inner::{closure#0}
[INFO] [stdout]    6:     0x5eba9b4dd5f2 - std[617be2ca0a6fd877]::panicking::panic_with_hook
[INFO] [stdout]    7:     0x5eba9b4c0c82 - std[617be2ca0a6fd877]::panicking::panic_handler::{closure#0}
[INFO] [stdout]    8:     0x5eba9b4b98e9 - std[617be2ca0a6fd877]::sys::backtrace::__rust_end_short_backtrace::<std[617be2ca0a6fd877]::panicking::panic_handler::{closure#0}, !>
[INFO] [stdout]    9:     0x5eba9b4c188d - __rustc[ea4f61d10b84890b]::rust_begin_unwind
[INFO] [stdout]   10:     0x5eba9b4fb2fc - core[a373ad73a504971]::panicking::panic_fmt
[INFO] [stdout]   11:     0x5eba9b4fb0d2 - core[a373ad73a504971]::result::unwrap_failed
[INFO] [stdout]   12:     0x5eba9b4605c6 - <integration_tests[fc29fffde0a56f5b]::test_fails_if_template_file_uses_property_not_found::{closure#0} as core[a373ad73a504971]::ops::function::FnOnce<()>>::call_once
[INFO] [stdout]   13:     0x5eba9b46080b - test[aada8e7e76ba119b]::__rust_begin_short_backtrace::<core[a373ad73a504971]::result::Result<(), alloc[2e1b2a31b91974c5]::string::String>, fn() -> core[a373ad73a504971]::result::Result<(), alloc[2e1b2a31b91974c5]::string::String>>
[INFO] [stdout]   14:     0x5eba9b46d9e5 - test[aada8e7e76ba119b]::run_test::{closure#0}
[INFO] [stdout]   15:     0x5eba9b4672d4 - std[617be2ca0a6fd877]::sys::backtrace::__rust_begin_short_backtrace::<test[aada8e7e76ba119b]::run_test::{closure#1}, ()>
[INFO] [stdout]   16:     0x5eba9b470a72 - <std[617be2ca0a6fd877]::thread::lifecycle::spawn_unchecked<test[aada8e7e76ba119b]::run_test::{closure#1}, ()>::{closure#1} as core[a373ad73a504971]::ops::function::FnOnce<()>>::call_once::{shim:vtable#0}
[INFO] [stdout]   17:     0x5eba9b4e46df - <std[617be2ca0a6fd877]::sys::thread::unix::Thread>::new::thread_start
[INFO] [stdout]   18:     0x7ccde10a2dfa - <unknown>
[INFO] [stdout]   19:     0x7ccde11363d4 - clone
[INFO] [stdout]   20:                0x0 - <unknown>
[INFO] [stdout] 
[INFO] [stdout] ---- test_succeeds_when_noop stdout ----
[INFO] [stdout] 
[INFO] [stdout] thread 'test_succeeds_when_noop' (1225) panicked at tests/integration_tests.rs:68:5:
[INFO] [stdout] called `Result::unwrap()` on an `Err` value: CargoError { cause: Some(NotFoundError { path: "/opt/rustwide/target/release/build/handlebars-cli/d131b3633ff136ad/out/handlebars-cli" }) }
[INFO] [stdout] stack backtrace:
[INFO] [stdout]    0:     0x5eba9b4e4f01 - <<std[617be2ca0a6fd877]::sys::backtrace::BacktraceLock>::print::DisplayBacktrace as core[a373ad73a504971]::fmt::Display>::fmt
[INFO] [stdout]    1:     0x5eba9b4fabca - core[a373ad73a504971]::fmt::write
[INFO] [stdout]    2:     0x5eba9b4ea3cc - <alloc[2e1b2a31b91974c5]::vec::Vec<u8> as core[a373ad73a504971]::io::write::Write>::write_fmt
[INFO] [stdout]    3:     0x5eba9b4c0bd6 - std[617be2ca0a6fd877]::panicking::default_hook::{closure#0}
[INFO] [stdout]    4:     0x5eba9b4dd439 - std[617be2ca0a6fd877]::panicking::default_hook
[INFO] [stdout]    5:     0x5eba9b46d3c0 - test[aada8e7e76ba119b]::test_main_inner::{closure#0}
[INFO] [stdout]    6:     0x5eba9b4dd5f2 - std[617be2ca0a6fd877]::panicking::panic_with_hook
[INFO] [stdout]    7:     0x5eba9b4c0c82 - std[617be2ca0a6fd877]::panicking::panic_handler::{closure#0}
[INFO] [stdout]    8:     0x5eba9b4b98e9 - std[617be2ca0a6fd877]::sys::backtrace::__rust_end_short_backtrace::<std[617be2ca0a6fd877]::panicking::panic_handler::{closure#0}, !>
[INFO] [stdout]    9:     0x5eba9b4c188d - __rustc[ea4f61d10b84890b]::rust_begin_unwind
[INFO] [stdout]   10:     0x5eba9b4fb2fc - core[a373ad73a504971]::panicking::panic_fmt
[INFO] [stdout]   11:     0x5eba9b4fb0d2 - core[a373ad73a504971]::result::unwrap_failed
[INFO] [stdout]   12:     0x5eba9b45f5d1 - <integration_tests[fc29fffde0a56f5b]::test_succeeds_when_noop::{closure#0} as core[a373ad73a504971]::ops::function::FnOnce<()>>::call_once
[INFO] [stdout]   13:     0x5eba9b46080b - test[aada8e7e76ba119b]::__rust_begin_short_backtrace::<core[a373ad73a504971]::result::Result<(), alloc[2e1b2a31b91974c5]::string::String>, fn() -> core[a373ad73a504971]::result::Result<(), alloc[2e1b2a31b91974c5]::string::String>>
[INFO] [stdout]   14:     0x5eba9b46d9e5 - test[aada8e7e76ba119b]::run_test::{closure#0}
[INFO] [stdout]   15:     0x5eba9b4672d4 - std[617be2ca0a6fd877]::sys::backtrace::__rust_begin_short_backtrace::<test[aada8e7e76ba119b]::run_test::{closure#1}, ()>
[INFO] [stdout]   16:     0x5eba9b470a72 - <std[617be2ca0a6fd877]::thread::lifecycle::spawn_unchecked<test[aada8e7e76ba119b]::run_test::{closure#1}, ()>::{closure#1} as core[a373ad73a504971]::ops::function::FnOnce<()>>::call_once::{shim:vtable#0}
[INFO] [stdout]   17:     0x5eba9b4e46df - <std[617be2ca0a6fd877]::sys::thread::unix::Thread>::new::thread_start
[INFO] [stdout]   18:     0x7ccde10a2dfa - <unknown>
[INFO] [stdout]   19:     0x7ccde11363d4 - clone
[INFO] [stdout]   20:                0x0 - <unknown>
[INFO] [stdout] 
[INFO] [stdout] ---- test_succeeds_when_templating_successful stdout ----
[INFO] [stdout] 
[INFO] [stdout] thread 'test_succeeds_when_templating_successful' (1226) panicked at tests/integration_tests.rs:83:5:
[INFO] [stdout] called `Result::unwrap()` on an `Err` value: CargoError { cause: Some(NotFoundError { path: "/opt/rustwide/target/release/build/handlebars-cli/d131b3633ff136ad/out/handlebars-cli" }) }
[INFO] [stdout] stack backtrace:
[INFO] [stdout]    0:     0x5eba9b4e4f01 - <<std[617be2ca0a6fd877]::sys::backtrace::BacktraceLock>::print::DisplayBacktrace as core[a373ad73a504971]::fmt::Display>::fmt
[INFO] [stdout]    1:     0x5eba9b4fabca - core[a373ad73a504971]::fmt::write
[INFO] [stdout]    2:     0x5eba9b4ea3cc - <alloc[2e1b2a31b91974c5]::vec::Vec<u8> as core[a373ad73a504971]::io::write::Write>::write_fmt
[INFO] [stdout]    3:     0x5eba9b4c0bd6 - std[617be2ca0a6fd877]::panicking::default_hook::{closure#0}
[INFO] [stdout]    4:     0x5eba9b4dd439 - std[617be2ca0a6fd877]::panicking::default_hook
[INFO] [stdout]    5:     0x5eba9b46d3c0 - test[aada8e7e76ba119b]::test_main_inner::{closure#0}
[INFO] [stdout]    6:     0x5eba9b4dd5f2 - std[617be2ca0a6fd877]::panicking::panic_with_hook
[INFO] [stdout]    7:     0x5eba9b4c0c82 - std[617be2ca0a6fd877]::panicking::panic_handler::{closure#0}
[INFO] [stdout]    8:     0x5eba9b4b98e9 - std[617be2ca0a6fd877]::sys::backtrace::__rust_end_short_backtrace::<std[617be2ca0a6fd877]::panicking::panic_handler::{closure#0}, !>
[INFO] [stdout]    9:     0x5eba9b4c188d - __rustc[ea4f61d10b84890b]::rust_begin_unwind
[INFO] [stdout]   10:     0x5eba9b4fb2fc - core[a373ad73a504971]::panicking::panic_fmt
[INFO] [stdout]   11:     0x5eba9b4fb0d2 - core[a373ad73a504971]::result::unwrap_failed
[INFO] [stdout]   12:     0x5eba9b460081 - <integration_tests[fc29fffde0a56f5b]::test_succeeds_when_templating_successful::{closure#0} as core[a373ad73a504971]::ops::function::FnOnce<()>>::call_once
[INFO] [stdout]   13:     0x5eba9b46080b - test[aada8e7e76ba119b]::__rust_begin_short_backtrace::<core[a373ad73a504971]::result::Result<(), alloc[2e1b2a31b91974c5]::string::String>, fn() -> core[a373ad73a504971]::result::Result<(), alloc[2e1b2a31b91974c5]::string::String>>
[INFO] [stdout]   14:     0x5eba9b46d9e5 - test[aada8e7e76ba119b]::run_test::{closure#0}
[INFO] [stdout]   15:     0x5eba9b4672d4 - std[617be2ca0a6fd877]::sys::backtrace::__rust_begin_short_backtrace::<test[aada8e7e76ba119b]::run_test::{closure#1}, ()>
[INFO] [stdout]   16:     0x5eba9b470a72 - <std[617be2ca0a6fd877]::thread::lifecycle::spawn_unchecked<test[aada8e7e76ba119b]::run_test::{closure#1}, ()>::{closure#1} as core[a373ad73a504971]::ops::function::FnOnce<()>>::call_once::{shim:vtable#0}
[INFO] [stdout]   17:     0x5eba9b4e46df - <std[617be2ca0a6fd877]::sys::thread::unix::Thread>::new::thread_start
[INFO] [stdout]   18:     0x7ccde10a2dfa - <unknown>
[INFO] [stdout]   19:     0x7ccde11363d4 - clone
[INFO] [stdout]   20:                0x0 - <unknown>
[INFO] [stdout] 
[INFO] [stdout] 
[INFO] [stdout] failures:
[INFO] [stdout]     test_fails_if_only_one_param
[INFO] [stdout]     test_fails_if_properties_are_not_valid_json
[INFO] [stdout]     test_fails_if_template_file_not_found
[INFO] [stdout]     test_fails_if_template_file_uses_property_not_found
[INFO] [stdout]     test_fails_with_usage_if_no_params
[INFO] [stdout]     test_succeeds_when_noop
[INFO] [stdout]     test_succeeds_when_templating_successful
[INFO] [stdout] 
[INFO] [stdout] test result: FAILED. 0 passed; 7 failed; 0 ignored; 0 measured; 0 filtered out; finished in 0.00s
[INFO] [stdout] 
[INFO] running `Command { std: "docker" "inspect" "a7f6827eaea775dbde36405efc7c8760a88f287b88a14015254a8edddb4b6f70", kill_on_drop: false }`
[INFO] running `Command { std: "docker" "rm" "-f" "a7f6827eaea775dbde36405efc7c8760a88f287b88a14015254a8edddb4b6f70", kill_on_drop: false }`
[INFO] [stdout] a7f6827eaea775dbde36405efc7c8760a88f287b88a14015254a8edddb4b6f70
