[INFO] fetching crate git-queue 0.1.3...
[INFO] testing git-queue-0.1.3 against 1.100.0-beta.1+cargoflags=--release for beta-release-1.100-3
[INFO] extracting crate git-queue 0.1.3 into /workspace/builds/worker-0-tc2/source
[INFO] started tweaking crates.io crate git-queue 0.1.3
[INFO] finished tweaking crates.io crate git-queue 0.1.3
[INFO] tweaked toml for crates.io crate git-queue 0.1.3 written to /workspace/builds/worker-0-tc2/source/Cargo.toml
[INFO] validating manifest of crates.io crate git-queue 0.1.3 on toolchain 1.100.0-beta.1
[INFO] running `Command { std: CARGO_HOME="/workspace/cargo-home" RUSTUP_HOME="/workspace/rustup-home" "/workspace/cargo-home/bin/cargo" "+1.100.0-beta.1" "metadata" "--manifest-path" "Cargo.toml" "--no-deps", kill_on_drop: false }`
[INFO] crate crates.io crate git-queue 0.1.3 already has a lockfile, it will not be regenerated
[INFO] running `Command { std: CARGO_HOME="/workspace/cargo-home" RUSTUP_HOME="/workspace/rustup-home" "/workspace/cargo-home/bin/cargo" "+1.100.0-beta.1" "fetch" "--manifest-path" "Cargo.toml", kill_on_drop: false }`
[INFO] running `Command { std: "docker" "create" "-v" "/var/lib/crater-agent-workspace/builds/worker-0-tc2/source:/opt/rustwide/workdir:ro,Z" "-v" "/var/lib/crater-agent-workspace/builds/worker-0-tc2/target:/opt/rustwide/target:rw,Z" "-v" "/var/lib/crater-agent-workspace/cargo-home:/opt/rustwide/cargo-home:ro,Z" "-v" "/var/lib/crater-agent-workspace/rustup-home:/opt/rustwide/rustup-home:ro,Z" "-m" "1610612736" "--network" "none" "ghcr.io/rust-lang/crates-build-env/linux@sha256:77db811e55d90add9212f6832c23229e3de5f1c1f9905e8cb07319ea15df73ac" "sleep" "infinity", kill_on_drop: false }`
[INFO] [stdout] e7b06c51c9b6a25cbe2256fab94bd029fdfd4261fcb4d4fb1f02d7e85569186d
[INFO] running `Command { std: "docker" "start" "e7b06c51c9b6a25cbe2256fab94bd029fdfd4261fcb4d4fb1f02d7e85569186d", kill_on_drop: false }`
[INFO] running `Command { std: "docker" "inspect" "e7b06c51c9b6a25cbe2256fab94bd029fdfd4261fcb4d4fb1f02d7e85569186d", kill_on_drop: false }`
[INFO] running `Command { std: "docker" "exec" "-e" "SOURCE_DIR=/opt/rustwide/workdir" "-e" "CARGO_HOME=/opt/rustwide/cargo-home" "-e" "RUSTUP_HOME=/opt/rustwide/rustup-home" "-e" "CARGO_TARGET_DIR=/opt/rustwide/target" "-w" "/opt/rustwide/workdir" "--user" "0:0" "e7b06c51c9b6a25cbe2256fab94bd029fdfd4261fcb4d4fb1f02d7e85569186d" "/opt/rustwide/cargo-home/bin/cargo" "+1.100.0-beta.1" "metadata" "--no-deps" "--format-version=1", kill_on_drop: false }`
[INFO] running `Command { std: "docker" "inspect" "e7b06c51c9b6a25cbe2256fab94bd029fdfd4261fcb4d4fb1f02d7e85569186d", kill_on_drop: false }`
[INFO] running `Command { std: "docker" "exec" "-e" "SOURCE_DIR=/opt/rustwide/workdir" "-e" "CARGO_HOME=/opt/rustwide/cargo-home" "-e" "RUSTUP_HOME=/opt/rustwide/rustup-home" "-e" "CARGO_TARGET_DIR=/opt/rustwide/target" "-e" "CARGO_INCREMENTAL=0" "-e" "RUST_BACKTRACE=full" "-e" "RUSTFLAGS=--cap-lints=warn" "-e" "RUSTDOCFLAGS=--cap-lints=warn" "-w" "/opt/rustwide/workdir" "--user" "0:0" "e7b06c51c9b6a25cbe2256fab94bd029fdfd4261fcb4d4fb1f02d7e85569186d" "/opt/rustwide/cargo-home/bin/cargo" "+1.100.0-beta.1" "build" "--frozen" "--message-format=json" "--release", kill_on_drop: false }`
[INFO] [stderr]    Compiling proc-macro2 v1.0.106
[INFO] [stderr]    Compiling quote v1.0.46
[INFO] [stderr]    Compiling unicode-ident v1.0.24
[INFO] [stderr]    Compiling libc v0.2.186
[INFO] [stderr]    Compiling utf8parse v0.2.2
[INFO] [stderr]    Compiling cfg-if v1.0.4
[INFO] [stderr]    Compiling is_terminal_polyfill v1.70.2
[INFO] [stderr]    Compiling signal-hook v0.3.18
[INFO] [stderr]    Compiling anstyle-query v1.1.5
[INFO] [stderr]    Compiling anstyle v1.0.14
[INFO] [stderr]    Compiling colorchoice v1.0.5
[INFO] [stderr]    Compiling log v0.4.33
[INFO] [stderr]    Compiling rustix v0.38.44
[INFO] [stderr]    Compiling serde_core v1.0.228
[INFO] [stderr]    Compiling strsim v0.11.1
[INFO] [stderr]    Compiling smallvec v1.15.2
[INFO] [stderr]    Compiling clap_lex v1.1.0
[INFO] [stderr]    Compiling anstyle-parse v1.0.0
[INFO] [stderr]    Compiling foldhash v0.1.5
[INFO] [stderr]    Compiling either v1.16.0
[INFO] [stderr]    Compiling paste v1.0.15
[INFO] [stderr]    Compiling instability v0.3.12
[INFO] [stderr]    Compiling linux-raw-sys v0.4.15
[INFO] [stderr]    Compiling bitflags v2.13.0
[INFO] [stderr]    Compiling castaway v0.2.4
[INFO] [stderr]    Compiling anstream v1.0.0
[INFO] [stderr]    Compiling hashbrown v0.15.5
[INFO] [stderr]    Compiling unicode-segmentation v1.13.3
[INFO] [stderr]    Compiling itertools v0.13.0
[INFO] [stderr]    Compiling serde_json v1.0.150
[INFO] [stderr]    Compiling indoc v2.0.7
[INFO] [stderr]    Compiling static_assertions v1.1.0
[INFO] [stderr]    Compiling serde v1.0.228
[INFO] [stderr]    Compiling anyhow v1.0.103
[INFO] [stderr]    Compiling unicode-width v0.1.14
[INFO] [stderr]    Compiling getrandom v0.3.4
[INFO] [stderr]    Compiling compact_str v0.8.2
[INFO] [stderr]    Compiling cassowary v0.3.0
[INFO] [stderr]    Compiling clap_builder v4.6.0
[INFO] [stderr]    Compiling memchr v2.8.3
[INFO] [stderr]    Compiling unicode-width v0.2.0
[INFO] [stderr]    Compiling roff v1.1.1
[INFO] [stderr]    Compiling syn v2.0.119
[INFO] [stderr]    Compiling lru v0.12.5
[INFO] [stderr]    Compiling errno v0.3.14
[INFO] [stderr]    Compiling parking_lot_core v0.9.12
[INFO] [stderr]    Compiling mio v1.2.2
[INFO] [stderr]    Compiling parking_lot v0.12.5
[INFO] [stderr]    Compiling signal-hook-registry v1.4.8
[INFO] [stderr]    Compiling signal-hook-mio v0.2.5
[INFO] [stderr]    Compiling crossterm v0.28.1
[INFO] [stderr]    Compiling unicode-truncate v1.1.0
[INFO] [stderr]    Compiling darling_core v0.23.0
[INFO] [stderr]    Compiling clap_derive v4.6.1
[INFO] [stderr]    Compiling strum_macros v0.26.4
[INFO] [stderr]    Compiling serde_derive v1.0.228
[INFO] [stderr]    Compiling strum v0.26.3
[INFO] [stderr]    Compiling clap v4.6.1
[INFO] [stderr]    Compiling clap_mangen v0.2.33
[INFO] [stderr]    Compiling clap_complete v4.6.7
[INFO] [stderr]    Compiling darling_macro v0.23.0
[INFO] [stderr]    Compiling darling v0.23.0
[INFO] [stderr]    Compiling ratatui v0.29.0
[INFO] [stderr]    Compiling git-queue v0.1.3 (/opt/rustwide/workdir)
[INFO] [stderr]     Finished `release` profile [optimized] target(s) in 39.64s
[INFO] running `Command { std: "docker" "inspect" "e7b06c51c9b6a25cbe2256fab94bd029fdfd4261fcb4d4fb1f02d7e85569186d", kill_on_drop: false }`
[INFO] running `Command { std: "docker" "exec" "-e" "SOURCE_DIR=/opt/rustwide/workdir" "-e" "CARGO_HOME=/opt/rustwide/cargo-home" "-e" "RUSTUP_HOME=/opt/rustwide/rustup-home" "-e" "CARGO_TARGET_DIR=/opt/rustwide/target" "-e" "CARGO_INCREMENTAL=0" "-e" "RUST_BACKTRACE=full" "-e" "RUSTFLAGS=--cap-lints=warn" "-e" "RUSTDOCFLAGS=--cap-lints=warn" "-w" "/opt/rustwide/workdir" "--user" "0:0" "e7b06c51c9b6a25cbe2256fab94bd029fdfd4261fcb4d4fb1f02d7e85569186d" "/opt/rustwide/cargo-home/bin/cargo" "+1.100.0-beta.1" "test" "--frozen" "--no-run" "--message-format=json" "--release", kill_on_drop: false }`
[INFO] [stderr]    Compiling rustix v1.1.4
[INFO] [stderr]    Compiling predicates-core v1.0.10
[INFO] [stderr]    Compiling getrandom v0.4.3
[INFO] [stderr]    Compiling linux-raw-sys v0.12.1
[INFO] [stderr]    Compiling assert_cmd v2.2.2
[INFO] [stderr]    Compiling regex-automata v0.4.15
[INFO] [stderr]    Compiling difflib v0.4.0
[INFO] [stderr]    Compiling termtree v0.5.1
[INFO] [stderr]    Compiling wait-timeout v0.2.1
[INFO] [stderr]    Compiling once_cell v1.21.4
[INFO] [stderr]    Compiling fastrand v2.4.1
[INFO] [stderr]    Compiling predicates-tree v1.0.13
[INFO] [stderr]    Compiling predicates v3.1.4
[INFO] [stderr]    Compiling bstr v1.13.0
[INFO] [stderr]    Compiling tempfile v3.27.0
[INFO] [stderr]    Compiling git-queue v0.1.3 (/opt/rustwide/workdir)
[INFO] [stderr]     Finished `release` profile [optimized] target(s) in 10.76s
[INFO] running `Command { std: "docker" "inspect" "e7b06c51c9b6a25cbe2256fab94bd029fdfd4261fcb4d4fb1f02d7e85569186d", kill_on_drop: false }`
[INFO] running `Command { std: "docker" "exec" "-e" "SOURCE_DIR=/opt/rustwide/workdir" "-e" "CARGO_HOME=/opt/rustwide/cargo-home" "-e" "RUSTUP_HOME=/opt/rustwide/rustup-home" "-e" "CARGO_TARGET_DIR=/opt/rustwide/target" "-e" "CARGO_INCREMENTAL=0" "-e" "RUST_BACKTRACE=full" "-e" "RUSTFLAGS=--cap-lints=warn" "-e" "RUSTDOCFLAGS=--cap-lints=warn" "-w" "/opt/rustwide/workdir" "--user" "0:0" "e7b06c51c9b6a25cbe2256fab94bd029fdfd4261fcb4d4fb1f02d7e85569186d" "/opt/rustwide/cargo-home/bin/cargo" "+1.100.0-beta.1" "test" "--frozen" "--release", kill_on_drop: false }`
[INFO] [stderr]     Finished `release` profile [optimized] target(s) in 0.11s
[INFO] [stderr]      Running unittests src/lib.rs (/opt/rustwide/target/release/build/git-queue/740571e3a9751681/out/git_queue-740571e3a9751681)
[INFO] [stdout] 
[INFO] [stdout] running 56 tests
[INFO] [stdout] test render::tests::classifies_diff_lines_headers_before_content ... ok
[INFO] [stdout] test render::tests::compose_builds_sections_and_stays_idempotent ... ok
[INFO] [stdout] test engine::tests::with_preserved_id_reattaches_the_original_trailer ... ok
[INFO] [stdout] test render::tests::gate_plan_descriptions_fit_github_status_limit ... ok
[INFO] [stdout] test render::tests::gate_plan_is_empty_when_no_pr_is_open ... ok
[INFO] [stdout] test git::tests::github_urls_parse_from_both_remote_forms ... ok
[INFO] [stdout] test engine::tests::rows_interleave_branch_headers_front_to_tip ... ok
[INFO] [stdout] test render::tests::gate_plan_marks_bottom_ready_and_blocks_the_rest ... ok
[INFO] [stdout] test engine::tests::combine_bodies_picks_the_nonempty_side_or_joins ... ok
[INFO] [stdout] test render::tests::nav_block_links_marks_current_and_shows_status ... ok
[INFO] [stdout] test render::tests::gate_plan_skips_merged_and_promotes_next_open_pr ... ok
[INFO] [stdout] test render::tests::strips_prior_number_prefix ... ok
[INFO] [stdout] test render::tests::gate_plan_ignores_closed_prs_and_unsubmitted_branches ... ok
[INFO] [stdout] test engine::tests::boundary_of_maps_commits_to_their_branch ... ok
[INFO] [stdout] test ident::tests::ids_are_unique_wellformed_and_prefix_diverse ... ok
[INFO] [stdout] test engine::tests::squash_todo_across_a_boundary_defers_the_older_ref ... ok
[INFO] [stdout] test engine::tests::reword_todo_marks_the_target_and_keeps_the_rest ... ok
[INFO] [stdout] test engine::tests::reconstruct_middle_reverts_only_selected_changes ... ok
[INFO] [stdout] test engine::tests::squash_todo_same_branch_folds_into_the_previous_pick ... ok
[INFO] [stdout] test engine::tests::reorder_todo_to_the_front_puts_the_pick_first ... ok
[INFO] [stdout] test render::tests::compose_omits_empty_sections ... ok
[INFO] [stdout] test engine::tests::parse_diff_numbers_selectable_lines ... ok
[INFO] [stdout] test engine::tests::drop_todo_omits_the_dropped_pick_and_keeps_update_refs ... ok
[INFO] [stdout] test engine::tests::reorder_todo_moves_a_pick_across_a_boundary_update_ref ... ok
[INFO] [stdout] test view::tests::declining_dissolve_keeps_the_empty_branch ... FAILED
[INFO] [stdout] test view::tests::cross_boundary_squash_offers_to_dissolve_the_emptied_branch ... FAILED
[INFO] [stdout] test view::tests::deleting_a_branches_last_commit_offers_dissolve ... FAILED
[INFO] [stdout] test view::tests::confirming_split_with_all_lines_selected_is_rejected ... ok
[INFO] [stdout] test view::tests::pick_up_position_and_place_reorders_a_commit ... ok
[INFO] [stdout] test view::tests::add_boundary_via_prompt_splits_the_branch ... ok
[INFO] [stdout] test view::tests::a_conflicting_move_raises_the_prompt_and_undo_backs_out ... ok
[INFO] [stdout] test view::tests::leaving_a_dirty_edit_prompts_apply_or_discard ... ok
[INFO] [stdout] test view::tests::j_and_k_move_the_selection ... ok
[INFO] [stdout] test view::tests::focus_cycling_skips_hidden_panes ... ok
[INFO] [stdout] test view::tests::leaving_a_clean_edit_needs_no_prompt ... ok
[INFO] [stdout] test view::tests::escape_cancels_a_move ... ok
[INFO] [stdout] test view::tests::help_shows_operation_explanations_and_scrolls ... ok
[INFO] [stdout] test view::tests::dragging_the_vertical_divider_resizes_the_panes ... ok
[INFO] [stdout] test view::tests::editing_and_applying_rewords_the_selected_commit ... ok
[INFO] [stdout] test view::tests::placing_a_commit_at_its_own_gap_is_a_no_op ... ok
[INFO] [stdout] test view::tests::wrap_text_splits_on_word_boundaries ... ok
[INFO] [stdout] test view::tests::a_failed_op_surfaces_in_the_status_line ... ok
[INFO] [stdout] test view::tests::move_mode_renders_the_insertion_cursor ... ok
[INFO] [stdout] test view::tests::escape_cancels_the_split_selector ... ok
[INFO] [stdout] test view::tests::q_quits_and_help_toggles ... ok
[INFO] [stdout] test view::tests::quit_guard_prompts_once_operations_are_pending ... ok
[INFO] [stdout] test view::tests::renders_the_three_panes_with_queue_message_and_diff ... ok
[INFO] [stdout] test view::tests::resolving_a_conflict_sets_suspend_and_quits ... ok
[INFO] [stdout] test view::tests::shift_d_deletes_the_selected_commit ... ok
[INFO] [stdout] test view::tests::split_selector_toggles_lines_and_peels_into_a_new_commit ... ok
[INFO] [stdout] test view::tests::squash_prompts_for_a_combined_message_then_folds ... ok
[INFO] [stdout] test view::tests::squashing_the_front_commit_is_rejected ... ok
[INFO] [stdout] test view::tests::the_header_and_short_sha_render ... ok
[INFO] [stdout] test view::tests::toggling_hides_and_restores_the_right_panes ... ok
[INFO] [stdout] test view::tests::typing_does_not_touch_git_until_apply ... ok
[INFO] [stdout] test view::tests::undo_after_a_boundary_op_restores_the_single_branch ... ok
[INFO] [stdout] 
[INFO] [stdout] failures:
[INFO] [stdout] 
[INFO] [stdout] ---- view::tests::declining_dissolve_keeps_the_empty_branch stdout ----
[INFO] [stdout] 
[INFO] [stdout] thread 'view::tests::declining_dissolve_keeps_the_empty_branch' (1849) panicked at /opt/rustwide/cargo-home/registry/src/index.crates.io-1949cf8c6b5b557f/assert_cmd-2.2.2/src/cargo.rs:232:5:
[INFO] [stdout] `CARGO_BIN_EXE_git-queue` is unset
[INFO] [stdout] help: if this is running within a unit test, move it to an integration test to gain access to `CARGO_BIN_EXE_git-queue`
[INFO] [stdout] stack backtrace:
[INFO] [stdout]    0:     0x5887ad000ae1 - <<std[617be2ca0a6fd877]::sys::backtrace::BacktraceLock>::print::DisplayBacktrace as core[a373ad73a504971]::fmt::Display>::fmt
[INFO] [stdout]    1:     0x5887ad017fea - core[a373ad73a504971]::fmt::write
[INFO] [stdout]    2:     0x5887ad006acc - <alloc[2e1b2a31b91974c5]::vec::Vec<u8> as core[a373ad73a504971]::io::write::Write>::write_fmt
[INFO] [stdout]    3:     0x5887acfda6d6 - std[617be2ca0a6fd877]::panicking::default_hook::{closure#0}
[INFO] [stdout]    4:     0x5887acff8609 - std[617be2ca0a6fd877]::panicking::default_hook
[INFO] [stdout]    5:     0x5887acf61bc0 - test[aada8e7e76ba119b]::test_main_inner::{closure#0}
[INFO] [stdout]    6:     0x5887acff87c2 - std[617be2ca0a6fd877]::panicking::panic_with_hook
[INFO] [stdout]    7:     0x5887acfda782 - std[617be2ca0a6fd877]::panicking::panic_handler::{closure#0}
[INFO] [stdout]    8:     0x5887acfd2d59 - std[617be2ca0a6fd877]::sys::backtrace::__rust_end_short_backtrace::<std[617be2ca0a6fd877]::panicking::panic_handler::{closure#0}, !>
[INFO] [stdout]    9:     0x5887acfdb49d - __rustc[ea4f61d10b84890b]::rust_begin_unwind
[INFO] [stdout]   10:     0x5887ad0187cc - core[a373ad73a504971]::panicking::panic_fmt
[INFO] [stdout]   11:     0x5887acf9732f - assert_cmd[ad56ae7b308de30d]::cargo::missing_cargo_bin
[INFO] [stdout]   12:     0x5887acf970e3 - assert_cmd[ad56ae7b308de30d]::cargo::cargo_bin_str
[INFO] [stdout]   13:     0x5887acf4d686 - assert_cmd[ad56ae7b308de30d]::cargo::cargo_bin_cmd::<&str>
[INFO] [stdout]   14:     0x5887acf1ec08 - git_queue[40a498f685c5d9a1]::view::tests::repo_with_two_branches::{closure#0}
[INFO] [stdout]   15:     0x5887acf1f5ab - git_queue[40a498f685c5d9a1]::view::tests::repo_with_two_branches
[INFO] [stdout]   16:     0x5887acf2544b - <git_queue[40a498f685c5d9a1]::view::tests::declining_dissolve_keeps_the_empty_branch::{closure#0} as core[a373ad73a504971]::ops::function::FnOnce<()>>::call_once
[INFO] [stdout]   17:     0x5887acf5500b - test[aada8e7e76ba119b]::__rust_begin_short_backtrace::<core[a373ad73a504971]::result::Result<(), alloc[2e1b2a31b91974c5]::string::String>, fn() -> core[a373ad73a504971]::result::Result<(), alloc[2e1b2a31b91974c5]::string::String>>
[INFO] [stdout]   18:     0x5887acf621e5 - test[aada8e7e76ba119b]::run_test::{closure#0}
[INFO] [stdout]   19:     0x5887acf5bad4 - std[617be2ca0a6fd877]::sys::backtrace::__rust_begin_short_backtrace::<test[aada8e7e76ba119b]::run_test::{closure#1}, ()>
[INFO] [stdout]   20:     0x5887acf65272 - <std[617be2ca0a6fd877]::thread::lifecycle::spawn_unchecked<test[aada8e7e76ba119b]::run_test::{closure#1}, ()>::{closure#1} as core[a373ad73a504971]::ops::function::FnOnce<()>>::call_once::{shim:vtable#0}
[INFO] [stdout]   21:     0x5887ad0000df - <std[617be2ca0a6fd877]::sys::thread::unix::Thread>::new::thread_start
[INFO] [stdout]   22:     0x717a39704dfa - <unknown>
[INFO] [stdout]   23:     0x717a397983d4 - clone
[INFO] [stdout]   24:                0x0 - <unknown>
[INFO] [stdout] 
[INFO] [stdout] ---- view::tests::cross_boundary_squash_offers_to_dissolve_the_emptied_branch stdout ----
[INFO] [stdout] 
[INFO] [stdout] thread 'view::tests::cross_boundary_squash_offers_to_dissolve_the_emptied_branch' (1848) panicked at /opt/rustwide/cargo-home/registry/src/index.crates.io-1949cf8c6b5b557f/assert_cmd-2.2.2/src/cargo.rs:232:5:
[INFO] [stdout] `CARGO_BIN_EXE_git-queue` is unset
[INFO] [stdout] help: if this is running within a unit test, move it to an integration test to gain access to `CARGO_BIN_EXE_git-queue`
[INFO] [stdout] stack backtrace:
[INFO] [stdout]    0:     0x5887ad000ae1 - <<std[617be2ca0a6fd877]::sys::backtrace::BacktraceLock>::print::DisplayBacktrace as core[a373ad73a504971]::fmt::Display>::fmt
[INFO] [stdout]    1:     0x5887ad017fea - core[a373ad73a504971]::fmt::write
[INFO] [stdout]    2:     0x5887ad006acc - <alloc[2e1b2a31b91974c5]::vec::Vec<u8> as core[a373ad73a504971]::io::write::Write>::write_fmt
[INFO] [stdout]    3:     0x5887acfda6d6 - std[617be2ca0a6fd877]::panicking::default_hook::{closure#0}
[INFO] [stdout]    4:     0x5887acff8609 - std[617be2ca0a6fd877]::panicking::default_hook
[INFO] [stdout]    5:     0x5887acf61bc0 - test[aada8e7e76ba119b]::test_main_inner::{closure#0}
[INFO] [stdout]    6:     0x5887acff87c2 - std[617be2ca0a6fd877]::panicking::panic_with_hook
[INFO] [stdout]    7:     0x5887acfda782 - std[617be2ca0a6fd877]::panicking::panic_handler::{closure#0}
[INFO] [stdout]    8:     0x5887acfd2d59 - std[617be2ca0a6fd877]::sys::backtrace::__rust_end_short_backtrace::<std[617be2ca0a6fd877]::panicking::panic_handler::{closure#0}, !>
[INFO] [stdout]    9:     0x5887acfdb49d - __rustc[ea4f61d10b84890b]::rust_begin_unwind
[INFO] [stdout]   10:     0x5887ad0187cc - core[a373ad73a504971]::panicking::panic_fmt
[INFO] [stdout]   11:     0x5887acf9732f - assert_cmd[ad56ae7b308de30d]::cargo::missing_cargo_bin
[INFO] [stdout]   12:     0x5887acf970e3 - assert_cmd[ad56ae7b308de30d]::cargo::cargo_bin_str
[INFO] [stdout]   13:     0x5887acf4d686 - assert_cmd[ad56ae7b308de30d]::cargo::cargo_bin_cmd::<&str>
[INFO] [stdout]   14:     0x5887acf1ec08 - git_queue[40a498f685c5d9a1]::view::tests::repo_with_two_branches::{closure#0}
[INFO] [stdout]   15:     0x5887acf1f5ab - git_queue[40a498f685c5d9a1]::view::tests::repo_with_two_branches
[INFO] [stdout]   16:     0x5887acf2c07b - <git_queue[40a498f685c5d9a1]::view::tests::cross_boundary_squash_offers_to_dissolve_the_emptied_branch::{closure#0} as core[a373ad73a504971]::ops::function::FnOnce<()>>::call_once
[INFO] [stdout]   17:     0x5887acf5500b - test[aada8e7e76ba119b]::__rust_begin_short_backtrace::<core[a373ad73a504971]::result::Result<(), alloc[2e1b2a31b91974c5]::string::String>, fn() -> core[a373ad73a504971]::result::Result<(), alloc[2e1b2a31b91974c5]::string::String>>
[INFO] [stdout]   18:     0x5887acf621e5 - test[aada8e7e76ba119b]::run_test::{closure#0}
[INFO] [stdout]   19:     0x5887acf5bad4 - std[617be2ca0a6fd877]::sys::backtrace::__rust_begin_short_backtrace::<test[aada8e7e76ba119b]::run_test::{closure#1}, ()>
[INFO] [stdout]   20:     0x5887acf65272 - <std[617be2ca0a6fd877]::thread::lifecycle::spawn_unchecked<test[aada8e7e76ba119b]::run_test::{closure#1}, ()>::{closure#1} as core[a373ad73a504971]::ops::function::FnOnce<()>>::call_once::{shim:vtable#0}
[INFO] [stdout]   21:     0x5887ad0000df - <std[617be2ca0a6fd877]::sys::thread::unix::Thread>::new::thread_start
[INFO] [stdout]   22:     0x717a39704dfa - <unknown>
[INFO] [stdout]   23:     0x717a397983d4 - clone
[INFO] [stdout]   24:                0x0 - <unknown>
[INFO] [stdout] 
[INFO] [stdout] ---- view::tests::deleting_a_branches_last_commit_offers_dissolve stdout ----
[INFO] [stdout] 
[INFO] [stdout] thread 'view::tests::deleting_a_branches_last_commit_offers_dissolve' (1851) panicked at /opt/rustwide/cargo-home/registry/src/index.crates.io-1949cf8c6b5b557f/assert_cmd-2.2.2/src/cargo.rs:232:5:
[INFO] [stdout] `CARGO_BIN_EXE_git-queue` is unset
[INFO] [stdout] help: if this is running within a unit test, move it to an integration test to gain access to `CARGO_BIN_EXE_git-queue`
[INFO] [stdout] stack backtrace:
[INFO] [stdout]    0:     0x5887ad000ae1 - <<std[617be2ca0a6fd877]::sys::backtrace::BacktraceLock>::print::DisplayBacktrace as core[a373ad73a504971]::fmt::Display>::fmt
[INFO] [stdout]    1:     0x5887ad017fea - core[a373ad73a504971]::fmt::write
[INFO] [stdout]    2:     0x5887ad006acc - <alloc[2e1b2a31b91974c5]::vec::Vec<u8> as core[a373ad73a504971]::io::write::Write>::write_fmt
[INFO] [stdout]    3:     0x5887acfda6d6 - std[617be2ca0a6fd877]::panicking::default_hook::{closure#0}
[INFO] [stdout]    4:     0x5887acff8609 - std[617be2ca0a6fd877]::panicking::default_hook
[INFO] [stdout]    5:     0x5887acf61bc0 - test[aada8e7e76ba119b]::test_main_inner::{closure#0}
[INFO] [stdout]    6:     0x5887acff87c2 - std[617be2ca0a6fd877]::panicking::panic_with_hook
[INFO] [stdout]    7:     0x5887acfda782 - std[617be2ca0a6fd877]::panicking::panic_handler::{closure#0}
[INFO] [stdout]    8:     0x5887acfd2d59 - std[617be2ca0a6fd877]::sys::backtrace::__rust_end_short_backtrace::<std[617be2ca0a6fd877]::panicking::panic_handler::{closure#0}, !>
[INFO] [stdout]    9:     0x5887acfdb49d - __rustc[ea4f61d10b84890b]::rust_begin_unwind
[INFO] [stdout]   10:     0x5887ad0187cc - core[a373ad73a504971]::panicking::panic_fmt
[INFO] [stdout]   11:     0x5887acf9732f - assert_cmd[ad56ae7b308de30d]::cargo::missing_cargo_bin
[INFO] [stdout]   12:     0x5887acf970e3 - assert_cmd[ad56ae7b308de30d]::cargo::cargo_bin_str
[INFO] [stdout]   13:     0x5887acf4d686 - assert_cmd[ad56ae7b308de30d]::cargo::cargo_bin_cmd::<&str>
[INFO] [stdout]   14:     0x5887acf1ec08 - git_queue[40a498f685c5d9a1]::view::tests::repo_with_two_branches::{closure#0}
[INFO] [stdout]   15:     0x5887acf1f5ab - git_queue[40a498f685c5d9a1]::view::tests::repo_with_two_branches
[INFO] [stdout]   16:     0x5887acf2865e - <git_queue[40a498f685c5d9a1]::view::tests::deleting_a_branches_last_commit_offers_dissolve::{closure#0} as core[a373ad73a504971]::ops::function::FnOnce<()>>::call_once
[INFO] [stdout]   17:     0x5887acf5500b - test[aada8e7e76ba119b]::__rust_begin_short_backtrace::<core[a373ad73a504971]::result::Result<(), alloc[2e1b2a31b91974c5]::string::String>, fn() -> core[a373ad73a504971]::result::Result<(), alloc[2e1b2a31b91974c5]::string::String>>
[INFO] [stdout]   18:     0x5887acf621e5 - test[aada8e7e76ba119b]::run_test::{closure#0}
[INFO] [stdout]   19:     0x5887acf5bad4 - std[617be2ca0a6fd877]::sys::backtrace::__rust_begin_short_backtrace::<test[aada8e7e76ba119b]::run_test::{closure#1}, ()>
[INFO] [stdout]   20:     0x5887acf65272 - <std[617be2ca0a6fd877]::thread::lifecycle::spawn_unchecked<test[aada8e7e76ba119b]::run_test::{closure#1}, ()>::{closure#1} as core[a373ad73a504971]::ops::function::FnOnce<()>>::call_once::{shim:vtable#0}
[INFO] [stdout]   21:     0x5887ad0000df - <std[617be2ca0a6fd877]::sys::thread::unix::Thread>::new::thread_start
[INFO] [stdout]   22:     0x717a39704dfa - <unknown>
[INFO] [stdout]   23:     0x717a397983d4 - clone
[INFO] [stdout]   24:                0x0 - <unknown>
[INFO] [stdout] 
[INFO] [stdout] 
[INFO] [stdout] failures:
[INFO] [stdout]     view::tests::cross_boundary_squash_offers_to_dissolve_the_emptied_branch
[INFO] [stdout]     view::tests::declining_dissolve_keeps_the_empty_branch
[INFO] [stdout]     view::tests::deleting_a_branches_last_commit_offers_dissolve
[INFO] [stdout] 
[INFO] [stdout] test result: FAILED. 53 passed; 3 failed; 0 ignored; 0 measured; 0 filtered out; finished in 3.45s
[INFO] [stdout] 
[INFO] [stderr] error: test failed, to rerun pass `--lib`
[INFO] running `Command { std: "docker" "inspect" "e7b06c51c9b6a25cbe2256fab94bd029fdfd4261fcb4d4fb1f02d7e85569186d", kill_on_drop: false }`
[INFO] running `Command { std: "docker" "rm" "-f" "e7b06c51c9b6a25cbe2256fab94bd029fdfd4261fcb4d4fb1f02d7e85569186d", kill_on_drop: false }`
[INFO] [stdout] e7b06c51c9b6a25cbe2256fab94bd029fdfd4261fcb4d4fb1f02d7e85569186d
