[INFO] fetching crate geoscribe 0.5.0...
[INFO] testing geoscribe-0.5.0 against 1.100.0-beta.1+cargoflags=--release for beta-release-1.100-3
[INFO] extracting crate geoscribe 0.5.0 into /workspace/builds/worker-1-tc2/source
[INFO] started tweaking crates.io crate geoscribe 0.5.0
[INFO] removed 0 missing tests
[INFO] finished tweaking crates.io crate geoscribe 0.5.0
[INFO] tweaked toml for crates.io crate geoscribe 0.5.0 written to /workspace/builds/worker-1-tc2/source/Cargo.toml
[INFO] validating manifest of crates.io crate geoscribe 0.5.0 on toolchain 1.100.0-beta.1
[INFO] running `Command { std: CARGO_HOME="/workspace/cargo-home" RUSTUP_HOME="/workspace/rustup-home" "/workspace/cargo-home/bin/cargo" "+1.100.0-beta.1" "metadata" "--manifest-path" "Cargo.toml" "--no-deps", kill_on_drop: false }`
[INFO] crate crates.io crate geoscribe 0.5.0 already has a lockfile, it will not be regenerated
[INFO] running `Command { std: CARGO_HOME="/workspace/cargo-home" RUSTUP_HOME="/workspace/rustup-home" "/workspace/cargo-home/bin/cargo" "+1.100.0-beta.1" "fetch" "--manifest-path" "Cargo.toml", kill_on_drop: false }`
[INFO] running `Command { std: "docker" "create" "-v" "/var/lib/crater-agent-workspace/builds/worker-1-tc2/source:/opt/rustwide/workdir:ro,Z" "-v" "/var/lib/crater-agent-workspace/builds/worker-1-tc2/target:/opt/rustwide/target:rw,Z" "-v" "/var/lib/crater-agent-workspace/cargo-home:/opt/rustwide/cargo-home:ro,Z" "-v" "/var/lib/crater-agent-workspace/rustup-home:/opt/rustwide/rustup-home:ro,Z" "-m" "1610612736" "--network" "none" "ghcr.io/rust-lang/crates-build-env/linux@sha256:77db811e55d90add9212f6832c23229e3de5f1c1f9905e8cb07319ea15df73ac" "sleep" "infinity", kill_on_drop: false }`
[INFO] [stdout] bda799a1a15681a435e8d94d8e0939be07098bfdad3ef2ca6f64dcef7b433107
[INFO] running `Command { std: "docker" "start" "bda799a1a15681a435e8d94d8e0939be07098bfdad3ef2ca6f64dcef7b433107", kill_on_drop: false }`
[INFO] running `Command { std: "docker" "inspect" "bda799a1a15681a435e8d94d8e0939be07098bfdad3ef2ca6f64dcef7b433107", kill_on_drop: false }`
[INFO] running `Command { std: "docker" "exec" "-e" "SOURCE_DIR=/opt/rustwide/workdir" "-e" "CARGO_HOME=/opt/rustwide/cargo-home" "-e" "RUSTUP_HOME=/opt/rustwide/rustup-home" "-e" "CARGO_TARGET_DIR=/opt/rustwide/target" "-w" "/opt/rustwide/workdir" "--user" "0:0" "bda799a1a15681a435e8d94d8e0939be07098bfdad3ef2ca6f64dcef7b433107" "/opt/rustwide/cargo-home/bin/cargo" "+1.100.0-beta.1" "metadata" "--no-deps" "--format-version=1", kill_on_drop: false }`
[INFO] running `Command { std: "docker" "inspect" "bda799a1a15681a435e8d94d8e0939be07098bfdad3ef2ca6f64dcef7b433107", kill_on_drop: false }`
[INFO] running `Command { std: "docker" "exec" "-e" "SOURCE_DIR=/opt/rustwide/workdir" "-e" "CARGO_HOME=/opt/rustwide/cargo-home" "-e" "RUSTUP_HOME=/opt/rustwide/rustup-home" "-e" "CARGO_TARGET_DIR=/opt/rustwide/target" "-e" "CARGO_INCREMENTAL=0" "-e" "RUST_BACKTRACE=full" "-e" "RUSTFLAGS=--cap-lints=warn" "-e" "RUSTDOCFLAGS=--cap-lints=warn" "-w" "/opt/rustwide/workdir" "--user" "0:0" "bda799a1a15681a435e8d94d8e0939be07098bfdad3ef2ca6f64dcef7b433107" "/opt/rustwide/cargo-home/bin/cargo" "+1.100.0-beta.1" "build" "--frozen" "--message-format=json" "--release", kill_on_drop: false }`
[INFO] [stderr]    Compiling geoscribe v0.5.0 (/opt/rustwide/workdir)
[INFO] [stderr]     Finished `release` profile [optimized] target(s) in 4.10s
[INFO] running `Command { std: "docker" "inspect" "bda799a1a15681a435e8d94d8e0939be07098bfdad3ef2ca6f64dcef7b433107", kill_on_drop: false }`
[INFO] running `Command { std: "docker" "exec" "-e" "SOURCE_DIR=/opt/rustwide/workdir" "-e" "CARGO_HOME=/opt/rustwide/cargo-home" "-e" "RUSTUP_HOME=/opt/rustwide/rustup-home" "-e" "CARGO_TARGET_DIR=/opt/rustwide/target" "-e" "CARGO_INCREMENTAL=0" "-e" "RUST_BACKTRACE=full" "-e" "RUSTFLAGS=--cap-lints=warn" "-e" "RUSTDOCFLAGS=--cap-lints=warn" "-w" "/opt/rustwide/workdir" "--user" "0:0" "bda799a1a15681a435e8d94d8e0939be07098bfdad3ef2ca6f64dcef7b433107" "/opt/rustwide/cargo-home/bin/cargo" "+1.100.0-beta.1" "test" "--frozen" "--no-run" "--message-format=json" "--release", kill_on_drop: false }`
[INFO] [stderr]    Compiling geoscribe v0.5.0 (/opt/rustwide/workdir)
[INFO] [stderr]     Finished `release` profile [optimized] target(s) in 7.38s
[INFO] running `Command { std: "docker" "inspect" "bda799a1a15681a435e8d94d8e0939be07098bfdad3ef2ca6f64dcef7b433107", kill_on_drop: false }`
[INFO] running `Command { std: "docker" "exec" "-e" "SOURCE_DIR=/opt/rustwide/workdir" "-e" "CARGO_HOME=/opt/rustwide/cargo-home" "-e" "RUSTUP_HOME=/opt/rustwide/rustup-home" "-e" "CARGO_TARGET_DIR=/opt/rustwide/target" "-e" "CARGO_INCREMENTAL=0" "-e" "RUST_BACKTRACE=full" "-e" "RUSTFLAGS=--cap-lints=warn" "-e" "RUSTDOCFLAGS=--cap-lints=warn" "-w" "/opt/rustwide/workdir" "--user" "0:0" "bda799a1a15681a435e8d94d8e0939be07098bfdad3ef2ca6f64dcef7b433107" "/opt/rustwide/cargo-home/bin/cargo" "+1.100.0-beta.1" "test" "--frozen" "--release", kill_on_drop: false }`
[INFO] [stderr]     Finished `release` profile [optimized] target(s) in 0.02s
[INFO] [stderr]      Running unittests src/lib.rs (/opt/rustwide/target/release/build/geoscribe/23e7a1a3b0a4112a/out/geoscribe-23e7a1a3b0a4112a)
[INFO] [stdout] 
[INFO] [stdout] running 58 tests
[INFO] [stdout] test identify::tests::a_unit_object_with_no_conversion_factor_declines_rather_than_guessing ... ok
[INFO] [stdout] test identify::tests::declines_an_unknown_name ... ok
[INFO] [stdout] test identify::tests::declines_an_unknown_projected_name ... ok
[INFO] [stdout] test identify::tests::declines_a_crs_family_it_does_not_cover ... ok
[INFO] [stdout] test identify::tests::declines_a_wkt_with_no_name_or_no_ellipsoid ... ok
[INFO] [stdout] test identify::tests::json_that_is_not_a_crs_is_unidentified_not_an_error ... ok
[INFO] [stdout] test identify::tests::a_projected_name_does_not_match_a_geographic_crs ... ok
[INFO] [stdout] test identify::tests::recovers_esri_nad83 ... ok
[INFO] [stdout] test identify::tests::identifies_a_sphere_which_has_no_flattening ... ok
[INFO] [stdout] test identify::tests::recovers_esri_wgs84 ... ok
[INFO] [stdout] test identify::tests::recovers_a_projected_crs_uniquely_when_no_twin_exists ... ok
[INFO] [stdout] test identify::tests::rejects_a_lying_name ... ok
[INFO] [stdout] test identify::tests::rejects_a_lying_name_in_projjson_too ... ok
[INFO] [stdout] test identify::tests::a_wrong_kind_does_not_validate ... ok
[INFO] [stdout] test identify::tests::identity_accessors_agree_with_the_variant ... ok
[INFO] [stdout] test identify::tests::recovers_an_id_less_projjson_using_datum_ensemble ... ok
[INFO] [stdout] test identify::tests::converts_semi_minor_axis_to_inverse_flattening ... ok
[INFO] [stdout] test identify::tests::identifies_an_ellipsoid_defined_in_a_non_metre_unit ... ok
[INFO] [stdout] test identify::tests::recovers_a_plain_datum_rather_than_an_ensemble ... ok
[INFO] [stdout] test identify::tests::a_geogcs_does_not_match_its_geocentric_twin ... ok
[INFO] [stdout] test identify::tests::recovers_esri_nad27 ... ok
[INFO] [stdout] test identify::tests::snap_tolerance_is_relative_and_tight ... ok
[INFO] [stdout] test identify::tests::recovers_a_projected_crs_through_its_base_crs ... ok
[INFO] [stdout] test identify::tests::rejects_a_lying_projected_ellipsoid ... ok
[INFO] [stdout] test identify::tests::the_two_dialects_agree_on_the_same_crs ... ok
[INFO] [stdout] test identify::tests::reports_the_esri_epsg_twin_as_ambiguous_rather_than_picking ... ok
[INFO] [stdout] test json::tests::declines_rather_than_overflowing_on_deep_nesting ... ok
[INFO] [stdout] test json::tests::empty_containers_round_trip ... ok
[INFO] [stdout] test json::tests::reads_literals_and_whitespace ... ok
[INFO] [stdout] test json::tests::reads_nested_members ... ok
[INFO] [stdout] test registry::tests::bulk_oracle_every_entry_identifies ... ignored, manual: full registry oracle, needs `projinfo` (PROJ) on PATH, ~13.8k invocations
[INFO] [stdout] test registry::tests::bulk_oracle_every_entry_wkt2_identifies_and_covers_wkt1_gap ... ignored, manual: full registry WKT2 oracle, needs `projinfo` (PROJ) on PATH, ~13.8k invocations
[INFO] [stdout] test json::tests::rejects_malformed_input ... ok
[INFO] [stdout] test json::tests::wrong_type_accessors_yield_none ... ok
[INFO] [stdout] test registry::tests::def_wkt2_unknown_declines ... ok
[INFO] [stdout] test wkt::tests::reads_the_first_spheroid ... ok
[INFO] [stdout] test registry::tests::resolve_by_name_unknown_declines ... ok
[INFO] [stdout] test registry::tests::resolve_by_name_finds_wgs84_candidates ... ok
[INFO] [stdout] test wkt::tests::reads_the_outer_name ... ok
[INFO] [stdout] test wkt::tests::reads_the_root_keyword ... ok
[INFO] [stdout] test registry::tests::def_wkt2_covers_the_has_wkt_zero_gap ... ok
[INFO] [stdout] test registry::tests::def_wkt2_resolves_a_present_entry ... ok
[INFO] [stdout] test registry::tests::resolves_epsg_3857 ... ok
[INFO] [stdout] test registry::tests::format_self_check ... ok
[INFO] [stdout] test zstd::tests::high_bit_basic ... ok
[INFO] [stdout] test wkt::tests::reads_wkt2_spelling ... ok
[INFO] [stdout] test registry::tests::all_yields_every_entry ... ok
[INFO] [stdout] test registry::tests::resolves_non_epsg_authorities ... ok
[INFO] [stdout] test registry::tests::unknown_authority_or_code_declines ... ok
[INFO] [stdout] test registry::tests::wkt_present_and_absent_are_distinguishable ... ok
[INFO] [stdout] test wkt::tests::parenthesized_and_unterminated_input_do_not_panic ... ok
[INFO] [stdout] test wkt::tests::reads_a_projected_crs_base_ellipsoid ... ok
[INFO] [stdout] test zstd::tests::roundtrip_incompressible ... ok
[INFO] [stdout] test zstd::tests::roundtrip_repetitive ... ok
[INFO] [stdout] test zstd::tests::roundtrip_text ... ok
[INFO] [stdout] test zstd::tests::roundtrip_structured ... ok
[INFO] [stdout] test zstd::tests::roundtrip_small_sizes ... ok
[INFO] [stdout] test json::tests::reads_escapes ... ok
[INFO] [stdout] 
[INFO] [stdout] test result: ok. 56 passed; 0 failed; 2 ignored; 0 measured; 0 filtered out; finished in 0.32s
[INFO] [stdout] 
[INFO] [stderr]      Running unittests src/main.rs (/opt/rustwide/target/release/build/geoscribe/377605183776cd7f/out/geoscribe-377605183776cd7f)
[INFO] [stdout] 
[INFO] [stdout] running 9 tests
[INFO] [stderr]      Running tests/cli_identify.rs (/opt/rustwide/target/release/build/geoscribe/e3d09695a25958bb/out/cli_identify-e3d09695a25958bb)
[INFO] [stdout] test tests::parses_authority_code ... ok
[INFO] [stdout] test tests::string_codes_split_on_first_colon_only ... ok
[INFO] [stdout] test tests::identify_takes_a_path_or_a_dash ... ok
[INFO] [stdout] test tests::parses_dialect_flags ... ok
[INFO] [stdout] test tests::errors_on_bad_usage ... ok
[INFO] [stdout] test tests::identify_does_not_parse_its_positional_as_an_authority_code ... ok
[INFO] [stdout] test tests::identify_composes_with_every_dialect_flag ... ok
[INFO] [stdout] test tests::all_requires_identify ... ok
[INFO] [stdout] test tests::identify_defaults_to_stdin ... ok
[INFO] [stdout] 
[INFO] [stdout] test result: ok. 9 passed; 0 failed; 0 ignored; 0 measured; 0 filtered out; finished in 0.00s
[INFO] [stdout] 
[INFO] [stdout] 
[INFO] [stdout] running 25 tests
[INFO] [stdout] test an_ambiguous_projjson_exits_two_with_empty_stdout ... FAILED
[INFO] [stdout] test a_projjson_with_an_inline_id_is_identified_by_it ... FAILED
[INFO] [stdout] test a_lying_ellipsoid_is_refused_with_empty_stdout ... FAILED
[INFO] [stdout] test all_lists_a_single_code_for_an_unambiguous_wkt ... FAILED
[INFO] [stdout] test an_unidentifiable_wkt_exits_one_not_two ... FAILED
[INFO] [stdout] test a_missing_file_is_reported_not_silently_empty ... FAILED
[INFO] [stdout] test a_listed_candidate_feeds_straight_back_into_the_trusted_id_form ... FAILED
[INFO] [stdout] test json_that_is_not_a_crs_is_refused_as_json_not_as_wkt ... FAILED
[INFO] [stdout] test a_unique_identification_prints_the_definition_and_exits_zero ... FAILED
[INFO] [stdout] test all_lists_the_candidates_on_stdout ... FAILED
[INFO] [stdout] test empty_input_is_an_error_rather_than_empty_output ... FAILED
[INFO] [stdout] test binary_input_says_it_is_not_a_definition ... FAILED
[INFO] [stdout] test the_ambiguity_message_names_every_candidate ... FAILED
[INFO] [stdout] test every_dialect_flag_composes_with_projjson_input_too ... FAILED
[INFO] [stdout] test every_dialect_flag_composes_with_identify ... FAILED
[INFO] [stdout] test text_that_is_not_wkt_at_all_is_refused ... FAILED
[INFO] [stdout] test an_ambiguous_identification_prints_nothing_and_exits_two ... FAILED
[INFO] [stdout] test the_trusted_id_form_is_unchanged ... FAILED
[INFO] [stdout] test a_wkt_that_carries_an_id_is_identified_by_that_id ... FAILED
[INFO] [stdout] test it_reads_from_a_file_as_well_as_stdin ... FAILED
[INFO] [stdout] test an_unresolvable_inline_id_falls_through_to_name_recovery ... FAILED
[INFO] [stdout] test stdout_carries_the_definition_alone ... FAILED
[INFO] [stdout] test projjson_input_identifies_the_same_as_its_wkt_spelling ... FAILED
[INFO] [stdout] test the_sniff_reads_leading_whitespace_and_inner_braces_correctly ... FAILED
[INFO] [stdout] test projjson_reads_from_a_file_and_from_stdin_alike ... FAILED
[INFO] [stdout] 
[INFO] [stdout] failures:
[INFO] [stdout] 
[INFO] [stdout] ---- an_ambiguous_projjson_exits_two_with_empty_stdout stdout ----
[INFO] [stdout] 
[INFO] [stdout] thread 'an_ambiguous_projjson_exits_two_with_empty_stdout' (415) panicked at tests/cli_identify.rs:50:10:
[INFO] [stdout] spawn geoscribe: Os { code: 2, kind: NotFound, message: "No such file or directory" }
[INFO] [stdout] stack backtrace:
[INFO] [stdout]    0:     0x64da8efb3b01 - <<std[617be2ca0a6fd877]::sys::backtrace::BacktraceLock>::print::DisplayBacktrace as core[a373ad73a504971]::fmt::Display>::fmt
[INFO] [stdout]    1:     0x64da8efc868a - core[a373ad73a504971]::fmt::write
[INFO] [stdout]    2:     0x64da8efb7d8c - <alloc[2e1b2a31b91974c5]::vec::Vec<u8> as core[a373ad73a504971]::io::write::Write>::write_fmt
[INFO] [stdout]    3:     0x64da8ef8ecb6 - std[617be2ca0a6fd877]::panicking::default_hook::{closure#0}
[INFO] [stdout]    4:     0x64da8efabfb9 - std[617be2ca0a6fd877]::panicking::default_hook
[INFO] [stdout]    5:     0x64da8ef47420 - test[aada8e7e76ba119b]::test_main_inner::{closure#0}
[INFO] [stdout]    6:     0x64da8efac172 - std[617be2ca0a6fd877]::panicking::panic_with_hook
[INFO] [stdout]    7:     0x64da8ef8ed62 - std[617be2ca0a6fd877]::panicking::panic_handler::{closure#0}
[INFO] [stdout]    8:     0x64da8ef87959 - std[617be2ca0a6fd877]::sys::backtrace::__rust_end_short_backtrace::<std[617be2ca0a6fd877]::panicking::panic_handler::{closure#0}, !>
[INFO] [stdout]    9:     0x64da8ef8f96d - __rustc[ea4f61d10b84890b]::rust_begin_unwind
[INFO] [stdout]   10:     0x64da8efc8dbc - core[a373ad73a504971]::panicking::panic_fmt
[INFO] [stdout]   11:     0x64da8efc8b92 - core[a373ad73a504971]::result::unwrap_failed
[INFO] [stdout]   12:     0x64da8ef3530a - cli_identify[697b8273aacf158a]::run
[INFO] [stdout]   13:     0x64da8ef384b0 - <cli_identify[697b8273aacf158a]::an_ambiguous_projjson_exits_two_with_empty_stdout::{closure#0} as core[a373ad73a504971]::ops::function::FnOnce<()>>::call_once
[INFO] [stdout]   14:     0x64da8ef3a86b - test[aada8e7e76ba119b]::__rust_begin_short_backtrace::<core[a373ad73a504971]::result::Result<(), alloc[2e1b2a31b91974c5]::string::String>, fn() -> core[a373ad73a504971]::result::Result<(), alloc[2e1b2a31b91974c5]::string::String>>
[INFO] [stdout]   15:     0x64da8ef47a45 - test[aada8e7e76ba119b]::run_test::{closure#0}
[INFO] [stdout]   16:     0x64da8ef41334 - std[617be2ca0a6fd877]::sys::backtrace::__rust_begin_short_backtrace::<test[aada8e7e76ba119b]::run_test::{closure#1}, ()>
[INFO] [stdout]   17:     0x64da8ef4aad2 - <std[617be2ca0a6fd877]::thread::lifecycle::spawn_unchecked<test[aada8e7e76ba119b]::run_test::{closure#1}, ()>::{closure#1} as core[a373ad73a504971]::ops::function::FnOnce<()>>::call_once::{shim:vtable#0}
[INFO] [stdout]   18:     0x64da8efb317f - <std[617be2ca0a6fd877]::sys::thread::unix::Thread>::new::thread_start
[INFO] [stdout]   19:     0x7a8e35f34dfa - <unknown>
[INFO] [stdout]   20:     0x7a8e35fc83d4 - clone
[INFO] [stdout]   21:                0x0 - <unknown>
[INFO] [stdout] 
[INFO] [stdout] ---- a_projjson_with_an_inline_id_is_identified_by_it stdout ----
[INFO] [stdout] 
[INFO] [stdout] thread 'a_projjson_with_an_inline_id_is_identified_by_it' (409) panicked at tests/cli_identify.rs:50:10:
[INFO] [stdout] spawn geoscribe: Os { code: 2, kind: NotFound, message: "No such file or directory" }
[INFO] [stdout] stack backtrace:
[INFO] [stdout]    0:     0x64da8efb3b01 - <<std[617be2ca0a6fd877]::sys::backtrace::BacktraceLock>::print::DisplayBacktrace as core[a373ad73a504971]::fmt::Display>::fmt
[INFO] [stdout]    1:     0x64da8efc868a - core[a373ad73a504971]::fmt::write
[INFO] [stdout]    2:     0x64da8efb7d8c - <alloc[2e1b2a31b91974c5]::vec::Vec<u8> as core[a373ad73a504971]::io::write::Write>::write_fmt
[INFO] [stdout]    3:     0x64da8ef8ecb6 - std[617be2ca0a6fd877]::panicking::default_hook::{closure#0}
[INFO] [stdout]    4:     0x64da8efabfb9 - std[617be2ca0a6fd877]::panicking::default_hook
[INFO] [stdout]    5:     0x64da8ef47420 - test[aada8e7e76ba119b]::test_main_inner::{closure#0}
[INFO] [stdout]    6:     0x64da8efac172 - std[617be2ca0a6fd877]::panicking::panic_with_hook
[INFO] [stdout]    7:     0x64da8ef8ed62 - std[617be2ca0a6fd877]::panicking::panic_handler::{closure#0}
[INFO] [stdout]    8:     0x64da8ef87959 - std[617be2ca0a6fd877]::sys::backtrace::__rust_end_short_backtrace::<std[617be2ca0a6fd877]::panicking::panic_handler::{closure#0}, !>
[INFO] [stdout]    9:     0x64da8ef8f96d - __rustc[ea4f61d10b84890b]::rust_begin_unwind
[INFO] [stdout]   10:     0x64da8efc8dbc - core[a373ad73a504971]::panicking::panic_fmt
[INFO] [stdout]   11:     0x64da8efc8b92 - core[a373ad73a504971]::result::unwrap_failed
[INFO] [stdout]   12:     0x64da8ef3530a - cli_identify[697b8273aacf158a]::run
[INFO] [stdout]   13:     0x64da8ef37e6b - <cli_identify[697b8273aacf158a]::a_projjson_with_an_inline_id_is_identified_by_it::{closure#0} as core[a373ad73a504971]::ops::function::FnOnce<()>>::call_once
[INFO] [stdout]   14:     0x64da8ef3a86b - test[aada8e7e76ba119b]::__rust_begin_short_backtrace::<core[a373ad73a504971]::result::Result<(), alloc[2e1b2a31b91974c5]::string::String>, fn() -> core[a373ad73a504971]::result::Result<(), alloc[2e1b2a31b91974c5]::string::String>>
[INFO] [stdout]   15:     0x64da8ef47a45 - test[aada8e7e76ba119b]::run_test::{closure#0}
[INFO] [stdout]   16:     0x64da8ef41334 - std[617be2ca0a6fd877]::sys::backtrace::__rust_begin_short_backtrace::<test[aada8e7e76ba119b]::run_test::{closure#1}, ()>
[INFO] [stdout]   17:     0x64da8ef4aad2 - <std[617be2ca0a6fd877]::thread::lifecycle::spawn_unchecked<test[aada8e7e76ba119b]::run_test::{closure#1}, ()>::{closure#1} as core[a373ad73a504971]::ops::function::FnOnce<()>>::call_once::{shim:vtable#0}
[INFO] [stdout]   18:     0x64da8efb317f - <std[617be2ca0a6fd877]::sys::thread::unix::Thread>::new::thread_start
[INFO] [stdout]   19:     0x7a8e35f34dfa - <unknown>
[INFO] [stdout]   20:     0x7a8e35fc83d4 - clone
[INFO] [stdout]   21:                0x0 - <unknown>
[INFO] [stdout] 
[INFO] [stdout] ---- a_lying_ellipsoid_is_refused_with_empty_stdout stdout ----
[INFO] [stdout] 
[INFO] [stdout] thread 'a_lying_ellipsoid_is_refused_with_empty_stdout' (407) panicked at tests/cli_identify.rs:50:10:
[INFO] [stdout] spawn geoscribe: Os { code: 2, kind: NotFound, message: "No such file or directory" }
[INFO] [stdout] stack backtrace:
[INFO] [stdout]    0:     0x64da8efb3b01 - <<std[617be2ca0a6fd877]::sys::backtrace::BacktraceLock>::print::DisplayBacktrace as core[a373ad73a504971]::fmt::Display>::fmt
[INFO] [stdout]    1:     0x64da8efc868a - core[a373ad73a504971]::fmt::write
[INFO] [stdout]    2:     0x64da8efb7d8c - <alloc[2e1b2a31b91974c5]::vec::Vec<u8> as core[a373ad73a504971]::io::write::Write>::write_fmt
[INFO] [stdout]    3:     0x64da8ef8ecb6 - std[617be2ca0a6fd877]::panicking::default_hook::{closure#0}
[INFO] [stdout]    4:     0x64da8efabfb9 - std[617be2ca0a6fd877]::panicking::default_hook
[INFO] [stdout]    5:     0x64da8ef47420 - test[aada8e7e76ba119b]::test_main_inner::{closure#0}
[INFO] [stdout]    6:     0x64da8efac172 - std[617be2ca0a6fd877]::panicking::panic_with_hook
[INFO] [stdout]    7:     0x64da8ef8ed62 - std[617be2ca0a6fd877]::panicking::panic_handler::{closure#0}
[INFO] [stdout]    8:     0x64da8ef87959 - std[617be2ca0a6fd877]::sys::backtrace::__rust_end_short_backtrace::<std[617be2ca0a6fd877]::panicking::panic_handler::{closure#0}, !>
[INFO] [stdout]    9:     0x64da8ef8f96d - __rustc[ea4f61d10b84890b]::rust_begin_unwind
[INFO] [stdout]   10:     0x64da8efc8dbc - core[a373ad73a504971]::panicking::panic_fmt
[INFO] [stdout]   11:     0x64da8efc8b92 - core[a373ad73a504971]::result::unwrap_failed
[INFO] [stdout]   12:     0x64da8ef3530a - cli_identify[697b8273aacf158a]::run
[INFO] [stdout]   13:     0x64da8ef37800 - <cli_identify[697b8273aacf158a]::a_lying_ellipsoid_is_refused_with_empty_stdout::{closure#0} as core[a373ad73a504971]::ops::function::FnOnce<()>>::call_once
[INFO] [stdout]   14:     0x64da8ef3a86b - test[aada8e7e76ba119b]::__rust_begin_short_backtrace::<core[a373ad73a504971]::result::Result<(), alloc[2e1b2a31b91974c5]::string::String>, fn() -> core[a373ad73a504971]::result::Result<(), alloc[2e1b2a31b91974c5]::string::String>>
[INFO] [stdout]   15:     0x64da8ef47a45 - test[aada8e7e76ba119b]::run_test::{closure#0}
[INFO] [stdout]   16:     0x64da8ef41334 - std[617be2ca0a6fd877]::sys::backtrace::__rust_begin_short_backtrace::<test[aada8e7e76ba119b]::run_test::{closure#1}, ()>
[INFO] [stdout]   17:     0x64da8ef4aad2 - <std[617be2ca0a6fd877]::thread::lifecycle::spawn_unchecked<test[aada8e7e76ba119b]::run_test::{closure#1}, ()>::{closure#1} as core[a373ad73a504971]::ops::function::FnOnce<()>>::call_once::{shim:vtable#0}
[INFO] [stdout]   18:     0x64da8efb317f - <std[617be2ca0a6fd877]::sys::thread::unix::Thread>::new::thread_start
[INFO] [stdout]   19:     0x7a8e35f34dfa - <unknown>
[INFO] [stdout]   20:     0x7a8e35fc83d4 - clone
[INFO] [stdout]   21:                0x0 - <unknown>
[INFO] [stdout] 
[INFO] [stdout] ---- all_lists_a_single_code_for_an_unambiguous_wkt stdout ----
[INFO] [stdout] 
[INFO] [stdout] thread 'all_lists_a_single_code_for_an_unambiguous_wkt' (412) panicked at tests/cli_identify.rs:50:10:
[INFO] [stdout] spawn geoscribe: Os { code: 2, kind: NotFound, message: "No such file or directory" }
[INFO] [stdout] stack backtrace:
[INFO] [stdout]    0:     0x64da8efb3b01 - <<std[617be2ca0a6fd877]::sys::backtrace::BacktraceLock>::print::DisplayBacktrace as core[a373ad73a504971]::fmt::Display>::fmt
[INFO] [stdout]    1:     0x64da8efc868a - core[a373ad73a504971]::fmt::write
[INFO] [stdout]    2:     0x64da8efb7d8c - <alloc[2e1b2a31b91974c5]::vec::Vec<u8> as core[a373ad73a504971]::io::write::Write>::write_fmt
[INFO] [stdout]    3:     0x64da8ef8ecb6 - std[617be2ca0a6fd877]::panicking::default_hook::{closure#0}
[INFO] [stdout]    4:     0x64da8efabfb9 - std[617be2ca0a6fd877]::panicking::default_hook
[INFO] [stdout]    5:     0x64da8ef47420 - test[aada8e7e76ba119b]::test_main_inner::{closure#0}
[INFO] [stdout]    6:     0x64da8efac172 - std[617be2ca0a6fd877]::panicking::panic_with_hook
[INFO] [stdout]    7:     0x64da8ef8ed62 - std[617be2ca0a6fd877]::panicking::panic_handler::{closure#0}
[INFO] [stdout]    8:     0x64da8ef87959 - std[617be2ca0a6fd877]::sys::backtrace::__rust_end_short_backtrace::<std[617be2ca0a6fd877]::panicking::panic_handler::{closure#0}, !>
[INFO] [stdout]    9:     0x64da8ef8f96d - __rustc[ea4f61d10b84890b]::rust_begin_unwind
[INFO] [stdout]   10:     0x64da8efc8dbc - core[a373ad73a504971]::panicking::panic_fmt
[INFO] [stdout]   11:     0x64da8efc8b92 - core[a373ad73a504971]::result::unwrap_failed
[INFO] [stdout]   12:     0x64da8ef3530a - cli_identify[697b8273aacf158a]::run
[INFO] [stdout]   13:     0x64da8ef37940 - <cli_identify[697b8273aacf158a]::all_lists_a_single_code_for_an_unambiguous_wkt::{closure#0} as core[a373ad73a504971]::ops::function::FnOnce<()>>::call_once
[INFO] [stdout]   14:     0x64da8ef3a86b - test[aada8e7e76ba119b]::__rust_begin_short_backtrace::<core[a373ad73a504971]::result::Result<(), alloc[2e1b2a31b91974c5]::string::String>, fn() -> core[a373ad73a504971]::result::Result<(), alloc[2e1b2a31b91974c5]::string::String>>
[INFO] [stdout]   15:     0x64da8ef47a45 - test[aada8e7e76ba119b]::run_test::{closure#0}
[INFO] [stdout]   16:     0x64da8ef41334 - std[617be2ca0a6fd877]::sys::backtrace::__rust_begin_short_backtrace::<test[aada8e7e76ba119b]::run_test::{closure#1}, ()>
[INFO] [stdout]   17:     0x64da8ef4aad2 - <std[617be2ca0a6fd877]::thread::lifecycle::spawn_unchecked<test[aada8e7e76ba119b]::run_test::{closure#1}, ()>::{closure#1} as core[a373ad73a504971]::ops::function::FnOnce<()>>::call_once::{shim:vtable#0}
[INFO] [stdout]   18:     0x64da8efb317f - <std[617be2ca0a6fd877]::sys::thread::unix::Thread>::new::thread_start
[INFO] [stdout]   19:     0x7a8e35f34dfa - <unknown>
[INFO] [stdout]   20:     0x7a8e35fc83d4 - clone
[INFO] [stdout]   21:                0x0 - <unknown>
[INFO] [stdout] 
[INFO] [stdout] ---- an_unidentifiable_wkt_exits_one_not_two stdout ----
[INFO] [stdout] 
[INFO] [stdout] thread 'an_unidentifiable_wkt_exits_one_not_two' (416) panicked at tests/cli_identify.rs:50:10:
[INFO] [stdout] spawn geoscribe: Os { code: 2, kind: NotFound, message: "No such file or directory" }
[INFO] [stdout] stack backtrace:
[INFO] [stdout]    0:     0x64da8efb3b01 - <<std[617be2ca0a6fd877]::sys::backtrace::BacktraceLock>::print::DisplayBacktrace as core[a373ad73a504971]::fmt::Display>::fmt
[INFO] [stdout]    1:     0x64da8efc868a - core[a373ad73a504971]::fmt::write
[INFO] [stdout]    2:     0x64da8efb7d8c - <alloc[2e1b2a31b91974c5]::vec::Vec<u8> as core[a373ad73a504971]::io::write::Write>::write_fmt
[INFO] [stdout]    3:     0x64da8ef8ecb6 - std[617be2ca0a6fd877]::panicking::default_hook::{closure#0}
[INFO] [stdout]    4:     0x64da8efabfb9 - std[617be2ca0a6fd877]::panicking::default_hook
[INFO] [stdout]    5:     0x64da8ef47420 - test[aada8e7e76ba119b]::test_main_inner::{closure#0}
[INFO] [stdout]    6:     0x64da8efac172 - std[617be2ca0a6fd877]::panicking::panic_with_hook
[INFO] [stdout]    7:     0x64da8ef8ed62 - std[617be2ca0a6fd877]::panicking::panic_handler::{closure#0}
[INFO] [stdout]    8:     0x64da8ef87959 - std[617be2ca0a6fd877]::sys::backtrace::__rust_end_short_backtrace::<std[617be2ca0a6fd877]::panicking::panic_handler::{closure#0}, !>
[INFO] [stdout]    9:     0x64da8ef8f96d - __rustc[ea4f61d10b84890b]::rust_begin_unwind
[INFO] [stdout]   10:     0x64da8efc8dbc - core[a373ad73a504971]::panicking::panic_fmt
[INFO] [stdout]   11:     0x64da8efc8b92 - core[a373ad73a504971]::result::unwrap_failed
[INFO] [stdout]   12:     0x64da8ef3530a - cli_identify[697b8273aacf158a]::run
[INFO] [stdout]   13:     0x64da8ef36e3e - <cli_identify[697b8273aacf158a]::an_unidentifiable_wkt_exits_one_not_two::{closure#0} as core[a373ad73a504971]::ops::function::FnOnce<()>>::call_once
[INFO] [stdout]   14:     0x64da8ef3a86b - test[aada8e7e76ba119b]::__rust_begin_short_backtrace::<core[a373ad73a504971]::result::Result<(), alloc[2e1b2a31b91974c5]::string::String>, fn() -> core[a373ad73a504971]::result::Result<(), alloc[2e1b2a31b91974c5]::string::String>>
[INFO] [stdout]   15:     0x64da8ef47a45 - test[aada8e7e76ba119b]::run_test::{closure#0}
[INFO] [stdout]   16:     0x64da8ef41334 - std[617be2ca0a6fd877]::sys::backtrace::__rust_begin_short_backtrace::<test[aada8e7e76ba119b]::run_test::{closure#1}, ()>
[INFO] [stdout]   17:     0x64da8ef4aad2 - <std[617be2ca0a6fd877]::thread::lifecycle::spawn_unchecked<test[aada8e7e76ba119b]::run_test::{closure#1}, ()>::{closure#1} as core[a373ad73a504971]::ops::function::FnOnce<()>>::call_once::{shim:vtable#0}
[INFO] [stdout]   18:     0x64da8efb317f - <std[617be2ca0a6fd877]::sys::thread::unix::Thread>::new::thread_start
[INFO] [stdout]   19:     0x7a8e35f34dfa - <unknown>
[INFO] [stdout]   20:     0x7a8e35fc83d4 - clone
[INFO] [stdout]   21:                0x0 - <unknown>
[INFO] [stdout] 
[INFO] [stdout] ---- a_missing_file_is_reported_not_silently_empty stdout ----
[INFO] [stdout] 
[INFO] [stdout] thread 'a_missing_file_is_reported_not_silently_empty' (408) panicked at tests/cli_identify.rs:50:10:
[INFO] [stdout] spawn geoscribe: Os { code: 2, kind: NotFound, message: "No such file or directory" }
[INFO] [stdout] stack backtrace:
[INFO] [stdout]    0:     0x64da8efb3b01 - <<std[617be2ca0a6fd877]::sys::backtrace::BacktraceLock>::print::DisplayBacktrace as core[a373ad73a504971]::fmt::Display>::fmt
[INFO] [stdout]    1:     0x64da8efc868a - core[a373ad73a504971]::fmt::write
[INFO] [stdout]    2:     0x64da8efb7d8c - <alloc[2e1b2a31b91974c5]::vec::Vec<u8> as core[a373ad73a504971]::io::write::Write>::write_fmt
[INFO] [stdout]    3:     0x64da8ef8ecb6 - std[617be2ca0a6fd877]::panicking::default_hook::{closure#0}
[INFO] [stdout]    4:     0x64da8efabfb9 - std[617be2ca0a6fd877]::panicking::default_hook
[INFO] [stdout]    5:     0x64da8ef47420 - test[aada8e7e76ba119b]::test_main_inner::{closure#0}
[INFO] [stdout]    6:     0x64da8efac172 - std[617be2ca0a6fd877]::panicking::panic_with_hook
[INFO] [stdout]    7:     0x64da8ef8ed62 - std[617be2ca0a6fd877]::panicking::panic_handler::{closure#0}
[INFO] [stdout]    8:     0x64da8ef87959 - std[617be2ca0a6fd877]::sys::backtrace::__rust_end_short_backtrace::<std[617be2ca0a6fd877]::panicking::panic_handler::{closure#0}, !>
[INFO] [stdout]    9:     0x64da8ef8f96d - __rustc[ea4f61d10b84890b]::rust_begin_unwind
[INFO] [stdout]   10:     0x64da8efc8dbc - core[a373ad73a504971]::panicking::panic_fmt
[INFO] [stdout]   11:     0x64da8efc8b92 - core[a373ad73a504971]::result::unwrap_failed
[INFO] [stdout]   12:     0x64da8ef3530a - cli_identify[697b8273aacf158a]::run
[INFO] [stdout]   13:     0x64da8ef376d5 - <cli_identify[697b8273aacf158a]::a_missing_file_is_reported_not_silently_empty::{closure#0} as core[a373ad73a504971]::ops::function::FnOnce<()>>::call_once
[INFO] [stdout]   14:     0x64da8ef3a86b - test[aada8e7e76ba119b]::__rust_begin_short_backtrace::<core[a373ad73a504971]::result::Result<(), alloc[2e1b2a31b91974c5]::string::String>, fn() -> core[a373ad73a504971]::result::Result<(), alloc[2e1b2a31b91974c5]::string::String>>
[INFO] [stdout]   15:     0x64da8ef47a45 - test[aada8e7e76ba119b]::run_test::{closure#0}
[INFO] [stdout]   16:     0x64da8ef41334 - std[617be2ca0a6fd877]::sys::backtrace::__rust_begin_short_backtrace::<test[aada8e7e76ba119b]::run_test::{closure#1}, ()>
[INFO] [stdout]   17:     0x64da8ef4aad2 - <std[617be2ca0a6fd877]::thread::lifecycle::spawn_unchecked<test[aada8e7e76ba119b]::run_test::{closure#1}, ()>::{closure#1} as core[a373ad73a504971]::ops::function::FnOnce<()>>::call_once::{shim:vtable#0}
[INFO] [stdout]   18:     0x64da8efb317f - <std[617be2ca0a6fd877]::sys::thread::unix::Thread>::new::thread_start
[INFO] [stdout]   19:     0x7a8e35f34dfa - <unknown>
[INFO] [stdout]   20:     0x7a8e35fc83d4 - clone
[INFO] [stdout]   21:                0x0 - <unknown>
[INFO] [stdout] 
[INFO] [stdout] ---- a_listed_candidate_feeds_straight_back_into_the_trusted_id_form stdout ----
[INFO] [stdout] 
[INFO] [stdout] thread 'a_listed_candidate_feeds_straight_back_into_the_trusted_id_form' (406) panicked at tests/cli_identify.rs:50:10:
[INFO] [stdout] spawn geoscribe: Os { code: 2, kind: NotFound, message: "No such file or directory" }
[INFO] [stdout] stack backtrace:
[INFO] [stdout]    0:     0x64da8efb3b01 - <<std[617be2ca0a6fd877]::sys::backtrace::BacktraceLock>::print::DisplayBacktrace as core[a373ad73a504971]::fmt::Display>::fmt
[INFO] [stdout]    1:     0x64da8efc868a - core[a373ad73a504971]::fmt::write
[INFO] [stdout]    2:     0x64da8efb7d8c - <alloc[2e1b2a31b91974c5]::vec::Vec<u8> as core[a373ad73a504971]::io::write::Write>::write_fmt
[INFO] [stdout]    3:     0x64da8ef8ecb6 - std[617be2ca0a6fd877]::panicking::default_hook::{closure#0}
[INFO] [stdout]    4:     0x64da8efabfb9 - std[617be2ca0a6fd877]::panicking::default_hook
[INFO] [stdout]    5:     0x64da8ef47420 - test[aada8e7e76ba119b]::test_main_inner::{closure#0}
[INFO] [stdout]    6:     0x64da8efac172 - std[617be2ca0a6fd877]::panicking::panic_with_hook
[INFO] [stdout]    7:     0x64da8ef8ed62 - std[617be2ca0a6fd877]::panicking::panic_handler::{closure#0}
[INFO] [stdout]    8:     0x64da8ef87959 - std[617be2ca0a6fd877]::sys::backtrace::__rust_end_short_backtrace::<std[617be2ca0a6fd877]::panicking::panic_handler::{closure#0}, !>
[INFO] [stdout]    9:     0x64da8ef8f96d - __rustc[ea4f61d10b84890b]::rust_begin_unwind
[INFO] [stdout]   10:     0x64da8efc8dbc - core[a373ad73a504971]::panicking::panic_fmt
[INFO] [stdout]   11:     0x64da8efc8b92 - core[a373ad73a504971]::result::unwrap_failed
[INFO] [stdout]   12:     0x64da8ef3530a - cli_identify[697b8273aacf158a]::run
[INFO] [stdout]   13:     0x64da8ef395ac - <cli_identify[697b8273aacf158a]::a_listed_candidate_feeds_straight_back_into_the_trusted_id_form::{closure#0} as core[a373ad73a504971]::ops::function::FnOnce<()>>::call_once
[INFO] [stdout]   14:     0x64da8ef3a86b - test[aada8e7e76ba119b]::__rust_begin_short_backtrace::<core[a373ad73a504971]::result::Result<(), alloc[2e1b2a31b91974c5]::string::String>, fn() -> core[a373ad73a504971]::result::Result<(), alloc[2e1b2a31b91974c5]::string::String>>
[INFO] [stdout]   15:     0x64da8ef47a45 - test[aada8e7e76ba119b]::run_test::{closure#0}
[INFO] [stdout]   16:     0x64da8ef41334 - std[617be2ca0a6fd877]::sys::backtrace::__rust_begin_short_backtrace::<test[aada8e7e76ba119b]::run_test::{closure#1}, ()>
[INFO] [stdout]   17:     0x64da8ef4aad2 - <std[617be2ca0a6fd877]::thread::lifecycle::spawn_unchecked<test[aada8e7e76ba119b]::run_test::{closure#1}, ()>::{closure#1} as core[a373ad73a504971]::ops::function::FnOnce<()>>::call_once::{shim:vtable#0}
[INFO] [stdout]   18:     0x64da8efb317f - <std[617be2ca0a6fd877]::sys::thread::unix::Thread>::new::thread_start
[INFO] [stdout]   19:     0x7a8e35f34dfa - <unknown>
[INFO] [stdout]   20:     0x7a8e35fc83d4 - clone
[INFO] [stdout]   21:                0x0 - <unknown>
[INFO] [stdout] 
[INFO] [stdout] ---- json_that_is_not_a_crs_is_refused_as_json_not_as_wkt stdout ----
[INFO] [stdout] 
[INFO] [stdout] thread 'json_that_is_not_a_crs_is_refused_as_json_not_as_wkt' (432) panicked at tests/cli_identify.rs:50:10:
[INFO] [stdout] spawn geoscribe: Os { code: 2, kind: NotFound, message: "No such file or directory" }
[INFO] [stdout] stack backtrace:
[INFO] [stdout]    0:     0x64da8efb3b01 - <<std[617be2ca0a6fd877]::sys::backtrace::BacktraceLock>::print::DisplayBacktrace as core[a373ad73a504971]::fmt::Display>::fmt
[INFO] [stdout]    1:     0x64da8efc868a - core[a373ad73a504971]::fmt::write
[INFO] [stdout]    2:     0x64da8efb7d8c - <alloc[2e1b2a31b91974c5]::vec::Vec<u8> as core[a373ad73a504971]::io::write::Write>::write_fmt
[INFO] [stdout]    3:     0x64da8ef8ecb6 - std[617be2ca0a6fd877]::panicking::default_hook::{closure#0}
[INFO] [stdout]    4:     0x64da8efabfb9 - std[617be2ca0a6fd877]::panicking::default_hook
[INFO] [stdout]    5:     0x64da8ef47420 - test[aada8e7e76ba119b]::test_main_inner::{closure#0}
[INFO] [stdout]    6:     0x64da8efac172 - std[617be2ca0a6fd877]::panicking::panic_with_hook
[INFO] [stdout]    7:     0x64da8ef8ed62 - std[617be2ca0a6fd877]::panicking::panic_handler::{closure#0}
[INFO] [stdout]    8:     0x64da8ef87959 - std[617be2ca0a6fd877]::sys::backtrace::__rust_end_short_backtrace::<std[617be2ca0a6fd877]::panicking::panic_handler::{closure#0}, !>
[INFO] [stdout]    9:     0x64da8ef8f96d - __rustc[ea4f61d10b84890b]::rust_begin_unwind
[INFO] [stdout]   10:     0x64da8efc8dbc - core[a373ad73a504971]::panicking::panic_fmt
[INFO] [stdout]   11:     0x64da8efc8b92 - core[a373ad73a504971]::result::unwrap_failed
[INFO] [stdout]   12:     0x64da8ef3530a - cli_identify[697b8273aacf158a]::run
[INFO] [stdout]   13:     0x64da8ef38902 - <cli_identify[697b8273aacf158a]::json_that_is_not_a_crs_is_refused_as_json_not_as_wkt::{closure#0} as core[a373ad73a504971]::ops::function::FnOnce<()>>::call_once
[INFO] [stdout]   14:     0x64da8ef3a86b - test[aada8e7e76ba119b]::__rust_begin_short_backtrace::<core[a373ad73a504971]::result::Result<(), alloc[2e1b2a31b91974c5]::string::String>, fn() -> core[a373ad73a504971]::result::Result<(), alloc[2e1b2a31b91974c5]::string::String>>
[INFO] [stdout]   15:     0x64da8ef47a45 - test[aada8e7e76ba119b]::run_test::{closure#0}
[INFO] [stdout]   16:     0x64da8ef41334 - std[617be2ca0a6fd877]::sys::backtrace::__rust_begin_short_backtrace::<test[aada8e7e76ba119b]::run_test::{closure#1}, ()>
[INFO] [stdout]   17:     0x64da8ef4aad2 - <std[617be2ca0a6fd877]::thread::lifecycle::spawn_unchecked<test[aada8e7e76ba119b]::run_test::{closure#1}, ()>::{closure#1} as core[a373ad73a504971]::ops::function::FnOnce<()>>::call_once::{shim:vtable#0}
[INFO] [stdout]   18:     0x64da8efb317f - <std[617be2ca0a6fd877]::sys::thread::unix::Thread>::new::thread_start
[INFO] [stdout]   19:     0x7a8e35f34dfa - <unknown>
[INFO] [stdout]   20:     0x7a8e35fc83d4 - clone
[INFO] [stdout]   21:                0x0 - <unknown>
[INFO] [stdout] 
[INFO] [stdout] ---- a_unique_identification_prints_the_definition_and_exits_zero stdout ----
[INFO] [stdout] 
[INFO] [stdout] thread 'a_unique_identification_prints_the_definition_and_exits_zero' (410) panicked at tests/cli_identify.rs:50:10:
[INFO] [stdout] spawn geoscribe: Os { code: 2, kind: NotFound, message: "No such file or directory" }
[INFO] [stdout] stack backtrace:
[INFO] [stdout]    0:     0x64da8efb3b01 - <<std[617be2ca0a6fd877]::sys::backtrace::BacktraceLock>::print::DisplayBacktrace as core[a373ad73a504971]::fmt::Display>::fmt
[INFO] [stdout]    1:     0x64da8efc868a - core[a373ad73a504971]::fmt::write
[INFO] [stdout]    2:     0x64da8efb7d8c - <alloc[2e1b2a31b91974c5]::vec::Vec<u8> as core[a373ad73a504971]::io::write::Write>::write_fmt
[INFO] [stdout]    3:     0x64da8ef8ecb6 - std[617be2ca0a6fd877]::panicking::default_hook::{closure#0}
[INFO] [stdout]    4:     0x64da8efabfb9 - std[617be2ca0a6fd877]::panicking::default_hook
[INFO] [stdout]    5:     0x64da8ef47420 - test[aada8e7e76ba119b]::test_main_inner::{closure#0}
[INFO] [stderr] error: test failed, to rerun pass `--test cli_identify`
[INFO] [stdout]    6:     0x64da8efac172 - std[617be2ca0a6fd877]::panicking::panic_with_hook
[INFO] [stdout]    7:     0x64da8ef8ed62 - std[617be2ca0a6fd877]::panicking::panic_handler::{closure#0}
[INFO] [stdout]    8:     0x64da8ef87959 - std[617be2ca0a6fd877]::sys::backtrace::__rust_end_short_backtrace::<std[617be2ca0a6fd877]::panicking::panic_handler::{closure#0}, !>
[INFO] [stdout]    9:     0x64da8ef8f96d - __rustc[ea4f61d10b84890b]::rust_begin_unwind
[INFO] [stdout]   10:     0x64da8efc8dbc - core[a373ad73a504971]::panicking::panic_fmt
[INFO] [stdout]   11:     0x64da8efc8b92 - core[a373ad73a504971]::result::unwrap_failed
[INFO] [stdout]   12:     0x64da8ef3530a - cli_identify[697b8273aacf158a]::run
[INFO] [stdout]   13:     0x64da8ef39125 - <cli_identify[697b8273aacf158a]::a_unique_identification_prints_the_definition_and_exits_zero::{closure#0} as core[a373ad73a504971]::ops::function::FnOnce<()>>::call_once
[INFO] [stdout]   14:     0x64da8ef3a86b - test[aada8e7e76ba119b]::__rust_begin_short_backtrace::<core[a373ad73a504971]::result::Result<(), alloc[2e1b2a31b91974c5]::string::String>, fn() -> core[a373ad73a504971]::result::Result<(), alloc[2e1b2a31b91974c5]::string::String>>
[INFO] [stdout]   15:     0x64da8ef47a45 - test[aada8e7e76ba119b]::run_test::{closure#0}
[INFO] [stdout]   16:     0x64da8ef41334 - std[617be2ca0a6fd877]::sys::backtrace::__rust_begin_short_backtrace::<test[aada8e7e76ba119b]::run_test::{closure#1}, ()>
[INFO] [stdout]   17:     0x64da8ef4aad2 - <std[617be2ca0a6fd877]::thread::lifecycle::spawn_unchecked<test[aada8e7e76ba119b]::run_test::{closure#1}, ()>::{closure#1} as core[a373ad73a504971]::ops::function::FnOnce<()>>::call_once::{shim:vtable#0}
[INFO] [stdout]   18:     0x64da8efb317f - <std[617be2ca0a6fd877]::sys::thread::unix::Thread>::new::thread_start
[INFO] [stdout]   19:     0x7a8e35f34dfa - <unknown>
[INFO] [stdout]   20:     0x7a8e35fc83d4 - clone
[INFO] [stdout]   21:                0x0 - <unknown>
[INFO] [stdout] 
[INFO] [stdout] ---- all_lists_the_candidates_on_stdout stdout ----
[INFO] [stdout] 
[INFO] [stdout] thread 'all_lists_the_candidates_on_stdout' (413) panicked at tests/cli_identify.rs:50:10:
[INFO] [stdout] spawn geoscribe: Os { code: 2, kind: NotFound, message: "No such file or directory" }
[INFO] [stdout] stack backtrace:
[INFO] [stdout]    0:     0x64da8efb3b01 - <<std[617be2ca0a6fd877]::sys::backtrace::BacktraceLock>::print::DisplayBacktrace as core[a373ad73a504971]::fmt::Display>::fmt
[INFO] [stdout]    1:     0x64da8efc868a - core[a373ad73a504971]::fmt::write
[INFO] [stdout]    2:     0x64da8efb7d8c - <alloc[2e1b2a31b91974c5]::vec::Vec<u8> as core[a373ad73a504971]::io::write::Write>::write_fmt
[INFO] [stdout]    3:     0x64da8ef8ecb6 - std[617be2ca0a6fd877]::panicking::default_hook::{closure#0}
[INFO] [stdout]    4:     0x64da8efabfb9 - std[617be2ca0a6fd877]::panicking::default_hook
[INFO] [stdout]    5:     0x64da8ef47420 - test[aada8e7e76ba119b]::test_main_inner::{closure#0}
[INFO] [stdout]    6:     0x64da8efac172 - std[617be2ca0a6fd877]::panicking::panic_with_hook
[INFO] [stdout]    7:     0x64da8ef8ed62 - std[617be2ca0a6fd877]::panicking::panic_handler::{closure#0}
[INFO] [stdout]    8:     0x64da8ef87959 - std[617be2ca0a6fd877]::sys::backtrace::__rust_end_short_backtrace::<std[617be2ca0a6fd877]::panicking::panic_handler::{closure#0}, !>
[INFO] [stdout]    9:     0x64da8ef8f96d - __rustc[ea4f61d10b84890b]::rust_begin_unwind
[INFO] [stdout]   10:     0x64da8efc8dbc - core[a373ad73a504971]::panicking::panic_fmt
[INFO] [stdout]   11:     0x64da8efc8b92 - core[a373ad73a504971]::result::unwrap_failed
[INFO] [stdout]   12:     0x64da8ef3530a - cli_identify[697b8273aacf158a]::run
[INFO] [stdout]   13:     0x64da8ef364d0 - <cli_identify[697b8273aacf158a]::all_lists_the_candidates_on_stdout::{closure#0} as core[a373ad73a504971]::ops::function::FnOnce<()>>::call_once
[INFO] [stdout]   14:     0x64da8ef3a86b - test[aada8e7e76ba119b]::__rust_begin_short_backtrace::<core[a373ad73a504971]::result::Result<(), alloc[2e1b2a31b91974c5]::string::String>, fn() -> core[a373ad73a504971]::result::Result<(), alloc[2e1b2a31b91974c5]::string::String>>
[INFO] [stdout]   15:     0x64da8ef47a45 - test[aada8e7e76ba119b]::run_test::{closure#0}
[INFO] [stdout]   16:     0x64da8ef41334 - std[617be2ca0a6fd877]::sys::backtrace::__rust_begin_short_backtrace::<test[aada8e7e76ba119b]::run_test::{closure#1}, ()>
[INFO] [stdout]   17:     0x64da8ef4aad2 - <std[617be2ca0a6fd877]::thread::lifecycle::spawn_unchecked<test[aada8e7e76ba119b]::run_test::{closure#1}, ()>::{closure#1} as core[a373ad73a504971]::ops::function::FnOnce<()>>::call_once::{shim:vtable#0}
[INFO] [stdout]   18:     0x64da8efb317f - <std[617be2ca0a6fd877]::sys::thread::unix::Thread>::new::thread_start
[INFO] [stdout]   19:     0x7a8e35f34dfa - <unknown>
[INFO] [stdout]   20:     0x7a8e35fc83d4 - clone
[INFO] [stdout]   21:                0x0 - <unknown>
[INFO] [stdout] 
[INFO] [stdout] ---- empty_input_is_an_error_rather_than_empty_output stdout ----
[INFO] [stdout] 
[INFO] [stdout] thread 'empty_input_is_an_error_rather_than_empty_output' (420) panicked at tests/cli_identify.rs:50:10:
[INFO] [stdout] spawn geoscribe: Os { code: 2, kind: NotFound, message: "No such file or directory" }
[INFO] [stdout] stack backtrace:
[INFO] [stdout]    0:     0x64da8efb3b01 - <<std[617be2ca0a6fd877]::sys::backtrace::BacktraceLock>::print::DisplayBacktrace as core[a373ad73a504971]::fmt::Display>::fmt
[INFO] [stdout]    1:     0x64da8efc868a - core[a373ad73a504971]::fmt::write
[INFO] [stdout]    2:     0x64da8efb7d8c - <alloc[2e1b2a31b91974c5]::vec::Vec<u8> as core[a373ad73a504971]::io::write::Write>::write_fmt
[INFO] [stdout]    3:     0x64da8ef8ecb6 - std[617be2ca0a6fd877]::panicking::default_hook::{closure#0}
[INFO] [stdout]    4:     0x64da8efabfb9 - std[617be2ca0a6fd877]::panicking::default_hook
[INFO] [stdout]    5:     0x64da8ef47420 - test[aada8e7e76ba119b]::test_main_inner::{closure#0}
[INFO] [stdout]    6:     0x64da8efac172 - std[617be2ca0a6fd877]::panicking::panic_with_hook
[INFO] [stdout]    7:     0x64da8ef8ed62 - std[617be2ca0a6fd877]::panicking::panic_handler::{closure#0}
[INFO] [stdout]    8:     0x64da8ef87959 - std[617be2ca0a6fd877]::sys::backtrace::__rust_end_short_backtrace::<std[617be2ca0a6fd877]::panicking::panic_handler::{closure#0}, !>
[INFO] [stdout]    9:     0x64da8ef8f96d - __rustc[ea4f61d10b84890b]::rust_begin_unwind
[INFO] [stdout]   10:     0x64da8efc8dbc - core[a373ad73a504971]::panicking::panic_fmt
[INFO] [stdout]   11:     0x64da8efc8b92 - core[a373ad73a504971]::result::unwrap_failed
[INFO] [stdout]   12:     0x64da8ef3530a - cli_identify[697b8273aacf158a]::run
[INFO] [stdout]   13:     0x64da8ef37ffc - <cli_identify[697b8273aacf158a]::empty_input_is_an_error_rather_than_empty_output::{closure#0} as core[a373ad73a504971]::ops::function::FnOnce<()>>::call_once
[INFO] [stdout]   14:     0x64da8ef3a86b - test[aada8e7e76ba119b]::__rust_begin_short_backtrace::<core[a373ad73a504971]::result::Result<(), alloc[2e1b2a31b91974c5]::string::String>, fn() -> core[a373ad73a504971]::result::Result<(), alloc[2e1b2a31b91974c5]::string::String>>
[INFO] [stdout]   15:     0x64da8ef47a45 - test[aada8e7e76ba119b]::run_test::{closure#0}
[INFO] [stdout]   16:     0x64da8ef41334 - std[617be2ca0a6fd877]::sys::backtrace::__rust_begin_short_backtrace::<test[aada8e7e76ba119b]::run_test::{closure#1}, ()>
[INFO] [stdout]   17:     0x64da8ef4aad2 - <std[617be2ca0a6fd877]::thread::lifecycle::spawn_unchecked<test[aada8e7e76ba119b]::run_test::{closure#1}, ()>::{closure#1} as core[a373ad73a504971]::ops::function::FnOnce<()>>::call_once::{shim:vtable#0}
[INFO] [stdout]   18:     0x64da8efb317f - <std[617be2ca0a6fd877]::sys::thread::unix::Thread>::new::thread_start
[INFO] [stdout]   19:     0x7a8e35f34dfa - <unknown>
[INFO] [stdout]   20:     0x7a8e35fc83d4 - clone
[INFO] [stdout]   21:                0x0 - <unknown>
[INFO] [stdout] 
[INFO] [stdout] ---- binary_input_says_it_is_not_a_definition stdout ----
[INFO] [stdout] 
[INFO] [stdout] thread 'binary_input_says_it_is_not_a_definition' (419) panicked at tests/cli_identify.rs:50:10:
[INFO] [stdout] spawn geoscribe: Os { code: 2, kind: NotFound, message: "No such file or directory" }
[INFO] [stdout] stack backtrace:
[INFO] [stdout]    0:     0x64da8efb3b01 - <<std[617be2ca0a6fd877]::sys::backtrace::BacktraceLock>::print::DisplayBacktrace as core[a373ad73a504971]::fmt::Display>::fmt
[INFO] [stdout]    1:     0x64da8efc868a - core[a373ad73a504971]::fmt::write
[INFO] [stdout]    2:     0x64da8efb7d8c - <alloc[2e1b2a31b91974c5]::vec::Vec<u8> as core[a373ad73a504971]::io::write::Write>::write_fmt
[INFO] [stdout]    3:     0x64da8ef8ecb6 - std[617be2ca0a6fd877]::panicking::default_hook::{closure#0}
[INFO] [stdout]    4:     0x64da8efabfb9 - std[617be2ca0a6fd877]::panicking::default_hook
[INFO] [stdout]    5:     0x64da8ef47420 - test[aada8e7e76ba119b]::test_main_inner::{closure#0}
[INFO] [stdout]    6:     0x64da8efac172 - std[617be2ca0a6fd877]::panicking::panic_with_hook
[INFO] [stdout]    7:     0x64da8ef8ed62 - std[617be2ca0a6fd877]::panicking::panic_handler::{closure#0}
[INFO] [stdout]    8:     0x64da8ef87959 - std[617be2ca0a6fd877]::sys::backtrace::__rust_end_short_backtrace::<std[617be2ca0a6fd877]::panicking::panic_handler::{closure#0}, !>
[INFO] [stdout]    9:     0x64da8ef8f96d - __rustc[ea4f61d10b84890b]::rust_begin_unwind
[INFO] [stdout]   10:     0x64da8efc8dbc - core[a373ad73a504971]::panicking::panic_fmt
[INFO] [stdout]   11:     0x64da8efc8b92 - core[a373ad73a504971]::result::unwrap_failed
[INFO] [stdout]   12:     0x64da8ef3530a - cli_identify[697b8273aacf158a]::run
[INFO] [stdout]   13:     0x64da8ef37023 - <cli_identify[697b8273aacf158a]::binary_input_says_it_is_not_a_definition::{closure#0} as core[a373ad73a504971]::ops::function::FnOnce<()>>::call_once
[INFO] [stdout]   14:     0x64da8ef3a86b - test[aada8e7e76ba119b]::__rust_begin_short_backtrace::<core[a373ad73a504971]::result::Result<(), alloc[2e1b2a31b91974c5]::string::String>, fn() -> core[a373ad73a504971]::result::Result<(), alloc[2e1b2a31b91974c5]::string::String>>
[INFO] [stdout]   15:     0x64da8ef47a45 - test[aada8e7e76ba119b]::run_test::{closure#0}
[INFO] [stdout]   16:     0x64da8ef41334 - std[617be2ca0a6fd877]::sys::backtrace::__rust_begin_short_backtrace::<test[aada8e7e76ba119b]::run_test::{closure#1}, ()>
[INFO] [stdout]   17:     0x64da8ef4aad2 - <std[617be2ca0a6fd877]::thread::lifecycle::spawn_unchecked<test[aada8e7e76ba119b]::run_test::{closure#1}, ()>::{closure#1} as core[a373ad73a504971]::ops::function::FnOnce<()>>::call_once::{shim:vtable#0}
[INFO] [stdout]   18:     0x64da8efb317f - <std[617be2ca0a6fd877]::sys::thread::unix::Thread>::new::thread_start
[INFO] [stdout]   19:     0x7a8e35f34dfa - <unknown>
[INFO] [stdout]   20:     0x7a8e35fc83d4 - clone
[INFO] [stdout]   21:                0x0 - <unknown>
[INFO] [stdout] 
[INFO] [stdout] ---- the_ambiguity_message_names_every_candidate stdout ----
[INFO] [stdout] 
[INFO] [stdout] thread 'the_ambiguity_message_names_every_candidate' (444) panicked at tests/cli_identify.rs:50:10:
[INFO] [stdout] spawn geoscribe: Os { code: 2, kind: NotFound, message: "No such file or directory" }
[INFO] [stdout] stack backtrace:
[INFO] [stdout]    0:     0x64da8efb3b01 - <<std[617be2ca0a6fd877]::sys::backtrace::BacktraceLock>::print::DisplayBacktrace as core[a373ad73a504971]::fmt::Display>::fmt
[INFO] [stdout]    1:     0x64da8efc868a - core[a373ad73a504971]::fmt::write
[INFO] [stdout]    2:     0x64da8efb7d8c - <alloc[2e1b2a31b91974c5]::vec::Vec<u8> as core[a373ad73a504971]::io::write::Write>::write_fmt
[INFO] [stdout]    3:     0x64da8ef8ecb6 - std[617be2ca0a6fd877]::panicking::default_hook::{closure#0}
[INFO] [stdout]    4:     0x64da8efabfb9 - std[617be2ca0a6fd877]::panicking::default_hook
[INFO] [stdout]    5:     0x64da8ef47420 - test[aada8e7e76ba119b]::test_main_inner::{closure#0}
[INFO] [stdout]    6:     0x64da8efac172 - std[617be2ca0a6fd877]::panicking::panic_with_hook
[INFO] [stdout]    7:     0x64da8ef8ed62 - std[617be2ca0a6fd877]::panicking::panic_handler::{closure#0}
[INFO] [stdout]    8:     0x64da8ef87959 - std[617be2ca0a6fd877]::sys::backtrace::__rust_end_short_backtrace::<std[617be2ca0a6fd877]::panicking::panic_handler::{closure#0}, !>
[INFO] [stdout]    9:     0x64da8ef8f96d - __rustc[ea4f61d10b84890b]::rust_begin_unwind
[INFO] [stdout]   10:     0x64da8efc8dbc - core[a373ad73a504971]::panicking::panic_fmt
[INFO] [stdout]   11:     0x64da8efc8b92 - core[a373ad73a504971]::result::unwrap_failed
[INFO] [stdout]   12:     0x64da8ef3530a - cli_identify[697b8273aacf158a]::run
[INFO] [stdout]   13:     0x64da8ef3759f - <cli_identify[697b8273aacf158a]::the_ambiguity_message_names_every_candidate::{closure#0} as core[a373ad73a504971]::ops::function::FnOnce<()>>::call_once
[INFO] [stdout]   14:     0x64da8ef3a86b - test[aada8e7e76ba119b]::__rust_begin_short_backtrace::<core[a373ad73a504971]::result::Result<(), alloc[2e1b2a31b91974c5]::string::String>, fn() -> core[a373ad73a504971]::result::Result<(), alloc[2e1b2a31b91974c5]::string::String>>
[INFO] [stdout]   15:     0x64da8ef47a45 - test[aada8e7e76ba119b]::run_test::{closure#0}
[INFO] [stdout]   16:     0x64da8ef41334 - std[617be2ca0a6fd877]::sys::backtrace::__rust_begin_short_backtrace::<test[aada8e7e76ba119b]::run_test::{closure#1}, ()>
[INFO] [stdout]   17:     0x64da8ef4aad2 - <std[617be2ca0a6fd877]::thread::lifecycle::spawn_unchecked<test[aada8e7e76ba119b]::run_test::{closure#1}, ()>::{closure#1} as core[a373ad73a504971]::ops::function::FnOnce<()>>::call_once::{shim:vtable#0}
[INFO] [stdout]   18:     0x64da8efb317f - <std[617be2ca0a6fd877]::sys::thread::unix::Thread>::new::thread_start
[INFO] [stdout]   19:     0x7a8e35f34dfa - <unknown>
[INFO] [stdout]   20:     0x7a8e35fc83d4 - clone
[INFO] [stdout]   21:                0x0 - <unknown>
[INFO] [stdout] 
[INFO] [stdout] ---- every_dialect_flag_composes_with_projjson_input_too stdout ----
[INFO] [stdout] 
[INFO] [stdout] thread 'every_dialect_flag_composes_with_projjson_input_too' (422) panicked at tests/cli_identify.rs:50:10:
[INFO] [stdout] spawn geoscribe: Os { code: 2, kind: NotFound, message: "No such file or directory" }
[INFO] [stdout] stack backtrace:
[INFO] [stdout]    0:     0x64da8efb3b01 - <<std[617be2ca0a6fd877]::sys::backtrace::BacktraceLock>::print::DisplayBacktrace as core[a373ad73a504971]::fmt::Display>::fmt
[INFO] [stdout]    1:     0x64da8efc868a - core[a373ad73a504971]::fmt::write
[INFO] [stdout]    2:     0x64da8efb7d8c - <alloc[2e1b2a31b91974c5]::vec::Vec<u8> as core[a373ad73a504971]::io::write::Write>::write_fmt
[INFO] [stdout]    3:     0x64da8ef8ecb6 - std[617be2ca0a6fd877]::panicking::default_hook::{closure#0}
[INFO] [stdout]    4:     0x64da8efabfb9 - std[617be2ca0a6fd877]::panicking::default_hook
[INFO] [stdout]    5:     0x64da8ef47420 - test[aada8e7e76ba119b]::test_main_inner::{closure#0}
[INFO] [stdout]    6:     0x64da8efac172 - std[617be2ca0a6fd877]::panicking::panic_with_hook
[INFO] [stdout]    7:     0x64da8ef8ed62 - std[617be2ca0a6fd877]::panicking::panic_handler::{closure#0}
[INFO] [stdout]    8:     0x64da8ef87959 - std[617be2ca0a6fd877]::sys::backtrace::__rust_end_short_backtrace::<std[617be2ca0a6fd877]::panicking::panic_handler::{closure#0}, !>
[INFO] [stdout]    9:     0x64da8ef8f96d - __rustc[ea4f61d10b84890b]::rust_begin_unwind
[INFO] [stdout]   10:     0x64da8efc8dbc - core[a373ad73a504971]::panicking::panic_fmt
[INFO] [stdout]   11:     0x64da8efc8b92 - core[a373ad73a504971]::result::unwrap_failed
[INFO] [stdout]   12:     0x64da8ef3530a - cli_identify[697b8273aacf158a]::run
[INFO] [stdout]   13:     0x64da8ef38648 - <cli_identify[697b8273aacf158a]::every_dialect_flag_composes_with_projjson_input_too::{closure#0} as core[a373ad73a504971]::ops::function::FnOnce<()>>::call_once
[INFO] [stdout]   14:     0x64da8ef3a86b - test[aada8e7e76ba119b]::__rust_begin_short_backtrace::<core[a373ad73a504971]::result::Result<(), alloc[2e1b2a31b91974c5]::string::String>, fn() -> core[a373ad73a504971]::result::Result<(), alloc[2e1b2a31b91974c5]::string::String>>
[INFO] [stdout]   15:     0x64da8ef47a45 - test[aada8e7e76ba119b]::run_test::{closure#0}
[INFO] [stdout]   16:     0x64da8ef41334 - std[617be2ca0a6fd877]::sys::backtrace::__rust_begin_short_backtrace::<test[aada8e7e76ba119b]::run_test::{closure#1}, ()>
[INFO] [stdout]   17:     0x64da8ef4aad2 - <std[617be2ca0a6fd877]::thread::lifecycle::spawn_unchecked<test[aada8e7e76ba119b]::run_test::{closure#1}, ()>::{closure#1} as core[a373ad73a504971]::ops::function::FnOnce<()>>::call_once::{shim:vtable#0}
[INFO] [stdout]   18:     0x64da8efb317f - <std[617be2ca0a6fd877]::sys::thread::unix::Thread>::new::thread_start
[INFO] [stdout]   19:     0x7a8e35f34dfa - <unknown>
[INFO] [stdout]   20:     0x7a8e35fc83d4 - clone
[INFO] [stdout]   21:                0x0 - <unknown>
[INFO] [stdout] 
[INFO] [stdout] ---- every_dialect_flag_composes_with_identify stdout ----
[INFO] [stdout] 
[INFO] [stdout] thread 'every_dialect_flag_composes_with_identify' (421) panicked at tests/cli_identify.rs:50:10:
[INFO] [stdout] spawn geoscribe: Os { code: 2, kind: NotFound, message: "No such file or directory" }
[INFO] [stdout] stack backtrace:
[INFO] [stdout]    0:     0x64da8efb3b01 - <<std[617be2ca0a6fd877]::sys::backtrace::BacktraceLock>::print::DisplayBacktrace as core[a373ad73a504971]::fmt::Display>::fmt
[INFO] [stdout]    1:     0x64da8efc868a - core[a373ad73a504971]::fmt::write
[INFO] [stdout]    2:     0x64da8efb7d8c - <alloc[2e1b2a31b91974c5]::vec::Vec<u8> as core[a373ad73a504971]::io::write::Write>::write_fmt
[INFO] [stdout]    3:     0x64da8ef8ecb6 - std[617be2ca0a6fd877]::panicking::default_hook::{closure#0}
[INFO] [stdout]    4:     0x64da8efabfb9 - std[617be2ca0a6fd877]::panicking::default_hook
[INFO] [stdout]    5:     0x64da8ef47420 - test[aada8e7e76ba119b]::test_main_inner::{closure#0}
[INFO] [stdout]    6:     0x64da8efac172 - std[617be2ca0a6fd877]::panicking::panic_with_hook
[INFO] [stdout]    7:     0x64da8ef8ed62 - std[617be2ca0a6fd877]::panicking::panic_handler::{closure#0}
[INFO] [stdout]    8:     0x64da8ef87959 - std[617be2ca0a6fd877]::sys::backtrace::__rust_end_short_backtrace::<std[617be2ca0a6fd877]::panicking::panic_handler::{closure#0}, !>
[INFO] [stdout]    9:     0x64da8ef8f96d - __rustc[ea4f61d10b84890b]::rust_begin_unwind
[INFO] [stdout]   10:     0x64da8efc8dbc - core[a373ad73a504971]::panicking::panic_fmt
[INFO] [stdout]   11:     0x64da8efc8b92 - core[a373ad73a504971]::result::unwrap_failed
[INFO] [stdout]   12:     0x64da8ef3530a - cli_identify[697b8273aacf158a]::run
[INFO] [stdout]   13:     0x64da8ef372f8 - <cli_identify[697b8273aacf158a]::every_dialect_flag_composes_with_identify::{closure#0} as core[a373ad73a504971]::ops::function::FnOnce<()>>::call_once
[INFO] [stdout]   14:     0x64da8ef3a86b - test[aada8e7e76ba119b]::__rust_begin_short_backtrace::<core[a373ad73a504971]::result::Result<(), alloc[2e1b2a31b91974c5]::string::String>, fn() -> core[a373ad73a504971]::result::Result<(), alloc[2e1b2a31b91974c5]::string::String>>
[INFO] [stdout]   15:     0x64da8ef47a45 - test[aada8e7e76ba119b]::run_test::{closure#0}
[INFO] [stdout]   16:     0x64da8ef41334 - std[617be2ca0a6fd877]::sys::backtrace::__rust_begin_short_backtrace::<test[aada8e7e76ba119b]::run_test::{closure#1}, ()>
[INFO] [stdout]   17:     0x64da8ef4aad2 - <std[617be2ca0a6fd877]::thread::lifecycle::spawn_unchecked<test[aada8e7e76ba119b]::run_test::{closure#1}, ()>::{closure#1} as core[a373ad73a504971]::ops::function::FnOnce<()>>::call_once::{shim:vtable#0}
[INFO] [stdout]   18:     0x64da8efb317f - <std[617be2ca0a6fd877]::sys::thread::unix::Thread>::new::thread_start
[INFO] [stdout]   19:     0x7a8e35f34dfa - <unknown>
[INFO] [stdout]   20:     0x7a8e35fc83d4 - clone
[INFO] [stdout]   21:                0x0 - <unknown>
[INFO] [stdout] 
[INFO] [stdout] ---- text_that_is_not_wkt_at_all_is_refused stdout ----
[INFO] [stdout] 
[INFO] [stdout] thread 'text_that_is_not_wkt_at_all_is_refused' (443) panicked at tests/cli_identify.rs:50:10:
[INFO] [stdout] spawn geoscribe: Os { code: 2, kind: NotFound, message: "No such file or directory" }
[INFO] [stdout] stack backtrace:
[INFO] [stdout]    0:     0x64da8efb3b01 - <<std[617be2ca0a6fd877]::sys::backtrace::BacktraceLock>::print::DisplayBacktrace as core[a373ad73a504971]::fmt::Display>::fmt
[INFO] [stdout]    1:     0x64da8efc868a - core[a373ad73a504971]::fmt::write
[INFO] [stdout]    2:     0x64da8efb7d8c - <alloc[2e1b2a31b91974c5]::vec::Vec<u8> as core[a373ad73a504971]::io::write::Write>::write_fmt
[INFO] [stdout]    3:     0x64da8ef8ecb6 - std[617be2ca0a6fd877]::panicking::default_hook::{closure#0}
[INFO] [stdout]    4:     0x64da8efabfb9 - std[617be2ca0a6fd877]::panicking::default_hook
[INFO] [stdout]    5:     0x64da8ef47420 - test[aada8e7e76ba119b]::test_main_inner::{closure#0}
[INFO] [stdout]    6:     0x64da8efac172 - std[617be2ca0a6fd877]::panicking::panic_with_hook
[INFO] [stdout]    7:     0x64da8ef8ed62 - std[617be2ca0a6fd877]::panicking::panic_handler::{closure#0}
[INFO] [stdout]    8:     0x64da8ef87959 - std[617be2ca0a6fd877]::sys::backtrace::__rust_end_short_backtrace::<std[617be2ca0a6fd877]::panicking::panic_handler::{closure#0}, !>
[INFO] [stdout]    9:     0x64da8ef8f96d - __rustc[ea4f61d10b84890b]::rust_begin_unwind
[INFO] [stdout]   10:     0x64da8efc8dbc - core[a373ad73a504971]::panicking::panic_fmt
[INFO] [stdout]   11:     0x64da8efc8b92 - core[a373ad73a504971]::result::unwrap_failed
[INFO] [stdout]   12:     0x64da8ef3530a - cli_identify[697b8273aacf158a]::run
[INFO] [stdout]   13:     0x64da8ef36c1d - <cli_identify[697b8273aacf158a]::text_that_is_not_wkt_at_all_is_refused::{closure#0} as core[a373ad73a504971]::ops::function::FnOnce<()>>::call_once
[INFO] [stdout]   14:     0x64da8ef3a86b - test[aada8e7e76ba119b]::__rust_begin_short_backtrace::<core[a373ad73a504971]::result::Result<(), alloc[2e1b2a31b91974c5]::string::String>, fn() -> core[a373ad73a504971]::result::Result<(), alloc[2e1b2a31b91974c5]::string::String>>
[INFO] [stdout]   15:     0x64da8ef47a45 - test[aada8e7e76ba119b]::run_test::{closure#0}
[INFO] [stdout]   16:     0x64da8ef41334 - std[617be2ca0a6fd877]::sys::backtrace::__rust_begin_short_backtrace::<test[aada8e7e76ba119b]::run_test::{closure#1}, ()>
[INFO] [stdout]   17:     0x64da8ef4aad2 - <std[617be2ca0a6fd877]::thread::lifecycle::spawn_unchecked<test[aada8e7e76ba119b]::run_test::{closure#1}, ()>::{closure#1} as core[a373ad73a504971]::ops::function::FnOnce<()>>::call_once::{shim:vtable#0}
[INFO] [stdout]   18:     0x64da8efb317f - <std[617be2ca0a6fd877]::sys::thread::unix::Thread>::new::thread_start
[INFO] [stdout]   19:     0x7a8e35f34dfa - <unknown>
[INFO] [stdout]   20:     0x7a8e35fc83d4 - clone
[INFO] [stdout]   21:                0x0 - <unknown>
[INFO] [stdout] 
[INFO] [stdout] ---- an_ambiguous_identification_prints_nothing_and_exits_two stdout ----
[INFO] [stdout] 
[INFO] [stdout] thread 'an_ambiguous_identification_prints_nothing_and_exits_two' (414) panicked at tests/cli_identify.rs:50:10:
[INFO] [stdout] spawn geoscribe: Os { code: 2, kind: NotFound, message: "No such file or directory" }
[INFO] [stdout] stack backtrace:
[INFO] [stdout]    0:     0x64da8efb3b01 - <<std[617be2ca0a6fd877]::sys::backtrace::BacktraceLock>::print::DisplayBacktrace as core[a373ad73a504971]::fmt::Display>::fmt
[INFO] [stdout]    1:     0x64da8efc868a - core[a373ad73a504971]::fmt::write
[INFO] [stdout]    2:     0x64da8efb7d8c - <alloc[2e1b2a31b91974c5]::vec::Vec<u8> as core[a373ad73a504971]::io::write::Write>::write_fmt
[INFO] [stdout]    3:     0x64da8ef8ecb6 - std[617be2ca0a6fd877]::panicking::default_hook::{closure#0}
[INFO] [stdout]    4:     0x64da8efabfb9 - std[617be2ca0a6fd877]::panicking::default_hook
[INFO] [stdout]    5:     0x64da8ef47420 - test[aada8e7e76ba119b]::test_main_inner::{closure#0}
[INFO] [stdout]    6:     0x64da8efac172 - std[617be2ca0a6fd877]::panicking::panic_with_hook
[INFO] [stdout]    7:     0x64da8ef8ed62 - std[617be2ca0a6fd877]::panicking::panic_handler::{closure#0}
[INFO] [stdout]    8:     0x64da8ef87959 - std[617be2ca0a6fd877]::sys::backtrace::__rust_end_short_backtrace::<std[617be2ca0a6fd877]::panicking::panic_handler::{closure#0}, !>
[INFO] [stdout]    9:     0x64da8ef8f96d - __rustc[ea4f61d10b84890b]::rust_begin_unwind
[INFO] [stdout]   10:     0x64da8efc8dbc - core[a373ad73a504971]::panicking::panic_fmt
[INFO] [stdout]   11:     0x64da8efc8b92 - core[a373ad73a504971]::result::unwrap_failed
[INFO] [stdout]   12:     0x64da8ef3530a - cli_identify[697b8273aacf158a]::run
[INFO] [stdout]   13:     0x64da8ef38e80 - <cli_identify[697b8273aacf158a]::an_ambiguous_identification_prints_nothing_and_exits_two::{closure#0} as core[a373ad73a504971]::ops::function::FnOnce<()>>::call_once
[INFO] [stdout]   14:     0x64da8ef3a86b - test[aada8e7e76ba119b]::__rust_begin_short_backtrace::<core[a373ad73a504971]::result::Result<(), alloc[2e1b2a31b91974c5]::string::String>, fn() -> core[a373ad73a504971]::result::Result<(), alloc[2e1b2a31b91974c5]::string::String>>
[INFO] [stdout]   15:     0x64da8ef47a45 - test[aada8e7e76ba119b]::run_test::{closure#0}
[INFO] [stdout]   16:     0x64da8ef41334 - std[617be2ca0a6fd877]::sys::backtrace::__rust_begin_short_backtrace::<test[aada8e7e76ba119b]::run_test::{closure#1}, ()>
[INFO] [stdout]   17:     0x64da8ef4aad2 - <std[617be2ca0a6fd877]::thread::lifecycle::spawn_unchecked<test[aada8e7e76ba119b]::run_test::{closure#1}, ()>::{closure#1} as core[a373ad73a504971]::ops::function::FnOnce<()>>::call_once::{shim:vtable#0}
[INFO] [stdout]   18:     0x64da8efb317f - <std[617be2ca0a6fd877]::sys::thread::unix::Thread>::new::thread_start
[INFO] [stdout]   19:     0x7a8e35f34dfa - <unknown>
[INFO] [stdout]   20:     0x7a8e35fc83d4 - clone
[INFO] [stdout]   21:                0x0 - <unknown>
[INFO] [stdout] 
[INFO] [stdout] ---- the_trusted_id_form_is_unchanged stdout ----
[INFO] [stdout] 
[INFO] [stdout] thread 'the_trusted_id_form_is_unchanged' (446) panicked at tests/cli_identify.rs:50:10:
[INFO] [stdout] spawn geoscribe: Os { code: 2, kind: NotFound, message: "No such file or directory" }
[INFO] [stdout] stack backtrace:
[INFO] [stdout]    0:     0x64da8efb3b01 - <<std[617be2ca0a6fd877]::sys::backtrace::BacktraceLock>::print::DisplayBacktrace as core[a373ad73a504971]::fmt::Display>::fmt
[INFO] [stdout]    1:     0x64da8efc868a - core[a373ad73a504971]::fmt::write
[INFO] [stdout]    2:     0x64da8efb7d8c - <alloc[2e1b2a31b91974c5]::vec::Vec<u8> as core[a373ad73a504971]::io::write::Write>::write_fmt
[INFO] [stdout]    3:     0x64da8ef8ecb6 - std[617be2ca0a6fd877]::panicking::default_hook::{closure#0}
[INFO] [stdout]    4:     0x64da8efabfb9 - std[617be2ca0a6fd877]::panicking::default_hook
[INFO] [stdout]    5:     0x64da8ef47420 - test[aada8e7e76ba119b]::test_main_inner::{closure#0}
[INFO] [stdout]    6:     0x64da8efac172 - std[617be2ca0a6fd877]::panicking::panic_with_hook
[INFO] [stdout]    7:     0x64da8ef8ed62 - std[617be2ca0a6fd877]::panicking::panic_handler::{closure#0}
[INFO] [stdout]    8:     0x64da8ef87959 - std[617be2ca0a6fd877]::sys::backtrace::__rust_end_short_backtrace::<std[617be2ca0a6fd877]::panicking::panic_handler::{closure#0}, !>
[INFO] [stdout]    9:     0x64da8ef8f96d - __rustc[ea4f61d10b84890b]::rust_begin_unwind
[INFO] [stdout]   10:     0x64da8efc8dbc - core[a373ad73a504971]::panicking::panic_fmt
[INFO] [stdout]   11:     0x64da8efc8b92 - core[a373ad73a504971]::result::unwrap_failed
[INFO] [stdout]   12:     0x64da8ef3530a - cli_identify[697b8273aacf158a]::run
[INFO] [stdout]   13:     0x64da8ef36285 - <cli_identify[697b8273aacf158a]::the_trusted_id_form_is_unchanged::{closure#0} as core[a373ad73a504971]::ops::function::FnOnce<()>>::call_once
[INFO] [stdout]   14:     0x64da8ef3a86b - test[aada8e7e76ba119b]::__rust_begin_short_backtrace::<core[a373ad73a504971]::result::Result<(), alloc[2e1b2a31b91974c5]::string::String>, fn() -> core[a373ad73a504971]::result::Result<(), alloc[2e1b2a31b91974c5]::string::String>>
[INFO] [stdout]   15:     0x64da8ef47a45 - test[aada8e7e76ba119b]::run_test::{closure#0}
[INFO] [stdout]   16:     0x64da8ef41334 - std[617be2ca0a6fd877]::sys::backtrace::__rust_begin_short_backtrace::<test[aada8e7e76ba119b]::run_test::{closure#1}, ()>
[INFO] [stdout]   17:     0x64da8ef4aad2 - <std[617be2ca0a6fd877]::thread::lifecycle::spawn_unchecked<test[aada8e7e76ba119b]::run_test::{closure#1}, ()>::{closure#1} as core[a373ad73a504971]::ops::function::FnOnce<()>>::call_once::{shim:vtable#0}
[INFO] [stdout]   18:     0x64da8efb317f - <std[617be2ca0a6fd877]::sys::thread::unix::Thread>::new::thread_start
[INFO] [stdout]   19:     0x7a8e35f34dfa - <unknown>
[INFO] [stdout]   20:     0x7a8e35fc83d4 - clone
[INFO] [stdout]   21:                0x0 - <unknown>
[INFO] [stdout] 
[INFO] [stdout] ---- a_wkt_that_carries_an_id_is_identified_by_that_id stdout ----
[INFO] [stdout] 
[INFO] [stdout] thread 'a_wkt_that_carries_an_id_is_identified_by_that_id' (411) panicked at tests/cli_identify.rs:50:10:
[INFO] [stdout] spawn geoscribe: Os { code: 2, kind: NotFound, message: "No such file or directory" }
[INFO] [stdout] stack backtrace:
[INFO] [stdout]    0:     0x64da8efb3b01 - <<std[617be2ca0a6fd877]::sys::backtrace::BacktraceLock>::print::DisplayBacktrace as core[a373ad73a504971]::fmt::Display>::fmt
[INFO] [stdout]    1:     0x64da8efc868a - core[a373ad73a504971]::fmt::write
[INFO] [stdout]    2:     0x64da8efb7d8c - <alloc[2e1b2a31b91974c5]::vec::Vec<u8> as core[a373ad73a504971]::io::write::Write>::write_fmt
[INFO] [stdout]    3:     0x64da8ef8ecb6 - std[617be2ca0a6fd877]::panicking::default_hook::{closure#0}
[INFO] [stdout]    4:     0x64da8efabfb9 - std[617be2ca0a6fd877]::panicking::default_hook
[INFO] [stdout]    5:     0x64da8ef47420 - test[aada8e7e76ba119b]::test_main_inner::{closure#0}
[INFO] [stdout]    6:     0x64da8efac172 - std[617be2ca0a6fd877]::panicking::panic_with_hook
[INFO] [stdout]    7:     0x64da8ef8ed62 - std[617be2ca0a6fd877]::panicking::panic_handler::{closure#0}
[INFO] [stdout]    8:     0x64da8ef87959 - std[617be2ca0a6fd877]::sys::backtrace::__rust_end_short_backtrace::<std[617be2ca0a6fd877]::panicking::panic_handler::{closure#0}, !>
[INFO] [stdout]    9:     0x64da8ef8f96d - __rustc[ea4f61d10b84890b]::rust_begin_unwind
[INFO] [stdout]   10:     0x64da8efc8dbc - core[a373ad73a504971]::panicking::panic_fmt
[INFO] [stdout]   11:     0x64da8efc8b92 - core[a373ad73a504971]::result::unwrap_failed
[INFO] [stdout]   12:     0x64da8ef3530a - cli_identify[697b8273aacf158a]::run
[INFO] [stdout]   13:     0x64da8ef381f2 - <cli_identify[697b8273aacf158a]::a_wkt_that_carries_an_id_is_identified_by_that_id::{closure#0} as core[a373ad73a504971]::ops::function::FnOnce<()>>::call_once
[INFO] [stdout]   14:     0x64da8ef3a86b - test[aada8e7e76ba119b]::__rust_begin_short_backtrace::<core[a373ad73a504971]::result::Result<(), alloc[2e1b2a31b91974c5]::string::String>, fn() -> core[a373ad73a504971]::result::Result<(), alloc[2e1b2a31b91974c5]::string::String>>
[INFO] [stdout]   15:     0x64da8ef47a45 - test[aada8e7e76ba119b]::run_test::{closure#0}
[INFO] [stdout]   16:     0x64da8ef41334 - std[617be2ca0a6fd877]::sys::backtrace::__rust_begin_short_backtrace::<test[aada8e7e76ba119b]::run_test::{closure#1}, ()>
[INFO] [stdout]   17:     0x64da8ef4aad2 - <std[617be2ca0a6fd877]::thread::lifecycle::spawn_unchecked<test[aada8e7e76ba119b]::run_test::{closure#1}, ()>::{closure#1} as core[a373ad73a504971]::ops::function::FnOnce<()>>::call_once::{shim:vtable#0}
[INFO] [stdout]   18:     0x64da8efb317f - <std[617be2ca0a6fd877]::sys::thread::unix::Thread>::new::thread_start
[INFO] [stdout]   19:     0x7a8e35f34dfa - <unknown>
[INFO] [stdout]   20:     0x7a8e35fc83d4 - clone
[INFO] [stdout]   21:                0x0 - <unknown>
[INFO] [stdout] 
[INFO] [stdout] ---- it_reads_from_a_file_as_well_as_stdin stdout ----
[INFO] [stdout] 
[INFO] [stdout] thread 'it_reads_from_a_file_as_well_as_stdin' (430) panicked at tests/cli_identify.rs:50:10:
[INFO] [stdout] spawn geoscribe: Os { code: 2, kind: NotFound, message: "No such file or directory" }
[INFO] [stdout] stack backtrace:
[INFO] [stdout]    0:     0x64da8efb3b01 - <<std[617be2ca0a6fd877]::sys::backtrace::BacktraceLock>::print::DisplayBacktrace as core[a373ad73a504971]::fmt::Display>::fmt
[INFO] [stdout]    1:     0x64da8efc868a - core[a373ad73a504971]::fmt::write
[INFO] [stdout]    2:     0x64da8efb7d8c - <alloc[2e1b2a31b91974c5]::vec::Vec<u8> as core[a373ad73a504971]::io::write::Write>::write_fmt
[INFO] [stdout]    3:     0x64da8ef8ecb6 - std[617be2ca0a6fd877]::panicking::default_hook::{closure#0}
[INFO] [stdout]    4:     0x64da8efabfb9 - std[617be2ca0a6fd877]::panicking::default_hook
[INFO] [stdout]    5:     0x64da8ef47420 - test[aada8e7e76ba119b]::test_main_inner::{closure#0}
[INFO] [stdout]    6:     0x64da8efac172 - std[617be2ca0a6fd877]::panicking::panic_with_hook
[INFO] [stdout]    7:     0x64da8ef8ed62 - std[617be2ca0a6fd877]::panicking::panic_handler::{closure#0}
[INFO] [stdout]    8:     0x64da8ef87959 - std[617be2ca0a6fd877]::sys::backtrace::__rust_end_short_backtrace::<std[617be2ca0a6fd877]::panicking::panic_handler::{closure#0}, !>
[INFO] [stdout]    9:     0x64da8ef8f96d - __rustc[ea4f61d10b84890b]::rust_begin_unwind
[INFO] [stdout]   10:     0x64da8efc8dbc - core[a373ad73a504971]::panicking::panic_fmt
[INFO] [stdout]   11:     0x64da8efc8b92 - core[a373ad73a504971]::result::unwrap_failed
[INFO] [stdout]   12:     0x64da8ef3530a - cli_identify[697b8273aacf158a]::run
[INFO] [stdout]   13:     0x64da8ef3693e - <cli_identify[697b8273aacf158a]::it_reads_from_a_file_as_well_as_stdin::{closure#0} as core[a373ad73a504971]::ops::function::FnOnce<()>>::call_once
[INFO] [stdout]   14:     0x64da8ef3a86b - test[aada8e7e76ba119b]::__rust_begin_short_backtrace::<core[a373ad73a504971]::result::Result<(), alloc[2e1b2a31b91974c5]::string::String>, fn() -> core[a373ad73a504971]::result::Result<(), alloc[2e1b2a31b91974c5]::string::String>>
[INFO] [stdout]   15:     0x64da8ef47a45 - test[aada8e7e76ba119b]::run_test::{closure#0}
[INFO] [stdout]   16:     0x64da8ef41334 - std[617be2ca0a6fd877]::sys::backtrace::__rust_begin_short_backtrace::<test[aada8e7e76ba119b]::run_test::{closure#1}, ()>
[INFO] [stdout]   17:     0x64da8ef4aad2 - <std[617be2ca0a6fd877]::thread::lifecycle::spawn_unchecked<test[aada8e7e76ba119b]::run_test::{closure#1}, ()>::{closure#1} as core[a373ad73a504971]::ops::function::FnOnce<()>>::call_once::{shim:vtable#0}
[INFO] [stdout]   18:     0x64da8efb317f - <std[617be2ca0a6fd877]::sys::thread::unix::Thread>::new::thread_start
[INFO] [stdout]   19:     0x7a8e35f34dfa - <unknown>
[INFO] [stdout]   20:     0x7a8e35fc83d4 - clone
[INFO] [stdout]   21:                0x0 - <unknown>
[INFO] [stdout] 
[INFO] [stdout] ---- an_unresolvable_inline_id_falls_through_to_name_recovery stdout ----
[INFO] [stdout] 
[INFO] [stdout] thread 'an_unresolvable_inline_id_falls_through_to_name_recovery' (418) panicked at tests/cli_identify.rs:50:10:
[INFO] [stdout] spawn geoscribe: Os { code: 2, kind: NotFound, message: "No such file or directory" }
[INFO] [stdout] stack backtrace:
[INFO] [stdout]    0:     0x64da8efb3b01 - <<std[617be2ca0a6fd877]::sys::backtrace::BacktraceLock>::print::DisplayBacktrace as core[a373ad73a504971]::fmt::Display>::fmt
[INFO] [stdout]    1:     0x64da8efc868a - core[a373ad73a504971]::fmt::write
[INFO] [stdout]    2:     0x64da8efb7d8c - <alloc[2e1b2a31b91974c5]::vec::Vec<u8> as core[a373ad73a504971]::io::write::Write>::write_fmt
[INFO] [stdout]    3:     0x64da8ef8ecb6 - std[617be2ca0a6fd877]::panicking::default_hook::{closure#0}
[INFO] [stdout]    4:     0x64da8efabfb9 - std[617be2ca0a6fd877]::panicking::default_hook
[INFO] [stdout]    5:     0x64da8ef47420 - test[aada8e7e76ba119b]::test_main_inner::{closure#0}
[INFO] [stdout]    6:     0x64da8efac172 - std[617be2ca0a6fd877]::panicking::panic_with_hook
[INFO] [stdout]    7:     0x64da8ef8ed62 - std[617be2ca0a6fd877]::panicking::panic_handler::{closure#0}
[INFO] [stdout]    8:     0x64da8ef87959 - std[617be2ca0a6fd877]::sys::backtrace::__rust_end_short_backtrace::<std[617be2ca0a6fd877]::panicking::panic_handler::{closure#0}, !>
[INFO] [stdout]    9:     0x64da8ef8f96d - __rustc[ea4f61d10b84890b]::rust_begin_unwind
[INFO] [stdout]   10:     0x64da8efc8dbc - core[a373ad73a504971]::panicking::panic_fmt
[INFO] [stdout]   11:     0x64da8efc8b92 - core[a373ad73a504971]::result::unwrap_failed
[INFO] [stdout]   12:     0x64da8ef3530a - cli_identify[697b8273aacf158a]::run
[INFO] [stdout]   13:     0x64da8ef38f9b - <cli_identify[697b8273aacf158a]::an_unresolvable_inline_id_falls_through_to_name_recovery::{closure#0} as core[a373ad73a504971]::ops::function::FnOnce<()>>::call_once
[INFO] [stdout]   14:     0x64da8ef3a86b - test[aada8e7e76ba119b]::__rust_begin_short_backtrace::<core[a373ad73a504971]::result::Result<(), alloc[2e1b2a31b91974c5]::string::String>, fn() -> core[a373ad73a504971]::result::Result<(), alloc[2e1b2a31b91974c5]::string::String>>
[INFO] [stdout]   15:     0x64da8ef47a45 - test[aada8e7e76ba119b]::run_test::{closure#0}
[INFO] [stdout]   16:     0x64da8ef41334 - std[617be2ca0a6fd877]::sys::backtrace::__rust_begin_short_backtrace::<test[aada8e7e76ba119b]::run_test::{closure#1}, ()>
[INFO] [stdout]   17:     0x64da8ef4aad2 - <std[617be2ca0a6fd877]::thread::lifecycle::spawn_unchecked<test[aada8e7e76ba119b]::run_test::{closure#1}, ()>::{closure#1} as core[a373ad73a504971]::ops::function::FnOnce<()>>::call_once::{shim:vtable#0}
[INFO] [stdout]   18:     0x64da8efb317f - <std[617be2ca0a6fd877]::sys::thread::unix::Thread>::new::thread_start
[INFO] [stdout]   19:     0x7a8e35f34dfa - <unknown>
[INFO] [stdout]   20:     0x7a8e35fc83d4 - clone
[INFO] [stdout]   21:                0x0 - <unknown>
[INFO] [stdout] 
[INFO] [stdout] ---- stdout_carries_the_definition_alone stdout ----
[INFO] [stdout] 
[INFO] [stdout] thread 'stdout_carries_the_definition_alone' (440) panicked at tests/cli_identify.rs:50:10:
[INFO] [stdout] spawn geoscribe: Os { code: 2, kind: NotFound, message: "No such file or directory" }
[INFO] [stdout] stack backtrace:
[INFO] [stdout]    0:     0x64da8efb3b01 - <<std[617be2ca0a6fd877]::sys::backtrace::BacktraceLock>::print::DisplayBacktrace as core[a373ad73a504971]::fmt::Display>::fmt
[INFO] [stdout]    1:     0x64da8efc868a - core[a373ad73a504971]::fmt::write
[INFO] [stdout]    2:     0x64da8efb7d8c - <alloc[2e1b2a31b91974c5]::vec::Vec<u8> as core[a373ad73a504971]::io::write::Write>::write_fmt
[INFO] [stdout]    3:     0x64da8ef8ecb6 - std[617be2ca0a6fd877]::panicking::default_hook::{closure#0}
[INFO] [stdout]    4:     0x64da8efabfb9 - std[617be2ca0a6fd877]::panicking::default_hook
[INFO] [stdout]    5:     0x64da8ef47420 - test[aada8e7e76ba119b]::test_main_inner::{closure#0}
[INFO] [stdout]    6:     0x64da8efac172 - std[617be2ca0a6fd877]::panicking::panic_with_hook
[INFO] [stdout]    7:     0x64da8ef8ed62 - std[617be2ca0a6fd877]::panicking::panic_handler::{closure#0}
[INFO] [stdout]    8:     0x64da8ef87959 - std[617be2ca0a6fd877]::sys::backtrace::__rust_end_short_backtrace::<std[617be2ca0a6fd877]::panicking::panic_handler::{closure#0}, !>
[INFO] [stdout]    9:     0x64da8ef8f96d - __rustc[ea4f61d10b84890b]::rust_begin_unwind
[INFO] [stdout]   10:     0x64da8efc8dbc - core[a373ad73a504971]::panicking::panic_fmt
[INFO] [stdout]   11:     0x64da8efc8b92 - core[a373ad73a504971]::result::unwrap_failed
[INFO] [stdout]   12:     0x64da8ef3530a - cli_identify[697b8273aacf158a]::run
[INFO] [stdout]   13:     0x64da8ef366e5 - <cli_identify[697b8273aacf158a]::stdout_carries_the_definition_alone::{closure#0} as core[a373ad73a504971]::ops::function::FnOnce<()>>::call_once
[INFO] [stdout]   14:     0x64da8ef3a86b - test[aada8e7e76ba119b]::__rust_begin_short_backtrace::<core[a373ad73a504971]::result::Result<(), alloc[2e1b2a31b91974c5]::string::String>, fn() -> core[a373ad73a504971]::result::Result<(), alloc[2e1b2a31b91974c5]::string::String>>
[INFO] [stdout]   15:     0x64da8ef47a45 - test[aada8e7e76ba119b]::run_test::{closure#0}
[INFO] [stdout]   16:     0x64da8ef41334 - std[617be2ca0a6fd877]::sys::backtrace::__rust_begin_short_backtrace::<test[aada8e7e76ba119b]::run_test::{closure#1}, ()>
[INFO] [stdout]   17:     0x64da8ef4aad2 - <std[617be2ca0a6fd877]::thread::lifecycle::spawn_unchecked<test[aada8e7e76ba119b]::run_test::{closure#1}, ()>::{closure#1} as core[a373ad73a504971]::ops::function::FnOnce<()>>::call_once::{shim:vtable#0}
[INFO] [stdout]   18:     0x64da8efb317f - <std[617be2ca0a6fd877]::sys::thread::unix::Thread>::new::thread_start
[INFO] [stdout]   19:     0x7a8e35f34dfa - <unknown>
[INFO] [stdout]   20:     0x7a8e35fc83d4 - clone
[INFO] [stdout]   21:                0x0 - <unknown>
[INFO] [stdout] 
[INFO] [stdout] ---- projjson_input_identifies_the_same_as_its_wkt_spelling stdout ----
[INFO] [stdout] 
[INFO] [stdout] thread 'projjson_input_identifies_the_same_as_its_wkt_spelling' (434) panicked at tests/cli_identify.rs:50:10:
[INFO] [stdout] spawn geoscribe: Os { code: 2, kind: NotFound, message: "No such file or directory" }
[INFO] [stdout] stack backtrace:
[INFO] [stdout]    0:     0x64da8efb3b01 - <<std[617be2ca0a6fd877]::sys::backtrace::BacktraceLock>::print::DisplayBacktrace as core[a373ad73a504971]::fmt::Display>::fmt
[INFO] [stdout]    1:     0x64da8efc868a - core[a373ad73a504971]::fmt::write
[INFO] [stdout]    2:     0x64da8efb7d8c - <alloc[2e1b2a31b91974c5]::vec::Vec<u8> as core[a373ad73a504971]::io::write::Write>::write_fmt
[INFO] [stdout]    3:     0x64da8ef8ecb6 - std[617be2ca0a6fd877]::panicking::default_hook::{closure#0}
[INFO] [stdout]    4:     0x64da8efabfb9 - std[617be2ca0a6fd877]::panicking::default_hook
[INFO] [stdout]    5:     0x64da8ef47420 - test[aada8e7e76ba119b]::test_main_inner::{closure#0}
[INFO] [stdout]    6:     0x64da8efac172 - std[617be2ca0a6fd877]::panicking::panic_with_hook
[INFO] [stdout]    7:     0x64da8ef8ed62 - std[617be2ca0a6fd877]::panicking::panic_handler::{closure#0}
[INFO] [stdout]    8:     0x64da8ef87959 - std[617be2ca0a6fd877]::sys::backtrace::__rust_end_short_backtrace::<std[617be2ca0a6fd877]::panicking::panic_handler::{closure#0}, !>
[INFO] [stdout]    9:     0x64da8ef8f96d - __rustc[ea4f61d10b84890b]::rust_begin_unwind
[INFO] [stdout]   10:     0x64da8efc8dbc - core[a373ad73a504971]::panicking::panic_fmt
[INFO] [stdout]   11:     0x64da8efc8b92 - core[a373ad73a504971]::result::unwrap_failed
[INFO] [stdout]   12:     0x64da8ef3530a - cli_identify[697b8273aacf158a]::run
[INFO] [stdout]   13:     0x64da8ef38c83 - <cli_identify[697b8273aacf158a]::projjson_input_identifies_the_same_as_its_wkt_spelling::{closure#0} as core[a373ad73a504971]::ops::function::FnOnce<()>>::call_once
[INFO] [stdout]   14:     0x64da8ef3a86b - test[aada8e7e76ba119b]::__rust_begin_short_backtrace::<core[a373ad73a504971]::result::Result<(), alloc[2e1b2a31b91974c5]::string::String>, fn() -> core[a373ad73a504971]::result::Result<(), alloc[2e1b2a31b91974c5]::string::String>>
[INFO] [stdout]   15:     0x64da8ef47a45 - test[aada8e7e76ba119b]::run_test::{closure#0}
[INFO] [stdout]   16:     0x64da8ef41334 - std[617be2ca0a6fd877]::sys::backtrace::__rust_begin_short_backtrace::<test[aada8e7e76ba119b]::run_test::{closure#1}, ()>
[INFO] [stdout]   17:     0x64da8ef4aad2 - <std[617be2ca0a6fd877]::thread::lifecycle::spawn_unchecked<test[aada8e7e76ba119b]::run_test::{closure#1}, ()>::{closure#1} as core[a373ad73a504971]::ops::function::FnOnce<()>>::call_once::{shim:vtable#0}
[INFO] [stdout]   18:     0x64da8efb317f - <std[617be2ca0a6fd877]::sys::thread::unix::Thread>::new::thread_start
[INFO] [stdout]   19:     0x7a8e35f34dfa - <unknown>
[INFO] [stdout]   20:     0x7a8e35fc83d4 - clone
[INFO] [stdout]   21:                0x0 - <unknown>
[INFO] [stdout] 
[INFO] [stdout] ---- the_sniff_reads_leading_whitespace_and_inner_braces_correctly stdout ----
[INFO] [stdout] 
[INFO] [stdout] thread 'the_sniff_reads_leading_whitespace_and_inner_braces_correctly' (445) panicked at tests/cli_identify.rs:50:10:
[INFO] [stdout] spawn geoscribe: Os { code: 2, kind: NotFound, message: "No such file or directory" }
[INFO] [stdout] stack backtrace:
[INFO] [stdout]    0:     0x64da8efb3b01 - <<std[617be2ca0a6fd877]::sys::backtrace::BacktraceLock>::print::DisplayBacktrace as core[a373ad73a504971]::fmt::Display>::fmt
[INFO] [stdout]    1:     0x64da8efc868a - core[a373ad73a504971]::fmt::write
[INFO] [stdout]    2:     0x64da8efb7d8c - <alloc[2e1b2a31b91974c5]::vec::Vec<u8> as core[a373ad73a504971]::io::write::Write>::write_fmt
[INFO] [stdout]    3:     0x64da8ef8ecb6 - std[617be2ca0a6fd877]::panicking::default_hook::{closure#0}
[INFO] [stdout]    4:     0x64da8efabfb9 - std[617be2ca0a6fd877]::panicking::default_hook
[INFO] [stdout]    5:     0x64da8ef47420 - test[aada8e7e76ba119b]::test_main_inner::{closure#0}
[INFO] [stdout]    6:     0x64da8efac172 - std[617be2ca0a6fd877]::panicking::panic_with_hook
[INFO] [stdout]    7:     0x64da8ef8ed62 - std[617be2ca0a6fd877]::panicking::panic_handler::{closure#0}
[INFO] [stdout]    8:     0x64da8ef87959 - std[617be2ca0a6fd877]::sys::backtrace::__rust_end_short_backtrace::<std[617be2ca0a6fd877]::panicking::panic_handler::{closure#0}, !>
[INFO] [stdout]    9:     0x64da8ef8f96d - __rustc[ea4f61d10b84890b]::rust_begin_unwind
[INFO] [stdout]   10:     0x64da8efc8dbc - core[a373ad73a504971]::panicking::panic_fmt
[INFO] [stdout]   11:     0x64da8efc8b92 - core[a373ad73a504971]::result::unwrap_failed
[INFO] [stdout]   12:     0x64da8ef3530a - cli_identify[697b8273aacf158a]::run
[INFO] [stdout]   13:     0x64da8ef393a9 - <cli_identify[697b8273aacf158a]::the_sniff_reads_leading_whitespace_and_inner_braces_correctly::{closure#0} as core[a373ad73a504971]::ops::function::FnOnce<()>>::call_once
[INFO] [stdout]   14:     0x64da8ef3a86b - test[aada8e7e76ba119b]::__rust_begin_short_backtrace::<core[a373ad73a504971]::result::Result<(), alloc[2e1b2a31b91974c5]::string::String>, fn() -> core[a373ad73a504971]::result::Result<(), alloc[2e1b2a31b91974c5]::string::String>>
[INFO] [stdout]   15:     0x64da8ef47a45 - test[aada8e7e76ba119b]::run_test::{closure#0}
[INFO] [stdout]   16:     0x64da8ef41334 - std[617be2ca0a6fd877]::sys::backtrace::__rust_begin_short_backtrace::<test[aada8e7e76ba119b]::run_test::{closure#1}, ()>
[INFO] [stdout]   17:     0x64da8ef4aad2 - <std[617be2ca0a6fd877]::thread::lifecycle::spawn_unchecked<test[aada8e7e76ba119b]::run_test::{closure#1}, ()>::{closure#1} as core[a373ad73a504971]::ops::function::FnOnce<()>>::call_once::{shim:vtable#0}
[INFO] [stdout]   18:     0x64da8efb317f - <std[617be2ca0a6fd877]::sys::thread::unix::Thread>::new::thread_start
[INFO] [stdout]   19:     0x7a8e35f34dfa - <unknown>
[INFO] [stdout]   20:     0x7a8e35fc83d4 - clone
[INFO] [stdout]   21:                0x0 - <unknown>
[INFO] [stdout] 
[INFO] [stdout] ---- projjson_reads_from_a_file_and_from_stdin_alike stdout ----
[INFO] [stdout] 
[INFO] [stdout] thread 'projjson_reads_from_a_file_and_from_stdin_alike' (437) panicked at tests/cli_identify.rs:50:10:
[INFO] [stdout] spawn geoscribe: Os { code: 2, kind: NotFound, message: "No such file or directory" }
[INFO] [stdout] stack backtrace:
[INFO] [stdout]    0:     0x64da8efb3b01 - <<std[617be2ca0a6fd877]::sys::backtrace::BacktraceLock>::print::DisplayBacktrace as core[a373ad73a504971]::fmt::Display>::fmt
[INFO] [stdout]    1:     0x64da8efc868a - core[a373ad73a504971]::fmt::write
[INFO] [stdout]    2:     0x64da8efb7d8c - <alloc[2e1b2a31b91974c5]::vec::Vec<u8> as core[a373ad73a504971]::io::write::Write>::write_fmt
[INFO] [stdout]    3:     0x64da8ef8ecb6 - std[617be2ca0a6fd877]::panicking::default_hook::{closure#0}
[INFO] [stdout]    4:     0x64da8efabfb9 - std[617be2ca0a6fd877]::panicking::default_hook
[INFO] [stdout]    5:     0x64da8ef47420 - test[aada8e7e76ba119b]::test_main_inner::{closure#0}
[INFO] [stdout]    6:     0x64da8efac172 - std[617be2ca0a6fd877]::panicking::panic_with_hook
[INFO] [stdout]    7:     0x64da8ef8ed62 - std[617be2ca0a6fd877]::panicking::panic_handler::{closure#0}
[INFO] [stdout]    8:     0x64da8ef87959 - std[617be2ca0a6fd877]::sys::backtrace::__rust_end_short_backtrace::<std[617be2ca0a6fd877]::panicking::panic_handler::{closure#0}, !>
[INFO] [stdout]    9:     0x64da8ef8f96d - __rustc[ea4f61d10b84890b]::rust_begin_unwind
[INFO] [stdout]   10:     0x64da8efc8dbc - core[a373ad73a504971]::panicking::panic_fmt
[INFO] [stdout]   11:     0x64da8efc8b92 - core[a373ad73a504971]::result::unwrap_failed
[INFO] [stdout]   12:     0x64da8ef3530a - cli_identify[697b8273aacf158a]::run
[INFO] [stdout]   13:     0x64da8ef37b9e - <cli_identify[697b8273aacf158a]::projjson_reads_from_a_file_and_from_stdin_alike::{closure#0} as core[a373ad73a504971]::ops::function::FnOnce<()>>::call_once
[INFO] [stdout]   14:     0x64da8ef3a86b - test[aada8e7e76ba119b]::__rust_begin_short_backtrace::<core[a373ad73a504971]::result::Result<(), alloc[2e1b2a31b91974c5]::string::String>, fn() -> core[a373ad73a504971]::result::Result<(), alloc[2e1b2a31b91974c5]::string::String>>
[INFO] [stdout]   15:     0x64da8ef47a45 - test[aada8e7e76ba119b]::run_test::{closure#0}
[INFO] [stdout]   16:     0x64da8ef41334 - std[617be2ca0a6fd877]::sys::backtrace::__rust_begin_short_backtrace::<test[aada8e7e76ba119b]::run_test::{closure#1}, ()>
[INFO] [stdout]   17:     0x64da8ef4aad2 - <std[617be2ca0a6fd877]::thread::lifecycle::spawn_unchecked<test[aada8e7e76ba119b]::run_test::{closure#1}, ()>::{closure#1} as core[a373ad73a504971]::ops::function::FnOnce<()>>::call_once::{shim:vtable#0}
[INFO] [stdout]   18:     0x64da8efb317f - <std[617be2ca0a6fd877]::sys::thread::unix::Thread>::new::thread_start
[INFO] [stdout]   19:     0x7a8e35f34dfa - <unknown>
[INFO] [stdout]   20:     0x7a8e35fc83d4 - clone
[INFO] [stdout]   21:                0x0 - <unknown>
[INFO] [stdout] 
[INFO] [stdout] 
[INFO] [stdout] failures:
[INFO] [stdout]     a_listed_candidate_feeds_straight_back_into_the_trusted_id_form
[INFO] [stdout]     a_lying_ellipsoid_is_refused_with_empty_stdout
[INFO] [stdout]     a_missing_file_is_reported_not_silently_empty
[INFO] [stdout]     a_projjson_with_an_inline_id_is_identified_by_it
[INFO] [stdout]     a_unique_identification_prints_the_definition_and_exits_zero
[INFO] [stdout]     a_wkt_that_carries_an_id_is_identified_by_that_id
[INFO] [stdout]     all_lists_a_single_code_for_an_unambiguous_wkt
[INFO] [stdout]     all_lists_the_candidates_on_stdout
[INFO] [stdout]     an_ambiguous_identification_prints_nothing_and_exits_two
[INFO] [stdout]     an_ambiguous_projjson_exits_two_with_empty_stdout
[INFO] [stdout]     an_unidentifiable_wkt_exits_one_not_two
[INFO] [stdout]     an_unresolvable_inline_id_falls_through_to_name_recovery
[INFO] [stdout]     binary_input_says_it_is_not_a_definition
[INFO] [stdout]     empty_input_is_an_error_rather_than_empty_output
[INFO] [stdout]     every_dialect_flag_composes_with_identify
[INFO] [stdout]     every_dialect_flag_composes_with_projjson_input_too
[INFO] [stdout]     it_reads_from_a_file_as_well_as_stdin
[INFO] [stdout]     json_that_is_not_a_crs_is_refused_as_json_not_as_wkt
[INFO] [stdout]     projjson_input_identifies_the_same_as_its_wkt_spelling
[INFO] [stdout]     projjson_reads_from_a_file_and_from_stdin_alike
[INFO] [stdout]     stdout_carries_the_definition_alone
[INFO] [stdout]     text_that_is_not_wkt_at_all_is_refused
[INFO] [stdout]     the_ambiguity_message_names_every_candidate
[INFO] [stdout]     the_sniff_reads_leading_whitespace_and_inner_braces_correctly
[INFO] [stdout]     the_trusted_id_form_is_unchanged
[INFO] [stdout] 
[INFO] [stdout] test result: FAILED. 0 passed; 25 failed; 0 ignored; 0 measured; 0 filtered out; finished in 0.02s
[INFO] [stdout] 
[INFO] running `Command { std: "docker" "inspect" "bda799a1a15681a435e8d94d8e0939be07098bfdad3ef2ca6f64dcef7b433107", kill_on_drop: false }`
[INFO] running `Command { std: "docker" "rm" "-f" "bda799a1a15681a435e8d94d8e0939be07098bfdad3ef2ca6f64dcef7b433107", kill_on_drop: false }`
[INFO] [stdout] bda799a1a15681a435e8d94d8e0939be07098bfdad3ef2ca6f64dcef7b433107
