[INFO] fetching crate fozzie 1.7.0...
[INFO] testing fozzie-1.7.0 against 1.100.0-beta.1+cargoflags=--release for beta-release-1.100-3
[INFO] extracting crate fozzie 1.7.0 into /workspace/builds/worker-3-tc2/source
[INFO] removed /workspace/builds/worker-3-tc2/source/rust-toolchain.toml
[INFO] started tweaking crates.io crate fozzie 1.7.0
[INFO] removed 0 missing tests
[INFO] finished tweaking crates.io crate fozzie 1.7.0
[INFO] tweaked toml for crates.io crate fozzie 1.7.0 written to /workspace/builds/worker-3-tc2/source/Cargo.toml
[INFO] validating manifest of crates.io crate fozzie 1.7.0 on toolchain 1.100.0-beta.1
[INFO] running `Command { std: CARGO_HOME="/workspace/cargo-home" RUSTUP_HOME="/workspace/rustup-home" "/workspace/cargo-home/bin/cargo" "+1.100.0-beta.1" "metadata" "--manifest-path" "Cargo.toml" "--no-deps", kill_on_drop: false }`
[INFO] crate crates.io crate fozzie 1.7.0 already has a lockfile, it will not be regenerated
[INFO] running `Command { std: CARGO_HOME="/workspace/cargo-home" RUSTUP_HOME="/workspace/rustup-home" "/workspace/cargo-home/bin/cargo" "+1.100.0-beta.1" "fetch" "--manifest-path" "Cargo.toml", kill_on_drop: false }`
[INFO] running `Command { std: "docker" "create" "-v" "/var/lib/crater-agent-workspace/builds/worker-3-tc2/source:/opt/rustwide/workdir:ro,Z" "-v" "/var/lib/crater-agent-workspace/builds/worker-3-tc2/target:/opt/rustwide/target:rw,Z" "-v" "/var/lib/crater-agent-workspace/cargo-home:/opt/rustwide/cargo-home:ro,Z" "-v" "/var/lib/crater-agent-workspace/rustup-home:/opt/rustwide/rustup-home:ro,Z" "-m" "1610612736" "--network" "none" "ghcr.io/rust-lang/crates-build-env/linux@sha256:77db811e55d90add9212f6832c23229e3de5f1c1f9905e8cb07319ea15df73ac" "sleep" "infinity", kill_on_drop: false }`
[INFO] [stdout] ea1fd0a8505ab117bed6834ad5c34be1e6356f901fa685502304463ca6cbfcf3
[INFO] running `Command { std: "docker" "start" "ea1fd0a8505ab117bed6834ad5c34be1e6356f901fa685502304463ca6cbfcf3", kill_on_drop: false }`
[INFO] running `Command { std: "docker" "inspect" "ea1fd0a8505ab117bed6834ad5c34be1e6356f901fa685502304463ca6cbfcf3", kill_on_drop: false }`
[INFO] running `Command { std: "docker" "exec" "-e" "SOURCE_DIR=/opt/rustwide/workdir" "-e" "CARGO_HOME=/opt/rustwide/cargo-home" "-e" "RUSTUP_HOME=/opt/rustwide/rustup-home" "-e" "CARGO_TARGET_DIR=/opt/rustwide/target" "-w" "/opt/rustwide/workdir" "--user" "0:0" "ea1fd0a8505ab117bed6834ad5c34be1e6356f901fa685502304463ca6cbfcf3" "/opt/rustwide/cargo-home/bin/cargo" "+1.100.0-beta.1" "metadata" "--no-deps" "--format-version=1", kill_on_drop: false }`
[INFO] running `Command { std: "docker" "inspect" "ea1fd0a8505ab117bed6834ad5c34be1e6356f901fa685502304463ca6cbfcf3", kill_on_drop: false }`
[INFO] running `Command { std: "docker" "exec" "-e" "SOURCE_DIR=/opt/rustwide/workdir" "-e" "CARGO_HOME=/opt/rustwide/cargo-home" "-e" "RUSTUP_HOME=/opt/rustwide/rustup-home" "-e" "CARGO_TARGET_DIR=/opt/rustwide/target" "-e" "CARGO_INCREMENTAL=0" "-e" "RUST_BACKTRACE=full" "-e" "RUSTFLAGS=--cap-lints=warn" "-e" "RUSTDOCFLAGS=--cap-lints=warn" "-w" "/opt/rustwide/workdir" "--user" "0:0" "ea1fd0a8505ab117bed6834ad5c34be1e6356f901fa685502304463ca6cbfcf3" "/opt/rustwide/cargo-home/bin/cargo" "+1.100.0-beta.1" "build" "--frozen" "--message-format=json" "--release", kill_on_drop: false }`
[INFO] [stderr]    Compiling rustix v1.1.5
[INFO] [stderr]    Compiling utf8parse v0.2.2
[INFO] [stderr]    Compiling anstyle v1.0.14
[INFO] [stderr]    Compiling anstyle-query v1.1.5
[INFO] [stderr]    Compiling colorchoice v1.0.5
[INFO] [stderr]    Compiling is_terminal_polyfill v1.70.2
[INFO] [stderr]    Compiling crossbeam-utils v0.8.23
[INFO] [stderr]    Compiling crossbeam-epoch v0.9.21
[INFO] [stderr]    Compiling clap_lex v1.1.1
[INFO] [stderr]    Compiling regex-syntax v0.8.11
[INFO] [stderr]    Compiling linux-raw-sys v0.12.1
[INFO] [stderr]    Compiling syn v0.15.44
[INFO] [stderr]    Compiling aho-corasick v1.1.5
[INFO] [stderr]    Compiling libc v0.2.190
[INFO] [stderr]    Compiling bitflags v2.13.2
[INFO] [stderr]    Compiling crossbeam-deque v0.8.8
[INFO] [stderr]    Compiling anstyle-parse v1.0.0
[INFO] [stderr]    Compiling num-traits v0.2.19
[INFO] [stderr]    Compiling rayon-core v1.13.0
[INFO] [stderr]    Compiling anstream v1.0.0
[INFO] [stderr]    Compiling numtoa v0.2.4
[INFO] [stderr]    Compiling either v1.19.0
[INFO] [stderr]    Compiling unicode-width v0.2.2
[INFO] [stderr]    Compiling clap_builder v4.6.7
[INFO] [stderr]    Compiling float-cmp v0.10.0
[INFO] [stderr]    Compiling terminal_size v0.4.4
[INFO] [stderr]    Compiling rayon v1.12.0
[INFO] [stderr]    Compiling termion v4.0.6
[INFO] [stderr]    Compiling derive_more v0.14.1
[INFO] [stderr]    Compiling regex-automata v0.4.18
[INFO] [stderr]    Compiling clap v4.6.7
[INFO] [stderr]    Compiling clap_complete v4.6.11
[INFO] [stderr]    Compiling raw_tty v0.1.0
[INFO] [stderr]    Compiling regex v1.13.1
[INFO] [stderr]    Compiling fozzie v1.7.0 (/opt/rustwide/workdir)
[INFO] [stderr]     Finished `release` profile [optimized] target(s) in 41.90s
[INFO] running `Command { std: "docker" "inspect" "ea1fd0a8505ab117bed6834ad5c34be1e6356f901fa685502304463ca6cbfcf3", kill_on_drop: false }`
[INFO] running `Command { std: "docker" "exec" "-e" "SOURCE_DIR=/opt/rustwide/workdir" "-e" "CARGO_HOME=/opt/rustwide/cargo-home" "-e" "RUSTUP_HOME=/opt/rustwide/rustup-home" "-e" "CARGO_TARGET_DIR=/opt/rustwide/target" "-e" "CARGO_INCREMENTAL=0" "-e" "RUST_BACKTRACE=full" "-e" "RUSTFLAGS=--cap-lints=warn" "-e" "RUSTDOCFLAGS=--cap-lints=warn" "-w" "/opt/rustwide/workdir" "--user" "0:0" "ea1fd0a8505ab117bed6834ad5c34be1e6356f901fa685502304463ca6cbfcf3" "/opt/rustwide/cargo-home/bin/cargo" "+1.100.0-beta.1" "test" "--frozen" "--no-run" "--message-format=json" "--release", kill_on_drop: false }`
[INFO] [stderr]    Compiling fozzie v1.7.0 (/opt/rustwide/workdir)
[INFO] [stderr]     Finished `release` profile [optimized] target(s) in 5.58s
[INFO] running `Command { std: "docker" "inspect" "ea1fd0a8505ab117bed6834ad5c34be1e6356f901fa685502304463ca6cbfcf3", kill_on_drop: false }`
[INFO] running `Command { std: "docker" "exec" "-e" "SOURCE_DIR=/opt/rustwide/workdir" "-e" "CARGO_HOME=/opt/rustwide/cargo-home" "-e" "RUSTUP_HOME=/opt/rustwide/rustup-home" "-e" "CARGO_TARGET_DIR=/opt/rustwide/target" "-e" "CARGO_INCREMENTAL=0" "-e" "RUST_BACKTRACE=full" "-e" "RUSTFLAGS=--cap-lints=warn" "-e" "RUSTDOCFLAGS=--cap-lints=warn" "-w" "/opt/rustwide/workdir" "--user" "0:0" "ea1fd0a8505ab117bed6834ad5c34be1e6356f901fa685502304463ca6cbfcf3" "/opt/rustwide/cargo-home/bin/cargo" "+1.100.0-beta.1" "test" "--frozen" "--release", kill_on_drop: false }`
[INFO] [stderr]     Finished `release` profile [optimized] target(s) in 0.11s
[INFO] [stderr]      Running unittests src/lib.rs (/opt/rustwide/target/release/build/fozzie/0dc1cc9f30eb8771/out/fozzie-0dc1cc9f30eb8771)
[INFO] [stdout] 
[INFO] [stdout] running 105 tests
[INFO] [stdout] test choices::tests::test_new_max_choices ... ok
[INFO] [stdout] test color::tests::test_inverse ... ok
[INFO] [stdout] test bonus::tests::test_compute_capital ... ok
[INFO] [stdout] test choices::tests::test_new ... ok
[INFO] [stdout] test config::tests::defaults_are_unchanged ... ok
[INFO] [stdout] test choices::tests::test_previous_when_wrapping ... ok
[INFO] [stdout] test choices::tests::test_current_match ... ok
[INFO] [stdout] test choices::tests::test_next ... ok
[INFO] [stdout] test config::tests::benchmark_uses_its_query_unless_top_level_query_is_present ... ok
[INFO] [stdout] test choices::tests::test_next_when_wrapping ... ok
[INFO] [stdout] test choices::tests::test_filter ... ok
[INFO] [stdout] test config::tests::short_and_long_options_are_equivalent ... ok
[INFO] [stdout] test config::tests::top_level_arguments_do_not_become_global ... ok
[INFO] [stdout] test bonus::tests::test_compute_dir ... ok
[INFO] [stdout] test choices::tests::test_previous ... ok
[INFO] [stdout] test color::tests::test_highlight ... ok
[INFO] [stdout] test config::tests::line_limit_reserves_space_for_the_prompt ... ok
[INFO] [stdout] test choices::tests::test_cancel ... ok
[INFO] [stdout] test config::tests::empty_prompt_and_query_are_allowed ... ok
[INFO] [stdout] test config::tests::required_subcommand_options_are_enforced ... ok
[INFO] [stdout] test cursor::tests::test_clear_line ... ok
[INFO] [stdout] test cursor::tests::test_clear_screen_down ... ok
[INFO] [stdout] test config::tests::command_definition_is_valid ... ok
[INFO] [stdout] test cursor::tests::test_up ... ok
[INFO] [stdout] test cursor::tests::test_save_position ... ok
[INFO] [stdout] test cursor::tests::test_col ... ok
[INFO] [stdout] test choices::tests::scrolling_uses_visible_rows_and_clamps_on_resize_and_navigation ... ok
[INFO] [stdout] test config::tests::split_preserves_regex_and_optional_output ... ok
[INFO] [stdout] test config::tests::invalid_typed_values_are_errors ... ok
[INFO] [stdout] test matcher::tests::drawing_with_show_scores_empty_test ... ok
[INFO] [stdout] test choices::tests::next_alias_preserves_selection_and_wrapping ... ok
[INFO] [stdout] test matcher::tests::ascii_clipping_and_empty_content_are_unchanged ... ok
[INFO] [stdout] test matcher::tests::clipping_preserves_character_based_highlights ... ok
[INFO] [stdout] test matcher::tests::drawing_clips_cells_without_slicing_utf8 ... ok
[INFO] [stdout] test matcher::tests::score_ordering_is_descending_and_consistent ... ok
[INFO] [stdout] test matcher::tests::drawing_with_show_scores_test ... ok
[INFO] [stdout] test matcher::tests::score_prefix_is_part_of_the_row_budget ... ok
[INFO] [stdout] test matcher::tests::scrolling_keeps_scores_fixed_and_inside_the_row_budget ... ok
[INFO] [stdout] test matcher::tests::scrolling_preserves_unicode_cells_and_original_highlight_indices ... ok
[INFO] [stdout] test matcher::tests::test_match_upper_case ... ok
[INFO] [stdout] test cursor::tests::test_right ... ok
[INFO] [stdout] test matcher::tests::test_draw_selected ... ok
[INFO] [stdout] test matcher::tests::test_drawing_selected_highlights ... ok
[INFO] [stdout] test matcher::tests::test_drawing_unselected_highlights ... ok
[INFO] [stdout] test matrix::test::test_matrix ... ok
[INFO] [stdout] test scorer::tests::class_positions_test ... ok
[INFO] [stdout] test scorer::tests::positions_consecutive_test ... ok
[INFO] [stdout] test scorer::tests::positions_exact_match_test ... ok
[INFO] [stdout] test scorer::tests::positions_multiple_candidates_start_of_words_test ... ok
[INFO] [stdout] test matcher::tests::test_draw_not_selected ... ok
[INFO] [stdout] test scorer::tests::prefer_contiguous_over_letter_following_period_test ... ok
[INFO] [stdout] test scorer::tests::score_capital_test ... ok
[INFO] [stdout] test cursor::tests::test_left ... ok
[INFO] [stdout] test scorer::tests::positions_no_bonuses_test ... ok
[INFO] [stdout] test scorer::tests::prefer_shorter_matches_test ... ok
[INFO] [stdout] test scorer::tests::score_dot_test ... ok
[INFO] [stdout] test scorer::tests::score_empty_query_test ... ok
[INFO] [stdout] test scorer::tests::score_exact_match_test ... ok
[INFO] [stdout] test scorer::tests::score_gaps_test ... ok
[INFO] [stdout] test scorer::tests::positions_start_of_word_test ... ok
[INFO] [stdout] test scorer::tests::positions_test ... ok
[INFO] [stdout] test scorer::tests::should_prefer_start_of_candidate_test ... ok
[INFO] [stdout] test search::tests::every_cursor_position_fits_even_in_tiny_windows ... ok
[INFO] [stdout] test scorer::tests::prefer_starts_of_words_test ... ok
[INFO] [stdout] test cursor::tests::test_nowrap ... ok
[INFO] [stdout] test scorer::tests::prioritizes_file_name_over_dir ... ok
[INFO] [stdout] test cursor::tests::test_restore_position ... ok
[INFO] [stdout] test scorer::tests::score_consecutive_test ... ok
[INFO] [stdout] test matcher::tests::test_is_match ... ok
[INFO] [stdout] test scorer::tests::score_slash_test ... ok
[INFO] [stdout] test search::tests::test_delete_none ... ok
[INFO] [stdout] test search::tests::test_left ... ok
[INFO] [stdout] test search::tests::test_left_none ... ok
[INFO] [stdout] test scorer::tests::score_words_higher_test ... ok
[INFO] [stdout] test scorer::tests::should_prefer_shorter_candidates_test ... ok
[INFO] [stdout] test search::tests::test_backspace ... ok
[INFO] [stdout] test search::tests::test_right ... ok
[INFO] [stdout] test search::tests::test_left_word ... ok
[INFO] [stdout] test search::tests::backspace_word_test ... ok
[INFO] [stdout] test search::tests::long_query_scrolls_without_changing_the_query ... ok
[INFO] [stdout] test search::tests::set_query_test ... ok
[INFO] [stdout] test search::tests::delete_word_at_end_test ... ok
[INFO] [stdout] test search::tests::word_operations_handle_empty_and_punctuation_queries ... ok
[INFO] [stdout] test search::tests::delete_word_test ... ok
[INFO] [stdout] test search::tests::test_backspace_none ... ok
[INFO] [stdout] test search::tests::test_draw ... ok
[INFO] [stdout] test search::tests::test_keypress ... ok
[INFO] [stdout] test search::tests::test_right_word ... ok
[INFO] [stdout] test search::tests::test_right_none ... ok
[INFO] [stdout] test search::tests::word_operations_reuse_patterns_across_searches ... ok
[INFO] [stdout] test search::tests::word_regexes_are_reused ... ok
[INFO] [stdout] test tests::tab_completes_the_selected_match_and_refreshes_results ... ok
[INFO] [stdout] test search::tests::unicode_completion_and_word_operations_use_character_positions ... ok
[INFO] [stdout] test search::tests::viewport_counts_wide_and_combining_characters ... ok
[INFO] [stdout] test search::tests::word_regexes_preserve_unicode_boundaries ... ok
[INFO] [stdout] test terminal::tests::clipping_observes_display_cells_and_utf8_boundaries ... ok
[INFO] [stdout] test tests::tab_without_matches_preserves_query_and_cursor ... ok
[INFO] [stdout] test tests::word_movement_preserves_query_selection_and_results ... ok
[INFO] [stdout] test tests::clearing_query_restores_all_matches_and_resets_selection ... ok
[INFO] [stdout] test tests::tab_with_empty_input_is_a_noop ... ok
[INFO] [stdout] test tests::word_deletion_still_refreshes_matches ... ok
[INFO] [stdout] test config::tests::duplicate_arguments_are_rejected ... ok
[INFO] [stdout] test choices::tests::horizontal_scrolling_is_bounded_and_filtering_resets_it ... ok
[INFO] [stdout] test search::tests::test_clear ... ok
[INFO] [stdout] test search::tests::test_delete ... ok
[INFO] [stdout] 
[INFO] [stdout] test result: ok. 105 passed; 0 failed; 0 ignored; 0 measured; 0 filtered out; finished in 0.18s
[INFO] [stdout] 
[INFO] [stderr]      Running unittests src/main.rs (/opt/rustwide/target/release/build/fozzie/041f4767d83a9bfe/out/fozzie-041f4767d83a9bfe)
[INFO] [stdout] 
[INFO] [stderr]      Running tests/cli.rs (/opt/rustwide/target/release/build/fozzie/2442dd9a152fc5ed/out/cli-2442dd9a152fc5ed)
[INFO] [stdout] running 0 tests
[INFO] [stdout] 
[INFO] [stdout] test result: ok. 0 passed; 0 failed; 0 ignored; 0 measured; 0 filtered out; finished in 0.00s
[INFO] [stdout] 
[INFO] [stdout] 
[INFO] [stdout] running 4 tests
[INFO] [stdout] test build_generates_all_packaged_shell_completions ... FAILED
[INFO] [stdout] test subcommand_help_preserves_options_without_version_flags ... ok
[INFO] [stdout] test help_and_version_exit_successfully_before_opening_a_terminal ... ok
[INFO] [stderr] error: test failed, to rerun pass `--test cli`
[INFO] [stdout] test malformed_options_report_errors_without_panicking ... ok
[INFO] [stdout] 
[INFO] [stdout] failures:
[INFO] [stdout] 
[INFO] [stdout] ---- build_generates_all_packaged_shell_completions stdout ----
[INFO] [stdout] 
[INFO] [stdout] thread 'build_generates_all_packaged_shell_completions' (1381) panicked at tests/cli.rs:85:76:
[INFO] [stdout] called `Result::unwrap()` on an `Err` value: Os { code: 2, kind: NotFound, message: "No such file or directory" }
[INFO] [stdout] stack backtrace:
[INFO] [stdout]    0:     0x56d685652dd1 - <<std[617be2ca0a6fd877]::sys::backtrace::BacktraceLock>::print::DisplayBacktrace as core[a373ad73a504971]::fmt::Display>::fmt
[INFO] [stdout]    1:     0x56d685666e0a - core[a373ad73a504971]::fmt::write
[INFO] [stdout]    2:     0x56d685656fec - <alloc[2e1b2a31b91974c5]::vec::Vec<u8> as core[a373ad73a504971]::io::write::Write>::write_fmt
[INFO] [stdout]    3:     0x56d68562ebc6 - std[617be2ca0a6fd877]::panicking::default_hook::{closure#0}
[INFO] [stdout]    4:     0x56d68564b109 - std[617be2ca0a6fd877]::panicking::default_hook
[INFO] [stdout]    5:     0x56d6855e6f50 - test[aada8e7e76ba119b]::test_main_inner::{closure#0}
[INFO] [stdout]    6:     0x56d68564b2c2 - std[617be2ca0a6fd877]::panicking::panic_with_hook
[INFO] [stdout]    7:     0x56d68562ec72 - std[617be2ca0a6fd877]::panicking::panic_handler::{closure#0}
[INFO] [stdout]    8:     0x56d6856277f9 - std[617be2ca0a6fd877]::sys::backtrace::__rust_end_short_backtrace::<std[617be2ca0a6fd877]::panicking::panic_handler::{closure#0}, !>
[INFO] [stdout]    9:     0x56d68562f87d - __rustc[ea4f61d10b84890b]::rust_begin_unwind
[INFO] [stdout]   10:     0x56d68566753c - core[a373ad73a504971]::panicking::panic_fmt
[INFO] [stdout]   11:     0x56d685667312 - core[a373ad73a504971]::result::unwrap_failed
[INFO] [stdout]   12:     0x56d6855d8a2f - <cli[4a13efbcb78c4da5]::build_generates_all_packaged_shell_completions::{closure#0} as core[a373ad73a504971]::ops::function::FnOnce<()>>::call_once
[INFO] [stdout]   13:     0x56d6855da39b - test[aada8e7e76ba119b]::__rust_begin_short_backtrace::<core[a373ad73a504971]::result::Result<(), alloc[2e1b2a31b91974c5]::string::String>, fn() -> core[a373ad73a504971]::result::Result<(), alloc[2e1b2a31b91974c5]::string::String>>
[INFO] [stdout]   14:     0x56d6855e7575 - test[aada8e7e76ba119b]::run_test::{closure#0}
[INFO] [stdout]   15:     0x56d6855e0e64 - std[617be2ca0a6fd877]::sys::backtrace::__rust_begin_short_backtrace::<test[aada8e7e76ba119b]::run_test::{closure#1}, ()>
[INFO] [stdout]   16:     0x56d6855ea602 - <std[617be2ca0a6fd877]::thread::lifecycle::spawn_unchecked<test[aada8e7e76ba119b]::run_test::{closure#1}, ()>::{closure#1} as core[a373ad73a504971]::ops::function::FnOnce<()>>::call_once::{shim:vtable#0}
[INFO] [stdout]   17:     0x56d6856522cf - <std[617be2ca0a6fd877]::sys::thread::unix::Thread>::new::thread_start
[INFO] [stdout]   18:     0x72d61c80ddfa - <unknown>
[INFO] [stdout]   19:     0x72d61c8a13d4 - clone
[INFO] [stdout]   20:                0x0 - <unknown>
[INFO] [stdout] 
[INFO] [stdout] 
[INFO] [stdout] failures:
[INFO] [stdout]     build_generates_all_packaged_shell_completions
[INFO] [stdout] 
[INFO] [stdout] test result: FAILED. 3 passed; 1 failed; 0 ignored; 0 measured; 0 filtered out; finished in 0.05s
[INFO] [stdout] 
[INFO] running `Command { std: "docker" "inspect" "ea1fd0a8505ab117bed6834ad5c34be1e6356f901fa685502304463ca6cbfcf3", kill_on_drop: false }`
[INFO] running `Command { std: "docker" "rm" "-f" "ea1fd0a8505ab117bed6834ad5c34be1e6356f901fa685502304463ca6cbfcf3", kill_on_drop: false }`
[INFO] [stdout] ea1fd0a8505ab117bed6834ad5c34be1e6356f901fa685502304463ca6cbfcf3
