[INFO] fetching crate fd-find-enhance 10.1.1026...
[INFO] testing fd-find-enhance-10.1.1026 against 1.100.0-beta.1+cargoflags=--release for beta-release-1.100-3
[INFO] extracting crate fd-find-enhance 10.1.1026 into /workspace/builds/worker-6-tc2/source
[INFO] started tweaking crates.io crate fd-find-enhance 10.1.1026
[INFO] finished tweaking crates.io crate fd-find-enhance 10.1.1026
[INFO] tweaked toml for crates.io crate fd-find-enhance 10.1.1026 written to /workspace/builds/worker-6-tc2/source/Cargo.toml
[INFO] validating manifest of crates.io crate fd-find-enhance 10.1.1026 on toolchain 1.100.0-beta.1
[INFO] running `Command { std: CARGO_HOME="/workspace/cargo-home" RUSTUP_HOME="/workspace/rustup-home" "/workspace/cargo-home/bin/cargo" "+1.100.0-beta.1" "metadata" "--manifest-path" "Cargo.toml" "--no-deps", kill_on_drop: false }`
[INFO] crate crates.io crate fd-find-enhance 10.1.1026 already has a lockfile, it will not be regenerated
[INFO] running `Command { std: CARGO_HOME="/workspace/cargo-home" RUSTUP_HOME="/workspace/rustup-home" "/workspace/cargo-home/bin/cargo" "+1.100.0-beta.1" "fetch" "--manifest-path" "Cargo.toml", kill_on_drop: false }`
[INFO] running `Command { std: "docker" "create" "-v" "/var/lib/crater-agent-workspace/builds/worker-6-tc2/source:/opt/rustwide/workdir:ro,Z" "-v" "/var/lib/crater-agent-workspace/builds/worker-6-tc2/target:/opt/rustwide/target:rw,Z" "-v" "/var/lib/crater-agent-workspace/cargo-home:/opt/rustwide/cargo-home:ro,Z" "-v" "/var/lib/crater-agent-workspace/rustup-home:/opt/rustwide/rustup-home:ro,Z" "-m" "1610612736" "--network" "none" "ghcr.io/rust-lang/crates-build-env/linux@sha256:77db811e55d90add9212f6832c23229e3de5f1c1f9905e8cb07319ea15df73ac" "sleep" "infinity", kill_on_drop: false }`
[INFO] [stdout] 229606c2cceed7893def067d45256fb668bd69334eef88ca5f808b16773f6417
[INFO] running `Command { std: "docker" "start" "229606c2cceed7893def067d45256fb668bd69334eef88ca5f808b16773f6417", kill_on_drop: false }`
[INFO] running `Command { std: "docker" "inspect" "229606c2cceed7893def067d45256fb668bd69334eef88ca5f808b16773f6417", kill_on_drop: false }`
[INFO] running `Command { std: "docker" "exec" "-e" "SOURCE_DIR=/opt/rustwide/workdir" "-e" "CARGO_HOME=/opt/rustwide/cargo-home" "-e" "RUSTUP_HOME=/opt/rustwide/rustup-home" "-e" "CARGO_TARGET_DIR=/opt/rustwide/target" "-w" "/opt/rustwide/workdir" "--user" "0:0" "229606c2cceed7893def067d45256fb668bd69334eef88ca5f808b16773f6417" "/opt/rustwide/cargo-home/bin/cargo" "+1.100.0-beta.1" "metadata" "--no-deps" "--format-version=1", kill_on_drop: false }`
[INFO] running `Command { std: "docker" "inspect" "229606c2cceed7893def067d45256fb668bd69334eef88ca5f808b16773f6417", kill_on_drop: false }`
[INFO] running `Command { std: "docker" "exec" "-e" "SOURCE_DIR=/opt/rustwide/workdir" "-e" "CARGO_HOME=/opt/rustwide/cargo-home" "-e" "RUSTUP_HOME=/opt/rustwide/rustup-home" "-e" "CARGO_TARGET_DIR=/opt/rustwide/target" "-e" "CARGO_INCREMENTAL=0" "-e" "RUST_BACKTRACE=full" "-e" "RUSTFLAGS=--cap-lints=warn" "-e" "RUSTDOCFLAGS=--cap-lints=warn" "-w" "/opt/rustwide/workdir" "--user" "0:0" "229606c2cceed7893def067d45256fb668bd69334eef88ca5f808b16773f6417" "/opt/rustwide/cargo-home/bin/cargo" "+1.100.0-beta.1" "build" "--frozen" "--message-format=json" "--release", kill_on_drop: false }`
[INFO] [stderr]    Compiling libc v0.2.154
[INFO] [stderr]    Compiling proc-macro2 v1.0.81
[INFO] [stderr]    Compiling bitflags v2.5.0
[INFO] [stderr]    Compiling crossbeam-utils v0.8.19
[INFO] [stderr]    Compiling unicode-ident v1.0.12
[INFO] [stderr]    Compiling rustix v0.38.34
[INFO] [stderr]    Compiling memchr v2.7.2
[INFO] [stderr]    Compiling linux-raw-sys v0.4.13
[INFO] [stderr]    Compiling cfg-if v1.0.0
[INFO] [stderr]    Compiling utf8parse v0.2.1
[INFO] [stderr]    Compiling anstyle-parse v0.2.4
[INFO] [stderr]    Compiling colorchoice v1.0.1
[INFO] [stderr]    Compiling cfg_aliases v0.1.1
[INFO] [stderr]    Compiling cc v1.0.96
[INFO] [stderr]    Compiling anstyle-query v1.0.3
[INFO] [stderr]    Compiling is_terminal_polyfill v1.70.0
[INFO] [stderr]    Compiling autocfg v1.3.0
[INFO] [stderr]    Compiling regex-syntax v0.8.3
[INFO] [stderr]    Compiling aho-corasick v1.1.3
[INFO] [stderr]    Compiling anstyle v1.0.7
[INFO] [stderr]    Compiling anstream v0.6.14
[INFO] [stderr]    Compiling quote v1.0.36
[INFO] [stderr]    Compiling num-traits v0.2.19
[INFO] [stderr]    Compiling syn v2.0.60
[INFO] [stderr]    Compiling terminal_size v0.3.0
[INFO] [stderr]    Compiling nix v0.28.0
[INFO] [stderr]    Compiling lazy_static v1.4.0
[INFO] [stderr]    Compiling strsim v0.11.1
[INFO] [stderr]    Compiling portable-atomic v1.6.0
[INFO] [stderr]    Compiling clap_lex v0.7.0
[INFO] [stderr]    Compiling heck v0.5.0
[INFO] [stderr]    Compiling bitflags v1.3.2
[INFO] [stderr]    Compiling clap_builder v4.5.2
[INFO] [stderr]    Compiling jemalloc-sys v0.5.4+5.3.0-patched
[INFO] [stderr]    Compiling bstr v1.9.1
[INFO] [stderr]    Compiling crossbeam-epoch v0.9.18
[INFO] [stderr]    Compiling regex-automata v0.4.6
[INFO] [stderr]    Compiling unicode-width v0.1.13
[INFO] [stderr]    Compiling same-file v1.0.6
[INFO] [stderr]    Compiling anyhow v1.0.82
[INFO] [stderr]    Compiling version_check v0.9.4
[INFO] [stderr]    Compiling log v0.4.21
[INFO] [stderr]    Compiling fd-find-enhance v10.1.1026 (/opt/rustwide/workdir)
[INFO] [stderr]    Compiling walkdir v2.5.0
[INFO] [stderr]    Compiling console v0.15.8
[INFO] [stderr]    Compiling crossbeam-deque v0.8.5
[INFO] [stderr]    Compiling nix v0.24.3
[INFO] [stderr]    Compiling home v0.5.9
[INFO] [stderr]    Compiling iana-time-zone v0.1.60
[INFO] [stderr]    Compiling number_prefix v0.4.0
[INFO] [stderr]    Compiling nu-ansi-term v0.50.0
[INFO] [stderr]    Compiling chrono v0.4.38
[INFO] [stderr]    Compiling indicatif v0.17.8
[INFO] [stderr]    Compiling clap_derive v4.5.4
[INFO] [stderr]    Compiling lscolors v0.17.0
[INFO] [stderr]    Compiling ctrlc v3.4.4
[INFO] [stderr]    Compiling etcetera v0.8.0
[INFO] [stderr]    Compiling globset v0.4.14
[INFO] [stderr]    Compiling regex v1.10.4
[INFO] [stderr]    Compiling ignore v0.4.22
[INFO] [stderr]    Compiling argmax v0.3.1
[INFO] [stderr]    Compiling faccess v0.2.4
[INFO] [stderr]    Compiling crossbeam-channel v0.5.12
[INFO] [stderr]    Compiling humantime v2.1.0
[INFO] [stderr]    Compiling normpath v1.2.0
[INFO] [stderr]    Compiling clap v4.5.4
[INFO] [stderr]    Compiling clap_complete v4.5.2
[INFO] [stderr]    Compiling jemallocator v0.5.4
[INFO] [stdout] warning: hiding a lifetime that's elided elsewhere is confusing
[INFO] [stdout]    --> src/filesystem.rs:103:30
[INFO] [stdout]     |
[INFO] [stdout] 103 | pub fn osstr_to_bytes(input: &OsStr) -> Cow<[u8]> {
[INFO] [stdout]     |                              ^^^^^^     ^^^^^^^^^ the same lifetime is hidden here
[INFO] [stdout]     |                              |
[INFO] [stdout]     |                              the lifetime is elided here
[INFO] [stdout]     |
[INFO] [stdout]     = help: the same lifetime is referred to in inconsistent ways, making the signature confusing
[INFO] [stdout]     = note: `#[warn(mismatched_lifetime_syntaxes)]` on by default
[INFO] [stdout] help: use `'_` for type paths
[INFO] [stdout]     |
[INFO] [stdout] 103 | pub fn osstr_to_bytes(input: &OsStr) -> Cow<'_, [u8]> {
[INFO] [stdout]     |                                             +++
[INFO] [stdout] 
[INFO] [stdout] 
[INFO] [stdout] warning: hiding a lifetime that's elided elsewhere is confusing
[INFO] [stdout]    --> src/filesystem.rs:103:30
[INFO] [stdout]     |
[INFO] [stdout] 103 | pub fn osstr_to_bytes(input: &OsStr) -> Cow<[u8]> {
[INFO] [stdout]     |                              ^^^^^^     ^^^^^^^^^ the same lifetime is hidden here
[INFO] [stdout]     |                              |
[INFO] [stdout]     |                              the lifetime is elided here
[INFO] [stdout]     |
[INFO] [stdout]     = help: the same lifetime is referred to in inconsistent ways, making the signature confusing
[INFO] [stdout]     = note: `#[warn(mismatched_lifetime_syntaxes)]` on by default
[INFO] [stdout] help: use `'_` for type paths
[INFO] [stdout]     |
[INFO] [stdout] 103 | pub fn osstr_to_bytes(input: &OsStr) -> Cow<'_, [u8]> {
[INFO] [stdout]     |                                             +++
[INFO] [stdout] 
[INFO] [stdout] 
[INFO] [stderr]     Finished `release` profile [optimized] target(s) in 2m 22s
[INFO] [stderr] warning: the following packages contain code that will be rejected by a future version of Rust: nix v0.28.0
[INFO] [stderr] note: to see what the problems were, use the option `--future-incompat-report`, or run `cargo report future-incompatibilities --id 1`
[INFO] running `Command { std: "docker" "inspect" "229606c2cceed7893def067d45256fb668bd69334eef88ca5f808b16773f6417", kill_on_drop: false }`
[INFO] running `Command { std: "docker" "exec" "-e" "SOURCE_DIR=/opt/rustwide/workdir" "-e" "CARGO_HOME=/opt/rustwide/cargo-home" "-e" "RUSTUP_HOME=/opt/rustwide/rustup-home" "-e" "CARGO_TARGET_DIR=/opt/rustwide/target" "-e" "CARGO_INCREMENTAL=0" "-e" "RUST_BACKTRACE=full" "-e" "RUSTFLAGS=--cap-lints=warn" "-e" "RUSTDOCFLAGS=--cap-lints=warn" "-w" "/opt/rustwide/workdir" "--user" "0:0" "229606c2cceed7893def067d45256fb668bd69334eef88ca5f808b16773f6417" "/opt/rustwide/cargo-home/bin/cargo" "+1.100.0-beta.1" "test" "--frozen" "--no-run" "--message-format=json" "--release", kill_on_drop: false }`
[INFO] [stderr]    Compiling rustix v0.38.34
[INFO] [stderr]    Compiling syn v2.0.60
[INFO] [stderr]    Compiling cfg-if v1.0.0
[INFO] [stderr]    Compiling fastrand v2.1.0
[INFO] [stderr]    Compiling filetime v0.2.23
[INFO] [stderr]    Compiling diff v0.1.13
[INFO] [stderr]    Compiling terminal_size v0.3.0
[INFO] [stderr]    Compiling tempfile v3.10.1
[INFO] [stderr]    Compiling clap_builder v4.5.2
[INFO] [stderr]    Compiling test-case-core v3.3.1
[INFO] [stderr]    Compiling clap_derive v4.5.4
[INFO] [stderr]    Compiling test-case-macros v3.3.1
[INFO] [stderr]    Compiling test-case v3.3.1
[INFO] [stderr]    Compiling clap v4.5.4
[INFO] [stderr]    Compiling clap_complete v4.5.2
[INFO] [stderr]    Compiling fd-find-enhance v10.1.1026 (/opt/rustwide/workdir)
[INFO] [stdout] warning: hiding a lifetime that's elided elsewhere is confusing
[INFO] [stdout]    --> src/filesystem.rs:103:30
[INFO] [stdout]     |
[INFO] [stdout] 103 | pub fn osstr_to_bytes(input: &OsStr) -> Cow<[u8]> {
[INFO] [stdout]     |                              ^^^^^^     ^^^^^^^^^ the same lifetime is hidden here
[INFO] [stdout]     |                              |
[INFO] [stdout]     |                              the lifetime is elided here
[INFO] [stdout]     |
[INFO] [stdout]     = help: the same lifetime is referred to in inconsistent ways, making the signature confusing
[INFO] [stdout]     = note: `#[warn(mismatched_lifetime_syntaxes)]` on by default
[INFO] [stdout] help: use `'_` for type paths
[INFO] [stdout]     |
[INFO] [stdout] 103 | pub fn osstr_to_bytes(input: &OsStr) -> Cow<'_, [u8]> {
[INFO] [stdout]     |                                             +++
[INFO] [stdout] 
[INFO] [stdout] 
[INFO] [stdout] warning: hiding a lifetime that's elided elsewhere is confusing
[INFO] [stdout]    --> src/filesystem.rs:103:30
[INFO] [stdout]     |
[INFO] [stdout] 103 | pub fn osstr_to_bytes(input: &OsStr) -> Cow<[u8]> {
[INFO] [stdout]     |                              ^^^^^^     ^^^^^^^^^ the same lifetime is hidden here
[INFO] [stdout]     |                              |
[INFO] [stdout]     |                              the lifetime is elided here
[INFO] [stdout]     |
[INFO] [stdout]     = help: the same lifetime is referred to in inconsistent ways, making the signature confusing
[INFO] [stdout]     = note: `#[warn(mismatched_lifetime_syntaxes)]` on by default
[INFO] [stdout] help: use `'_` for type paths
[INFO] [stdout]     |
[INFO] [stdout] 103 | pub fn osstr_to_bytes(input: &OsStr) -> Cow<'_, [u8]> {
[INFO] [stdout]     |                                             +++
[INFO] [stdout] 
[INFO] [stdout] 
[INFO] [stdout] warning: hiding a lifetime that's elided elsewhere is confusing
[INFO] [stdout]    --> src/filesystem.rs:103:30
[INFO] [stdout]     |
[INFO] [stdout] 103 | pub fn osstr_to_bytes(input: &OsStr) -> Cow<[u8]> {
[INFO] [stdout]     |                              ^^^^^^     ^^^^^^^^^ the same lifetime is hidden here
[INFO] [stdout]     |                              |
[INFO] [stdout]     |                              the lifetime is elided here
[INFO] [stdout]     |
[INFO] [stdout]     = help: the same lifetime is referred to in inconsistent ways, making the signature confusing
[INFO] [stdout]     = note: `#[warn(mismatched_lifetime_syntaxes)]` on by default
[INFO] [stdout] help: use `'_` for type paths
[INFO] [stdout]     |
[INFO] [stdout] 103 | pub fn osstr_to_bytes(input: &OsStr) -> Cow<'_, [u8]> {
[INFO] [stdout]     |                                             +++
[INFO] [stdout] 
[INFO] [stdout] 
[INFO] [stdout] warning: hiding a lifetime that's elided elsewhere is confusing
[INFO] [stdout]    --> src/filesystem.rs:103:30
[INFO] [stdout]     |
[INFO] [stdout] 103 | pub fn osstr_to_bytes(input: &OsStr) -> Cow<[u8]> {
[INFO] [stdout]     |                              ^^^^^^     ^^^^^^^^^ the same lifetime is hidden here
[INFO] [stdout]     |                              |
[INFO] [stdout]     |                              the lifetime is elided here
[INFO] [stdout]     |
[INFO] [stdout]     = help: the same lifetime is referred to in inconsistent ways, making the signature confusing
[INFO] [stdout]     = note: `#[warn(mismatched_lifetime_syntaxes)]` on by default
[INFO] [stdout] help: use `'_` for type paths
[INFO] [stdout]     |
[INFO] [stdout] 103 | pub fn osstr_to_bytes(input: &OsStr) -> Cow<'_, [u8]> {
[INFO] [stdout]     |                                             +++
[INFO] [stdout] 
[INFO] [stdout] 
[INFO] [stderr]     Finished `release` profile [optimized] target(s) in 46.33s
[INFO] [stderr] warning: the following packages contain code that will be rejected by a future version of Rust: nix v0.28.0
[INFO] [stderr] note: to see what the problems were, use the option `--future-incompat-report`, or run `cargo report future-incompatibilities --id 1`
[INFO] running `Command { std: "docker" "inspect" "229606c2cceed7893def067d45256fb668bd69334eef88ca5f808b16773f6417", kill_on_drop: false }`
[INFO] running `Command { std: "docker" "exec" "-e" "SOURCE_DIR=/opt/rustwide/workdir" "-e" "CARGO_HOME=/opt/rustwide/cargo-home" "-e" "RUSTUP_HOME=/opt/rustwide/rustup-home" "-e" "CARGO_TARGET_DIR=/opt/rustwide/target" "-e" "CARGO_INCREMENTAL=0" "-e" "RUST_BACKTRACE=full" "-e" "RUSTFLAGS=--cap-lints=warn" "-e" "RUSTDOCFLAGS=--cap-lints=warn" "-w" "/opt/rustwide/workdir" "--user" "0:0" "229606c2cceed7893def067d45256fb668bd69334eef88ca5f808b16773f6417" "/opt/rustwide/cargo-home/bin/cargo" "+1.100.0-beta.1" "test" "--frozen" "--release", kill_on_drop: false }`
[INFO] [stderr] warning: hiding a lifetime that's elided elsewhere is confusing
[INFO] [stderr]    --> src/filesystem.rs:103:30
[INFO] [stderr]     |
[INFO] [stderr] 103 | pub fn osstr_to_bytes(input: &OsStr) -> Cow<[u8]> {
[INFO] [stderr]     |                              ^^^^^^     ^^^^^^^^^ the same lifetime is hidden here
[INFO] [stderr]     |                              |
[INFO] [stderr]     |                              the lifetime is elided here
[INFO] [stderr]     |
[INFO] [stderr]     = help: the same lifetime is referred to in inconsistent ways, making the signature confusing
[INFO] [stderr]     = note: `#[warn(mismatched_lifetime_syntaxes)]` on by default
[INFO] [stderr] help: use `'_` for type paths
[INFO] [stderr]     |
[INFO] [stderr] 103 | pub fn osstr_to_bytes(input: &OsStr) -> Cow<'_, [u8]> {
[INFO] [stderr]     |                                             +++
[INFO] [stderr] 
[INFO] [stderr] warning: `fd-find-enhance` (lib) generated 1 warning (run `cargo fix --lib -p fd-find-enhance` to apply 1 suggestion)
[INFO] [stderr] warning: `fd-find-enhance` (bin "fd") generated 1 warning (1 duplicate)
[INFO] [stderr] warning: `fd-find-enhance` (bin "fd" test) generated 1 warning (1 duplicate)
[INFO] [stderr] warning: `fd-find-enhance` (lib test) generated 1 warning (1 duplicate)
[INFO] [stderr]     Finished `release` profile [optimized] target(s) in 0.13s
[INFO] [stderr] warning: the following packages contain code that will be rejected by a future version of Rust: nix v0.28.0
[INFO] [stderr] note: to see what the problems were, use the option `--future-incompat-report`, or run `cargo report future-incompatibilities --id 1`
[INFO] [stderr]      Running unittests src/lib.rs (/opt/rustwide/target/release/build/fd-find-enhance/aa0dbad3a9be2048/out/fd_lib-aa0dbad3a9be2048)
[INFO] [stdout] 
[INFO] [stdout] running 134 tests
[INFO] [stdout] test exec::tests::command_set_no_args ... ok
[INFO] [stdout] test exec::tests::generate_custom_path_separator ... ok
[INFO] [stdout] test exec::tests::tokens_multiple ... ok
[INFO] [stdout] test exec::tests::tokens_single_batch ... ok
[INFO] [stdout] test exec::tests::tokens_with_basename ... ok
[INFO] [stdout] test exec::tests::tokens_with_parent ... ok
[INFO] [stdout] test exec::tests::template_no_args ... ok
[INFO] [stdout] test exit_codes::tests::general_error_if_at_least_one_error ... ok
[INFO] [stdout] test exit_codes::tests::success_if_no_error ... ok
[INFO] [stdout] test exit_codes::tests::success_when_no_results ... ok
[INFO] [stdout] test filesystem::tests::strip_current_dir_basic ... ok
[INFO] [stdout] test filter::owner::owner_parsing::both_negate ... ok
[INFO] [stdout] test exec::tests::tokens_with_no_extension ... ok
[INFO] [stdout] test filter::owner::owner_parsing::colon_only ... ok
[INFO] [stdout] test exec::tests::tokens_with_literal_braces ... ok
[INFO] [stdout] test exec::tests::tokens_with_basename_no_extension ... ok
[INFO] [stdout] test filter::owner::owner_parsing::empty ... ok
[INFO] [stdout] test exec::tests::tokens_with_literal_braces_and_placeholder ... ok
[INFO] [stdout] test filter::owner::owner_parsing::trailing ... ok
[INFO] [stdout] test filter::owner::owner_parsing::uid_gid ... ok
[INFO] [stdout] test filter::owner::owner_parsing::uid_negate ... ok
[INFO] [stdout] test filter::owner::owner_parsing::uid_not_gid ... ok
[INFO] [stdout] test exec::tests::tokens_with_placeholder ... ok
[INFO] [stdout] test filter::owner::owner_parsing::more_colons ... ok
[INFO] [stdout] test filter::owner::owner_parsing::only_colons ... ok
[INFO] [stdout] test exec::tests::tokens_multiple_batch ... ok
[INFO] [stdout] test filter::owner::owner_parsing::uid_only ... ok
[INFO] [stdout] test filter::owner::owner_parsing::gid_only ... ok
[INFO] [stdout] test filter::size::tests::byte_plus_multiplier ... ok
[INFO] [stdout] test filter::size::tests::ensure_bad_format_returns_none_3 ... ok
[INFO] [stdout] test filter::size::tests::byte_minus ... ok
[INFO] [stdout] test filter::size::tests::ensure_bib_format_returns_none ... ok
[INFO] [stdout] test filter::size::tests::byte_plus ... ok
[INFO] [stdout] test filter::size::tests::ensure_bb_format_returns_none ... ok
[INFO] [stdout] test filter::size::tests::ensure_bad_format_returns_none_2 ... ok
[INFO] [stdout] test filter::size::tests::ensure_bad_format_returns_none_1 ... ok
[INFO] [stdout] test filter::size::tests::ensure_missing_number_returns_none ... ok
[INFO] [stdout] test filter::size::tests::ensure_missing_unit_returns_none ... ok
[INFO] [stdout] test filter::size::tests::ensure_invalid_unit_returns_none_1 ... ok
[INFO] [stdout] test filter::size::tests::ensure_invalid_unit_returns_none_2 ... ok
[INFO] [stdout] test filter::size::tests::gibi_minus_suffix ... ok
[INFO] [stdout] test filter::size::tests::gibi_minus_suffix_upper ... ok
[INFO] [stdout] test filter::size::tests::gibi_plus_suffix ... ok
[INFO] [stdout] test filter::size::tests::gibi_plus_suffix_upper ... ok
[INFO] [stdout] test filter::size::tests::gibi_minus_upper ... ok
[INFO] [stdout] test filter::size::tests::gibi_plus ... ok
[INFO] [stdout] test filter::size::tests::gibi_plus_upper ... ok
[INFO] [stdout] test filter::size::tests::giga_minus_suffix ... ok
[INFO] [stdout] test filter::size::tests::giga_minus_suffix_upper ... ok
[INFO] [stdout] test filter::size::tests::ensure_invalid_unit_returns_none_3 ... ok
[INFO] [stdout] test filter::size::tests::gibi_minus ... ok
[INFO] [stdout] test filter::size::tests::giga_plus ... ok
[INFO] [stdout] test filter::size::tests::giga_plus_suffix ... ok
[INFO] [stdout] test filter::size::tests::giga_minus_upper ... ok
[INFO] [stdout] test filter::size::tests::giga_plus_suffix_upper ... ok
[INFO] [stdout] test filter::size::tests::is_within_greater_than ... ok
[INFO] [stdout] test filter::size::tests::is_within_less_than ... ok
[INFO] [stdout] test filter::size::tests::is_within_greater_than_equal ... ok
[INFO] [stdout] test filter::size::tests::giga_minus ... ok
[INFO] [stdout] test filter::size::tests::is_within_less_than_equal ... ok
[INFO] [stdout] test filter::size::tests::giga_plus_upper ... ok
[INFO] [stdout] test filter::size::tests::kibi_minus ... ok
[INFO] [stdout] test filter::size::tests::kibi_minus_multiplier ... ok
[INFO] [stdout] test filter::size::tests::kibi_minus_suffix ... ok
[INFO] [stdout] test filter::size::tests::kibi_minus_upper ... ok
[INFO] [stdout] test filter::size::tests::kibi_plus_multiplier ... ok
[INFO] [stdout] test filter::size::tests::kibi_plus_suffix_upper ... ok
[INFO] [stdout] test filter::size::tests::kibi_minus_suffix_upper ... ok
[INFO] [stdout] test filter::size::tests::kibi_plus_upper ... ok
[INFO] [stdout] test filter::size::tests::kilo_minus_multiplier ... ok
[INFO] [stdout] test filter::size::tests::kilo_minus_suffix ... ok
[INFO] [stdout] test filter::size::tests::kilo_minus_suffix_upper ... ok
[INFO] [stdout] test filter::size::tests::kilo_minus_upper ... ok
[INFO] [stdout] test filter::size::tests::kilo_plus_upper ... ok
[INFO] [stdout] test filter::size::tests::kilo_minus ... ok
[INFO] [stdout] test filter::size::tests::mebi_minus ... ok
[INFO] [stdout] test filter::size::tests::kilo_plus ... ok
[INFO] [stdout] test filter::size::tests::kibi_plus ... ok
[INFO] [stdout] test filter::size::tests::kibi_plus_suffix ... ok
[INFO] [stdout] test filter::size::tests::kilo_plus_suffix ... ok
[INFO] [stdout] test filter::size::tests::mebi_minus_upper ... ok
[INFO] [stdout] test filter::size::tests::kilo_plus_suffix_upper ... ok
[INFO] [stdout] test filter::size::tests::mebi_minus_suffix ... ok
[INFO] [stdout] test filter::size::tests::mebi_minus_suffix_upper ... ok
[INFO] [stdout] test filter::size::tests::mebi_plus_suffix ... ok
[INFO] [stdout] test filter::size::tests::mebi_plus_upper ... ok
[INFO] [stdout] test filter::size::tests::mega_minus ... ok
[INFO] [stdout] test filter::size::tests::mega_minus_upper ... ok
[INFO] [stdout] test filter::size::tests::mebi_plus ... ok
[INFO] [stdout] test filter::size::tests::mega_minus_suffix_upper ... ok
[INFO] [stdout] test filter::size::tests::mega_plus ... ok
[INFO] [stdout] test filter::size::tests::tebi_minus ... ok
[INFO] [stdout] test filter::size::tests::tebi_minus_suffix ... ok
[INFO] [stdout] test filter::size::tests::tebi_minus_suffix_upper ... ok
[INFO] [stdout] test filter::size::tests::mega_plus_suffix ... ok
[INFO] [stdout] test filter::size::tests::tebi_plus ... ok
[INFO] [stdout] test filter::size::tests::mebi_plus_suffix_upper ... ok
[INFO] [stdout] test filter::size::tests::mega_minus_suffix ... ok
[INFO] [stdout] test filter::size::tests::mega_plus_suffix_upper ... ok
[INFO] [stdout] test filter::size::tests::tebi_minus_upper ... ok
[INFO] [stdout] test filter::size::tests::mega_plus_upper ... ok
[INFO] [stdout] test filter::size::tests::tebi_plus_suffix ... ok
[INFO] [stdout] test filter::size::tests::tebi_plus_suffix_upper ... ok
[INFO] [stdout] test filter::size::tests::tera_minus_suffix ... ok
[INFO] [stdout] test filter::size::tests::tera_plus ... ok
[INFO] [stdout] test filter::size::tests::tera_plus_suffix_upper ... ok
[INFO] [stdout] test filter::time::tests::is_time_filter_applicable ... ok
[INFO] [stdout] test filter::size::tests::tebi_plus_upper ... ok
[INFO] [stdout] test filter::size::tests::tera_minus ... ok
[INFO] [stdout] test filter::size::tests::tera_minus_upper ... ok
[INFO] [stdout] test filter::size::tests::tera_minus_suffix_upper ... ok
[INFO] [stdout] test fmt::input::path_tests::basename_simple ... ok
[INFO] [stdout] test fmt::input::path_tests::basename_utf8_0 ... ok
[INFO] [stdout] test fmt::input::path_tests::basename_utf8_1 ... ok
[INFO] [stdout] test filter::size::tests::tera_plus_suffix ... ok
[INFO] [stdout] test filter::size::tests::tera_plus_upper ... ok
[INFO] [stdout] test fmt::fmt_tests::parse_no_placeholders ... ok
[INFO] [stdout] test fmt::input::path_tests::basename_empty ... ok
[INFO] [stdout] test fmt::fmt_tests::parse_only_brace_escapes ... ok
[INFO] [stdout] test fmt::input::path_tests::basename_dir ... ok
[INFO] [stdout] test fmt::fmt_tests::all_placeholders ... ok
[INFO] [stdout] test fmt::input::path_tests::dirname_dir ... ok
[INFO] [stdout] test fmt::input::path_tests::dirname_simple ... ok
[INFO] [stdout] test fmt::input::path_tests::dirname_utf8_1 ... ok
[INFO] [stdout] test fmt::input::path_tests::remove_ext_dir ... ok
[INFO] [stdout] test fmt::input::path_tests::remove_ext_simple ... ok
[INFO] [stdout] test fmt::input::path_tests::remove_ext_utf8 ... ok
[INFO] [stdout] test fmt::input::path_tests::dirname_root ... ok
[INFO] [stdout] test regex_helper::pattern_has_uppercase_char_advanced ... ok
[INFO] [stdout] test fmt::input::path_tests::dirname_utf8_0 ... ok
[INFO] [stdout] test fmt::input::path_tests::hidden ... ok
[INFO] [stdout] test fmt::input::path_tests::remove_ext_empty ... ok
[INFO] [stdout] test regex_helper::pattern_has_uppercase_char_simple ... ok
[INFO] [stdout] test regex_helper::matches_strings_with_leading_dot_simple ... ok
[INFO] [stdout] 
[INFO] [stdout] test result: ok. 134 passed; 0 failed; 0 ignored; 0 measured; 0 filtered out; finished in 0.02s
[INFO] [stdout] 
[INFO] [stderr]      Running unittests src/main.rs (/opt/rustwide/target/release/build/fd-find-enhance/a40d765749bba883/out/fd-a40d765749bba883)
[INFO] [stdout] 
[INFO] [stdout] running 134 tests
[INFO] [stdout] test exec::tests::generate_custom_path_separator ... ok
[INFO] [stdout] test exec::tests::tokens_with_literal_braces ... ok
[INFO] [stdout] test exec::tests::tokens_with_basename ... ok
[INFO] [stdout] test exec::tests::template_no_args ... ok
[INFO] [stdout] test exec::tests::tokens_multiple_batch ... ok
[INFO] [stdout] test exec::tests::tokens_single_batch ... ok
[INFO] [stdout] test exec::tests::tokens_with_basename_no_extension ... ok
[INFO] [stdout] test exec::tests::tokens_multiple ... ok
[INFO] [stdout] test exec::tests::tokens_with_literal_braces_and_placeholder ... ok
[INFO] [stdout] test exec::tests::command_set_no_args ... ok
[INFO] [stdout] test exec::tests::tokens_with_no_extension ... ok
[INFO] [stdout] test exec::tests::tokens_with_parent ... ok
[INFO] [stdout] test exec::tests::tokens_with_placeholder ... ok
[INFO] [stdout] test exit_codes::tests::success_when_no_results ... ok
[INFO] [stdout] test filesystem::tests::strip_current_dir_basic ... ok
[INFO] [stdout] test exit_codes::tests::success_if_no_error ... ok
[INFO] [stdout] test exit_codes::tests::general_error_if_at_least_one_error ... ok
[INFO] [stdout] test filter::owner::owner_parsing::both_negate ... ok
[INFO] [stdout] test filter::owner::owner_parsing::more_colons ... ok
[INFO] [stdout] test filter::owner::owner_parsing::colon_only ... ok
[INFO] [stdout] test filter::owner::owner_parsing::trailing ... ok
[INFO] [stdout] test filter::owner::owner_parsing::empty ... ok
[INFO] [stdout] test filter::owner::owner_parsing::only_colons ... ok
[INFO] [stdout] test filter::owner::owner_parsing::uid_gid ... ok
[INFO] [stdout] test filter::owner::owner_parsing::gid_only ... ok
[INFO] [stdout] test filter::owner::owner_parsing::uid_only ... ok
[INFO] [stdout] test filter::owner::owner_parsing::uid_negate ... ok
[INFO] [stdout] test filter::size::tests::byte_minus ... ok
[INFO] [stdout] test filter::size::tests::byte_plus ... ok
[INFO] [stdout] test filter::size::tests::byte_plus_multiplier ... ok
[INFO] [stdout] test filter::owner::owner_parsing::uid_not_gid ... ok
[INFO] [stdout] test filter::size::tests::ensure_bad_format_returns_none_3 ... ok
[INFO] [stdout] test filter::size::tests::ensure_bad_format_returns_none_2 ... ok
[INFO] [stdout] test filter::size::tests::ensure_bib_format_returns_none ... ok
[INFO] [stdout] test filter::size::tests::ensure_invalid_unit_returns_none_1 ... ok
[INFO] [stdout] test filter::size::tests::ensure_bad_format_returns_none_1 ... ok
[INFO] [stdout] test filter::size::tests::ensure_bb_format_returns_none ... ok
[INFO] [stdout] test filter::size::tests::ensure_invalid_unit_returns_none_3 ... ok
[INFO] [stdout] test filter::size::tests::ensure_missing_number_returns_none ... ok
[INFO] [stdout] test filter::size::tests::gibi_minus_upper ... ok
[INFO] [stdout] test filter::size::tests::gibi_minus_suffix_upper ... ok
[INFO] [stdout] test filter::size::tests::ensure_invalid_unit_returns_none_2 ... ok
[INFO] [stdout] test filter::size::tests::ensure_missing_unit_returns_none ... ok
[INFO] [stdout] test filter::size::tests::gibi_plus_suffix_upper ... ok
[INFO] [stdout] test filter::size::tests::gibi_minus_suffix ... ok
[INFO] [stdout] test filter::size::tests::gibi_minus ... ok
[INFO] [stdout] test filter::size::tests::gibi_plus ... ok
[INFO] [stdout] test filter::size::tests::gibi_plus_suffix ... ok
[INFO] [stdout] test filter::size::tests::gibi_plus_upper ... ok
[INFO] [stdout] test filter::size::tests::giga_minus_suffix ... ok
[INFO] [stdout] test filter::size::tests::giga_plus ... ok
[INFO] [stdout] test filter::size::tests::giga_minus_suffix_upper ... ok
[INFO] [stdout] test filter::size::tests::giga_minus_upper ... ok
[INFO] [stdout] test filter::size::tests::is_within_greater_than ... ok
[INFO] [stdout] test filter::size::tests::is_within_greater_than_equal ... ok
[INFO] [stdout] test filter::size::tests::giga_plus_suffix ... ok
[INFO] [stdout] test filter::size::tests::giga_minus ... ok
[INFO] [stdout] test filter::size::tests::is_within_less_than_equal ... ok
[INFO] [stdout] test filter::size::tests::giga_plus_upper ... ok
[INFO] [stdout] test filter::size::tests::giga_plus_suffix_upper ... ok
[INFO] [stdout] test filter::size::tests::kibi_minus ... ok
[INFO] [stdout] test filter::size::tests::kibi_minus_suffix ... ok
[INFO] [stdout] test filter::size::tests::kibi_minus_upper ... ok
[INFO] [stdout] test filter::size::tests::is_within_less_than ... ok
[INFO] [stdout] test filter::size::tests::kibi_minus_suffix_upper ... ok
[INFO] [stdout] test filter::size::tests::kibi_minus_multiplier ... ok
[INFO] [stdout] test filter::size::tests::kibi_plus ... ok
[INFO] [stdout] test filter::size::tests::kibi_plus_suffix_upper ... ok
[INFO] [stdout] test filter::size::tests::kilo_minus_suffix ... ok
[INFO] [stdout] test filter::size::tests::kilo_plus ... ok
[INFO] [stdout] test filter::size::tests::kibi_plus_suffix ... ok
[INFO] [stdout] test filter::size::tests::kilo_minus_suffix_upper ... ok
[INFO] [stdout] test filter::size::tests::kilo_minus_multiplier ... ok
[INFO] [stdout] test filter::size::tests::kibi_plus_upper ... ok
[INFO] [stdout] test filter::size::tests::kilo_plus_upper ... ok
[INFO] [stdout] test filter::size::tests::mebi_minus_suffix ... ok
[INFO] [stdout] test filter::size::tests::mebi_minus ... ok
[INFO] [stdout] test filter::size::tests::kilo_plus_suffix ... ok
[INFO] [stdout] test filter::size::tests::kilo_minus_upper ... ok
[INFO] [stdout] test filter::size::tests::mebi_minus_upper ... ok
[INFO] [stdout] test filter::size::tests::mebi_plus_suffix_upper ... ok
[INFO] [stdout] test filter::size::tests::mebi_plus ... ok
[INFO] [stdout] test filter::size::tests::mebi_plus_suffix ... ok
[INFO] [stdout] test filter::size::tests::kilo_plus_suffix_upper ... ok
[INFO] [stdout] test filter::size::tests::mebi_plus_upper ... ok
[INFO] [stdout] test filter::size::tests::mebi_minus_suffix_upper ... ok
[INFO] [stdout] test filter::size::tests::kibi_plus_multiplier ... ok
[INFO] [stdout] test filter::size::tests::kilo_minus ... ok
[INFO] [stdout] test filter::size::tests::mega_minus_suffix_upper ... ok
[INFO] [stdout] test filter::size::tests::mega_plus ... ok
[INFO] [stdout] test filter::size::tests::mega_minus_upper ... ok
[INFO] [stdout] test filter::size::tests::mega_plus_suffix_upper ... ok
[INFO] [stdout] test filter::size::tests::mega_plus_upper ... ok
[INFO] [stdout] test filter::size::tests::tebi_minus ... ok
[INFO] [stdout] test filter::size::tests::tebi_minus_suffix ... ok
[INFO] [stdout] test filter::size::tests::mega_plus_suffix ... ok
[INFO] [stdout] test filter::size::tests::tebi_minus_suffix_upper ... ok
[INFO] [stdout] test filter::size::tests::tebi_plus_suffix ... ok
[INFO] [stdout] test filter::size::tests::mega_minus ... ok
[INFO] [stdout] test filter::size::tests::tebi_plus_suffix_upper ... ok
[INFO] [stdout] test filter::size::tests::mega_minus_suffix ... ok
[INFO] [stdout] test filter::size::tests::tebi_plus ... ok
[INFO] [stdout] test filter::size::tests::tebi_minus_upper ... ok
[INFO] [stdout] test filter::size::tests::tebi_plus_upper ... ok
[INFO] [stdout] test filter::size::tests::tera_minus ... ok
[INFO] [stdout] test filter::size::tests::tera_minus_suffix ... ok
[INFO] [stdout] test filter::size::tests::tera_plus ... ok
[INFO] [stdout] test filter::size::tests::tera_minus_suffix_upper ... ok
[INFO] [stdout] test fmt::fmt_tests::parse_no_placeholders ... ok
[INFO] [stdout] test filter::size::tests::tera_minus_upper ... ok
[INFO] [stdout] test filter::time::tests::is_time_filter_applicable ... ok
[INFO] [stdout] test filter::size::tests::tera_plus_suffix ... ok
[INFO] [stdout] test fmt::fmt_tests::all_placeholders ... ok
[INFO] [stdout] test filter::size::tests::tera_plus_suffix_upper ... ok
[INFO] [stdout] test filter::size::tests::tera_plus_upper ... ok
[INFO] [stdout] test fmt::fmt_tests::parse_only_brace_escapes ... ok
[INFO] [stdout] test fmt::input::path_tests::basename_dir ... ok
[INFO] [stdout] test fmt::input::path_tests::basename_empty ... ok
[INFO] [stdout] test fmt::input::path_tests::basename_utf8_0 ... ok
[INFO] [stdout] test fmt::input::path_tests::basename_utf8_1 ... ok
[INFO] [stdout] test fmt::input::path_tests::dirname_simple ... ok
[INFO] [stdout] test fmt::input::path_tests::basename_simple ... ok
[INFO] [stdout] test fmt::input::path_tests::dirname_dir ... ok
[INFO] [stdout] test fmt::input::path_tests::dirname_root ... ok
[INFO] [stdout] test fmt::input::path_tests::dirname_utf8_0 ... ok
[INFO] [stdout] test fmt::input::path_tests::hidden ... ok
[INFO] [stdout] test fmt::input::path_tests::dirname_utf8_1 ... ok
[INFO] [stdout] test fmt::input::path_tests::remove_ext_dir ... ok
[INFO] [stdout] test fmt::input::path_tests::remove_ext_simple ... ok
[INFO] [stdout] test regex_helper::matches_strings_with_leading_dot_simple ... ok
[INFO] [stdout] test regex_helper::pattern_has_uppercase_char_advanced ... ok
[INFO] [stdout] test regex_helper::pattern_has_uppercase_char_simple ... ok
[INFO] [stdout] test fmt::input::path_tests::remove_ext_empty ... ok
[INFO] [stdout] test fmt::input::path_tests::remove_ext_utf8 ... ok
[INFO] [stdout] 
[INFO] [stdout] test result: ok. 134 passed; 0 failed; 0 ignored; 0 measured; 0 filtered out; finished in 0.05s
[INFO] [stdout] 
[INFO] [stderr]      Running tests/tests.rs (/opt/rustwide/target/release/build/fd-find-enhance/b3fced86bb659fb1/out/tests-b3fced86bb659fb1)
[INFO] [stdout] 
[INFO] [stdout] running 101 tests
[INFO] [stdout] test test_and_plus_case_sensitive ... FAILED
[INFO] [stdout] test test_and_bad_pattern ... FAILED
[INFO] [stdout] test test_and_pattern_starts_with_dash ... FAILED
[INFO] [stdout] test test_and_basic ... FAILED
[INFO] [stdout] test test_and_plus_extension ... FAILED
[INFO] [stdout] test test_and_plus_fixed_strings ... FAILED
[INFO] [stdout] test test_absolute_path ... FAILED
[INFO] [stdout] test format ... FAILED
[INFO] [stdout] test test_and_plus_full_path ... FAILED
[INFO] [stdout] test test_and_empty_pattern ... FAILED
[INFO] [stdout] test test_base_directory ... FAILED
[INFO] [stdout] test test_and_plus_type ... FAILED
[INFO] [stdout] test test_case_insensitive ... FAILED
[INFO] [stdout] test test_and_plus_glob ... FAILED
[INFO] [stdout] test test_and_plus_ignore_case ... FAILED
[INFO] [stdout] test test_custom_ignore_precedence ... FAILED
[INFO] [stdout] test test_custom_ignore_files ... FAILED
[INFO] [stdout] test test_empty_pattern ... FAILED
[INFO] [stdout] test test_case_sensitive_glob_searches ... FAILED
[INFO] [stdout] test test_case_sensitive ... FAILED
[INFO] [stdout] test test_error_if_hidden_not_set_and_pattern_starts_with_dot ... FAILED
[INFO] [stdout] test test_custom_path_separator ... FAILED
[INFO] [stdout] test test_exec_batch_multi ... FAILED
[INFO] [stdout] test test_exact_depth ... FAILED
[INFO] [stdout] test test_exec_batch ... FAILED
[INFO] [stdout] test test_exec_invalid_utf8 ... FAILED
[INFO] [stdout] test test_excludes ... FAILED
[INFO] [stdout] test test_file_system_boundaries ... ok
[INFO] [stdout] test test_exec_multi ... FAILED
[INFO] [stdout] test test_explicit_root_path ... FAILED
[INFO] [stdout] test test_exec_batch_with_limit ... FAILED
[INFO] [stdout] test test_exec ... FAILED
[INFO] [stdout] test test_extension ... FAILED
[INFO] [stdout] test test_fixed_strings ... FAILED
[INFO] [stdout] test test_full_path ... FAILED
[INFO] [stdout] test test_git_dir ... FAILED
[INFO] [stdout] test test_follow_broken_symlink ... FAILED
[INFO] [stdout] test test_full_path_glob_searches ... FAILED
[INFO] [stdout] test test_follow ... FAILED
[INFO] [stdout] test test_gitignore_parent ... FAILED
[INFO] [stdout] test test_glob_searches ... FAILED
[INFO] [stdout] test test_gitignore_and_fdignore ... FAILED
[INFO] [stdout] test test_exec_with_separator ... FAILED
[INFO] [stdout] test test_invalid_cwd ... FAILED
[INFO] [stdout] test test_glob_searches_with_extension ... FAILED
[INFO] [stdout] test test_invalid_utf8 ... FAILED
[INFO] [stdout] test test_hidden ... FAILED
[INFO] [stdout] test test_global_ignore ... FAILED
[INFO] [stdout] test test_implicit_absolute_path ... FAILED
[INFO] [stdout] test test_min_depth ... FAILED
[INFO] [stdout] test test_list_details ... FAILED
[INFO] [stdout] test test_max_results ... FAILED
[INFO] [stdout] test test_modified_absolute ... FAILED
[INFO] [stdout] test test_max_depth ... FAILED
[INFO] [stdout] test test_no_global_ignore::no_global_ignore_file ... FAILED
[INFO] [stdout] test test_no_global_ignore::no_ignore ... FAILED
[INFO] [stdout] test test_multi_file_with_missing ... FAILED
[INFO] [stdout] test test_multi_file ... FAILED
[INFO] [stdout] test test_modified_relative ... FAILED
[INFO] [stdout] test test_no_extension ... FAILED
[INFO] [stdout] test test_no_global_ignore::unrestricted ... FAILED
[INFO] [stdout] test test_no_ignore_parent_inner_git ... FAILED
[INFO] [stdout] test test_no_ignore_aliases ... FAILED
[INFO] [stdout] test test_number_parsing_errors ... FAILED
[INFO] [stdout] test test_normalized_absolute_path ... FAILED
[INFO] [stdout] test test_no_ignore ... FAILED
[INFO] [stdout] test test_no_ignore_parent ... FAILED
[INFO] [stdout] test test_opposing::absolute_path ... FAILED
[INFO] [stdout] test test_no_ignore_vcs ... FAILED
[INFO] [stdout] test test_no_ignore_vcs_child_dir ... FAILED
[INFO] [stdout] test test_opposing::follow ... FAILED
[INFO] [stdout] test test_opposing::hidden ... FAILED
[INFO] [stdout] test test_opposing::u ... FAILED
[INFO] [stdout] test test_owner_root ... ok
[INFO] [stdout] test test_opposing::no_require_git ... FAILED
[INFO] [stdout] test test_opposing::no_ignore ... FAILED
[INFO] [stdout] test test_owner_current_group ... FAILED
[INFO] [stdout] test test_opposing::no_ignore_vcs ... FAILED
[INFO] [stdout] test test_owner_current_user ... FAILED
[INFO] [stdout] test test_prune ... FAILED
[INFO] [stdout] test test_regex_searches ... FAILED
[INFO] [stdout] test test_quiet ... FAILED
[INFO] [stdout] test test_print0 ... FAILED
[INFO] [stdout] test test_respect_ignore_files ... FAILED
[INFO] [stdout] test test_regex_overrides_glob ... FAILED
[INFO] [stdout] test test_single_and_multithreaded_execution ... FAILED
[INFO] [stdout] test test_opposing::uu ... FAILED
[INFO] [stdout] test test_owner_ignore_all ... FAILED
[INFO] [stdout] test test_smart_case ... FAILED
[INFO] [stdout] test test_simple ... FAILED
[INFO] [stdout] test test_smart_case_glob_searches ... FAILED
[INFO] [stdout] test test_strip_cwd_prefix ... FAILED
[INFO] [stdout] test test_symlink_as_absolute_root ... FAILED
[INFO] [stdout] test test_type_executable ... ok
[INFO] [stdout] test test_size ... FAILED
[INFO] [stdout] test test_symlink_and_full_path ... FAILED
[INFO] [stdout] test test_symlink_and_absolute_path ... FAILED
[INFO] [stdout] test test_type_empty ... FAILED
[INFO] [stdout] test test_type ... FAILED
[INFO] [stdout] test test_symlink_and_full_path_abs_path ... FAILED
[INFO] [stdout] test test_symlink_as_root ... FAILED
[INFO] [stdout] 
[INFO] [stdout] failures:
[INFO] [stdout] 
[INFO] [stdout] ---- test_and_plus_case_sensitive stdout ----
[INFO] [stdout] 
[INFO] [stdout] thread 'test_and_plus_case_sensitive' (5962) panicked at tests/testenv/mod.rs:322:22:
[INFO] [stdout] fd output: Os { code: 2, kind: NotFound, message: "No such file or directory" }
[INFO] [stdout] stack backtrace:
[INFO] [stdout]    0:     0x5636450abb35 - <unknown>
[INFO] [stdout]    1:     0x563645092dba - <unknown>
[INFO] [stdout]    2:     0x5636450ab1cb - <unknown>
[INFO] [stdout]    3:     0x5636450aacaf - <unknown>
[INFO] [stdout]    4:     0x5636450aa8da - <unknown>
[INFO] [stdout]    5:     0x5636450aa415 - <unknown>
[INFO] [stdout]    6:     0x5636450d1251 - <unknown>
[INFO] [stdout]    7:     0x5636450d1209 - <unknown>
[INFO] [stdout]    8:     0x5636450d170c - <unknown>
[INFO] [stdout]    9:     0x563645092c4b - <unknown>
[INFO] [stdout]   10:     0x5636450960b1 - <unknown>
[INFO] [stdout]   11:     0x56364507fb11 - <unknown>
[INFO] [stdout]   12:     0x56364507afd6 - <unknown>
[INFO] [stdout]   13:     0x56364507aea5 - <unknown>
[INFO] [stdout]   14:     0x56364508ef10 - <unknown>
[INFO] [stdout]   15:     0x5636450ece4b - <unknown>
[INFO] [stdout]   16:     0x5636450e8e31 - <unknown>
[INFO] [stdout]   17:     0x5636450e861c - <unknown>
[INFO] [stdout]   18:     0x56364510829c - <unknown>
[INFO] [stdout]   19:     0x5636450d2e04 - <unknown>
[INFO] [stdout]   20:     0x7279a2e20dfa - <unknown>
[INFO] [stdout]   21:     0x7279a2eb43d4 - clone
[INFO] [stdout]   22:                0x0 - <unknown>
[INFO] [stdout] 
[INFO] [stdout] ---- test_and_bad_pattern stdout ----
[INFO] [stdout] 
[INFO] [stdout] thread 'test_and_bad_pattern' (5958) panicked at tests/testenv/mod.rs:322:22:
[INFO] [stdout] fd output: Os { code: 2, kind: NotFound, message: "No such file or directory" }
[INFO] [stdout] stack backtrace:
[INFO] [stdout]    0:     0x5636450abb35 - <unknown>
[INFO] [stdout]    1:     0x563645092dba - <unknown>
[INFO] [stdout]    2:     0x5636450ab1cb - <unknown>
[INFO] [stdout]    3:     0x5636450aacaf - <unknown>
[INFO] [stdout]    4:     0x5636450aa8da - <unknown>
[INFO] [stdout]    5:     0x5636450aa415 - <unknown>
[INFO] [stdout]    6:     0x5636450d1251 - <unknown>
[INFO] [stdout]    7:     0x5636450d1209 - <unknown>
[INFO] [stdout]    8:     0x5636450d170c - <unknown>
[INFO] [stdout]    9:     0x563645092c4b - <unknown>
[INFO] [stdout]   10:     0x5636450960b1 - <unknown>
[INFO] [stdout]   11:     0x56364507fb11 - <unknown>
[INFO] [stdout]   12:     0x56364508829a - <unknown>
[INFO] [stdout]   13:     0x5636450ece4b - <unknown>
[INFO] [stdout]   14:     0x5636450e8e31 - <unknown>
[INFO] [stdout]   15:     0x5636450e861c - <unknown>
[INFO] [stdout]   16:     0x56364510829c - <unknown>
[INFO] [stdout]   17:     0x5636450d2e04 - <unknown>
[INFO] [stdout]   18:     0x7279a2e20dfa - <unknown>
[INFO] [stdout]   19:     0x7279a2eb43d4 - clone
[INFO] [stdout]   20:                0x0 - <unknown>
[INFO] [stdout] 
[INFO] [stdout] ---- test_and_pattern_starts_with_dash stdout ----
[INFO] [stdout] 
[INFO] [stdout] thread 'test_and_pattern_starts_with_dash' (5961) panicked at tests/testenv/mod.rs:322:22:
[INFO] [stdout] fd output: Os { code: 2, kind: NotFound, message: "No such file or directory" }
[INFO] [stdout] stack backtrace:
[INFO] [stdout]    0:     0x5636450abb35 - <unknown>
[INFO] [stdout]    1:     0x563645092dba - <unknown>
[INFO] [stdout]    2:     0x5636450ab1cb - <unknown>
[INFO] [stdout]    3:     0x5636450aacaf - <unknown>
[INFO] [stdout]    4:     0x5636450aa8da - <unknown>
[INFO] [stdout]    5:     0x5636450aa415 - <unknown>
[INFO] [stdout]    6:     0x5636450d1251 - <unknown>
[INFO] [stdout]    7:     0x5636450d1209 - <unknown>
[INFO] [stdout]    8:     0x5636450d170c - <unknown>
[INFO] [stdout]    9:     0x563645092c4b - <unknown>
[INFO] [stdout]   10:     0x5636450960b1 - <unknown>
[INFO] [stdout]   11:     0x56364507fb11 - <unknown>
[INFO] [stdout]   12:     0x56364507afd6 - <unknown>
[INFO] [stdout]   13:     0x56364507aea5 - <unknown>
[INFO] [stdout]   14:     0x5636450901d0 - <unknown>
[INFO] [stdout]   15:     0x5636450ece4b - <unknown>
[INFO] [stdout]   16:     0x5636450e8e31 - <unknown>
[INFO] [stdout]   17:     0x5636450e861c - <unknown>
[INFO] [stdout]   18:     0x56364510829c - <unknown>
[INFO] [stdout]   19:     0x5636450d2e04 - <unknown>
[INFO] [stdout]   20:     0x7279a2e20dfa - <unknown>
[INFO] [stdout]   21:     0x7279a2eb43d4 - clone
[INFO] [stdout]   22:                0x0 - <unknown>
[INFO] [stdout] 
[INFO] [stdout] ---- test_and_basic stdout ----
[INFO] [stdout] 
[INFO] [stdout] thread 'test_and_basic' (5959) panicked at tests/testenv/mod.rs:322:22:
[INFO] [stdout] fd output: Os { code: 2, kind: NotFound, message: "No such file or directory" }
[INFO] [stdout] stack backtrace:
[INFO] [stdout]    0:     0x5636450abb35 - <unknown>
[INFO] [stdout]    1:     0x563645092dba - <unknown>
[INFO] [stdout]    2:     0x5636450ab1cb - <unknown>
[INFO] [stdout]    3:     0x5636450aacaf - <unknown>
[INFO] [stdout]    4:     0x5636450aa8da - <unknown>
[INFO] [stdout]    5:     0x5636450aa415 - <unknown>
[INFO] [stdout]    6:     0x5636450d1251 - <unknown>
[INFO] [stdout]    7:     0x5636450d1209 - <unknown>
[INFO] [stdout]    8:     0x5636450d170c - <unknown>
[INFO] [stdout]    9:     0x563645092c4b - <unknown>
[INFO] [stdout]   10:     0x5636450960b1 - <unknown>
[INFO] [stdout]   11:     0x56364507fb11 - <unknown>
[INFO] [stdout]   12:     0x56364507afd6 - <unknown>
[INFO] [stdout]   13:     0x56364507aea5 - <unknown>
[INFO] [stdout]   14:     0x5636450853b0 - <unknown>
[INFO] [stdout]   15:     0x5636450ece4b - <unknown>
[INFO] [stdout]   16:     0x5636450e8e31 - <unknown>
[INFO] [stdout]   17:     0x5636450e861c - <unknown>
[INFO] [stdout]   18:     0x56364510829c - <unknown>
[INFO] [stdout]   19:     0x5636450d2e04 - <unknown>
[INFO] [stdout]   20:     0x7279a2e20dfa - <unknown>
[INFO] [stdout]   21:     0x7279a2eb43d4 - clone
[INFO] [stdout]   22:                0x0 - <unknown>
[INFO] [stdout] 
[INFO] [stdout] ---- test_and_plus_extension stdout ----
[INFO] [stdout] 
[INFO] [stdout] thread 'test_and_plus_extension' (5963) panicked at tests/testenv/mod.rs:322:22:
[INFO] [stdout] fd output: Os { code: 2, kind: NotFound, message: "No such file or directory" }
[INFO] [stdout] stack backtrace:
[INFO] [stdout]    0:     0x5636450abb35 - <unknown>
[INFO] [stdout]    1:     0x563645092dba - <unknown>
[INFO] [stdout]    2:     0x5636450ab1cb - <unknown>
[INFO] [stdout]    3:     0x5636450aacaf - <unknown>
[INFO] [stdout]    4:     0x5636450aa8da - <unknown>
[INFO] [stdout]    5:     0x5636450aa415 - <unknown>
[INFO] [stdout]    6:     0x5636450d1251 - <unknown>
[INFO] [stdout]    7:     0x5636450d1209 - <unknown>
[INFO] [stdout]    8:     0x5636450d170c - <unknown>
[INFO] [stdout]    9:     0x563645092c4b - <unknown>
[INFO] [stdout]   10:     0x5636450960b1 - <unknown>
[INFO] [stdout]   11:     0x56364507fb11 - <unknown>
[INFO] [stdout]   12:     0x56364507afd6 - <unknown>
[INFO] [stdout]   13:     0x56364507aea5 - <unknown>
[INFO] [stdout]   14:     0x56364508a470 - <unknown>
[INFO] [stdout]   15:     0x5636450ece4b - <unknown>
[INFO] [stdout]   16:     0x5636450e8e31 - <unknown>
[INFO] [stdout]   17:     0x5636450e861c - <unknown>
[INFO] [stdout]   18:     0x56364510829c - <unknown>
[INFO] [stdout]   19:     0x5636450d2e04 - <unknown>
[INFO] [stdout]   20:     0x7279a2e20dfa - <unknown>
[INFO] [stdout]   21:     0x7279a2eb43d4 - clone
[INFO] [stdout]   22:                0x0 - <unknown>
[INFO] [stdout] 
[INFO] [stdout] ---- test_and_plus_fixed_strings stdout ----
[INFO] [stdout] 
[INFO] [stdout] thread 'test_and_plus_fixed_strings' (5970) panicked at tests/testenv/mod.rs:322:22:
[INFO] [stdout] fd output: Os { code: 2, kind: NotFound, message: "No such file or directory" }
[INFO] [stdout] stack backtrace:
[INFO] [stdout]    0:     0x5636450abb35 - <unknown>
[INFO] [stdout]    1:     0x563645092dba - <unknown>
[INFO] [stdout]    2:     0x5636450ab1cb - <unknown>
[INFO] [stdout]    3:     0x5636450aacaf - <unknown>
[INFO] [stdout]    4:     0x5636450aa8da - <unknown>
[INFO] [stdout]    5:     0x5636450aa415 - <unknown>
[INFO] [stdout]    6:     0x5636450d1251 - <unknown>
[INFO] [stdout]    7:     0x5636450d1209 - <unknown>
[INFO] [stdout]    8:     0x5636450d170c - <unknown>
[INFO] [stdout]    9:     0x563645092c4b - <unknown>
[INFO] [stdout]   10:     0x5636450960b1 - <unknown>
[INFO] [stdout]   11:     0x56364507fb11 - <unknown>
[INFO] [stdout]   12:     0x56364507afd6 - <unknown>
[INFO] [stdout]   13:     0x56364507aea5 - <unknown>
[INFO] [stdout]   14:     0x56364508e600 - <unknown>
[INFO] [stdout]   15:     0x5636450ece4b - <unknown>
[INFO] [stdout]   16:     0x5636450e8e31 - <unknown>
[INFO] [stdout]   17:     0x5636450e861c - <unknown>
[INFO] [stdout]   18:     0x56364510829c - <unknown>
[INFO] [stdout]   19:     0x5636450d2e04 - <unknown>
[INFO] [stdout]   20:     0x7279a2e20dfa - <unknown>
[INFO] [stdout]   21:     0x7279a2eb43d4 - clone
[INFO] [stdout]   22:                0x0 - <unknown>
[INFO] [stdout] 
[INFO] [stdout] ---- test_absolute_path stdout ----
[INFO] [stdout] 
[INFO] [stdout] thread 'test_absolute_path' (5957) panicked at tests/testenv/mod.rs:322:22:
[INFO] [stdout] fd output: Os { code: 2, kind: NotFound, message: "No such file or directory" }
[INFO] [stdout] stack backtrace:
[INFO] [stdout]    0:     0x5636450abb35 - <unknown>
[INFO] [stdout]    1:     0x563645092dba - <unknown>
[INFO] [stdout]    2:     0x5636450ab1cb - <unknown>
[INFO] [stdout]    3:     0x5636450aacaf - <unknown>
[INFO] [stdout]    4:     0x5636450aa8da - <unknown>
[INFO] [stdout]    5:     0x5636450aa415 - <unknown>
[INFO] [stdout]    6:     0x5636450d1251 - <unknown>
[INFO] [stdout]    7:     0x5636450d1209 - <unknown>
[INFO] [stdout]    8:     0x5636450d170c - <unknown>
[INFO] [stdout]    9:     0x563645092c4b - <unknown>
[INFO] [stdout]   10:     0x5636450960b1 - <unknown>
[INFO] [stdout]   11:     0x56364507fb11 - <unknown>
[INFO] [stdout]   12:     0x56364507afd6 - <unknown>
[INFO] [stdout]   13:     0x56364507aea5 - <unknown>
[INFO] [stdout]   14:     0x563645087657 - <unknown>
[INFO] [stdout]   15:     0x5636450ece4b - <unknown>
[INFO] [stdout]   16:     0x5636450e8e31 - <unknown>
[INFO] [stdout]   17:     0x5636450e861c - <unknown>
[INFO] [stdout]   18:     0x56364510829c - <unknown>
[INFO] [stdout]   19:     0x5636450d2e04 - <unknown>
[INFO] [stdout]   20:     0x7279a2e20dfa - <unknown>
[INFO] [stdout]   21:     0x7279a2eb43d4 - clone
[INFO] [stdout]   22:                0x0 - <unknown>
[INFO] [stdout] 
[INFO] [stdout] ---- format stdout ----
[INFO] [stdout] 
[INFO] [stdout] thread 'format' (5956) panicked at tests/testenv/mod.rs:322:22:
[INFO] [stdout] fd output: Os { code: 2, kind: NotFound, message: "No such file or directory" }
[INFO] [stdout] stack backtrace:
[INFO] [stdout]    0:     0x5636450abb35 - <unknown>
[INFO] [stdout]    1:     0x563645092dba - <unknown>
[INFO] [stdout]    2:     0x5636450ab1cb - <unknown>
[INFO] [stdout]    3:     0x5636450aacaf - <unknown>
[INFO] [stdout]    4:     0x5636450aa8da - <unknown>
[INFO] [stdout]    5:     0x5636450aa415 - <unknown>
[INFO] [stdout]    6:     0x5636450d1251 - <unknown>
[INFO] [stdout]    7:     0x5636450d1209 - <unknown>
[INFO] [stdout]    8:     0x5636450d170c - <unknown>
[INFO] [stdout]    9:     0x563645092c4b - <unknown>
[INFO] [stdout]   10:     0x5636450960b1 - <unknown>
[INFO] [stdout]   11:     0x56364507fb11 - <unknown>
[INFO] [stdout]   12:     0x56364507afd6 - <unknown>
[INFO] [stdout]   13:     0x56364507aea5 - <unknown>
[INFO] [stdout]   14:     0x5636450909c0 - <unknown>
[INFO] [stdout]   15:     0x5636450ece4b - <unknown>
[INFO] [stdout]   16:     0x5636450e8e31 - <unknown>
[INFO] [stdout]   17:     0x5636450e861c - <unknown>
[INFO] [stdout]   18:     0x56364510829c - <unknown>
[INFO] [stdout]   19:     0x5636450d2e04 - <unknown>
[INFO] [stdout]   20:     0x7279a2e20dfa - <unknown>
[INFO] [stdout]   21:     0x7279a2eb43d4 - clone
[INFO] [stdout]   22:                0x0 - <unknown>
[INFO] [stdout] 
[INFO] [stdout] ---- test_and_plus_full_path stdout ----
[INFO] [stdout] 
[INFO] [stdout] thread 'test_and_plus_full_path' (5974) panicked at tests/testenv/mod.rs:322:22:
[INFO] [stdout] fd output: Os { code: 2, kind: NotFound, message: "No such file or directory" }
[INFO] [stdout] stack backtrace:
[INFO] [stdout]    0:     0x5636450abb35 - <unknown>
[INFO] [stdout]    1:     0x563645092dba - <unknown>
[INFO] [stdout]    2:     0x5636450ab1cb - <unknown>
[INFO] [stdout]    3:     0x5636450aacaf - <unknown>
[INFO] [stdout]    4:     0x5636450aa8da - <unknown>
[INFO] [stdout]    5:     0x5636450aa415 - <unknown>
[INFO] [stdout]    6:     0x5636450d1251 - <unknown>
[INFO] [stdout]    7:     0x5636450d1209 - <unknown>
[INFO] [stdout]    8:     0x5636450d170c - <unknown>
[INFO] [stdout]    9:     0x563645092c4b - <unknown>
[INFO] [stdout]   10:     0x5636450960b1 - <unknown>
[INFO] [stdout]   11:     0x56364507fb11 - <unknown>
[INFO] [stdout]   12:     0x56364507afd6 - <unknown>
[INFO] [stdout]   13:     0x56364507aea5 - <unknown>
[INFO] [stdout]   14:     0x56364508a540 - <unknown>
[INFO] [stdout]   15:     0x5636450ece4b - <unknown>
[INFO] [stdout]   16:     0x5636450e8e31 - <unknown>
[INFO] [stdout]   17:     0x5636450e861c - <unknown>
[INFO] [stdout]   18:     0x56364510829c - <unknown>
[INFO] [stdout]   19:     0x5636450d2e04 - <unknown>
[INFO] [stdout]   20:     0x7279a2e20dfa - <unknown>
[INFO] [stdout]   21:     0x7279a2eb43d4 - clone
[INFO] [stdout]   22:                0x0 - <unknown>
[INFO] [stdout] 
[INFO] [stdout] ---- test_and_empty_pattern stdout ----
[INFO] [stdout] 
[INFO] [stdout] thread 'test_and_empty_pattern' (5960) panicked at tests/testenv/mod.rs:322:22:
[INFO] [stdout] fd output: Os { code: 2, kind: NotFound, message: "No such file or directory" }
[INFO] [stdout] stack backtrace:
[INFO] [stdout]    0:     0x5636450abb35 - <unknown>
[INFO] [stdout]    1:     0x563645092dba - <unknown>
[INFO] [stdout]    2:     0x5636450ab1cb - <unknown>
[INFO] [stdout]    3:     0x5636450aacaf - <unknown>
[INFO] [stdout]    4:     0x5636450aa8da - <unknown>
[INFO] [stdout]    5:     0x5636450aa415 - <unknown>
[INFO] [stdout]    6:     0x5636450d1251 - <unknown>
[INFO] [stdout]    7:     0x5636450d1209 - <unknown>
[INFO] [stdout]    8:     0x5636450d170c - <unknown>
[INFO] [stdout]    9:     0x563645092c4b - <unknown>
[INFO] [stdout]   10:     0x5636450960b1 - <unknown>
[INFO] [stdout]   11:     0x56364507fb11 - <unknown>
[INFO] [stdout]   12:     0x56364507afd6 - <unknown>
[INFO] [stdout]   13:     0x56364507aea5 - <unknown>
[INFO] [stdout]   14:     0x563645089970 - <unknown>
[INFO] [stdout]   15:     0x5636450ece4b - <unknown>
[INFO] [stdout]   16:     0x5636450e8e31 - <unknown>
[INFO] [stdout]   17:     0x5636450e861c - <unknown>
[INFO] [stdout]   18:     0x56364510829c - <unknown>
[INFO] [stdout]   19:     0x5636450d2e04 - <unknown>
[INFO] [stdout]   20:     0x7279a2e20dfa - <unknown>
[INFO] [stdout]   21:     0x7279a2eb43d4 - clone
[INFO] [stdout]   22:                0x0 - <unknown>
[INFO] [stdout] 
[INFO] [stdout] ---- test_base_directory stdout ----
[INFO] [stdout] 
[INFO] [stdout] thread 'test_base_directory' (5979) panicked at tests/testenv/mod.rs:322:22:
[INFO] [stdout] fd output: Os { code: 2, kind: NotFound, message: "No such file or directory" }
[INFO] [stdout] stack backtrace:
[INFO] [stdout]    0:     0x5636450abb35 - <unknown>
[INFO] [stdout]    1:     0x563645092dba - <unknown>
[INFO] [stdout]    2:     0x5636450ab1cb - <unknown>
[INFO] [stdout]    3:     0x5636450aacaf - <unknown>
[INFO] [stdout]    4:     0x5636450aa8da - <unknown>
[INFO] [stdout]    5:     0x5636450aa415 - <unknown>
[INFO] [stdout]    6:     0x5636450d1251 - <unknown>
[INFO] [stdout]    7:     0x5636450d1209 - <unknown>
[INFO] [stdout]    8:     0x5636450d170c - <unknown>
[INFO] [stdout]    9:     0x563645092c4b - <unknown>
[INFO] [stdout]   10:     0x5636450960b1 - <unknown>
[INFO] [stdout]   11:     0x56364507fb11 - <unknown>
[INFO] [stdout]   12:     0x56364507afd6 - <unknown>
[INFO] [stdout]   13:     0x56364507aea5 - <unknown>
[INFO] [stdout]   14:     0x563645087dec - <unknown>
[INFO] [stdout]   15:     0x5636450ece4b - <unknown>
[INFO] [stdout]   16:     0x5636450e8e31 - <unknown>
[INFO] [stdout]   17:     0x5636450e861c - <unknown>
[INFO] [stdout]   18:     0x56364510829c - <unknown>
[INFO] [stdout]   19:     0x5636450d2e04 - <unknown>
[INFO] [stdout]   20:     0x7279a2e20dfa - <unknown>
[INFO] [stdout]   21:     0x7279a2eb43d4 - clone
[INFO] [stdout]   22:                0x0 - <unknown>
[INFO] [stdout] 
[INFO] [stdout] ---- test_and_plus_type stdout ----
[INFO] [stdout] 
[INFO] [stdout] thread 'test_and_plus_type' (5978) panicked at tests/testenv/mod.rs:322:22:
[INFO] [stdout] fd output: Os { code: 2, kind: NotFound, message: "No such file or directory" }
[INFO] [stdout] stack backtrace:
[INFO] [stdout]    0:     0x5636450abb35 - <unknown>
[INFO] [stdout]    1:     0x563645092dba - <unknown>
[INFO] [stdout]    2:     0x5636450ab1cb - <unknown>
[INFO] [stdout]    3:     0x5636450aacaf - <unknown>
[INFO] [stdout]    4:     0x5636450aa8da - <unknown>
[INFO] [stdout]    5:     0x5636450aa415 - <unknown>
[INFO] [stdout]    6:     0x5636450d1251 - <unknown>
[INFO] [stdout]    7:     0x5636450d1209 - <unknown>
[INFO] [stdout]    8:     0x5636450d170c - <unknown>
[INFO] [stdout]    9:     0x563645092c4b - <unknown>
[INFO] [stdout]   10:     0x5636450960b1 - <unknown>
[INFO] [stdout]   11:     0x56364507fb11 - <unknown>
[INFO] [stdout]   12:     0x56364507afd6 - <unknown>
[INFO] [stdout]   13:     0x56364507aea5 - <unknown>
[INFO] [stdout]   14:     0x563645087860 - <unknown>
[INFO] [stdout]   15:     0x5636450ece4b - <unknown>
[INFO] [stdout]   16:     0x5636450e8e31 - <unknown>
[INFO] [stdout]   17:     0x5636450e861c - <unknown>
[INFO] [stdout]   18:     0x56364510829c - <unknown>
[INFO] [stdout]   19:     0x5636450d2e04 - <unknown>
[INFO] [stdout]   20:     0x7279a2e20dfa - <unknown>
[INFO] [stdout]   21:     0x7279a2eb43d4 - clone
[INFO] [stdout]   22:                0x0 - <unknown>
[INFO] [stdout] 
[INFO] [stdout] ---- test_case_insensitive stdout ----
[INFO] [stdout] 
[INFO] [stdout] thread 'test_case_insensitive' (5981) panicked at tests/testenv/mod.rs:322:22:
[INFO] [stdout] fd output: Os { code: 2, kind: NotFound, message: "No such file or directory" }
[INFO] [stdout] stack backtrace:
[INFO] [stdout]    0:     0x5636450abb35 - <unknown>
[INFO] [stdout]    1:     0x563645092dba - <unknown>
[INFO] [stdout]    2:     0x5636450ab1cb - <unknown>
[INFO] [stdout]    3:     0x5636450aacaf - <unknown>
[INFO] [stdout]    4:     0x5636450aa8da - <unknown>
[INFO] [stdout]    5:     0x5636450aa415 - <unknown>
[INFO] [stdout]    6:     0x5636450d1251 - <unknown>
[INFO] [stdout]    7:     0x5636450d1209 - <unknown>
[INFO] [stdout]    8:     0x5636450d170c - <unknown>
[INFO] [stdout]    9:     0x563645092c4b - <unknown>
[INFO] [stdout]   10:     0x5636450960b1 - <unknown>
[INFO] [stdout]   11:     0x56364507fb11 - <unknown>
[INFO] [stdout]   12:     0x56364507afd6 - <unknown>
[INFO] [stdout]   13:     0x56364507aea5 - <unknown>
[INFO] [stdout]   14:     0x5636450889f0 - <unknown>
[INFO] [stdout]   15:     0x5636450ece4b - <unknown>
[INFO] [stdout]   16:     0x5636450e8e31 - <unknown>
[INFO] [stdout]   17:     0x5636450e861c - <unknown>
[INFO] [stdout]   18:     0x56364510829c - <unknown>
[INFO] [stdout]   19:     0x5636450d2e04 - <unknown>
[INFO] [stdout]   20:     0x7279a2e20dfa - <unknown>
[INFO] [stdout]   21:     0x7279a2eb43d4 - clone
[INFO] [stdout]   22:                0x0 - <unknown>
[INFO] [stdout] 
[INFO] [stdout] ---- test_and_plus_glob stdout ----
[INFO] [stdout] 
[INFO] [stdout] thread 'test_and_plus_glob' (5975) panicked at tests/testenv/mod.rs:322:22:
[INFO] [stdout] fd output: Os { code: 2, kind: NotFound, message: "No such file or directory" }
[INFO] [stdout] stack backtrace:
[INFO] [stdout]    0:     0x5636450abb35 - <unknown>
[INFO] [stdout]    1:     0x563645092dba - <unknown>
[INFO] [stdout]    2:     0x5636450ab1cb - <unknown>
[INFO] [stdout]    3:     0x5636450aacaf - <unknown>
[INFO] [stdout]    4:     0x5636450aa8da - <unknown>
[INFO] [stdout]    5:     0x5636450aa415 - <unknown>
[INFO] [stdout]    6:     0x5636450d1251 - <unknown>
[INFO] [stdout]    7:     0x5636450d1209 - <unknown>
[INFO] [stdout]    8:     0x5636450d170c - <unknown>
[INFO] [stdout]    9:     0x563645092c4b - <unknown>
[INFO] [stdout]   10:     0x5636450960b1 - <unknown>
[INFO] [stdout]   11:     0x56364507fb11 - <unknown>
[INFO] [stdout]   12:     0x56364507afd6 - <unknown>
[INFO] [stdout]   13:     0x56364507aea5 - <unknown>
[INFO] [stdout]   14:     0x5636450877c0 - <unknown>
[INFO] [stdout]   15:     0x5636450ece4b - <unknown>
[INFO] [stdout]   16:     0x5636450e8e31 - <unknown>
[INFO] [stdout]   17:     0x5636450e861c - <unknown>
[INFO] [stdout]   18:     0x56364510829c - <unknown>
[INFO] [stdout]   19:     0x5636450d2e04 - <unknown>
[INFO] [stdout]   20:     0x7279a2e20dfa - <unknown>
[INFO] [stdout]   21:     0x7279a2eb43d4 - clone
[INFO] [stdout]   22:                0x0 - <unknown>
[INFO] [stdout] 
[INFO] [stdout] ---- test_and_plus_ignore_case stdout ----
[INFO] [stdout] 
[INFO] [stdout] thread 'test_and_plus_ignore_case' (5976) panicked at tests/testenv/mod.rs:322:22:
[INFO] [stdout] fd output: Os { code: 2, kind: NotFound, message: "No such file or directory" }
[INFO] [stdout] stack backtrace:
[INFO] [stdout]    0:     0x5636450abb35 - <unknown>
[INFO] [stdout]    1:     0x563645092dba - <unknown>
[INFO] [stdout]    2:     0x5636450ab1cb - <unknown>
[INFO] [stdout]    3:     0x5636450aacaf - <unknown>
[INFO] [stdout]    4:     0x5636450aa8da - <unknown>
[INFO] [stdout]    5:     0x5636450aa415 - <unknown>
[INFO] [stdout]    6:     0x5636450d1251 - <unknown>
[INFO] [stdout]    7:     0x5636450d1209 - <unknown>
[INFO] [stdout]    8:     0x5636450d170c - <unknown>
[INFO] [stdout]    9:     0x563645092c4b - <unknown>
[INFO] [stdout]   10:     0x5636450960b1 - <unknown>
[INFO] [stdout]   11:     0x56364507fb11 - <unknown>
[INFO] [stdout]   12:     0x56364507afd6 - <unknown>
[INFO] [stdout]   13:     0x56364507aea5 - <unknown>
[INFO] [stdout]   14:     0x56364508c150 - <unknown>
[INFO] [stdout]   15:     0x5636450ece4b - <unknown>
[INFO] [stdout]   16:     0x5636450e8e31 - <unknown>
[INFO] [stdout]   17:     0x5636450e861c - <unknown>
[INFO] [stdout]   18:     0x56364510829c - <unknown>
[INFO] [stdout]   19:     0x5636450d2e04 - <unknown>
[INFO] [stdout]   20:     0x7279a2e20dfa - <unknown>
[INFO] [stdout]   21:     0x7279a2eb43d4 - clone
[INFO] [stdout]   22:                0x0 - <unknown>
[INFO] [stdout] 
[INFO] [stdout] ---- test_custom_ignore_precedence stdout ----
[INFO] [stdout] 
[INFO] [stdout] thread 'test_custom_ignore_precedence' (5990) panicked at tests/testenv/mod.rs:322:22:
[INFO] [stdout] fd output: Os { code: 2, kind: NotFound, message: "No such file or directory" }
[INFO] [stdout] stack backtrace:
[INFO] [stdout]    0:     0x5636450abb35 - <unknown>
[INFO] [stdout]    1:     0x563645092dba - <unknown>
[INFO] [stdout]    2:     0x5636450ab1cb - <unknown>
[INFO] [stdout]    3:     0x5636450aacaf - <unknown>
[INFO] [stdout]    4:     0x5636450aa8da - <unknown>
[INFO] [stdout]    5:     0x5636450aa415 - <unknown>
[INFO] [stdout]    6:     0x5636450d1251 - <unknown>
[INFO] [stdout]    7:     0x5636450d1209 - <unknown>
[INFO] [stdout]    8:     0x5636450d170c - <unknown>
[INFO] [stdout]    9:     0x563645092c4b - <unknown>
[INFO] [stdout]   10:     0x5636450960b1 - <unknown>
[INFO] [stdout]   11:     0x56364507fb11 - <unknown>
[INFO] [stdout]   12:     0x56364507afd6 - <unknown>
[INFO] [stdout]   13:     0x56364507aea5 - <unknown>
[INFO] [stdout]   14:     0x56364508f4b1 - <unknown>
[INFO] [stdout]   15:     0x5636450ece4b - <unknown>
[INFO] [stdout]   16:     0x5636450e8e31 - <unknown>
[INFO] [stdout]   17:     0x5636450e861c - <unknown>
[INFO] [stdout]   18:     0x56364510829c - <unknown>
[INFO] [stdout]   19:     0x5636450d2e04 - <unknown>
[INFO] [stdout]   20:     0x7279a2e20dfa - <unknown>
[INFO] [stdout]   21:     0x7279a2eb43d4 - clone
[INFO] [stdout]   22:                0x0 - <unknown>
[INFO] [stdout] 
[INFO] [stdout] ---- test_custom_ignore_files stdout ----
[INFO] [stdout] 
[INFO] [stdout] thread 'test_custom_ignore_files' (5986) panicked at tests/testenv/mod.rs:322:22:
[INFO] [stdout] fd output: Os { code: 2, kind: NotFound, message: "No such file or directory" }
[INFO] [stdout] stack backtrace:
[INFO] [stdout]    0:     0x5636450abb35 - <unknown>
[INFO] [stdout]    1:     0x563645092dba - <unknown>
[INFO] [stdout]    2:     0x5636450ab1cb - <unknown>
[INFO] [stdout]    3:     0x5636450aacaf - <unknown>
[INFO] [stdout]    4:     0x5636450aa8da - <unknown>
[INFO] [stdout]    5:     0x5636450aa415 - <unknown>
[INFO] [stdout]    6:     0x5636450d1251 - <unknown>
[INFO] [stdout]    7:     0x5636450d1209 - <unknown>
[INFO] [stdout]    8:     0x5636450d170c - <unknown>
[INFO] [stdout]    9:     0x563645092c4b - <unknown>
[INFO] [stdout]   10:     0x5636450960b1 - <unknown>
[INFO] [stdout]   11:     0x56364507fb11 - <unknown>
[INFO] [stdout]   12:     0x56364507afd6 - <unknown>
[INFO] [stdout]   13:     0x56364507aea5 - <unknown>
[INFO] [stdout]   14:     0x56364508b2cb - <unknown>
[INFO] [stdout]   15:     0x5636450ece4b - <unknown>
[INFO] [stdout]   16:     0x5636450e8e31 - <unknown>
[INFO] [stdout]   17:     0x5636450e861c - <unknown>
[INFO] [stdout]   18:     0x56364510829c - <unknown>
[INFO] [stdout]   19:     0x5636450d2e04 - <unknown>
[INFO] [stdout]   20:     0x7279a2e20dfa - <unknown>
[INFO] [stdout]   21:     0x7279a2eb43d4 - clone
[INFO] [stdout]   22:                0x0 - <unknown>
[INFO] [stdout] 
[INFO] [stdout] ---- test_empty_pattern stdout ----
[INFO] [stdout] 
[INFO] [stdout] thread 'test_empty_pattern' (5992) panicked at tests/testenv/mod.rs:322:22:
[INFO] [stdout] fd output: Os { code: 2, kind: NotFound, message: "No such file or directory" }
[INFO] [stdout] stack backtrace:
[INFO] [stdout]    0:     0x5636450abb35 - <unknown>
[INFO] [stdout]    1:     0x563645092dba - <unknown>
[INFO] [stdout]    2:     0x5636450ab1cb - <unknown>
[INFO] [stdout]    3:     0x5636450aacaf - <unknown>
[INFO] [stdout]    4:     0x5636450aa8da - <unknown>
[INFO] [stdout]    5:     0x5636450aa415 - <unknown>
[INFO] [stdout]    6:     0x5636450d1251 - <unknown>
[INFO] [stdout]    7:     0x5636450d1209 - <unknown>
[INFO] [stdout]    8:     0x5636450d170c - <unknown>
[INFO] [stdout]    9:     0x563645092c4b - <unknown>
[INFO] [stdout]   10:     0x5636450960b1 - <unknown>
[INFO] [stdout]   11:     0x56364507fb11 - <unknown>
[INFO] [stdout]   12:     0x56364507afd6 - <unknown>
[INFO] [stdout]   13:     0x56364507aea5 - <unknown>
[INFO] [stdout]   14:     0x563645087930 - <unknown>
[INFO] [stdout]   15:     0x5636450ece4b - <unknown>
[INFO] [stdout]   16:     0x5636450e8e31 - <unknown>
[INFO] [stdout]   17:     0x5636450e861c - <unknown>
[INFO] [stdout]   18:     0x56364510829c - <unknown>
[INFO] [stdout]   19:     0x5636450d2e04 - <unknown>
[INFO] [stdout]   20:     0x7279a2e20dfa - <unknown>
[INFO] [stdout]   21:     0x7279a2eb43d4 - clone
[INFO] [stdout]   22:                0x0 - <unknown>
[INFO] [stdout] 
[INFO] [stdout] ---- test_case_sensitive_glob_searches stdout ----
[INFO] [stdout] 
[INFO] [stdout] thread 'test_case_sensitive_glob_searches' (5984) panicked at tests/testenv/mod.rs:322:22:
[INFO] [stdout] fd output: Os { code: 2, kind: NotFound, message: "No such file or directory" }
[INFO] [stdout] stack backtrace:
[INFO] [stdout]    0:     0x5636450abb35 - <unknown>
[INFO] [stdout]    1:     0x563645092dba - <unknown>
[INFO] [stdout]    2:     0x5636450ab1cb - <unknown>
[INFO] [stdout]    3:     0x5636450aacaf - <unknown>
[INFO] [stdout]    4:     0x5636450aa8da - <unknown>
[INFO] [stdout]    5:     0x5636450aa415 - <unknown>
[INFO] [stdout]    6:     0x5636450d1251 - <unknown>
[INFO] [stdout]    7:     0x5636450d1209 - <unknown>
[INFO] [stdout]    8:     0x5636450d170c - <unknown>
[INFO] [stdout]    9:     0x563645092c4b - <unknown>
[INFO] [stdout]   10:     0x5636450960b1 - <unknown>
[INFO] [stdout]   11:     0x56364507fb11 - <unknown>
[INFO] [stdout]   12:     0x56364507afd6 - <unknown>
[INFO] [stdout]   13:     0x56364507aea5 - <unknown>
[INFO] [stdout]   14:     0x5636450902d0 - <unknown>
[INFO] [stdout]   15:     0x5636450ece4b - <unknown>
[INFO] [stdout]   16:     0x5636450e8e31 - <unknown>
[INFO] [stdout]   17:     0x5636450e861c - <unknown>
[INFO] [stdout]   18:     0x56364510829c - <unknown>
[INFO] [stdout]   19:     0x5636450d2e04 - <unknown>
[INFO] [stdout]   20:     0x7279a2e20dfa - <unknown>
[INFO] [stdout]   21:     0x7279a2eb43d4 - clone
[INFO] [stdout]   22:                0x0 - <unknown>
[INFO] [stdout] 
[INFO] [stdout] ---- test_case_sensitive stdout ----
[INFO] [stdout] 
[INFO] [stdout] thread 'test_case_sensitive' (5983) panicked at tests/testenv/mod.rs:322:22:
[INFO] [stdout] fd output: Os { code: 2, kind: NotFound, message: "No such file or directory" }
[INFO] [stdout] stack backtrace:
[INFO] [stdout]    0:     0x5636450abb35 - <unknown>
[INFO] [stdout]    1:     0x563645092dba - <unknown>
[INFO] [stdout]    2:     0x5636450ab1cb - <unknown>
[INFO] [stdout]    3:     0x5636450aacaf - <unknown>
[INFO] [stdout]    4:     0x5636450aa8da - <unknown>
[INFO] [stdout]    5:     0x5636450aa415 - <unknown>
[INFO] [stdout]    6:     0x5636450d1251 - <unknown>
[INFO] [stdout]    7:     0x5636450d1209 - <unknown>
[INFO] [stdout]    8:     0x5636450d170c - <unknown>
[INFO] [stdout]    9:     0x563645092c4b - <unknown>
[INFO] [stdout]   10:     0x5636450960b1 - <unknown>
[INFO] [stdout]   11:     0x56364507fb11 - <unknown>
[INFO] [stdout]   12:     0x56364507afd6 - <unknown>
[INFO] [stdout]   13:     0x56364507aea5 - <unknown>
[INFO] [stdout]   14:     0x5636450880d0 - <unknown>
[INFO] [stdout]   15:     0x5636450ece4b - <unknown>
[INFO] [stdout]   16:     0x5636450e8e31 - <unknown>
[INFO] [stdout]   17:     0x5636450e861c - <unknown>
[INFO] [stdout]   18:     0x56364510829c - <unknown>
[INFO] [stdout]   19:     0x5636450d2e04 - <unknown>
[INFO] [stdout]   20:     0x7279a2e20dfa - <unknown>
[INFO] [stdout]   21:     0x7279a2eb43d4 - clone
[INFO] [stdout]   22:                0x0 - <unknown>
[INFO] [stdout] 
[INFO] [stdout] ---- test_error_if_hidden_not_set_and_pattern_starts_with_dot stdout ----
[INFO] [stdout] 
[INFO] [stdout] thread 'test_error_if_hidden_not_set_and_pattern_starts_with_dot' (5997) panicked at tests/testenv/mod.rs:322:22:
[INFO] [stdout] fd output: Os { code: 2, kind: NotFound, message: "No such file or directory" }
[INFO] [stdout] stack backtrace:
[INFO] [stdout]    0:     0x5636450abb35 - <unknown>
[INFO] [stdout]    1:     0x563645092dba - <unknown>
[INFO] [stdout]    2:     0x5636450ab1cb - <unknown>
[INFO] [stdout]    3:     0x5636450aacaf - <unknown>
[INFO] [stdout]    4:     0x5636450aa8da - <unknown>
[INFO] [stdout]    5:     0x5636450aa415 - <unknown>
[INFO] [stdout]    6:     0x5636450d1251 - <unknown>
[INFO] [stdout]    7:     0x5636450d1209 - <unknown>
[INFO] [stdout]    8:     0x5636450d170c - <unknown>
[INFO] [stdout]    9:     0x563645092c4b - <unknown>
[INFO] [stdout]   10:     0x5636450960b1 - <unknown>
[INFO] [stdout]   11:     0x56364507fb11 - <unknown>
[INFO] [stdout]   12:     0x5636450907e5 - <unknown>
[INFO] [stdout]   13:     0x5636450ece4b - <unknown>
[INFO] [stdout]   14:     0x5636450e8e31 - <unknown>
[INFO] [stdout]   15:     0x5636450e861c - <unknown>
[INFO] [stdout]   16:     0x56364510829c - <unknown>
[INFO] [stdout]   17:     0x5636450d2e04 - <unknown>
[INFO] [stdout]   18:     0x7279a2e20dfa - <unknown>
[INFO] [stdout]   19:     0x7279a2eb43d4 - clone
[INFO] [stdout]   20:                0x0 - <unknown>
[INFO] [stdout] 
[INFO] [stdout] ---- test_custom_path_separator stdout ----
[INFO] [stdout] 
[INFO] [stdout] thread 'test_custom_path_separator' (5991) panicked at tests/testenv/mod.rs:322:22:
[INFO] [stdout] fd output: Os { code: 2, kind: NotFound, message: "No such file or directory" }
[INFO] [stdout] stack backtrace:
[INFO] [stdout]    0:     0x5636450abb35 - <unknown>
[INFO] [stdout]    1:     0x563645092dba - <unknown>
[INFO] [stdout]    2:     0x5636450ab1cb - <unknown>
[INFO] [stdout]    3:     0x5636450aacaf - <unknown>
[INFO] [stdout]    4:     0x5636450aa8da - <unknown>
[INFO] [stdout]    5:     0x5636450aa415 - <unknown>
[INFO] [stdout]    6:     0x5636450d1251 - <unknown>
[INFO] [stdout]    7:     0x5636450d1209 - <unknown>
[INFO] [stdout]    8:     0x5636450d170c - <unknown>
[INFO] [stdout]    9:     0x563645092c4b - <unknown>
[INFO] [stdout]   10:     0x5636450960b1 - <unknown>
[INFO] [stdout]   11:     0x56364507fb11 - <unknown>
[INFO] [stdout]   12:     0x56364507afd6 - <unknown>
[INFO] [stdout]   13:     0x56364507aea5 - <unknown>
[INFO] [stdout]   14:     0x56364508c4f0 - <unknown>
[INFO] [stdout]   15:     0x5636450ece4b - <unknown>
[INFO] [stdout]   16:     0x5636450e8e31 - <unknown>
[INFO] [stdout]   17:     0x5636450e861c - <unknown>
[INFO] [stdout]   18:     0x56364510829c - <unknown>
[INFO] [stdout]   19:     0x5636450d2e04 - <unknown>
[INFO] [stdout]   20:     0x7279a2e20dfa - <unknown>
[INFO] [stdout]   21:     0x7279a2eb43d4 - clone
[INFO] [stdout]   22:                0x0 - <unknown>
[INFO] [stdout] 
[INFO] [stdout] ---- test_exec_batch_multi stdout ----
[INFO] [stdout] 
[INFO] [stdout] thread 'test_exec_batch_multi' (6006) panicked at tests/testenv/mod.rs:322:22:
[INFO] [stdout] fd output: Os { code: 2, kind: NotFound, message: "No such file or directory" }
[INFO] [stdout] stack backtrace:
[INFO] [stdout]    0:     0x5636450abb35 - <unknown>
[INFO] [stdout]    1:     0x563645092dba - <unknown>
[INFO] [stdout]    2:     0x5636450ab1cb - <unknown>
[INFO] [stdout]    3:     0x5636450aacaf - <unknown>
[INFO] [stdout]    4:     0x5636450aa8da - <unknown>
[INFO] [stdout]    5:     0x5636450aa415 - <unknown>
[INFO] [stdout]    6:     0x5636450d1251 - <unknown>
[INFO] [stdout]    7:     0x5636450d1209 - <unknown>
[INFO] [stdout]    8:     0x5636450d170c - <unknown>
[INFO] [stdout]    9:     0x563645092c4b - <unknown>
[INFO] [stdout]   10:     0x5636450960b1 - <unknown>
[INFO] [stdout]   11:     0x56364507fb11 - <unknown>
[INFO] [stdout]   12:     0x563645088ac1 - <unknown>
[INFO] [stdout]   13:     0x5636450ece4b - <unknown>
[INFO] [stdout]   14:     0x5636450e8e31 - <unknown>
[INFO] [stdout]   15:     0x5636450e861c - <unknown>
[INFO] [stdout]   16:     0x56364510829c - <unknown>
[INFO] [stdout]   17:     0x5636450d2e04 - <unknown>
[INFO] [stdout]   18:     0x7279a2e20dfa - <unknown>
[INFO] [stdout]   19:     0x7279a2eb43d4 - clone
[INFO] [stdout]   20:                0x0 - <unknown>
[INFO] [stdout] 
[INFO] [stdout] ---- test_exact_depth stdout ----
[INFO] [stdout] 
[INFO] [stdout] thread 'test_exact_depth' (5999) panicked at tests/testenv/mod.rs:322:22:
[INFO] [stdout] fd output: Os { code: 2, kind: NotFound, message: "No such file or directory" }
[INFO] [stdout] stack backtrace:
[INFO] [stdout]    0:     0x5636450abb35 - <unknown>
[INFO] [stdout]    1:     0x563645092dba - <unknown>
[INFO] [stdout]    2:     0x5636450ab1cb - <unknown>
[INFO] [stdout]    3:     0x5636450aacaf - <unknown>
[INFO] [stdout]    4:     0x5636450aa8da - <unknown>
[INFO] [stdout]    5:     0x5636450aa415 - <unknown>
[INFO] [stdout]    6:     0x5636450d1251 - <unknown>
[INFO] [stdout]    7:     0x5636450d1209 - <unknown>
[INFO] [stdout]    8:     0x5636450d170c - <unknown>
[INFO] [stdout]    9:     0x563645092c4b - <unknown>
[INFO] [stdout]   10:     0x5636450960b1 - <unknown>
[INFO] [stdout]   11:     0x56364507fb11 - <unknown>
[INFO] [stdout]   12:     0x56364507afd6 - <unknown>
[INFO] [stdout]   13:     0x56364507aea5 - <unknown>
[INFO] [stdout]   14:     0x5636450868b0 - <unknown>
[INFO] [stdout]   15:     0x5636450ece4b - <unknown>
[INFO] [stdout]   16:     0x5636450e8e31 - <unknown>
[INFO] [stdout]   17:     0x5636450e861c - <unknown>
[INFO] [stdout]   18:     0x56364510829c - <unknown>
[INFO] [stdout]   19:     0x5636450d2e04 - <unknown>
[INFO] [stdout]   20:     0x7279a2e20dfa - <unknown>
[INFO] [stdout]   21:     0x7279a2eb43d4 - clone
[INFO] [stdout]   22:                0x0 - <unknown>
[INFO] [stdout] 
[INFO] [stdout] ---- test_exec_batch stdout ----
[INFO] [stdout] 
[INFO] [stdout] thread 'test_exec_batch' (6003) panicked at tests/testenv/mod.rs:322:22:
[INFO] [stdout] fd output: Os { code: 2, kind: NotFound, message: "No such file or directory" }
[INFO] [stdout] stack backtrace:
[INFO] [stdout]    0:     0x5636450abb35 - <unknown>
[INFO] [stdout]    1:     0x563645092dba - <unknown>
[INFO] [stdout]    2:     0x5636450ab1cb - <unknown>
[INFO] [stdout]    3:     0x5636450aacaf - <unknown>
[INFO] [stdout]    4:     0x5636450aa8da - <unknown>
[INFO] [stdout]    5:     0x5636450aa415 - <unknown>
[INFO] [stdout]    6:     0x5636450d1251 - <unknown>
[INFO] [stdout]    7:     0x5636450d1209 - <unknown>
[INFO] [stdout]    8:     0x5636450d170c - <unknown>
[INFO] [stdout]    9:     0x563645092c4b - <unknown>
[INFO] [stdout]   10:     0x5636450960b1 - <unknown>
[INFO] [stdout]   11:     0x56364507fb11 - <unknown>
[INFO] [stdout]   12:     0x56364507afd6 - <unknown>
[INFO] [stdout]   13:     0x56364507aea5 - <unknown>
[INFO] [stdout]   14:     0x563645085d71 - <unknown>
[INFO] [stdout]   15:     0x5636450ece4b - <unknown>
[INFO] [stdout]   16:     0x5636450e8e31 - <unknown>
[INFO] [stdout]   17:     0x5636450e861c - <unknown>
[INFO] [stdout]   18:     0x56364510829c - <unknown>
[INFO] [stdout]   19:     0x5636450d2e04 - <unknown>
[INFO] [stdout]   20:     0x7279a2e20dfa - <unknown>
[INFO] [stdout]   21:     0x7279a2eb43d4 - clone
[INFO] [stdout]   22:                0x0 - <unknown>
[INFO] [stdout] 
[INFO] [stdout] ---- test_exec_invalid_utf8 stdout ----
[INFO] [stdout] 
[INFO] [stdout] thread 'test_exec_invalid_utf8' (6009) panicked at tests/testenv/mod.rs:322:22:
[INFO] [stdout] fd output: Os { code: 2, kind: NotFound, message: "No such file or directory" }
[INFO] [stdout] stack backtrace:
[INFO] [stdout]    0:     0x5636450abb35 - <unknown>
[INFO] [stdout]    1:     0x563645092dba - <unknown>
[INFO] [stdout]    2:     0x5636450ab1cb - <unknown>
[INFO] [stdout]    3:     0x5636450aacaf - <unknown>
[INFO] [stdout]    4:     0x5636450aa8da - <unknown>
[INFO] [stdout]    5:     0x5636450aa415 - <unknown>
[INFO] [stdout]    6:     0x5636450d1251 - <unknown>
[INFO] [stdout]    7:     0x5636450d1209 - <unknown>
[INFO] [stdout]    8:     0x5636450d170c - <unknown>
[INFO] [stdout]    9:     0x563645092c4b - <unknown>
[INFO] [stdout]   10:     0x5636450960b1 - <unknown>
[INFO] [stdout]   11:     0x56364507fb11 - <unknown>
[INFO] [stdout]   12:     0x56364507fd11 - <unknown>
[INFO] [stdout]   13:     0x563645089ac0 - <unknown>
[INFO] [stdout]   14:     0x5636450ece4b - <unknown>
[INFO] [stdout]   15:     0x5636450e8e31 - <unknown>
[INFO] [stdout]   16:     0x5636450e861c - <unknown>
[INFO] [stdout]   17:     0x56364510829c - <unknown>
[INFO] [stdout]   18:     0x5636450d2e04 - <unknown>
[INFO] [stdout]   19:     0x7279a2e20dfa - <unknown>
[INFO] [stdout]   20:     0x7279a2eb43d4 - clone
[INFO] [stdout]   21:                0x0 - <unknown>
[INFO] [stdout] 
[INFO] [stdout] ---- test_excludes stdout ----
[INFO] [stdout] 
[INFO] [stdout] thread 'test_excludes' (6000) panicked at tests/testenv/mod.rs:322:22:
[INFO] [stdout] fd output: Os { code: 2, kind: NotFound, message: "No such file or directory" }
[INFO] [stdout] stack backtrace:
[INFO] [stdout]    0:     0x5636450abb35 - <unknown>
[INFO] [stdout]    1:     0x563645092dba - <unknown>
[INFO] [stdout]    2:     0x5636450ab1cb - <unknown>
[INFO] [stdout]    3:     0x5636450aacaf - <unknown>
[INFO] [stdout]    4:     0x5636450aa8da - <unknown>
[INFO] [stdout]    5:     0x5636450aa415 - <unknown>
[INFO] [stdout]    6:     0x5636450d1251 - <unknown>
[INFO] [stdout]    7:     0x5636450d1209 - <unknown>
[INFO] [stdout]    8:     0x5636450d170c - <unknown>
[INFO] [stdout]    9:     0x563645092c4b - <unknown>
[INFO] [stdout]   10:     0x5636450960b1 - <unknown>
[INFO] [stdout]   11:     0x56364507fb11 - <unknown>
[INFO] [stdout]   12:     0x56364507afd6 - <unknown>
[INFO] [stdout]   13:     0x56364507aea5 - <unknown>
[INFO] [stdout]   14:     0x563645085250 - <unknown>
[INFO] [stdout]   15:     0x5636450ece4b - <unknown>
[INFO] [stdout]   16:     0x5636450e8e31 - <unknown>
[INFO] [stdout]   17:     0x5636450e861c - <unknown>
[INFO] [stdout]   18:     0x56364510829c - <unknown>
[INFO] [stdout]   19:     0x5636450d2e04 - <unknown>
[INFO] [stdout]   20:     0x7279a2e20dfa - <unknown>
[INFO] [stdout]   21:     0x7279a2eb43d4 - clone
[INFO] [stdout]   22:                0x0 - <unknown>
[INFO] [stdout] 
[INFO] [stdout] ---- test_exec_multi stdout ----
[INFO] [stdout] 
[INFO] [stdout] thread 'test_exec_multi' (6011) panicked at tests/testenv/mod.rs:322:22:
[INFO] [stdout] fd output: Os { code: 2, kind: NotFound, message: "No such file or directory" }
[INFO] [stdout] stack backtrace:
[INFO] [stdout]    0:     0x5636450abb35 - <unknown>
[INFO] [stdout]    1:     0x563645092dba - <unknown>
[INFO] [stdout]    2:     0x5636450ab1cb - <unknown>
[INFO] [stdout]    3:     0x5636450aacaf - <unknown>
[INFO] [stdout]    4:     0x5636450aa8da - <unknown>
[INFO] [stdout]    5:     0x5636450aa415 - <unknown>
[INFO] [stdout]    6:     0x5636450d1251 - <unknown>
[INFO] [stdout]    7:     0x5636450d1209 - <unknown>
[INFO] [stdout]    8:     0x5636450d170c - <unknown>
[INFO] [stdout]    9:     0x563645092c4b - <unknown>
[INFO] [stdout]   10:     0x5636450960b1 - <unknown>
[INFO] [stdout]   11:     0x56364507fb11 - <unknown>
[INFO] [stdout]   12:     0x56364507afd6 - <unknown>
[INFO] [stdout]   13:     0x56364507aea5 - <unknown>
[INFO] [stdout]   14:     0x5636450860a2 - <unknown>
[INFO] [stdout]   15:     0x5636450ece4b - <unknown>
[INFO] [stdout]   16:     0x5636450e8e31 - <unknown>
[INFO] [stdout]   17:     0x5636450e861c - <unknown>
[INFO] [stdout]   18:     0x56364510829c - <unknown>
[INFO] [stdout]   19:     0x5636450d2e04 - <unknown>
[INFO] [stdout]   20:     0x7279a2e20dfa - <unknown>
[INFO] [stdout]   21:     0x7279a2eb43d4 - clone
[INFO] [stdout]   22:                0x0 - <unknown>
[INFO] [stdout] 
[INFO] [stdout] ---- test_explicit_root_path stdout ----
[INFO] [stdout] 
[INFO] [stdout] thread 'test_explicit_root_path' (6015) panicked at tests/testenv/mod.rs:322:22:
[INFO] [stdout] fd output: Os { code: 2, kind: NotFound, message: "No such file or directory" }
[INFO] [stdout] stack backtrace:
[INFO] [stdout]    0:     0x5636450abb35 - <unknown>
[INFO] [stdout]    1:     0x563645092dba - <unknown>
[INFO] [stdout]    2:     0x5636450ab1cb - <unknown>
[INFO] [stdout]    3:     0x5636450aacaf - <unknown>
[INFO] [stdout]    4:     0x5636450aa8da - <unknown>
[INFO] [stdout]    5:     0x5636450aa415 - <unknown>
[INFO] [stdout]    6:     0x5636450d1251 - <unknown>
[INFO] [stdout]    7:     0x5636450d1209 - <unknown>
[INFO] [stdout]    8:     0x5636450d170c - <unknown>
[INFO] [stdout]    9:     0x563645092c4b - <unknown>
[INFO] [stdout]   10:     0x5636450960b1 - <unknown>
[INFO] [stdout]   11:     0x56364507fb11 - <unknown>
[INFO] [stdout]   12:     0x56364507afd6 - <unknown>
[INFO] [stdout]   13:     0x56364507aea5 - <unknown>
[INFO] [stdout]   14:     0x56364508a610 - <unknown>
[INFO] [stdout]   15:     0x5636450ece4b - <unknown>
[INFO] [stdout]   16:     0x5636450e8e31 - <unknown>
[INFO] [stdout]   17:     0x5636450e861c - <unknown>
[INFO] [stdout]   18:     0x56364510829c - <unknown>
[INFO] [stdout]   19:     0x5636450d2e04 - <unknown>
[INFO] [stdout]   20:     0x7279a2e20dfa - <unknown>
[INFO] [stdout]   21:     0x7279a2eb43d4 - clone
[INFO] [stdout]   22:                0x0 - <unknown>
[INFO] [stdout] 
[INFO] [stdout] ---- test_exec_batch_with_limit stdout ----
[INFO] [stdout] 
[INFO] [stdout] thread 'test_exec_batch_with_limit' (6007) panicked at tests/testenv/mod.rs:322:22:
[INFO] [stdout] fd output: Os { code: 2, kind: NotFound, message: "No such file or directory" }
[INFO] [stdout] stack backtrace:
[INFO] [stdout]    0:     0x5636450abb35 - <unknown>
[INFO] [stdout]    1:     0x563645092dba - <unknown>
[INFO] [stdout]    2:     0x5636450ab1cb - <unknown>
[INFO] [stdout]    3:     0x5636450aacaf - <unknown>
[INFO] [stdout]    4:     0x5636450aa8da - <unknown>
[INFO] [stdout]    5:     0x5636450aa415 - <unknown>
[INFO] [stdout]    6:     0x5636450d1251 - <unknown>
[INFO] [stdout]    7:     0x5636450d1209 - <unknown>
[INFO] [stdout]    8:     0x5636450d170c - <unknown>
[INFO] [stdout]    9:     0x563645092c4b - <unknown>
[INFO] [stdout]   10:     0x5636450960b1 - <unknown>
[INFO] [stdout]   11:     0x56364507fb11 - <unknown>
[INFO] [stdout]   12:     0x56364508c596 - <unknown>
[INFO] [stdout]   13:     0x5636450ece4b - <unknown>
[INFO] [stdout]   14:     0x5636450e8e31 - <unknown>
[INFO] [stdout]   15:     0x5636450e861c - <unknown>
[INFO] [stdout]   16:     0x56364510829c - <unknown>
[INFO] [stdout]   17:     0x5636450d2e04 - <unknown>
[INFO] [stdout]   18:     0x7279a2e20dfa - <unknown>
[INFO] [stdout]   19:     0x7279a2eb43d4 - clone
[INFO] [stdout]   20:                0x0 - <unknown>
[INFO] [stdout] 
[INFO] [stdout] ---- test_exec stdout ----
[INFO] [stdout] 
[INFO] [stdout] thread 'test_exec' (6001) panicked at tests/testenv/mod.rs:322:22:
[INFO] [stdout] fd output: Os { code: 2, kind: NotFound, message: "No such file or directory" }
[INFO] [stdout] stack backtrace:
[INFO] [stdout]    0:     0x5636450abb35 - <unknown>
[INFO] [stdout]    1:     0x563645092dba - <unknown>
[INFO] [stdout]    2:     0x5636450ab1cb - <unknown>
[INFO] [stdout]    3:     0x5636450aacaf - <unknown>
[INFO] [stdout]    4:     0x5636450aa8da - <unknown>
[INFO] [stdout]    5:     0x5636450aa415 - <unknown>
[INFO] [stdout]    6:     0x5636450d1251 - <unknown>
[INFO] [stdout]    7:     0x5636450d1209 - <unknown>
[INFO] [stdout]    8:     0x5636450d170c - <unknown>
[INFO] [stdout]    9:     0x563645092c4b - <unknown>
[INFO] [stdout]   10:     0x5636450960b1 - <unknown>
[INFO] [stdout]   11:     0x56364507fb11 - <unknown>
[INFO] [stdout]   12:     0x56364507afd6 - <unknown>
[INFO] [stdout]   13:     0x56364507aea5 - <unknown>
[INFO] [stdout]   14:     0x563645090b62 - <unknown>
[INFO] [stdout]   15:     0x5636450ece4b - <unknown>
[INFO] [stdout]   16:     0x5636450e8e31 - <unknown>
[INFO] [stdout]   17:     0x5636450e861c - <unknown>
[INFO] [stdout]   18:     0x56364510829c - <unknown>
[INFO] [stdout]   19:     0x5636450d2e04 - <unknown>
[INFO] [stdout]   20:     0x7279a2e20dfa - <unknown>
[INFO] [stdout]   21:     0x7279a2eb43d4 - clone
[INFO] [stdout]   22:                0x0 - <unknown>
[INFO] [stdout] 
[INFO] [stdout] ---- test_extension stdout ----
[INFO] [stdout] 
[INFO] [stdout] thread 'test_extension' (6019) panicked at tests/testenv/mod.rs:322:22:
[INFO] [stdout] fd output: Os { code: 2, kind: NotFound, message: "No such file or directory" }
[INFO] [stdout] stack backtrace:
[INFO] [stdout]    0:     0x5636450abb35 - <unknown>
[INFO] [stdout]    1:     0x563645092dba - <unknown>
[INFO] [stdout]    2:     0x5636450ab1cb - <unknown>
[INFO] [stdout]    3:     0x5636450aacaf - <unknown>
[INFO] [stdout]    4:     0x5636450aa8da - <unknown>
[INFO] [stdout]    5:     0x5636450aa415 - <unknown>
[INFO] [stdout]    6:     0x5636450d1251 - <unknown>
[INFO] [stdout]    7:     0x5636450d1209 - <unknown>
[INFO] [stdout]    8:     0x5636450d170c - <unknown>
[INFO] [stdout]    9:     0x563645092c4b - <unknown>
[INFO] [stdout]   10:     0x5636450960b1 - <unknown>
[INFO] [stdout]   11:     0x56364507fb11 - <unknown>
[INFO] [stdout]   12:     0x56364507afd6 - <unknown>
[INFO] [stdout]   13:     0x56364507aea5 - <unknown>
[INFO] [stdout]   14:     0x563645085513 - <unknown>
[INFO] [stdout]   15:     0x5636450ece4b - <unknown>
[INFO] [stdout]   16:     0x5636450e8e31 - <unknown>
[INFO] [stdout]   17:     0x5636450e861c - <unknown>
[INFO] [stdout]   18:     0x56364510829c - <unknown>
[INFO] [stdout]   19:     0x5636450d2e04 - <unknown>
[INFO] [stdout]   20:     0x7279a2e20dfa - <unknown>
[INFO] [stdout]   21:     0x7279a2eb43d4 - clone
[INFO] [stdout]   22:                0x0 - <unknown>
[INFO] [stdout] 
[INFO] [stdout] ---- test_fixed_strings stdout ----
[INFO] [stdout] 
[INFO] [stdout] thread 'test_fixed_strings' (6021) panicked at tests/testenv/mod.rs:322:22:
[INFO] [stdout] fd output: Os { code: 2, kind: NotFound, message: "No such file or directory" }
[INFO] [stdout] stack backtrace:
[INFO] [stdout]    0:     0x5636450abb35 - <unknown>
[INFO] [stdout]    1:     0x563645092dba - <unknown>
[INFO] [stdout]    2:     0x5636450ab1cb - <unknown>
[INFO] [stdout]    3:     0x5636450aacaf - <unknown>
[INFO] [stdout]    4:     0x5636450aa8da - <unknown>
[INFO] [stdout]    5:     0x5636450aa415 - <unknown>
[INFO] [stdout]    6:     0x5636450d1251 - <unknown>
[INFO] [stdout]    7:     0x5636450d1209 - <unknown>
[INFO] [stdout]    8:     0x5636450d170c - <unknown>
[INFO] [stdout]    9:     0x563645092c4b - <unknown>
[INFO] [stdout]   10:     0x5636450960b1 - <unknown>
[INFO] [stdout]   11:     0x56364507fb11 - <unknown>
[INFO] [stdout]   12:     0x56364507afd6 - <unknown>
[INFO] [stdout]   13:     0x56364507aea5 - <unknown>
[INFO] [stdout]   14:     0x563645087a30 - <unknown>
[INFO] [stdout]   15:     0x5636450ece4b - <unknown>
[INFO] [stdout]   16:     0x5636450e8e31 - <unknown>
[INFO] [stdout]   17:     0x5636450e861c - <unknown>
[INFO] [stdout]   18:     0x56364510829c - <unknown>
[INFO] [stdout]   19:     0x5636450d2e04 - <unknown>
[INFO] [stdout]   20:     0x7279a2e20dfa - <unknown>
[INFO] [stdout]   21:     0x7279a2eb43d4 - clone
[INFO] [stdout]   22:                0x0 - <unknown>
[INFO] [stdout] 
[INFO] [stdout] ---- test_full_path stdout ----
[INFO] [stdout] 
[INFO] [stdout] thread 'test_full_path' (6025) panicked at tests/testenv/mod.rs:322:22:
[INFO] [stdout] fd output: Os { code: 2, kind: NotFound, message: "No such file or directory" }
[INFO] [stdout] stack backtrace:
[INFO] [stdout]    0:     0x5636450abb35 - <unknown>
[INFO] [stdout]    1:     0x563645092dba - <unknown>
[INFO] [stdout]    2:     0x5636450ab1cb - <unknown>
[INFO] [stdout]    3:     0x5636450aacaf - <unknown>
[INFO] [stdout]    4:     0x5636450aa8da - <unknown>
[INFO] [stdout]    5:     0x5636450aa415 - <unknown>
[INFO] [stdout]    6:     0x5636450d1251 - <unknown>
[INFO] [stdout]    7:     0x5636450d1209 - <unknown>
[INFO] [stdout]    8:     0x5636450d170c - <unknown>
[INFO] [stdout]    9:     0x563645092c4b - <unknown>
[INFO] [stdout]   10:     0x5636450960b1 - <unknown>
[INFO] [stdout]   11:     0x56364507fb11 - <unknown>
[INFO] [stdout]   12:     0x56364507afd6 - <unknown>
[INFO] [stdout]   13:     0x56364507aea5 - <unknown>
[INFO] [stdout]   14:     0x563645085919 - <unknown>
[INFO] [stdout]   15:     0x5636450ece4b - <unknown>
[INFO] [stdout]   16:     0x5636450e8e31 - <unknown>
[INFO] [stdout]   17:     0x5636450e861c - <unknown>
[INFO] [stdout]   18:     0x56364510829c - <unknown>
[INFO] [stdout]   19:     0x5636450d2e04 - <unknown>
[INFO] [stdout]   20:     0x7279a2e20dfa - <unknown>
[INFO] [stdout]   21:     0x7279a2eb43d4 - clone
[INFO] [stdout]   22:                0x0 - <unknown>
[INFO] [stdout] 
[INFO] [stdout] ---- test_git_dir stdout ----
[INFO] [stdout] 
[INFO] [stdout] thread 'test_git_dir' (6028) panicked at tests/testenv/mod.rs:322:22:
[INFO] [stdout] fd output: Os { code: 2, kind: NotFound, message: "No such file or directory" }
[INFO] [stdout] stack backtrace:
[INFO] [stdout]    0:     0x5636450abb35 - <unknown>
[INFO] [stdout]    1:     0x563645092dba - <unknown>
[INFO] [stdout]    2:     0x5636450ab1cb - <unknown>
[INFO] [stdout]    3:     0x5636450aacaf - <unknown>
[INFO] [stdout]    4:     0x5636450aa8da - <unknown>
[INFO] [stdout]    5:     0x5636450aa415 - <unknown>
[INFO] [stdout]    6:     0x5636450d1251 - <unknown>
[INFO] [stdout]    7:     0x5636450d1209 - <unknown>
[INFO] [stdout]    8:     0x5636450d170c - <unknown>
[INFO] [stdout]    9:     0x563645092c4b - <unknown>
[INFO] [stdout]   10:     0x5636450960b1 - <unknown>
[INFO] [stdout]   11:     0x56364507fb11 - <unknown>
[INFO] [stdout]   12:     0x56364507afd6 - <unknown>
[INFO] [stdout]   13:     0x56364507aea5 - <unknown>
[INFO] [stdout]   14:     0x563645085120 - <unknown>
[INFO] [stdout]   15:     0x5636450ece4b - <unknown>
[INFO] [stdout]   16:     0x5636450e8e31 - <unknown>
[INFO] [stdout]   17:     0x5636450e861c - <unknown>
[INFO] [stdout]   18:     0x56364510829c - <unknown>
[INFO] [stdout]   19:     0x5636450d2e04 - <unknown>
[INFO] [stdout]   20:     0x7279a2e20dfa - <unknown>
[INFO] [stdout]   21:     0x7279a2eb43d4 - clone
[INFO] [stdout]   22:                0x0 - <unknown>
[INFO] [stdout] 
[INFO] [stdout] ---- test_follow_broken_symlink stdout ----
[INFO] [stdout] 
[INFO] [stdout] thread 'test_follow_broken_symlink' (6024) panicked at tests/testenv/mod.rs:322:22:
[INFO] [stdout] fd output: Os { code: 2, kind: NotFound, message: "No such file or directory" }
[INFO] [stdout] stack backtrace:
[INFO] [stdout]    0:     0x5636450abb35 - <unknown>
[INFO] [stdout]    1:     0x563645092dba - <unknown>
[INFO] [stdout]    2:     0x5636450ab1cb - <unknown>
[INFO] [stdout]    3:     0x5636450aacaf - <unknown>
[INFO] [stdout]    4:     0x5636450aa8da - <unknown>
[INFO] [stdout]    5:     0x5636450aa415 - <unknown>
[INFO] [stdout]    6:     0x5636450d1251 - <unknown>
[INFO] [stdout]    7:     0x5636450d1209 - <unknown>
[INFO] [stdout]    8:     0x5636450d170c - <unknown>
[INFO] [stdout]    9:     0x563645092c4b - <unknown>
[INFO] [stdout]   10:     0x5636450960b1 - <unknown>
[INFO] [stdout]   11:     0x56364507fb11 - <unknown>
[INFO] [stdout]   12:     0x56364507afd6 - <unknown>
[INFO] [stdout]   13:     0x56364507aea5 - <unknown>
[INFO] [stdout]   14:     0x56364508ddb0 - <unknown>
[INFO] [stdout]   15:     0x5636450ece4b - <unknown>
[INFO] [stdout]   16:     0x5636450e8e31 - <unknown>
[INFO] [stdout]   17:     0x5636450e861c - <unknown>
[INFO] [stdout]   18:     0x56364510829c - <unknown>
[INFO] [stdout]   19:     0x5636450d2e04 - <unknown>
[INFO] [stdout]   20:     0x7279a2e20dfa - <unknown>
[INFO] [stdout]   21:     0x7279a2eb43d4 - clone
[INFO] [stdout]   22:                0x0 - <unknown>
[INFO] [stdout] 
[INFO] [stdout] ---- test_full_path_glob_searches stdout ----
[INFO] [stdout] 
[INFO] [stdout] thread 'test_full_path_glob_searches' (6027) panicked at tests/testenv/mod.rs:322:22:
[INFO] [stdout] fd output: Os { code: 2, kind: NotFound, message: "No such file or directory" }
[INFO] [stdout] stack backtrace:
[INFO] [stdout]    0:     0x5636450abb35 - <unknown>
[INFO] [stdout]    1:     0x563645092dba - <unknown>
[INFO] [stdout]    2:     0x5636450ab1cb - <unknown>
[INFO] [stdout]    3:     0x5636450aacaf - <unknown>
[INFO] [stdout]    4:     0x5636450aa8da - <unknown>
[INFO] [stdout]    5:     0x5636450aa415 - <unknown>
[INFO] [stdout]    6:     0x5636450d1251 - <unknown>
[INFO] [stdout]    7:     0x5636450d1209 - <unknown>
[INFO] [stdout]    8:     0x5636450d170c - <unknown>
[INFO] [stdout]    9:     0x563645092c4b - <unknown>
[INFO] [stdout]   10:     0x5636450960b1 - <unknown>
[INFO] [stdout]   11:     0x56364507fb11 - <unknown>
[INFO] [stdout]   12:     0x56364507afd6 - <unknown>
[INFO] [stdout]   13:     0x56364507aea5 - <unknown>
[INFO] [stdout]   14:     0x56364508efb0 - <unknown>
[INFO] [stdout]   15:     0x5636450ece4b - <unknown>
[INFO] [stdout]   16:     0x5636450e8e31 - <unknown>
[INFO] [stdout]   17:     0x5636450e861c - <unknown>
[INFO] [stdout]   18:     0x56364510829c - <unknown>
[INFO] [stdout]   19:     0x5636450d2e04 - <unknown>
[INFO] [stdout]   20:     0x7279a2e20dfa - <unknown>
[INFO] [stdout]   21:     0x7279a2eb43d4 - clone
[INFO] [stdout]   22:                0x0 - <unknown>
[INFO] [stdout] 
[INFO] [stdout] ---- test_follow stdout ----
[INFO] [stdout] 
[INFO] [stdout] thread 'test_follow' (6023) panicked at tests/testenv/mod.rs:322:22:
[INFO] [stdout] fd output: Os { code: 2, kind: NotFound, message: "No such file or directory" }
[INFO] [stdout] stack backtrace:
[INFO] [stdout]    0:     0x5636450abb35 - <unknown>
[INFO] [stdout]    1:     0x563645092dba - <unknown>
[INFO] [stdout]    2:     0x5636450ab1cb - <unknown>
[INFO] [stdout]    3:     0x5636450aacaf - <unknown>
[INFO] [stdout]    4:     0x5636450aa8da - <unknown>
[INFO] [stdout]    5:     0x5636450aa415 - <unknown>
[INFO] [stdout]    6:     0x5636450d1251 - <unknown>
[INFO] [stdout]    7:     0x5636450d1209 - <unknown>
[INFO] [stdout]    8:     0x5636450d170c - <unknown>
[INFO] [stdout]    9:     0x563645092c4b - <unknown>
[INFO] [stdout]   10:     0x5636450960b1 - <unknown>
[INFO] [stdout]   11:     0x56364507fb11 - <unknown>
[INFO] [stdout]   12:     0x56364507afd6 - <unknown>
[INFO] [stdout]   13:     0x56364507aea5 - <unknown>
[INFO] [stdout]   14:     0x563645084e10 - <unknown>
[INFO] [stdout]   15:     0x5636450ece4b - <unknown>
[INFO] [stdout]   16:     0x5636450e8e31 - <unknown>
[INFO] [stdout]   17:     0x5636450e861c - <unknown>
[INFO] [stdout]   18:     0x56364510829c - <unknown>
[INFO] [stdout]   19:     0x5636450d2e04 - <unknown>
[INFO] [stdout]   20:     0x7279a2e20dfa - <unknown>
[INFO] [stdout]   21:     0x7279a2eb43d4 - clone
[INFO] [stdout]   22:                0x0 - <unknown>
[INFO] [stdout] 
[INFO] [stdout] ---- test_gitignore_parent stdout ----
[INFO] [stdout] 
[INFO] [stdout] thread 'test_gitignore_parent' (6033) panicked at tests/testenv/mod.rs:322:22:
[INFO] [stdout] fd output: Os { code: 2, kind: NotFound, message: "No such file or directory" }
[INFO] [stdout] stack backtrace:
[INFO] [stdout]    0:     0x5636450abb35 - <unknown>
[INFO] [stdout]    1:     0x563645092dba - <unknown>
[INFO] [stdout]    2:     0x5636450ab1cb - <unknown>
[INFO] [stdout]    3:     0x5636450aacaf - <unknown>
[INFO] [stdout]    4:     0x5636450aa8da - <unknown>
[INFO] [stdout]    5:     0x5636450aa415 - <unknown>
[INFO] [stdout]    6:     0x5636450d1251 - <unknown>
[INFO] [stdout]    7:     0x5636450d1209 - <unknown>
[INFO] [stdout]    8:     0x5636450d170c - <unknown>
[INFO] [stdout]    9:     0x563645092c4b - <unknown>
[INFO] [stdout]   10:     0x5636450960b1 - <unknown>
[INFO] [stdout]   11:     0x56364507fb11 - <unknown>
[INFO] [stdout]   12:     0x56364507afd6 - <unknown>
[INFO] [stdout]   13:     0x56364507aea5 - <unknown>
[INFO] [stdout]   14:     0x5636450891e7 - <unknown>
[INFO] [stdout]   15:     0x5636450ece4b - <unknown>
[INFO] [stderr] error: test failed, to rerun pass `--test tests`
[INFO] [stdout]   16:     0x5636450e8e31 - <unknown>
[INFO] [stdout]   17:     0x5636450e861c - <unknown>
[INFO] [stdout]   18:     0x56364510829c - <unknown>
[INFO] [stdout]   19:     0x5636450d2e04 - <unknown>
[INFO] [stdout]   20:     0x7279a2e20dfa - <unknown>
[INFO] [stdout]   21:     0x7279a2eb43d4 - clone
[INFO] [stdout]   22:                0x0 - <unknown>
[INFO] [stdout] 
[INFO] [stdout] ---- test_glob_searches stdout ----
[INFO] [stdout] 
[INFO] [stdout] thread 'test_glob_searches' (6038) panicked at tests/testenv/mod.rs:322:22:
[INFO] [stdout] fd output: Os { code: 2, kind: NotFound, message: "No such file or directory" }
[INFO] [stdout] stack backtrace:
[INFO] [stdout]    0:     0x5636450abb35 - <unknown>
[INFO] [stdout]    1:     0x563645092dba - <unknown>
[INFO] [stdout]    2:     0x5636450ab1cb - <unknown>
[INFO] [stdout]    3:     0x5636450aacaf - <unknown>
[INFO] [stdout]    4:     0x5636450aa8da - <unknown>
[INFO] [stdout]    5:     0x5636450aa415 - <unknown>
[INFO] [stdout]    6:     0x5636450d1251 - <unknown>
[INFO] [stdout]    7:     0x5636450d1209 - <unknown>
[INFO] [stdout]    8:     0x5636450d170c - <unknown>
[INFO] [stdout]    9:     0x563645092c4b - <unknown>
[INFO] [stdout]   10:     0x5636450960b1 - <unknown>
[INFO] [stdout]   11:     0x56364507fb11 - <unknown>
[INFO] [stdout]   12:     0x56364507afd6 - <unknown>
[INFO] [stdout]   13:     0x56364507aea5 - <unknown>
[INFO] [stdout]   14:     0x563645087b90 - <unknown>
[INFO] [stdout]   15:     0x5636450ece4b - <unknown>
[INFO] [stdout]   16:     0x5636450e8e31 - <unknown>
[INFO] [stdout]   17:     0x5636450e861c - <unknown>
[INFO] [stdout]   18:     0x56364510829c - <unknown>
[INFO] [stdout]   19:     0x5636450d2e04 - <unknown>
[INFO] [stdout]   20:     0x7279a2e20dfa - <unknown>
[INFO] [stdout]   21:     0x7279a2eb43d4 - clone
[INFO] [stdout]   22:                0x0 - <unknown>
[INFO] [stdout] 
[INFO] [stdout] ---- test_gitignore_and_fdignore stdout ----
[INFO] [stdout] 
[INFO] [stdout] thread 'test_gitignore_and_fdignore' (6030) panicked at tests/testenv/mod.rs:322:22:
[INFO] [stdout] fd output: Os { code: 2, kind: NotFound, message: "No such file or directory" }
[INFO] [stdout] stack backtrace:
[INFO] [stdout]    0:     0x5636450abb35 - <unknown>
[INFO] [stdout]    1:     0x563645092dba - <unknown>
[INFO] [stdout]    2:     0x5636450ab1cb - <unknown>
[INFO] [stdout]    3:     0x5636450aacaf - <unknown>
[INFO] [stdout]    4:     0x5636450aa8da - <unknown>
[INFO] [stdout]    5:     0x5636450aa415 - <unknown>
[INFO] [stdout]    6:     0x5636450d1251 - <unknown>
[INFO] [stdout]    7:     0x5636450d1209 - <unknown>
[INFO] [stdout]    8:     0x5636450d170c - <unknown>
[INFO] [stdout]    9:     0x563645092c4b - <unknown>
[INFO] [stdout]   10:     0x5636450960b1 - <unknown>
[INFO] [stdout]   11:     0x56364507fb11 - <unknown>
[INFO] [stdout]   12:     0x56364507afd6 - <unknown>
[INFO] [stdout]   13:     0x56364507aea5 - <unknown>
[INFO] [stdout]   14:     0x56364508eade - <unknown>
[INFO] [stdout]   15:     0x5636450ece4b - <unknown>
[INFO] [stdout]   16:     0x5636450e8e31 - <unknown>
[INFO] [stdout]   17:     0x5636450e861c - <unknown>
[INFO] [stdout]   18:     0x56364510829c - <unknown>
[INFO] [stdout]   19:     0x5636450d2e04 - <unknown>
[INFO] [stdout]   20:     0x7279a2e20dfa - <unknown>
[INFO] [stdout]   21:     0x7279a2eb43d4 - clone
[INFO] [stdout]   22:                0x0 - <unknown>
[INFO] [stdout] 
[INFO] [stdout] ---- test_exec_with_separator stdout ----
[INFO] [stdout] 
[INFO] [stdout] thread 'test_exec_with_separator' (6014) panicked at tests/testenv/mod.rs:322:22:
[INFO] [stdout] fd output: Os { code: 2, kind: NotFound, message: "No such file or directory" }
[INFO] [stdout] stack backtrace:
[INFO] [stdout]    0:     0x5636450abb35 - <unknown>
[INFO] [stdout]    1:     0x563645092dba - <unknown>
[INFO] [stdout]    2:     0x5636450ab1cb - <unknown>
[INFO] [stdout]    3:     0x5636450aacaf - <unknown>
[INFO] [stdout]    4:     0x5636450aa8da - <unknown>
[INFO] [stdout]    5:     0x5636450aa415 - <unknown>
[INFO] [stdout]    6:     0x5636450d1251 - <unknown>
[INFO] [stdout]    7:     0x5636450d1209 - <unknown>
[INFO] [stdout]    8:     0x5636450d170c - <unknown>
[INFO] [stdout]    9:     0x563645092c4b - <unknown>
[INFO] [stdout]   10:     0x5636450960b1 - <unknown>
[INFO] [stdout]   11:     0x56364507fb11 - <unknown>
[INFO] [stdout]   12:     0x56364507afd6 - <unknown>
[INFO] [stdout]   13:     0x56364507aea5 - <unknown>
[INFO] [stdout]   14:     0x56364508b682 - <unknown>
[INFO] [stdout]   15:     0x5636450ece4b - <unknown>
[INFO] [stdout]   16:     0x5636450e8e31 - <unknown>
[INFO] [stdout]   17:     0x5636450e861c - <unknown>
[INFO] [stdout]   18:     0x56364510829c - <unknown>
[INFO] [stdout]   19:     0x5636450d2e04 - <unknown>
[INFO] [stdout]   20:     0x7279a2e20dfa - <unknown>
[INFO] [stdout]   21:     0x7279a2eb43d4 - clone
[INFO] [stdout]   22:                0x0 - <unknown>
[INFO] [stdout] 
[INFO] [stdout] ---- test_invalid_cwd stdout ----
[INFO] [stdout] 
[INFO] [stdout] thread 'test_invalid_cwd' (6046) panicked at tests/tests.rs:2615:10:
[INFO] [stdout] called `Result::unwrap()` on an `Err` value: Os { code: 2, kind: NotFound, message: "No such file or directory" }
[INFO] [stdout] stack backtrace:
[INFO] [stdout]    0:     0x5636450abb35 - <unknown>
[INFO] [stdout]    1:     0x563645092dba - <unknown>
[INFO] [stdout]    2:     0x5636450ab1cb - <unknown>
[INFO] [stdout]    3:     0x5636450aacaf - <unknown>
[INFO] [stdout]    4:     0x5636450aa8da - <unknown>
[INFO] [stdout]    5:     0x5636450aa415 - <unknown>
[INFO] [stdout]    6:     0x5636450d1251 - <unknown>
[INFO] [stdout]    7:     0x5636450d1209 - <unknown>
[INFO] [stdout]    8:     0x5636450d170c - <unknown>
[INFO] [stdout]    9:     0x563645092c4b - <unknown>
[INFO] [stdout]   10:     0x5636450960b1 - <unknown>
[INFO] [stdout]   11:     0x563645086d2a - <unknown>
[INFO] [stdout]   12:     0x5636450ece4b - <unknown>
[INFO] [stdout]   13:     0x5636450e8e31 - <unknown>
[INFO] [stdout]   14:     0x5636450e861c - <unknown>
[INFO] [stdout]   15:     0x56364510829c - <unknown>
[INFO] [stdout]   16:     0x5636450d2e04 - <unknown>
[INFO] [stdout]   17:     0x7279a2e20dfa - <unknown>
[INFO] [stdout]   18:     0x7279a2eb43d4 - clone
[INFO] [stdout]   19:                0x0 - <unknown>
[INFO] [stdout] 
[INFO] [stdout] ---- test_glob_searches_with_extension stdout ----
[INFO] [stdout] 
[INFO] [stdout] thread 'test_glob_searches_with_extension' (6039) panicked at tests/testenv/mod.rs:322:22:
[INFO] [stdout] fd output: Os { code: 2, kind: NotFound, message: "No such file or directory" }
[INFO] [stdout] stack backtrace:
[INFO] [stdout]    0:     0x5636450abb35 - <unknown>
[INFO] [stdout]    1:     0x563645092dba - <unknown>
[INFO] [stdout]    2:     0x5636450ab1cb - <unknown>
[INFO] [stdout]    3:     0x5636450aacaf - <unknown>
[INFO] [stdout]    4:     0x5636450aa8da - <unknown>
[INFO] [stdout]    5:     0x5636450aa415 - <unknown>
[INFO] [stdout]    6:     0x5636450d1251 - <unknown>
[INFO] [stdout]    7:     0x5636450d1209 - <unknown>
[INFO] [stdout]    8:     0x5636450d170c - <unknown>
[INFO] [stdout]    9:     0x563645092c4b - <unknown>
[INFO] [stdout]   10:     0x5636450960b1 - <unknown>
[INFO] [stdout]   11:     0x56364507fb11 - <unknown>
[INFO] [stdout]   12:     0x56364507afd6 - <unknown>
[INFO] [stdout]   13:     0x56364507aea5 - <unknown>
[INFO] [stdout]   14:     0x563645090370 - <unknown>
[INFO] [stdout]   15:     0x5636450ece4b - <unknown>
[INFO] [stdout]   16:     0x5636450e8e31 - <unknown>
[INFO] [stdout]   17:     0x5636450e861c - <unknown>
[INFO] [stdout]   18:     0x56364510829c - <unknown>
[INFO] [stdout]   19:     0x5636450d2e04 - <unknown>
[INFO] [stdout]   20:     0x7279a2e20dfa - <unknown>
[INFO] [stdout]   21:     0x7279a2eb43d4 - clone
[INFO] [stdout]   22:                0x0 - <unknown>
[INFO] [stdout] 
[INFO] [stdout] ---- test_invalid_utf8 stdout ----
[INFO] [stdout] 
[INFO] [stdout] thread 'test_invalid_utf8' (6047) panicked at tests/testenv/mod.rs:322:22:
[INFO] [stdout] fd output: Os { code: 2, kind: NotFound, message: "No such file or directory" }
[INFO] [stdout] stack backtrace:
[INFO] [stdout]    0:     0x5636450abb35 - <unknown>
[INFO] [stdout]    1:     0x563645092dba - <unknown>
[INFO] [stdout]    2:     0x5636450ab1cb - <unknown>
[INFO] [stdout]    3:     0x5636450aacaf - <unknown>
[INFO] [stdout]    4:     0x5636450aa8da - <unknown>
[INFO] [stdout]    5:     0x5636450aa415 - <unknown>
[INFO] [stdout]    6:     0x5636450d1251 - <unknown>
[INFO] [stdout]    7:     0x5636450d1209 - <unknown>
[INFO] [stdout]    8:     0x5636450d170c - <unknown>
[INFO] [stdout]    9:     0x563645092c4b - <unknown>
[INFO] [stdout]   10:     0x5636450960b1 - <unknown>
[INFO] [stdout]   11:     0x56364507fb11 - <unknown>
[INFO] [stdout]   12:     0x56364507afd6 - <unknown>
[INFO] [stdout]   13:     0x56364507aea5 - <unknown>
[INFO] [stdout]   14:     0x563645087265 - <unknown>
[INFO] [stdout]   15:     0x5636450ece4b - <unknown>
[INFO] [stdout]   16:     0x5636450e8e31 - <unknown>
[INFO] [stdout]   17:     0x5636450e861c - <unknown>
[INFO] [stdout]   18:     0x56364510829c - <unknown>
[INFO] [stdout]   19:     0x5636450d2e04 - <unknown>
[INFO] [stdout]   20:     0x7279a2e20dfa - <unknown>
[INFO] [stdout]   21:     0x7279a2eb43d4 - clone
[INFO] [stdout]   22:                0x0 - <unknown>
[INFO] [stdout] 
[INFO] [stdout] ---- test_hidden stdout ----
[INFO] [stdout] 
[INFO] [stdout] thread 'test_hidden' (6042) panicked at tests/testenv/mod.rs:322:22:
[INFO] [stdout] fd output: Os { code: 2, kind: NotFound, message: "No such file or directory" }
[INFO] [stdout] stack backtrace:
[INFO] [stdout]    0:     0x5636450abb35 - <unknown>
[INFO] [stdout]    1:     0x563645092dba - <unknown>
[INFO] [stdout]    2:     0x5636450ab1cb - <unknown>
[INFO] [stdout]    3:     0x5636450aacaf - <unknown>
[INFO] [stdout]    4:     0x5636450aa8da - <unknown>
[INFO] [stdout]    5:     0x5636450aa415 - <unknown>
[INFO] [stdout]    6:     0x5636450d1251 - <unknown>
[INFO] [stdout]    7:     0x5636450d1209 - <unknown>
[INFO] [stdout]    8:     0x5636450d170c - <unknown>
[INFO] [stdout]    9:     0x563645092c4b - <unknown>
[INFO] [stdout]   10:     0x5636450960b1 - <unknown>
[INFO] [stdout]   11:     0x56364507fb11 - <unknown>
[INFO] [stdout]   12:     0x56364507afd6 - <unknown>
[INFO] [stdout]   13:     0x56364507aea5 - <unknown>
[INFO] [stdout]   14:     0x563645084eb0 - <unknown>
[INFO] [stdout]   15:     0x5636450ece4b - <unknown>
[INFO] [stdout]   16:     0x5636450e8e31 - <unknown>
[INFO] [stdout]   17:     0x5636450e861c - <unknown>
[INFO] [stdout]   18:     0x56364510829c - <unknown>
[INFO] [stdout]   19:     0x5636450d2e04 - <unknown>
[INFO] [stdout]   20:     0x7279a2e20dfa - <unknown>
[INFO] [stdout]   21:     0x7279a2eb43d4 - clone
[INFO] [stdout]   22:                0x0 - <unknown>
[INFO] [stdout] 
[INFO] [stdout] ---- test_global_ignore stdout ----
[INFO] [stdout] 
[INFO] [stdout] thread 'test_global_ignore' (6041) panicked at tests/testenv/mod.rs:322:22:
[INFO] [stdout] fd output: Os { code: 2, kind: NotFound, message: "No such file or directory" }
[INFO] [stdout] stack backtrace:
[INFO] [stdout]    0:     0x5636450abb35 - <unknown>
[INFO] [stdout]    1:     0x563645092dba - <unknown>
[INFO] [stdout]    2:     0x5636450ab1cb - <unknown>
[INFO] [stdout]    3:     0x5636450aacaf - <unknown>
[INFO] [stdout]    4:     0x5636450aa8da - <unknown>
[INFO] [stdout]    5:     0x5636450aa415 - <unknown>
[INFO] [stdout]    6:     0x5636450d1251 - <unknown>
[INFO] [stdout]    7:     0x5636450d1209 - <unknown>
[INFO] [stdout]    8:     0x5636450d170c - <unknown>
[INFO] [stdout]    9:     0x563645092c4b - <unknown>
[INFO] [stdout]   10:     0x5636450960b1 - <unknown>
[INFO] [stdout]   11:     0x56364507fb11 - <unknown>
[INFO] [stdout]   12:     0x56364507afd6 - <unknown>
[INFO] [stdout]   13:     0x56364507aea5 - <unknown>
[INFO] [stdout]   14:     0x563645087ca0 - <unknown>
[INFO] [stdout]   15:     0x5636450ece4b - <unknown>
[INFO] [stdout]   16:     0x5636450e8e31 - <unknown>
[INFO] [stdout]   17:     0x5636450e861c - <unknown>
[INFO] [stdout]   18:     0x56364510829c - <unknown>
[INFO] [stdout]   19:     0x5636450d2e04 - <unknown>
[INFO] [stdout]   20:     0x7279a2e20dfa - <unknown>
[INFO] [stdout]   21:     0x7279a2eb43d4 - clone
[INFO] [stdout]   22:                0x0 - <unknown>
[INFO] [stdout] 
[INFO] [stdout] ---- test_implicit_absolute_path stdout ----
[INFO] [stdout] 
[INFO] [stdout] thread 'test_implicit_absolute_path' (6045) panicked at tests/testenv/mod.rs:322:22:
[INFO] [stdout] fd output: Os { code: 2, kind: NotFound, message: "No such file or directory" }
[INFO] [stdout] stack backtrace:
[INFO] [stdout]    0:     0x5636450abb35 - <unknown>
[INFO] [stdout]    1:     0x563645092dba - <unknown>
[INFO] [stdout]    2:     0x5636450ab1cb - <unknown>
[INFO] [stdout]    3:     0x5636450aacaf - <unknown>
[INFO] [stdout]    4:     0x5636450aa8da - <unknown>
[INFO] [stdout]    5:     0x5636450aa415 - <unknown>
[INFO] [stdout]    6:     0x5636450d1251 - <unknown>
[INFO] [stdout]    7:     0x5636450d1209 - <unknown>
[INFO] [stdout]    8:     0x5636450d170c - <unknown>
[INFO] [stdout]    9:     0x563645092c4b - <unknown>
[INFO] [stdout]   10:     0x5636450960b1 - <unknown>
[INFO] [stdout]   11:     0x56364507fb11 - <unknown>
[INFO] [stdout]   12:     0x56364507afd6 - <unknown>
[INFO] [stdout]   13:     0x56364507aea5 - <unknown>
[INFO] [stdout]   14:     0x56364508ee29 - <unknown>
[INFO] [stdout]   15:     0x5636450ece4b - <unknown>
[INFO] [stdout]   16:     0x5636450e8e31 - <unknown>
[INFO] [stdout]   17:     0x5636450e861c - <unknown>
[INFO] [stdout]   18:     0x56364510829c - <unknown>
[INFO] [stdout]   19:     0x5636450d2e04 - <unknown>
[INFO] [stdout]   20:     0x7279a2e20dfa - <unknown>
[INFO] [stdout]   21:     0x7279a2eb43d4 - clone
[INFO] [stdout]   22:                0x0 - <unknown>
[INFO] [stdout] 
[INFO] [stdout] ---- test_min_depth stdout ----
[INFO] [stdout] 
[INFO] [stdout] thread 'test_min_depth' (6055) panicked at tests/testenv/mod.rs:322:22:
[INFO] [stdout] fd output: Os { code: 2, kind: NotFound, message: "No such file or directory" }
[INFO] [stdout] stack backtrace:
[INFO] [stdout]    0:     0x5636450abb35 - <unknown>
[INFO] [stdout]    1:     0x563645092dba - <unknown>
[INFO] [stdout]    2:     0x5636450ab1cb - <unknown>
[INFO] [stdout]    3:     0x5636450aacaf - <unknown>
[INFO] [stdout]    4:     0x5636450aa8da - <unknown>
[INFO] [stdout]    5:     0x5636450aa415 - <unknown>
[INFO] [stdout]    6:     0x5636450d1251 - <unknown>
[INFO] [stdout]    7:     0x5636450d1209 - <unknown>
[INFO] [stdout]    8:     0x5636450d170c - <unknown>
[INFO] [stdout]    9:     0x563645092c4b - <unknown>
[INFO] [stdout]   10:     0x5636450960b1 - <unknown>
[INFO] [stdout]   11:     0x56364507fb11 - <unknown>
[INFO] [stdout]   12:     0x56364507afd6 - <unknown>
[INFO] [stdout]   13:     0x56364507aea5 - <unknown>
[INFO] [stdout]   14:     0x563645085b40 - <unknown>
[INFO] [stdout]   15:     0x5636450ece4b - <unknown>
[INFO] [stdout]   16:     0x5636450e8e31 - <unknown>
[INFO] [stdout]   17:     0x5636450e861c - <unknown>
[INFO] [stdout]   18:     0x56364510829c - <unknown>
[INFO] [stdout]   19:     0x5636450d2e04 - <unknown>
[INFO] [stdout]   20:     0x7279a2e20dfa - <unknown>
[INFO] [stdout]   21:     0x7279a2eb43d4 - clone
[INFO] [stdout]   22:                0x0 - <unknown>
[INFO] [stdout] 
[INFO] [stdout] ---- test_list_details stdout ----
[INFO] [stdout] 
[INFO] [stdout] thread 'test_list_details' (6052) panicked at tests/testenv/mod.rs:322:22:
[INFO] [stdout] fd output: Os { code: 2, kind: NotFound, message: "No such file or directory" }
[INFO] [stdout] stack backtrace:
[INFO] [stdout]    0:     0x5636450abb35 - <unknown>
[INFO] [stdout]    1:     0x563645092dba - <unknown>
[INFO] [stdout]    2:     0x5636450ab1cb - <unknown>
[INFO] [stdout]    3:     0x5636450aacaf - <unknown>
[INFO] [stdout]    4:     0x5636450aa8da - <unknown>
[INFO] [stdout]    5:     0x5636450aa415 - <unknown>
[INFO] [stdout]    6:     0x5636450d1251 - <unknown>
[INFO] [stdout]    7:     0x5636450d1209 - <unknown>
[INFO] [stdout]    8:     0x5636450d170c - <unknown>
[INFO] [stdout]    9:     0x563645092c4b - <unknown>
[INFO] [stdout]   10:     0x5636450960b1 - <unknown>
[INFO] [stdout]   11:     0x56364507fb11 - <unknown>
[INFO] [stdout]   12:     0x5636450873fb - <unknown>
[INFO] [stdout]   13:     0x5636450ece4b - <unknown>
[INFO] [stdout]   14:     0x5636450e8e31 - <unknown>
[INFO] [stdout]   15:     0x5636450e861c - <unknown>
[INFO] [stdout]   16:     0x56364510829c - <unknown>
[INFO] [stdout]   17:     0x5636450d2e04 - <unknown>
[INFO] [stdout]   18:     0x7279a2e20dfa - <unknown>
[INFO] [stdout]   19:     0x7279a2eb43d4 - clone
[INFO] [stdout]   20:                0x0 - <unknown>
[INFO] [stdout] 
[INFO] [stdout] ---- test_max_results stdout ----
[INFO] [stdout] 
[INFO] [stdout] thread 'test_max_results' (6054) panicked at tests/testenv/mod.rs:322:22:
[INFO] [stdout] fd output: Os { code: 2, kind: NotFound, message: "No such file or directory" }
[INFO] [stdout] stack backtrace:
[INFO] [stdout]    0:     0x5636450abb35 - <unknown>
[INFO] [stdout]    1:     0x563645092dba - <unknown>
[INFO] [stdout]    2:     0x5636450ab1cb - <unknown>
[INFO] [stdout]    3:     0x5636450aacaf - <unknown>
[INFO] [stdout]    4:     0x5636450aa8da - <unknown>
[INFO] [stdout]    5:     0x5636450aa415 - <unknown>
[INFO] [stdout]    6:     0x5636450d1251 - <unknown>
[INFO] [stdout]    7:     0x5636450d1209 - <unknown>
[INFO] [stdout]    8:     0x5636450d170c - <unknown>
[INFO] [stdout]    9:     0x563645092c4b - <unknown>
[INFO] [stdout]   10:     0x5636450960b1 - <unknown>
[INFO] [stdout]   11:     0x56364507fb11 - <unknown>
[INFO] [stdout]   12:     0x56364507afd6 - <unknown>
[INFO] [stdout]   13:     0x56364507aea5 - <unknown>
[INFO] [stdout]   14:     0x563645086f84 - <unknown>
[INFO] [stdout]   15:     0x5636450ece4b - <unknown>
[INFO] [stdout]   16:     0x5636450e8e31 - <unknown>
[INFO] [stdout]   17:     0x5636450e861c - <unknown>
[INFO] [stdout]   18:     0x56364510829c - <unknown>
[INFO] [stdout]   19:     0x5636450d2e04 - <unknown>
[INFO] [stdout]   20:     0x7279a2e20dfa - <unknown>
[INFO] [stdout]   21:     0x7279a2eb43d4 - clone
[INFO] [stdout]   22:                0x0 - <unknown>
[INFO] [stdout] 
[INFO] [stdout] ---- test_modified_absolute stdout ----
[INFO] [stdout] 
[INFO] [stdout] thread 'test_modified_absolute' (6057) panicked at tests/testenv/mod.rs:322:22:
[INFO] [stdout] fd output: Os { code: 2, kind: NotFound, message: "No such file or directory" }
[INFO] [stdout] stack backtrace:
[INFO] [stdout]    0:     0x5636450abb35 - <unknown>
[INFO] [stdout]    1:     0x563645092dba - <unknown>
[INFO] [stdout]    2:     0x5636450ab1cb - <unknown>
[INFO] [stdout]    3:     0x5636450aacaf - <unknown>
[INFO] [stdout]    4:     0x5636450aa8da - <unknown>
[INFO] [stdout]    5:     0x5636450aa415 - <unknown>
[INFO] [stdout]    6:     0x5636450d1251 - <unknown>
[INFO] [stdout]    7:     0x5636450d1209 - <unknown>
[INFO] [stdout]    8:     0x5636450d170c - <unknown>
[INFO] [stdout]    9:     0x563645092c4b - <unknown>
[INFO] [stdout]   10:     0x5636450960b1 - <unknown>
[INFO] [stdout]   11:     0x56364507fb11 - <unknown>
[INFO] [stdout]   12:     0x56364507afd6 - <unknown>
[INFO] [stdout]   13:     0x56364507aea5 - <unknown>
[INFO] [stdout]   14:     0x563645089dd6 - <unknown>
[INFO] [stdout]   15:     0x5636450ece4b - <unknown>
[INFO] [stdout]   16:     0x5636450e8e31 - <unknown>
[INFO] [stdout]   17:     0x5636450e861c - <unknown>
[INFO] [stdout]   18:     0x56364510829c - <unknown>
[INFO] [stdout]   19:     0x5636450d2e04 - <unknown>
[INFO] [stdout]   20:     0x7279a2e20dfa - <unknown>
[INFO] [stdout]   21:     0x7279a2eb43d4 - clone
[INFO] [stdout]   22:                0x0 - <unknown>
[INFO] [stdout] 
[INFO] [stdout] ---- test_max_depth stdout ----
[INFO] [stdout] 
[INFO] [stdout] thread 'test_max_depth' (6053) panicked at tests/testenv/mod.rs:322:22:
[INFO] [stdout] fd output: Os { code: 2, kind: NotFound, message: "No such file or directory" }
[INFO] [stdout] stack backtrace:
[INFO] [stdout]    0:     0x5636450abb35 - <unknown>
[INFO] [stdout]    1:     0x563645092dba - <unknown>
[INFO] [stdout]    2:     0x5636450ab1cb - <unknown>
[INFO] [stdout]    3:     0x5636450aacaf - <unknown>
[INFO] [stdout]    4:     0x5636450aa8da - <unknown>
[INFO] [stdout]    5:     0x5636450aa415 - <unknown>
[INFO] [stdout]    6:     0x5636450d1251 - <unknown>
[INFO] [stdout]    7:     0x5636450d1209 - <unknown>
[INFO] [stdout]    8:     0x5636450d170c - <unknown>
[INFO] [stdout]    9:     0x563645092c4b - <unknown>
[INFO] [stdout]   10:     0x5636450960b1 - <unknown>
[INFO] [stdout]   11:     0x56364507fb11 - <unknown>
[INFO] [stdout]   12:     0x56364507afd6 - <unknown>
[INFO] [stdout]   13:     0x56364507aea5 - <unknown>
[INFO] [stdout]   14:     0x563645085a40 - <unknown>
[INFO] [stdout]   15:     0x5636450ece4b - <unknown>
[INFO] [stdout]   16:     0x5636450e8e31 - <unknown>
[INFO] [stdout]   17:     0x5636450e861c - <unknown>
[INFO] [stdout]   18:     0x56364510829c - <unknown>
[INFO] [stdout]   19:     0x5636450d2e04 - <unknown>
[INFO] [stdout]   20:     0x7279a2e20dfa - <unknown>
[INFO] [stdout]   21:     0x7279a2eb43d4 - clone
[INFO] [stdout]   22:                0x0 - <unknown>
[INFO] [stdout] 
[INFO] [stdout] ---- test_no_global_ignore::no_global_ignore_file stdout ----
[INFO] [stdout] 
[INFO] [stdout] thread 'test_no_global_ignore::no_global_ignore_file' (6068) panicked at tests/testenv/mod.rs:322:22:
[INFO] [stdout] fd output: Os { code: 2, kind: NotFound, message: "No such file or directory" }
[INFO] [stdout] stack backtrace:
[INFO] [stdout]    0:     0x5636450abb35 - <unknown>
[INFO] [stdout]    1:     0x563645092dba - <unknown>
[INFO] [stdout]    2:     0x5636450ab1cb - <unknown>
[INFO] [stdout]    3:     0x5636450aacaf - <unknown>
[INFO] [stdout]    4:     0x5636450aa8da - <unknown>
[INFO] [stdout]    5:     0x5636450aa415 - <unknown>
[INFO] [stdout]    6:     0x5636450d1251 - <unknown>
[INFO] [stdout]    7:     0x5636450d1209 - <unknown>
[INFO] [stdout]    8:     0x5636450d170c - <unknown>
[INFO] [stdout]    9:     0x563645092c4b - <unknown>
[INFO] [stdout]   10:     0x5636450960b1 - <unknown>
[INFO] [stdout]   11:     0x56364507fb11 - <unknown>
[INFO] [stdout]   12:     0x56364507afd6 - <unknown>
[INFO] [stdout]   13:     0x56364507aea5 - <unknown>
[INFO] [stdout]   14:     0x56364507dc78 - <unknown>
[INFO] [stdout]   15:     0x5636450916a1 - <unknown>
[INFO] [stdout]   16:     0x5636450ece4b - <unknown>
[INFO] [stdout]   17:     0x5636450e8e31 - <unknown>
[INFO] [stdout]   18:     0x5636450e861c - <unknown>
[INFO] [stdout]   19:     0x56364510829c - <unknown>
[INFO] [stdout]   20:     0x5636450d2e04 - <unknown>
[INFO] [stdout]   21:     0x7279a2e20dfa - <unknown>
[INFO] [stdout]   22:     0x7279a2eb43d4 - clone
[INFO] [stdout]   23:                0x0 - <unknown>
[INFO] [stdout] 
[INFO] [stdout] ---- test_no_global_ignore::no_ignore stdout ----
[INFO] [stdout] 
[INFO] [stdout] thread 'test_no_global_ignore::no_ignore' (6069) panicked at tests/testenv/mod.rs:322:22:
[INFO] [stdout] fd output: Os { code: 2, kind: NotFound, message: "No such file or directory" }
[INFO] [stdout] stack backtrace:
[INFO] [stdout]    0:     0x5636450abb35 - <unknown>
[INFO] [stdout]    1:     0x563645092dba - <unknown>
[INFO] [stdout]    2:     0x5636450ab1cb - <unknown>
[INFO] [stdout]    3:     0x5636450aacaf - <unknown>
[INFO] [stdout]    4:     0x5636450aa8da - <unknown>
[INFO] [stdout]    5:     0x5636450aa415 - <unknown>
[INFO] [stdout]    6:     0x5636450d1251 - <unknown>
[INFO] [stdout]    7:     0x5636450d1209 - <unknown>
[INFO] [stdout]    8:     0x5636450d170c - <unknown>
[INFO] [stdout]    9:     0x563645092c4b - <unknown>
[INFO] [stdout]   10:     0x5636450960b1 - <unknown>
[INFO] [stdout]   11:     0x56364507fb11 - <unknown>
[INFO] [stdout]   12:     0x56364507afd6 - <unknown>
[INFO] [stdout]   13:     0x56364507aea5 - <unknown>
[INFO] [stdout]   14:     0x56364507dc78 - <unknown>
[INFO] [stdout]   15:     0x5636450916d1 - <unknown>
[INFO] [stdout]   16:     0x5636450ece4b - <unknown>
[INFO] [stdout]   17:     0x5636450e8e31 - <unknown>
[INFO] [stdout]   18:     0x5636450e861c - <unknown>
[INFO] [stdout]   19:     0x56364510829c - <unknown>
[INFO] [stdout]   20:     0x5636450d2e04 - <unknown>
[INFO] [stdout]   21:     0x7279a2e20dfa - <unknown>
[INFO] [stdout]   22:     0x7279a2eb43d4 - clone
[INFO] [stdout]   23:                0x0 - <unknown>
[INFO] [stdout] 
[INFO] [stdout] ---- test_multi_file_with_missing stdout ----
[INFO] [stdout] 
[INFO] [stdout] thread 'test_multi_file_with_missing' (6066) panicked at tests/testenv/mod.rs:322:22:
[INFO] [stdout] fd output: Os { code: 2, kind: NotFound, message: "No such file or directory" }
[INFO] [stdout] stack backtrace:
[INFO] [stdout]    0:     0x5636450abb35 - <unknown>
[INFO] [stdout]    1:     0x563645092dba - <unknown>
[INFO] [stdout]    2:     0x5636450ab1cb - <unknown>
[INFO] [stdout]    3:     0x5636450aacaf - <unknown>
[INFO] [stdout]    4:     0x5636450aa8da - <unknown>
[INFO] [stdout]    5:     0x5636450aa415 - <unknown>
[INFO] [stdout]    6:     0x5636450d1251 - <unknown>
[INFO] [stdout]    7:     0x5636450d1209 - <unknown>
[INFO] [stdout]    8:     0x5636450d170c - <unknown>
[INFO] [stdout]    9:     0x563645092c4b - <unknown>
[INFO] [stdout]   10:     0x5636450960b1 - <unknown>
[INFO] [stdout]   11:     0x56364507fb11 - <unknown>
[INFO] [stdout]   12:     0x56364507afd6 - <unknown>
[INFO] [stdout]   13:     0x56364507aea5 - <unknown>
[INFO] [stdout]   14:     0x56364508f0b0 - <unknown>
[INFO] [stdout]   15:     0x5636450ece4b - <unknown>
[INFO] [stdout]   16:     0x5636450e8e31 - <unknown>
[INFO] [stdout]   17:     0x5636450e861c - <unknown>
[INFO] [stdout]   18:     0x56364510829c - <unknown>
[INFO] [stdout]   19:     0x5636450d2e04 - <unknown>
[INFO] [stdout]   20:     0x7279a2e20dfa - <unknown>
[INFO] [stdout]   21:     0x7279a2eb43d4 - clone
[INFO] [stdout]   22:                0x0 - <unknown>
[INFO] [stdout] 
[INFO] [stdout] ---- test_multi_file stdout ----
[INFO] [stdout] 
[INFO] [stdout] thread 'test_multi_file' (6065) panicked at tests/testenv/mod.rs:322:22:
[INFO] [stdout] fd output: Os { code: 2, kind: NotFound, message: "No such file or directory" }
[INFO] [stdout] stack backtrace:
[INFO] [stdout]    0:     0x5636450abb35 - <unknown>
[INFO] [stdout]    1:     0x563645092dba - <unknown>
[INFO] [stdout]    2:     0x5636450ab1cb - <unknown>
[INFO] [stdout]    3:     0x5636450aacaf - <unknown>
[INFO] [stdout]    4:     0x5636450aa8da - <unknown>
[INFO] [stdout]    5:     0x5636450aa415 - <unknown>
[INFO] [stdout]    6:     0x5636450d1251 - <unknown>
[INFO] [stdout]    7:     0x5636450d1209 - <unknown>
[INFO] [stdout]    8:     0x5636450d170c - <unknown>
[INFO] [stdout]    9:     0x563645092c4b - <unknown>
[INFO] [stdout]   10:     0x5636450960b1 - <unknown>
[INFO] [stdout]   11:     0x56364507fb11 - <unknown>
[INFO] [stdout]   12:     0x56364507afd6 - <unknown>
[INFO] [stdout]   13:     0x56364507aea5 - <unknown>
[INFO] [stdout]   14:     0x5636450861f0 - <unknown>
[INFO] [stdout]   15:     0x5636450ece4b - <unknown>
[INFO] [stdout]   16:     0x5636450e8e31 - <unknown>
[INFO] [stdout]   17:     0x5636450e861c - <unknown>
[INFO] [stdout]   18:     0x56364510829c - <unknown>
[INFO] [stdout]   19:     0x5636450d2e04 - <unknown>
[INFO] [stdout]   20:     0x7279a2e20dfa - <unknown>
[INFO] [stdout]   21:     0x7279a2eb43d4 - clone
[INFO] [stdout]   22:                0x0 - <unknown>
[INFO] [stdout] 
[INFO] [stdout] ---- test_modified_relative stdout ----
[INFO] [stdout] 
[INFO] [stdout] thread 'test_modified_relative' (6062) panicked at tests/testenv/mod.rs:322:22:
[INFO] [stdout] fd output: Os { code: 2, kind: NotFound, message: "No such file or directory" }
[INFO] [stdout] stack backtrace:
[INFO] [stdout]    0:     0x5636450abb35 - <unknown>
[INFO] [stdout]    1:     0x563645092dba - <unknown>
[INFO] [stdout]    2:     0x5636450ab1cb - <unknown>
[INFO] [stdout]    3:     0x5636450aacaf - <unknown>
[INFO] [stdout]    4:     0x5636450aa8da - <unknown>
[INFO] [stdout]    5:     0x5636450aa415 - <unknown>
[INFO] [stdout]    6:     0x5636450d1251 - <unknown>
[INFO] [stdout]    7:     0x5636450d1209 - <unknown>
[INFO] [stdout]    8:     0x5636450d170c - <unknown>
[INFO] [stdout]    9:     0x563645092c4b - <unknown>
[INFO] [stdout]   10:     0x5636450960b1 - <unknown>
[INFO] [stdout]   11:     0x56364507fb11 - <unknown>
[INFO] [stdout]   12:     0x56364507afd6 - <unknown>
[INFO] [stdout]   13:     0x56364507aea5 - <unknown>
[INFO] [stdout]   14:     0x56364508a232 - <unknown>
[INFO] [stdout]   15:     0x5636450ece4b - <unknown>
[INFO] [stdout]   16:     0x5636450e8e31 - <unknown>
[INFO] [stdout]   17:     0x5636450e861c - <unknown>
[INFO] [stdout]   18:     0x56364510829c - <unknown>
[INFO] [stdout]   19:     0x5636450d2e04 - <unknown>
[INFO] [stdout]   20:     0x7279a2e20dfa - <unknown>
[INFO] [stdout]   21:     0x7279a2eb43d4 - clone
[INFO] [stdout]   22:                0x0 - <unknown>
[INFO] [stdout] 
[INFO] [stdout] ---- test_no_extension stdout ----
[INFO] [stdout] 
[INFO] [stdout] thread 'test_no_extension' (6067) panicked at tests/testenv/mod.rs:322:22:
[INFO] [stdout] fd output: Os { code: 2, kind: NotFound, message: "No such file or directory" }
[INFO] [stdout] stack backtrace:
[INFO] [stdout]    0:     0x5636450abb35 - <unknown>
[INFO] [stdout]    1:     0x563645092dba - <unknown>
[INFO] [stdout]    2:     0x5636450ab1cb - <unknown>
[INFO] [stdout]    3:     0x5636450aacaf - <unknown>
[INFO] [stdout]    4:     0x5636450aa8da - <unknown>
[INFO] [stdout]    5:     0x5636450aa415 - <unknown>
[INFO] [stdout]    6:     0x5636450d1251 - <unknown>
[INFO] [stdout]    7:     0x5636450d1209 - <unknown>
[INFO] [stdout]    8:     0x5636450d170c - <unknown>
[INFO] [stdout]    9:     0x563645092c4b - <unknown>
[INFO] [stdout]   10:     0x5636450960b1 - <unknown>
[INFO] [stdout]   11:     0x56364507fb11 - <unknown>
[INFO] [stdout]   12:     0x56364507afd6 - <unknown>
[INFO] [stdout]   13:     0x56364507aea5 - <unknown>
[INFO] [stdout]   14:     0x563645087540 - <unknown>
[INFO] [stdout]   15:     0x5636450ece4b - <unknown>
[INFO] [stdout]   16:     0x5636450e8e31 - <unknown>
[INFO] [stdout]   17:     0x5636450e861c - <unknown>
[INFO] [stdout]   18:     0x56364510829c - <unknown>
[INFO] [stdout]   19:     0x5636450d2e04 - <unknown>
[INFO] [stdout]   20:     0x7279a2e20dfa - <unknown>
[INFO] [stdout]   21:     0x7279a2eb43d4 - clone
[INFO] [stdout]   22:                0x0 - <unknown>
[INFO] [stdout] 
[INFO] [stdout] ---- test_no_global_ignore::unrestricted stdout ----
[INFO] [stdout] 
[INFO] [stdout] thread 'test_no_global_ignore::unrestricted' (6071) panicked at tests/testenv/mod.rs:322:22:
[INFO] [stdout] fd output: Os { code: 2, kind: NotFound, message: "No such file or directory" }
[INFO] [stdout] stack backtrace:
[INFO] [stdout]    0:     0x5636450abb35 - <unknown>
[INFO] [stdout]    1:     0x563645092dba - <unknown>
[INFO] [stdout]    2:     0x5636450ab1cb - <unknown>
[INFO] [stdout]    3:     0x5636450aacaf - <unknown>
[INFO] [stdout]    4:     0x5636450aa8da - <unknown>
[INFO] [stdout]    5:     0x5636450aa415 - <unknown>
[INFO] [stdout]    6:     0x5636450d1251 - <unknown>
[INFO] [stdout]    7:     0x5636450d1209 - <unknown>
[INFO] [stdout]    8:     0x5636450d170c - <unknown>
[INFO] [stdout]    9:     0x563645092c4b - <unknown>
[INFO] [stdout]   10:     0x5636450960b1 - <unknown>
[INFO] [stdout]   11:     0x56364507fb11 - <unknown>
[INFO] [stdout]   12:     0x56364507afd6 - <unknown>
[INFO] [stdout]   13:     0x56364507aea5 - <unknown>
[INFO] [stdout]   14:     0x56364507dc78 - <unknown>
[INFO] [stdout]   15:     0x563645091671 - <unknown>
[INFO] [stdout]   16:     0x5636450ece4b - <unknown>
[INFO] [stdout]   17:     0x5636450e8e31 - <unknown>
[INFO] [stdout]   18:     0x5636450e861c - <unknown>
[INFO] [stdout]   19:     0x56364510829c - <unknown>
[INFO] [stdout]   20:     0x5636450d2e04 - <unknown>
[INFO] [stdout]   21:     0x7279a2e20dfa - <unknown>
[INFO] [stdout]   22:     0x7279a2eb43d4 - clone
[INFO] [stdout]   23:                0x0 - <unknown>
[INFO] [stdout] 
[INFO] [stdout] ---- test_no_ignore_parent_inner_git stdout ----
[INFO] [stdout] 
[INFO] [stdout] thread 'test_no_ignore_parent_inner_git' (6081) panicked at tests/testenv/mod.rs:322:22:
[INFO] [stdout] fd output: Os { code: 2, kind: NotFound, message: "No such file or directory" }
[INFO] [stdout] stack backtrace:
[INFO] [stdout]    0:     0x5636450abb35 - <unknown>
[INFO] [stdout]    1:     0x563645092dba - <unknown>
[INFO] [stdout]    2:     0x5636450ab1cb - <unknown>
[INFO] [stdout]    3:     0x5636450aacaf - <unknown>
[INFO] [stdout]    4:     0x5636450aa8da - <unknown>
[INFO] [stdout]    5:     0x5636450aa415 - <unknown>
[INFO] [stdout]    6:     0x5636450d1251 - <unknown>
[INFO] [stdout]    7:     0x5636450d1209 - <unknown>
[INFO] [stdout]    8:     0x5636450d170c - <unknown>
[INFO] [stdout]    9:     0x563645092c4b - <unknown>
[INFO] [stdout]   10:     0x5636450960b1 - <unknown>
[INFO] [stdout]   11:     0x56364507fb11 - <unknown>
[INFO] [stdout]   12:     0x56364507afd6 - <unknown>
[INFO] [stdout]   13:     0x56364507aea5 - <unknown>
[INFO] [stdout]   14:     0x56364508fec4 - <unknown>
[INFO] [stdout]   15:     0x5636450ece4b - <unknown>
[INFO] [stdout]   16:     0x5636450e8e31 - <unknown>
[INFO] [stdout]   17:     0x5636450e861c - <unknown>
[INFO] [stdout]   18:     0x56364510829c - <unknown>
[INFO] [stdout]   19:     0x5636450d2e04 - <unknown>
[INFO] [stdout]   20:     0x7279a2e20dfa - <unknown>
[INFO] [stdout]   21:     0x7279a2eb43d4 - clone
[INFO] [stdout]   22:                0x0 - <unknown>
[INFO] [stdout] 
[INFO] [stdout] ---- test_no_ignore_aliases stdout ----
[INFO] [stdout] 
[INFO] [stdout] thread 'test_no_ignore_aliases' (6078) panicked at tests/testenv/mod.rs:322:22:
[INFO] [stdout] fd output: Os { code: 2, kind: NotFound, message: "No such file or directory" }
[INFO] [stdout] stack backtrace:
[INFO] [stdout]    0:     0x5636450abb35 - <unknown>
[INFO] [stdout]    1:     0x563645092dba - <unknown>
[INFO] [stdout]    2:     0x5636450ab1cb - <unknown>
[INFO] [stdout]    3:     0x5636450aacaf - <unknown>
[INFO] [stdout]    4:     0x5636450aa8da - <unknown>
[INFO] [stdout]    5:     0x5636450aa415 - <unknown>
[INFO] [stdout]    6:     0x5636450d1251 - <unknown>
[INFO] [stdout]    7:     0x5636450d1209 - <unknown>
[INFO] [stdout]    8:     0x5636450d170c - <unknown>
[INFO] [stdout]    9:     0x563645092c4b - <unknown>
[INFO] [stdout]   10:     0x5636450960b1 - <unknown>
[INFO] [stdout]   11:     0x56364507fb11 - <unknown>
[INFO] [stdout]   12:     0x56364507afd6 - <unknown>
[INFO] [stdout]   13:     0x56364507aea5 - <unknown>
[INFO] [stdout]   14:     0x56364508a3d0 - <unknown>
[INFO] [stdout]   15:     0x5636450ece4b - <unknown>
[INFO] [stdout]   16:     0x5636450e8e31 - <unknown>
[INFO] [stdout]   17:     0x5636450e861c - <unknown>
[INFO] [stdout]   18:     0x56364510829c - <unknown>
[INFO] [stdout]   19:     0x5636450d2e04 - <unknown>
[INFO] [stdout]   20:     0x7279a2e20dfa - <unknown>
[INFO] [stdout]   21:     0x7279a2eb43d4 - clone
[INFO] [stdout]   22:                0x0 - <unknown>
[INFO] [stdout] 
[INFO] [stdout] ---- test_number_parsing_errors stdout ----
[INFO] [stdout] 
[INFO] [stdout] thread 'test_number_parsing_errors' (6087) panicked at tests/testenv/mod.rs:322:22:
[INFO] [stdout] fd output: Os { code: 2, kind: NotFound, message: "No such file or directory" }
[INFO] [stdout] stack backtrace:
[INFO] [stdout]    0:     0x5636450abb35 - <unknown>
[INFO] [stdout]    1:     0x563645092dba - <unknown>
[INFO] [stdout]    2:     0x5636450ab1cb - <unknown>
[INFO] [stdout]    3:     0x5636450aacaf - <unknown>
[INFO] [stdout]    4:     0x5636450aa8da - <unknown>
[INFO] [stdout]    5:     0x5636450aa415 - <unknown>
[INFO] [stdout]    6:     0x5636450d1251 - <unknown>
[INFO] [stdout]    7:     0x5636450d1209 - <unknown>
[INFO] [stdout]    8:     0x5636450d170c - <unknown>
[INFO] [stdout]    9:     0x563645092c4b - <unknown>
[INFO] [stdout]   10:     0x5636450960b1 - <unknown>
[INFO] [stdout]   11:     0x56364507fb11 - <unknown>
[INFO] [stdout]   12:     0x56364508df60 - <unknown>
[INFO] [stdout]   13:     0x5636450ece4b - <unknown>
[INFO] [stdout]   14:     0x5636450e8e31 - <unknown>
[INFO] [stdout]   15:     0x5636450e861c - <unknown>
[INFO] [stdout]   16:     0x56364510829c - <unknown>
[INFO] [stdout]   17:     0x5636450d2e04 - <unknown>
[INFO] [stdout]   18:     0x7279a2e20dfa - <unknown>
[INFO] [stdout]   19:     0x7279a2eb43d4 - clone
[INFO] [stdout]   20:                0x0 - <unknown>
[INFO] [stdout] 
[INFO] [stdout] ---- test_normalized_absolute_path stdout ----
[INFO] [stdout] 
[INFO] [stdout] thread 'test_normalized_absolute_path' (6084) panicked at tests/testenv/mod.rs:322:22:
[INFO] [stdout] fd output: Os { code: 2, kind: NotFound, message: "No such file or directory" }
[INFO] [stdout] stack backtrace:
[INFO] [stdout]    0:     0x5636450abb35 - <unknown>
[INFO] [stdout]    1:     0x563645092dba - <unknown>
[INFO] [stdout]    2:     0x5636450ab1cb - <unknown>
[INFO] [stdout]    3:     0x5636450aacaf - <unknown>
[INFO] [stdout]    4:     0x5636450aa8da - <unknown>
[INFO] [stdout]    5:     0x5636450aa415 - <unknown>
[INFO] [stdout]    6:     0x5636450d1251 - <unknown>
[INFO] [stdout]    7:     0x5636450d1209 - <unknown>
[INFO] [stdout]    8:     0x5636450d170c - <unknown>
[INFO] [stdout]    9:     0x563645092c4b - <unknown>
[INFO] [stdout]   10:     0x5636450960b1 - <unknown>
[INFO] [stdout]   11:     0x56364507fb11 - <unknown>
[INFO] [stdout]   12:     0x56364507afd6 - <unknown>
[INFO] [stdout]   13:     0x56364507aea5 - <unknown>
[INFO] [stdout]   14:     0x56364508f7d2 - <unknown>
[INFO] [stdout]   15:     0x5636450ece4b - <unknown>
[INFO] [stdout]   16:     0x5636450e8e31 - <unknown>
[INFO] [stdout]   17:     0x5636450e861c - <unknown>
[INFO] [stdout]   18:     0x56364510829c - <unknown>
[INFO] [stdout]   19:     0x5636450d2e04 - <unknown>
[INFO] [stdout]   20:     0x7279a2e20dfa - <unknown>
[INFO] [stdout]   21:     0x7279a2eb43d4 - clone
[INFO] [stdout]   22:                0x0 - <unknown>
[INFO] [stdout] 
[INFO] [stdout] ---- test_no_ignore stdout ----
[INFO] [stdout] 
[INFO] [stdout] thread 'test_no_ignore' (6072) panicked at tests/testenv/mod.rs:322:22:
[INFO] [stdout] fd output: Os { code: 2, kind: NotFound, message: "No such file or directory" }
[INFO] [stdout] stack backtrace:
[INFO] [stdout]    0:     0x5636450abb35 - <unknown>
[INFO] [stdout]    1:     0x563645092dba - <unknown>
[INFO] [stdout]    2:     0x5636450ab1cb - <unknown>
[INFO] [stdout]    3:     0x5636450aacaf - <unknown>
[INFO] [stdout]    4:     0x5636450aa8da - <unknown>
[INFO] [stdout]    5:     0x5636450aa415 - <unknown>
[INFO] [stdout]    6:     0x5636450d1251 - <unknown>
[INFO] [stdout]    7:     0x5636450d1209 - <unknown>
[INFO] [stdout]    8:     0x5636450d170c - <unknown>
[INFO] [stdout]    9:     0x563645092c4b - <unknown>
[INFO] [stdout]   10:     0x5636450960b1 - <unknown>
[INFO] [stdout]   11:     0x56364507fb11 - <unknown>
[INFO] [stdout]   12:     0x56364507afd6 - <unknown>
[INFO] [stdout]   13:     0x56364507aea5 - <unknown>
[INFO] [stdout]   14:     0x563645085c10 - <unknown>
[INFO] [stdout]   15:     0x5636450ece4b - <unknown>
[INFO] [stdout]   16:     0x5636450e8e31 - <unknown>
[INFO] [stdout]   17:     0x5636450e861c - <unknown>
[INFO] [stdout]   18:     0x56364510829c - <unknown>
[INFO] [stdout]   19:     0x5636450d2e04 - <unknown>
[INFO] [stdout]   20:     0x7279a2e20dfa - <unknown>
[INFO] [stdout]   21:     0x7279a2eb43d4 - clone
[INFO] [stdout]   22:                0x0 - <unknown>
[INFO] [stdout] 
[INFO] [stdout] ---- test_no_ignore_parent stdout ----
[INFO] [stdout] 
[INFO] [stdout] thread 'test_no_ignore_parent' (6080) panicked at tests/testenv/mod.rs:322:22:
[INFO] [stdout] fd output: Os { code: 2, kind: NotFound, message: "No such file or directory" }
[INFO] [stdout] stack backtrace:
[INFO] [stdout]    0:     0x5636450abb35 - <unknown>
[INFO] [stdout]    1:     0x563645092dba - <unknown>
[INFO] [stdout]    2:     0x5636450ab1cb - <unknown>
[INFO] [stdout]    3:     0x5636450aacaf - <unknown>
[INFO] [stdout]    4:     0x5636450aa8da - <unknown>
[INFO] [stdout]    5:     0x5636450aa415 - <unknown>
[INFO] [stdout]    6:     0x5636450d1251 - <unknown>
[INFO] [stdout]    7:     0x5636450d1209 - <unknown>
[INFO] [stdout]    8:     0x5636450d170c - <unknown>
[INFO] [stdout]    9:     0x563645092c4b - <unknown>
[INFO] [stdout]   10:     0x5636450960b1 - <unknown>
[INFO] [stdout]   11:     0x56364507fb11 - <unknown>
[INFO] [stdout]   12:     0x56364507afd6 - <unknown>
[INFO] [stdout]   13:     0x56364507aea5 - <unknown>
[INFO] [stdout]   14:     0x56364508955c - <unknown>
[INFO] [stdout]   15:     0x5636450ece4b - <unknown>
[INFO] [stdout]   16:     0x5636450e8e31 - <unknown>
[INFO] [stdout]   17:     0x5636450e861c - <unknown>
[INFO] [stdout]   18:     0x56364510829c - <unknown>
[INFO] [stdout]   19:     0x5636450d2e04 - <unknown>
[INFO] [stdout]   20:     0x7279a2e20dfa - <unknown>
[INFO] [stdout]   21:     0x7279a2eb43d4 - clone
[INFO] [stdout]   22:                0x0 - <unknown>
[INFO] [stdout] 
[INFO] [stdout] ---- test_opposing::absolute_path stdout ----
[INFO] [stdout] 
[INFO] [stdout] thread 'test_opposing::absolute_path' (6090) panicked at tests/testenv/mod.rs:322:22:
[INFO] [stdout] fd output: Os { code: 2, kind: NotFound, message: "No such file or directory" }
[INFO] [stdout] stack backtrace:
[INFO] [stdout]    0:     0x5636450abb35 - <unknown>
[INFO] [stdout]    1:     0x563645092dba - <unknown>
[INFO] [stdout]    2:     0x5636450ab1cb - <unknown>
[INFO] [stdout]    3:     0x5636450aacaf - <unknown>
[INFO] [stdout]    4:     0x5636450aa8da - <unknown>
[INFO] [stdout]    5:     0x5636450aa415 - <unknown>
[INFO] [stdout]    6:     0x5636450d1251 - <unknown>
[INFO] [stdout]    7:     0x5636450d1209 - <unknown>
[INFO] [stdout]    8:     0x5636450d170c - <unknown>
[INFO] [stdout]    9:     0x563645092c4b - <unknown>
[INFO] [stdout]   10:     0x5636450960b1 - <unknown>
[INFO] [stdout]   11:     0x56364507fb11 - <unknown>
[INFO] [stdout]   12:     0x56364507afd6 - <unknown>
[INFO] [stdout]   13:     0x56364507da3c - <unknown>
[INFO] [stdout]   14:     0x5636450914f1 - <unknown>
[INFO] [stdout]   15:     0x5636450ece4b - <unknown>
[INFO] [stdout]   16:     0x5636450e8e31 - <unknown>
[INFO] [stdout]   17:     0x5636450e861c - <unknown>
[INFO] [stdout]   18:     0x56364510829c - <unknown>
[INFO] [stdout]   19:     0x5636450d2e04 - <unknown>
[INFO] [stdout]   20:     0x7279a2e20dfa - <unknown>
[INFO] [stdout]   21:     0x7279a2eb43d4 - clone
[INFO] [stdout]   22:                0x0 - <unknown>
[INFO] [stdout] 
[INFO] [stdout] ---- test_no_ignore_vcs stdout ----
[INFO] [stdout] 
[INFO] [stdout] thread 'test_no_ignore_vcs' (6082) panicked at tests/testenv/mod.rs:322:22:
[INFO] [stdout] fd output: Os { code: 2, kind: NotFound, message: "No such file or directory" }
[INFO] [stdout] stack backtrace:
[INFO] [stdout]    0:     0x5636450abb35 - <unknown>
[INFO] [stdout]    1:     0x563645092dba - <unknown>
[INFO] [stdout]    2:     0x5636450ab1cb - <unknown>
[INFO] [stdout]    3:     0x5636450aacaf - <unknown>
[INFO] [stdout]    4:     0x5636450aa8da - <unknown>
[INFO] [stdout]    5:     0x5636450aa415 - <unknown>
[INFO] [stdout]    6:     0x5636450d1251 - <unknown>
[INFO] [stdout]    7:     0x5636450d1209 - <unknown>
[INFO] [stdout]    8:     0x5636450d170c - <unknown>
[INFO] [stdout]    9:     0x563645092c4b - <unknown>
[INFO] [stdout]   10:     0x5636450960b1 - <unknown>
[INFO] [stdout]   11:     0x56364507fb11 - <unknown>
[INFO] [stdout]   12:     0x56364507afd6 - <unknown>
[INFO] [stdout]   13:     0x56364507aea5 - <unknown>
[INFO] [stdout]   14:     0x563645087d40 - <unknown>
[INFO] [stdout]   15:     0x5636450ece4b - <unknown>
[INFO] [stdout]   16:     0x5636450e8e31 - <unknown>
[INFO] [stdout]   17:     0x5636450e861c - <unknown>
[INFO] [stdout]   18:     0x56364510829c - <unknown>
[INFO] [stdout]   19:     0x5636450d2e04 - <unknown>
[INFO] [stdout]   20:     0x7279a2e20dfa - <unknown>
[INFO] [stdout]   21:     0x7279a2eb43d4 - clone
[INFO] [stdout]   22:                0x0 - <unknown>
[INFO] [stdout] 
[INFO] [stdout] ---- test_no_ignore_vcs_child_dir stdout ----
[INFO] [stdout] 
[INFO] [stdout] thread 'test_no_ignore_vcs_child_dir' (6083) panicked at tests/testenv/mod.rs:322:22:
[INFO] [stdout] fd output: Os { code: 2, kind: NotFound, message: "No such file or directory" }
[INFO] [stdout] stack backtrace:
[INFO] [stdout]    0:     0x5636450abb35 - <unknown>
[INFO] [stdout]    1:     0x563645092dba - <unknown>
[INFO] [stdout]    2:     0x5636450ab1cb - <unknown>
[INFO] [stdout]    3:     0x5636450aacaf - <unknown>
[INFO] [stdout]    4:     0x5636450aa8da - <unknown>
[INFO] [stdout]    5:     0x5636450aa415 - <unknown>
[INFO] [stdout]    6:     0x5636450d1251 - <unknown>
[INFO] [stdout]    7:     0x5636450d1209 - <unknown>
[INFO] [stdout]    8:     0x5636450d170c - <unknown>
[INFO] [stdout]    9:     0x563645092c4b - <unknown>
[INFO] [stdout]   10:     0x5636450960b1 - <unknown>
[INFO] [stdout]   11:     0x56364507fb11 - <unknown>
[INFO] [stdout]   12:     0x56364507afd6 - <unknown>
[INFO] [stdout]   13:     0x56364507aea5 - <unknown>
[INFO] [stdout]   14:     0x56364508f260 - <unknown>
[INFO] [stdout]   15:     0x5636450ece4b - <unknown>
[INFO] [stdout]   16:     0x5636450e8e31 - <unknown>
[INFO] [stdout]   17:     0x5636450e861c - <unknown>
[INFO] [stdout]   18:     0x56364510829c - <unknown>
[INFO] [stdout]   19:     0x5636450d2e04 - <unknown>
[INFO] [stdout]   20:     0x7279a2e20dfa - <unknown>
[INFO] [stdout]   21:     0x7279a2eb43d4 - clone
[INFO] [stdout]   22:                0x0 - <unknown>
[INFO] [stdout] 
[INFO] [stdout] ---- test_opposing::follow stdout ----
[INFO] [stdout] 
[INFO] [stdout] thread 'test_opposing::follow' (6094) panicked at tests/testenv/mod.rs:322:22:
[INFO] [stdout] fd output: Os { code: 2, kind: NotFound, message: "No such file or directory" }
[INFO] [stdout] stack backtrace:
[INFO] [stdout]    0:     0x5636450abb35 - <unknown>
[INFO] [stdout]    1:     0x563645092dba - <unknown>
[INFO] [stdout]    2:     0x5636450ab1cb - <unknown>
[INFO] [stdout]    3:     0x5636450aacaf - <unknown>
[INFO] [stdout]    4:     0x5636450aa8da - <unknown>
[INFO] [stdout]    5:     0x5636450aa415 - <unknown>
[INFO] [stdout]    6:     0x5636450d1251 - <unknown>
[INFO] [stdout]    7:     0x5636450d1209 - <unknown>
[INFO] [stdout]    8:     0x5636450d170c - <unknown>
[INFO] [stdout]    9:     0x563645092c4b - <unknown>
[INFO] [stdout]   10:     0x5636450960b1 - <unknown>
[INFO] [stdout]   11:     0x56364507fb11 - <unknown>
[INFO] [stdout]   12:     0x56364507afd6 - <unknown>
[INFO] [stdout]   13:     0x56364507da3c - <unknown>
[INFO] [stdout]   14:     0x5636450915e1 - <unknown>
[INFO] [stdout]   15:     0x5636450ece4b - <unknown>
[INFO] [stdout]   16:     0x5636450e8e31 - <unknown>
[INFO] [stdout]   17:     0x5636450e861c - <unknown>
[INFO] [stdout]   18:     0x56364510829c - <unknown>
[INFO] [stdout]   19:     0x5636450d2e04 - <unknown>
[INFO] [stdout]   20:     0x7279a2e20dfa - <unknown>
[INFO] [stdout]   21:     0x7279a2eb43d4 - clone
[INFO] [stdout]   22:                0x0 - <unknown>
[INFO] [stdout] 
[INFO] [stdout] ---- test_opposing::hidden stdout ----
[INFO] [stdout] 
[INFO] [stdout] thread 'test_opposing::hidden' (6095) panicked at tests/testenv/mod.rs:322:22:
[INFO] [stdout] fd output: Os { code: 2, kind: NotFound, message: "No such file or directory" }
[INFO] [stdout] stack backtrace:
[INFO] [stdout]    0:     0x5636450abb35 - <unknown>
[INFO] [stdout]    1:     0x563645092dba - <unknown>
[INFO] [stdout]    2:     0x5636450ab1cb - <unknown>
[INFO] [stdout]    3:     0x5636450aacaf - <unknown>
[INFO] [stdout]    4:     0x5636450aa8da - <unknown>
[INFO] [stdout]    5:     0x5636450aa415 - <unknown>
[INFO] [stdout]    6:     0x5636450d1251 - <unknown>
[INFO] [stdout]    7:     0x5636450d1209 - <unknown>
[INFO] [stdout]    8:     0x5636450d170c - <unknown>
[INFO] [stdout]    9:     0x563645092c4b - <unknown>
[INFO] [stdout]   10:     0x5636450960b1 - <unknown>
[INFO] [stdout]   11:     0x56364507fb11 - <unknown>
[INFO] [stdout]   12:     0x56364507afd6 - <unknown>
[INFO] [stdout]   13:     0x56364507da3c - <unknown>
[INFO] [stdout]   14:     0x563645091611 - <unknown>
[INFO] [stdout]   15:     0x5636450ece4b - <unknown>
[INFO] [stdout]   16:     0x5636450e8e31 - <unknown>
[INFO] [stdout]   17:     0x5636450e861c - <unknown>
[INFO] [stdout]   18:     0x56364510829c - <unknown>
[INFO] [stdout]   19:     0x5636450d2e04 - <unknown>
[INFO] [stdout]   20:     0x7279a2e20dfa - <unknown>
[INFO] [stdout]   21:     0x7279a2eb43d4 - clone
[INFO] [stdout]   22:                0x0 - <unknown>
[INFO] [stdout] 
[INFO] [stdout] ---- test_opposing::u stdout ----
[INFO] [stdout] 
[INFO] [stdout] thread 'test_opposing::u' (6103) panicked at tests/testenv/mod.rs:322:22:
[INFO] [stdout] fd output: Os { code: 2, kind: NotFound, message: "No such file or directory" }
[INFO] [stdout] stack backtrace:
[INFO] [stdout]    0:     0x5636450abb35 - <unknown>
[INFO] [stdout]    1:     0x563645092dba - <unknown>
[INFO] [stdout]    2:     0x5636450ab1cb - <unknown>
[INFO] [stdout]    3:     0x5636450aacaf - <unknown>
[INFO] [stdout]    4:     0x5636450aa8da - <unknown>
[INFO] [stdout]    5:     0x5636450aa415 - <unknown>
[INFO] [stdout]    6:     0x5636450d1251 - <unknown>
[INFO] [stdout]    7:     0x5636450d1209 - <unknown>
[INFO] [stdout]    8:     0x5636450d170c - <unknown>
[INFO] [stdout]    9:     0x563645092c4b - <unknown>
[INFO] [stdout]   10:     0x5636450960b1 - <unknown>
[INFO] [stdout]   11:     0x56364507fb11 - <unknown>
[INFO] [stdout]   12:     0x56364507afd6 - <unknown>
[INFO] [stdout]   13:     0x56364507da3c - <unknown>
[INFO] [stdout]   14:     0x563645091581 - <unknown>
[INFO] [stdout]   15:     0x5636450ece4b - <unknown>
[INFO] [stdout]   16:     0x5636450e8e31 - <unknown>
[INFO] [stdout]   17:     0x5636450e861c - <unknown>
[INFO] [stdout]   18:     0x56364510829c - <unknown>
[INFO] [stdout]   19:     0x5636450d2e04 - <unknown>
[INFO] [stdout]   20:     0x7279a2e20dfa - <unknown>
[INFO] [stdout]   21:     0x7279a2eb43d4 - clone
[INFO] [stdout]   22:                0x0 - <unknown>
[INFO] [stdout] 
[INFO] [stdout] ---- test_opposing::no_require_git stdout ----
[INFO] [stdout] 
[INFO] [stdout] thread 'test_opposing::no_require_git' (6099) panicked at tests/testenv/mod.rs:322:22:
[INFO] [stdout] fd output: Os { code: 2, kind: NotFound, message: "No such file or directory" }
[INFO] [stdout] stack backtrace:
[INFO] [stdout]    0:     0x5636450abb35 - <unknown>
[INFO] [stdout]    1:     0x563645092dba - <unknown>
[INFO] [stdout]    2:     0x5636450ab1cb - <unknown>
[INFO] [stdout]    3:     0x5636450aacaf - <unknown>
[INFO] [stdout]    4:     0x5636450aa8da - <unknown>
[INFO] [stdout]    5:     0x5636450aa415 - <unknown>
[INFO] [stdout]    6:     0x5636450d1251 - <unknown>
[INFO] [stdout]    7:     0x5636450d1209 - <unknown>
[INFO] [stdout]    8:     0x5636450d170c - <unknown>
[INFO] [stdout]    9:     0x563645092c4b - <unknown>
[INFO] [stdout]   10:     0x5636450960b1 - <unknown>
[INFO] [stdout]   11:     0x56364507fb11 - <unknown>
[INFO] [stdout]   12:     0x56364507afd6 - <unknown>
[INFO] [stdout]   13:     0x56364507da3c - <unknown>
[INFO] [stdout]   14:     0x563645091551 - <unknown>
[INFO] [stdout]   15:     0x5636450ece4b - <unknown>
[INFO] [stdout]   16:     0x5636450e8e31 - <unknown>
[INFO] [stdout]   17:     0x5636450e861c - <unknown>
[INFO] [stdout]   18:     0x56364510829c - <unknown>
[INFO] [stdout]   19:     0x5636450d2e04 - <unknown>
[INFO] [stdout]   20:     0x7279a2e20dfa - <unknown>
[INFO] [stdout]   21:     0x7279a2eb43d4 - clone
[INFO] [stdout]   22:                0x0 - <unknown>
[INFO] [stdout] 
[INFO] [stdout] ---- test_opposing::no_ignore stdout ----
[INFO] [stdout] 
[INFO] [stdout] thread 'test_opposing::no_ignore' (6096) panicked at tests/testenv/mod.rs:322:22:
[INFO] [stdout] fd output: Os { code: 2, kind: NotFound, message: "No such file or directory" }
[INFO] [stdout] stack backtrace:
[INFO] [stdout]    0:     0x5636450abb35 - <unknown>
[INFO] [stdout]    1:     0x563645092dba - <unknown>
[INFO] [stdout]    2:     0x5636450ab1cb - <unknown>
[INFO] [stdout]    3:     0x5636450aacaf - <unknown>
[INFO] [stdout]    4:     0x5636450aa8da - <unknown>
[INFO] [stdout]    5:     0x5636450aa415 - <unknown>
[INFO] [stdout]    6:     0x5636450d1251 - <unknown>
[INFO] [stdout]    7:     0x5636450d1209 - <unknown>
[INFO] [stdout]    8:     0x5636450d170c - <unknown>
[INFO] [stdout]    9:     0x563645092c4b - <unknown>
[INFO] [stdout]   10:     0x5636450960b1 - <unknown>
[INFO] [stdout]   11:     0x56364507fb11 - <unknown>
[INFO] [stdout]   12:     0x56364507afd6 - <unknown>
[INFO] [stdout]   13:     0x56364507da3c - <unknown>
[INFO] [stdout]   14:     0x563645091641 - <unknown>
[INFO] [stdout]   15:     0x5636450ece4b - <unknown>
[INFO] [stdout]   16:     0x5636450e8e31 - <unknown>
[INFO] [stdout]   17:     0x5636450e861c - <unknown>
[INFO] [stdout]   18:     0x56364510829c - <unknown>
[INFO] [stdout]   19:     0x5636450d2e04 - <unknown>
[INFO] [stdout]   20:     0x7279a2e20dfa - <unknown>
[INFO] [stdout]   21:     0x7279a2eb43d4 - clone
[INFO] [stdout]   22:                0x0 - <unknown>
[INFO] [stdout] 
[INFO] [stdout] ---- test_owner_current_group stdout ----
[INFO] [stdout] 
[INFO] [stdout] thread 'test_owner_current_group' (6105) panicked at tests/testenv/mod.rs:322:22:
[INFO] [stdout] fd output: Os { code: 2, kind: NotFound, message: "No such file or directory" }
[INFO] [stdout] stack backtrace:
[INFO] [stdout]    0:     0x5636450abb35 - <unknown>
[INFO] [stdout]    1:     0x563645092dba - <unknown>
[INFO] [stdout]    2:     0x5636450ab1cb - <unknown>
[INFO] [stdout]    3:     0x5636450aacaf - <unknown>
[INFO] [stdout]    4:     0x5636450aa8da - <unknown>
[INFO] [stdout]    5:     0x5636450aa415 - <unknown>
[INFO] [stdout]    6:     0x5636450d1251 - <unknown>
[INFO] [stdout]    7:     0x5636450d1209 - <unknown>
[INFO] [stdout]    8:     0x5636450d170c - <unknown>
[INFO] [stdout]    9:     0x563645092c4b - <unknown>
[INFO] [stdout]   10:     0x5636450960b1 - <unknown>
[INFO] [stdout]   11:     0x56364507fb11 - <unknown>
[INFO] [stdout]   12:     0x56364507afd6 - <unknown>
[INFO] [stdout]   13:     0x56364507aea5 - <unknown>
[INFO] [stdout]   14:     0x56364508b92f - <unknown>
[INFO] [stdout]   15:     0x5636450ece4b - <unknown>
[INFO] [stdout]   16:     0x5636450e8e31 - <unknown>
[INFO] [stdout]   17:     0x5636450e861c - <unknown>
[INFO] [stdout]   18:     0x56364510829c - <unknown>
[INFO] [stdout]   19:     0x5636450d2e04 - <unknown>
[INFO] [stdout]   20:     0x7279a2e20dfa - <unknown>
[INFO] [stdout]   21:     0x7279a2eb43d4 - clone
[INFO] [stdout]   22:                0x0 - <unknown>
[INFO] [stdout] 
[INFO] [stdout] ---- test_opposing::no_ignore_vcs stdout ----
[INFO] [stdout] 
[INFO] [stdout] thread 'test_opposing::no_ignore_vcs' (6098) panicked at tests/testenv/mod.rs:322:22:
[INFO] [stdout] fd output: Os { code: 2, kind: NotFound, message: "No such file or directory" }
[INFO] [stdout] stack backtrace:
[INFO] [stdout]    0:     0x5636450abb35 - <unknown>
[INFO] [stdout]    1:     0x563645092dba - <unknown>
[INFO] [stdout]    2:     0x5636450ab1cb - <unknown>
[INFO] [stdout]    3:     0x5636450aacaf - <unknown>
[INFO] [stdout]    4:     0x5636450aa8da - <unknown>
[INFO] [stdout]    5:     0x5636450aa415 - <unknown>
[INFO] [stdout]    6:     0x5636450d1251 - <unknown>
[INFO] [stdout]    7:     0x5636450d1209 - <unknown>
[INFO] [stdout]    8:     0x5636450d170c - <unknown>
[INFO] [stdout]    9:     0x563645092c4b - <unknown>
[INFO] [stdout]   10:     0x5636450960b1 - <unknown>
[INFO] [stdout]   11:     0x56364507fb11 - <unknown>
[INFO] [stdout]   12:     0x56364507afd6 - <unknown>
[INFO] [stdout]   13:     0x56364507da3c - <unknown>
[INFO] [stdout]   14:     0x563645091521 - <unknown>
[INFO] [stdout]   15:     0x5636450ece4b - <unknown>
[INFO] [stdout]   16:     0x5636450e8e31 - <unknown>
[INFO] [stdout]   17:     0x5636450e861c - <unknown>
[INFO] [stdout]   18:     0x56364510829c - <unknown>
[INFO] [stdout]   19:     0x5636450d2e04 - <unknown>
[INFO] [stdout]   20:     0x7279a2e20dfa - <unknown>
[INFO] [stdout]   21:     0x7279a2eb43d4 - clone
[INFO] [stdout]   22:                0x0 - <unknown>
[INFO] [stdout] 
[INFO] [stdout] ---- test_owner_current_user stdout ----
[INFO] [stdout] 
[INFO] [stdout] thread 'test_owner_current_user' (6108) panicked at tests/testenv/mod.rs:322:22:
[INFO] [stdout] fd output: Os { code: 2, kind: NotFound, message: "No such file or directory" }
[INFO] [stdout] stack backtrace:
[INFO] [stdout]    0:     0x5636450abb35 - <unknown>
[INFO] [stdout]    1:     0x563645092dba - <unknown>
[INFO] [stdout]    2:     0x5636450ab1cb - <unknown>
[INFO] [stdout]    3:     0x5636450aacaf - <unknown>
[INFO] [stdout]    4:     0x5636450aa8da - <unknown>
[INFO] [stdout]    5:     0x5636450aa415 - <unknown>
[INFO] [stdout]    6:     0x5636450d1251 - <unknown>
[INFO] [stdout]    7:     0x5636450d1209 - <unknown>
[INFO] [stdout]    8:     0x5636450d170c - <unknown>
[INFO] [stdout]    9:     0x563645092c4b - <unknown>
[INFO] [stdout]   10:     0x5636450960b1 - <unknown>
[INFO] [stdout]   11:     0x56364507fb11 - <unknown>
[INFO] [stdout]   12:     0x56364507afd6 - <unknown>
[INFO] [stdout]   13:     0x56364507aea5 - <unknown>
[INFO] [stdout]   14:     0x56364508a8df - <unknown>
[INFO] [stdout]   15:     0x5636450ece4b - <unknown>
[INFO] [stdout]   16:     0x5636450e8e31 - <unknown>
[INFO] [stdout]   17:     0x5636450e861c - <unknown>
[INFO] [stdout]   18:     0x56364510829c - <unknown>
[INFO] [stdout]   19:     0x5636450d2e04 - <unknown>
[INFO] [stdout]   20:     0x7279a2e20dfa - <unknown>
[INFO] [stdout]   21:     0x7279a2eb43d4 - clone
[INFO] [stdout]   22:                0x0 - <unknown>
[INFO] [stdout] 
[INFO] [stdout] ---- test_prune stdout ----
[INFO] [stdout] 
[INFO] [stdout] thread 'test_prune' (6114) panicked at tests/testenv/mod.rs:322:22:
[INFO] [stdout] fd output: Os { code: 2, kind: NotFound, message: "No such file or directory" }
[INFO] [stdout] stack backtrace:
[INFO] [stdout]    0:     0x5636450abb35 - <unknown>
[INFO] [stdout]    1:     0x563645092dba - <unknown>
[INFO] [stdout]    2:     0x5636450ab1cb - <unknown>
[INFO] [stdout]    3:     0x5636450aacaf - <unknown>
[INFO] [stdout]    4:     0x5636450aa8da - <unknown>
[INFO] [stdout]    5:     0x5636450aa415 - <unknown>
[INFO] [stdout]    6:     0x5636450d1251 - <unknown>
[INFO] [stdout]    7:     0x5636450d1209 - <unknown>
[INFO] [stdout]    8:     0x5636450d170c - <unknown>
[INFO] [stdout]    9:     0x563645092c4b - <unknown>
[INFO] [stdout]   10:     0x5636450960b1 - <unknown>
[INFO] [stdout]   11:     0x56364507fb11 - <unknown>
[INFO] [stdout]   12:     0x56364507afd6 - <unknown>
[INFO] [stdout]   13:     0x56364507aea5 - <unknown>
[INFO] [stdout]   14:     0x563645084be0 - <unknown>
[INFO] [stdout]   15:     0x5636450ece4b - <unknown>
[INFO] [stdout]   16:     0x5636450e8e31 - <unknown>
[INFO] [stdout]   17:     0x5636450e861c - <unknown>
[INFO] [stdout]   18:     0x56364510829c - <unknown>
[INFO] [stdout]   19:     0x5636450d2e04 - <unknown>
[INFO] [stdout]   20:     0x7279a2e20dfa - <unknown>
[INFO] [stdout]   21:     0x7279a2eb43d4 - clone
[INFO] [stdout]   22:                0x0 - <unknown>
[INFO] [stdout] 
[INFO] [stdout] ---- test_regex_searches stdout ----
[INFO] [stdout] 
[INFO] [stdout] thread 'test_regex_searches' (6120) panicked at tests/testenv/mod.rs:322:22:
[INFO] [stdout] fd output: Os { code: 2, kind: NotFound, message: "No such file or directory" }
[INFO] [stdout] stack backtrace:
[INFO] [stdout]    0:     0x5636450abb35 - <unknown>
[INFO] [stdout]    1:     0x563645092dba - <unknown>
[INFO] [stdout]    2:     0x5636450ab1cb - <unknown>
[INFO] [stdout]    3:     0x5636450aacaf - <unknown>
[INFO] [stdout]    4:     0x5636450aa8da - <unknown>
[INFO] [stdout]    5:     0x5636450aa415 - <unknown>
[INFO] [stdout]    6:     0x5636450d1251 - <unknown>
[INFO] [stdout]    7:     0x5636450d1209 - <unknown>
[INFO] [stdout]    8:     0x5636450d170c - <unknown>
[INFO] [stdout]    9:     0x563645092c4b - <unknown>
[INFO] [stdout]   10:     0x5636450960b1 - <unknown>
[INFO] [stdout]   11:     0x56364507fb11 - <unknown>
[INFO] [stdout]   12:     0x56364507afd6 - <unknown>
[INFO] [stdout]   13:     0x56364507aea5 - <unknown>
[INFO] [stdout]   14:     0x5636450881d0 - <unknown>
[INFO] [stdout]   15:     0x5636450ece4b - <unknown>
[INFO] [stdout]   16:     0x5636450e8e31 - <unknown>
[INFO] [stdout]   17:     0x5636450e861c - <unknown>
[INFO] [stdout]   18:     0x56364510829c - <unknown>
[INFO] [stdout]   19:     0x5636450d2e04 - <unknown>
[INFO] [stdout]   20:     0x7279a2e20dfa - <unknown>
[INFO] [stdout]   21:     0x7279a2eb43d4 - clone
[INFO] [stdout]   22:                0x0 - <unknown>
[INFO] [stdout] 
[INFO] [stdout] ---- test_quiet stdout ----
[INFO] [stdout] 
[INFO] [stdout] thread 'test_quiet' (6118) panicked at tests/testenv/mod.rs:322:22:
[INFO] [stdout] fd output: Os { code: 2, kind: NotFound, message: "No such file or directory" }
[INFO] [stdout] stack backtrace:
[INFO] [stdout]    0:     0x5636450abb35 - <unknown>
[INFO] [stdout]    1:     0x563645092dba - <unknown>
[INFO] [stdout]    2:     0x5636450ab1cb - <unknown>
[INFO] [stdout]    3:     0x5636450aacaf - <unknown>
[INFO] [stdout]    4:     0x5636450aa8da - <unknown>
[INFO] [stdout]    5:     0x5636450aa415 - <unknown>
[INFO] [stdout]    6:     0x5636450d1251 - <unknown>
[INFO] [stdout]    7:     0x5636450d1209 - <unknown>
[INFO] [stdout]    8:     0x5636450d170c - <unknown>
[INFO] [stdout]    9:     0x563645092c4b - <unknown>
[INFO] [stdout]   10:     0x5636450960b1 - <unknown>
[INFO] [stdout]   11:     0x56364507fb11 - <unknown>
[INFO] [stdout]   12:     0x56364507afd6 - <unknown>
[INFO] [stdout]   13:     0x56364507aea5 - <unknown>
[INFO] [stdout]   14:     0x563645084caa - <unknown>
[INFO] [stdout]   15:     0x5636450ece4b - <unknown>
[INFO] [stdout]   16:     0x5636450e8e31 - <unknown>
[INFO] [stdout]   17:     0x5636450e861c - <unknown>
[INFO] [stdout]   18:     0x56364510829c - <unknown>
[INFO] [stdout]   19:     0x5636450d2e04 - <unknown>
[INFO] [stdout]   20:     0x7279a2e20dfa - <unknown>
[INFO] [stdout]   21:     0x7279a2eb43d4 - clone
[INFO] [stdout]   22:                0x0 - <unknown>
[INFO] [stdout] 
[INFO] [stdout] ---- test_print0 stdout ----
[INFO] [stdout] 
[INFO] [stdout] thread 'test_print0' (6113) panicked at tests/testenv/mod.rs:322:22:
[INFO] [stdout] fd output: Os { code: 2, kind: NotFound, message: "No such file or directory" }
[INFO] [stdout] stack backtrace:
[INFO] [stdout]    0:     0x5636450abb35 - <unknown>
[INFO] [stdout]    1:     0x563645092dba - <unknown>
[INFO] [stdout]    2:     0x5636450ab1cb - <unknown>
[INFO] [stdout]    3:     0x5636450aacaf - <unknown>
[INFO] [stdout]    4:     0x5636450aa8da - <unknown>
[INFO] [stdout]    5:     0x5636450aa415 - <unknown>
[INFO] [stdout]    6:     0x5636450d1251 - <unknown>
[INFO] [stdout]    7:     0x5636450d1209 - <unknown>
[INFO] [stdout]    8:     0x5636450d170c - <unknown>
[INFO] [stdout]    9:     0x563645092c4b - <unknown>
[INFO] [stdout]   10:     0x5636450960b1 - <unknown>
[INFO] [stdout]   11:     0x56364507fb11 - <unknown>
[INFO] [stdout]   12:     0x56364507afd6 - <unknown>
[INFO] [stdout]   13:     0x56364507aea5 - <unknown>
[INFO] [stdout]   14:     0x563645084f50 - <unknown>
[INFO] [stdout]   15:     0x5636450ece4b - <unknown>
[INFO] [stdout]   16:     0x5636450e8e31 - <unknown>
[INFO] [stdout]   17:     0x5636450e861c - <unknown>
[INFO] [stdout]   18:     0x56364510829c - <unknown>
[INFO] [stdout]   19:     0x5636450d2e04 - <unknown>
[INFO] [stdout]   20:     0x7279a2e20dfa - <unknown>
[INFO] [stdout]   21:     0x7279a2eb43d4 - clone
[INFO] [stdout]   22:                0x0 - <unknown>
[INFO] [stdout] 
[INFO] [stdout] ---- test_respect_ignore_files stdout ----
[INFO] [stdout] 
[INFO] [stdout] thread 'test_respect_ignore_files' (6122) panicked at tests/testenv/mod.rs:322:22:
[INFO] [stdout] fd output: Os { code: 2, kind: NotFound, message: "No such file or directory" }
[INFO] [stdout] stack backtrace:
[INFO] [stdout]    0:     0x5636450abb35 - <unknown>
[INFO] [stdout]    1:     0x563645092dba - <unknown>
[INFO] [stdout]    2:     0x5636450ab1cb - <unknown>
[INFO] [stdout]    3:     0x5636450aacaf - <unknown>
[INFO] [stdout]    4:     0x5636450aa8da - <unknown>
[INFO] [stdout]    5:     0x5636450aa415 - <unknown>
[INFO] [stdout]    6:     0x5636450d1251 - <unknown>
[INFO] [stdout]    7:     0x5636450d1209 - <unknown>
[INFO] [stdout]    8:     0x5636450d170c - <unknown>
[INFO] [stdout]    9:     0x563645092c4b - <unknown>
[INFO] [stdout]   10:     0x5636450960b1 - <unknown>
[INFO] [stdout]   11:     0x56364507fb11 - <unknown>
[INFO] [stdout]   12:     0x56364507afd6 - <unknown>
[INFO] [stdout]   13:     0x56364507aea5 - <unknown>
[INFO] [stdout]   14:     0x56364508c32a - <unknown>
[INFO] [stdout]   15:     0x5636450ece4b - <unknown>
[INFO] [stdout]   16:     0x5636450e8e31 - <unknown>
[INFO] [stdout]   17:     0x5636450e861c - <unknown>
[INFO] [stdout]   18:     0x56364510829c - <unknown>
[INFO] [stdout]   19:     0x5636450d2e04 - <unknown>
[INFO] [stdout]   20:     0x7279a2e20dfa - <unknown>
[INFO] [stdout]   21:     0x7279a2eb43d4 - clone
[INFO] [stdout]   22:                0x0 - <unknown>
[INFO] [stdout] 
[INFO] [stdout] ---- test_regex_overrides_glob stdout ----
[INFO] [stdout] 
[INFO] [stdout] thread 'test_regex_overrides_glob' (6119) panicked at tests/testenv/mod.rs:322:22:
[INFO] [stdout] fd output: Os { code: 2, kind: NotFound, message: "No such file or directory" }
[INFO] [stdout] stack backtrace:
[INFO] [stdout]    0:     0x5636450abb35 - <unknown>
[INFO] [stdout]    1:     0x563645092dba - <unknown>
[INFO] [stdout]    2:     0x5636450ab1cb - <unknown>
[INFO] [stdout]    3:     0x5636450aacaf - <unknown>
[INFO] [stdout]    4:     0x5636450aa8da - <unknown>
[INFO] [stdout]    5:     0x5636450aa415 - <unknown>
[INFO] [stdout]    6:     0x5636450d1251 - <unknown>
[INFO] [stdout]    7:     0x5636450d1209 - <unknown>
[INFO] [stdout]    8:     0x5636450d170c - <unknown>
[INFO] [stdout]    9:     0x563645092c4b - <unknown>
[INFO] [stdout]   10:     0x5636450960b1 - <unknown>
[INFO] [stdout]   11:     0x56364507fb11 - <unknown>
[INFO] [stdout]   12:     0x56364507afd6 - <unknown>
[INFO] [stdout]   13:     0x56364507aea5 - <unknown>
[INFO] [stdout]   14:     0x56364508c1f0 - <unknown>
[INFO] [stdout]   15:     0x5636450ece4b - <unknown>
[INFO] [stdout]   16:     0x5636450e8e31 - <unknown>
[INFO] [stdout]   17:     0x5636450e861c - <unknown>
[INFO] [stdout]   18:     0x56364510829c - <unknown>
[INFO] [stdout]   19:     0x5636450d2e04 - <unknown>
[INFO] [stdout]   20:     0x7279a2e20dfa - <unknown>
[INFO] [stdout]   21:     0x7279a2eb43d4 - clone
[INFO] [stdout]   22:                0x0 - <unknown>
[INFO] [stdout] 
[INFO] [stdout] ---- test_single_and_multithreaded_execution stdout ----
[INFO] [stdout] 
[INFO] [stdout] thread 'test_single_and_multithreaded_execution' (6129) panicked at tests/testenv/mod.rs:322:22:
[INFO] [stdout] fd output: Os { code: 2, kind: NotFound, message: "No such file or directory" }
[INFO] [stdout] stack backtrace:
[INFO] [stdout]    0:     0x5636450abb35 - <unknown>
[INFO] [stdout]    1:     0x563645092dba - <unknown>
[INFO] [stdout]    2:     0x5636450ab1cb - <unknown>
[INFO] [stdout]    3:     0x5636450aacaf - <unknown>
[INFO] [stdout]    4:     0x5636450aa8da - <unknown>
[INFO] [stdout]    5:     0x5636450aa415 - <unknown>
[INFO] [stdout]    6:     0x5636450d1251 - <unknown>
[INFO] [stdout]    7:     0x5636450d1209 - <unknown>
[INFO] [stdout]    8:     0x5636450d170c - <unknown>
[INFO] [stdout]    9:     0x563645092c4b - <unknown>
[INFO] [stdout]   10:     0x5636450960b1 - <unknown>
[INFO] [stdout]   11:     0x56364507fb11 - <unknown>
[INFO] [stdout]   12:     0x56364507afd6 - <unknown>
[INFO] [stdout]   13:     0x56364507aea5 - <unknown>
[INFO] [stdout]   14:     0x563645090720 - <unknown>
[INFO] [stdout]   15:     0x5636450ece4b - <unknown>
[INFO] [stdout]   16:     0x5636450e8e31 - <unknown>
[INFO] [stdout]   17:     0x5636450e861c - <unknown>
[INFO] [stdout]   18:     0x56364510829c - <unknown>
[INFO] [stdout]   19:     0x5636450d2e04 - <unknown>
[INFO] [stdout]   20:     0x7279a2e20dfa - <unknown>
[INFO] [stdout]   21:     0x7279a2eb43d4 - clone
[INFO] [stdout]   22:                0x0 - <unknown>
[INFO] [stdout] 
[INFO] [stdout] ---- test_opposing::uu stdout ----
[INFO] [stdout] 
[INFO] [stdout] thread 'test_opposing::uu' (6104) panicked at tests/testenv/mod.rs:322:22:
[INFO] [stdout] fd output: Os { code: 2, kind: NotFound, message: "No such file or directory" }
[INFO] [stdout] stack backtrace:
[INFO] [stdout]    0:     0x5636450abb35 - <unknown>
[INFO] [stdout]    1:     0x563645092dba - <unknown>
[INFO] [stdout]    2:     0x5636450ab1cb - <unknown>
[INFO] [stdout]    3:     0x5636450aacaf - <unknown>
[INFO] [stdout]    4:     0x5636450aa8da - <unknown>
[INFO] [stdout]    5:     0x5636450aa415 - <unknown>
[INFO] [stdout]    6:     0x5636450d1251 - <unknown>
[INFO] [stdout]    7:     0x5636450d1209 - <unknown>
[INFO] [stdout]    8:     0x5636450d170c - <unknown>
[INFO] [stdout]    9:     0x563645092c4b - <unknown>
[INFO] [stdout]   10:     0x5636450960b1 - <unknown>
[INFO] [stdout]   11:     0x56364507fb11 - <unknown>
[INFO] [stdout]   12:     0x56364507afd6 - <unknown>
[INFO] [stdout]   13:     0x56364507da3c - <unknown>
[INFO] [stdout]   14:     0x5636450915b1 - <unknown>
[INFO] [stdout]   15:     0x5636450ece4b - <unknown>
[INFO] [stdout]   16:     0x5636450e8e31 - <unknown>
[INFO] [stdout]   17:     0x5636450e861c - <unknown>
[INFO] [stdout]   18:     0x56364510829c - <unknown>
[INFO] [stdout]   19:     0x5636450d2e04 - <unknown>
[INFO] [stdout]   20:     0x7279a2e20dfa - <unknown>
[INFO] [stdout]   21:     0x7279a2eb43d4 - clone
[INFO] [stdout]   22:                0x0 - <unknown>
[INFO] [stdout] 
[INFO] [stdout] ---- test_owner_ignore_all stdout ----
[INFO] [stdout] 
[INFO] [stdout] thread 'test_owner_ignore_all' (6109) panicked at tests/testenv/mod.rs:322:22:
[INFO] [stdout] fd output: Os { code: 2, kind: NotFound, message: "No such file or directory" }
[INFO] [stdout] stack backtrace:
[INFO] [stdout]    0:     0x5636450abb35 - <unknown>
[INFO] [stdout]    1:     0x563645092dba - <unknown>
[INFO] [stdout]    2:     0x5636450ab1cb - <unknown>
[INFO] [stdout]    3:     0x5636450aacaf - <unknown>
[INFO] [stdout]    4:     0x5636450aa8da - <unknown>
[INFO] [stdout]    5:     0x5636450aa415 - <unknown>
[INFO] [stdout]    6:     0x5636450d1251 - <unknown>
[INFO] [stdout]    7:     0x5636450d1209 - <unknown>
[INFO] [stdout]    8:     0x5636450d170c - <unknown>
[INFO] [stdout]    9:     0x563645092c4b - <unknown>
[INFO] [stdout]   10:     0x5636450960b1 - <unknown>
[INFO] [stdout]   11:     0x56364507fb11 - <unknown>
[INFO] [stdout]   12:     0x56364507afd6 - <unknown>
[INFO] [stdout]   13:     0x56364507aea5 - <unknown>
[INFO] [stdout]   14:     0x563645089800 - <unknown>
[INFO] [stdout]   15:     0x5636450ece4b - <unknown>
[INFO] [stdout]   16:     0x5636450e8e31 - <unknown>
[INFO] [stdout]   17:     0x5636450e861c - <unknown>
[INFO] [stdout]   18:     0x56364510829c - <unknown>
[INFO] [stdout]   19:     0x5636450d2e04 - <unknown>
[INFO] [stdout]   20:     0x7279a2e20dfa - <unknown>
[INFO] [stdout]   21:     0x7279a2eb43d4 - clone
[INFO] [stdout]   22:                0x0 - <unknown>
[INFO] [stdout] 
[INFO] [stdout] ---- test_smart_case stdout ----
[INFO] [stdout] 
[INFO] [stdout] thread 'test_smart_case' (6131) panicked at tests/testenv/mod.rs:322:22:
[INFO] [stdout] fd output: Os { code: 2, kind: NotFound, message: "No such file or directory" }
[INFO] [stdout] stack backtrace:
[INFO] [stdout]    0:     0x5636450abb35 - <unknown>
[INFO] [stdout]    1:     0x563645092dba - <unknown>
[INFO] [stdout]    2:     0x5636450ab1cb - <unknown>
[INFO] [stdout]    3:     0x5636450aacaf - <unknown>
[INFO] [stdout]    4:     0x5636450aa8da - <unknown>
[INFO] [stdout]    5:     0x5636450aa415 - <unknown>
[INFO] [stdout]    6:     0x5636450d1251 - <unknown>
[INFO] [stdout]    7:     0x5636450d1209 - <unknown>
[INFO] [stdout]    8:     0x5636450d170c - <unknown>
[INFO] [stdout]    9:     0x563645092c4b - <unknown>
[INFO] [stdout]   10:     0x5636450960b1 - <unknown>
[INFO] [stdout]   11:     0x56364507fb11 - <unknown>
[INFO] [stdout]   12:     0x56364507afd6 - <unknown>
[INFO] [stdout]   13:     0x56364507aea5 - <unknown>
[INFO] [stdout]   14:     0x563645086470 - <unknown>
[INFO] [stdout]   15:     0x5636450ece4b - <unknown>
[INFO] [stdout]   16:     0x5636450e8e31 - <unknown>
[INFO] [stdout]   17:     0x5636450e861c - <unknown>
[INFO] [stdout]   18:     0x56364510829c - <unknown>
[INFO] [stdout]   19:     0x5636450d2e04 - <unknown>
[INFO] [stdout]   20:     0x7279a2e20dfa - <unknown>
[INFO] [stdout]   21:     0x7279a2eb43d4 - clone
[INFO] [stdout]   22:                0x0 - <unknown>
[INFO] [stdout] 
[INFO] [stdout] ---- test_simple stdout ----
[INFO] [stdout] 
[INFO] [stdout] thread 'test_simple' (6128) panicked at tests/testenv/mod.rs:322:22:
[INFO] [stdout] fd output: Os { code: 2, kind: NotFound, message: "No such file or directory" }
[INFO] [stdout] stack backtrace:
[INFO] [stdout]    0:     0x5636450abb35 - <unknown>
[INFO] [stdout]    1:     0x563645092dba - <unknown>
[INFO] [stdout]    2:     0x5636450ab1cb - <unknown>
[INFO] [stdout]    3:     0x5636450aacaf - <unknown>
[INFO] [stdout]    4:     0x5636450aa8da - <unknown>
[INFO] [stdout]    5:     0x5636450aa415 - <unknown>
[INFO] [stdout]    6:     0x5636450d1251 - <unknown>
[INFO] [stdout]    7:     0x5636450d1209 - <unknown>
[INFO] [stdout]    8:     0x5636450d170c - <unknown>
[INFO] [stdout]    9:     0x563645092c4b - <unknown>
[INFO] [stdout]   10:     0x5636450960b1 - <unknown>
[INFO] [stdout]   11:     0x56364507fb11 - <unknown>
[INFO] [stdout]   12:     0x56364507afd6 - <unknown>
[INFO] [stdout]   13:     0x56364507aea5 - <unknown>
[INFO] [stdout]   14:     0x563645084ff0 - <unknown>
[INFO] [stdout]   15:     0x5636450ece4b - <unknown>
[INFO] [stdout]   16:     0x5636450e8e31 - <unknown>
[INFO] [stdout]   17:     0x5636450e861c - <unknown>
[INFO] [stdout]   18:     0x56364510829c - <unknown>
[INFO] [stdout]   19:     0x5636450d2e04 - <unknown>
[INFO] [stdout]   20:     0x7279a2e20dfa - <unknown>
[INFO] [stdout]   21:     0x7279a2eb43d4 - clone
[INFO] [stdout]   22:                0x0 - <unknown>
[INFO] [stdout] 
[INFO] [stdout] ---- test_smart_case_glob_searches stdout ----
[INFO] [stdout] 
[INFO] [stdout] thread 'test_smart_case_glob_searches' (6132) panicked at tests/testenv/mod.rs:322:22:
[INFO] [stdout] fd output: Os { code: 2, kind: NotFound, message: "No such file or directory" }
[INFO] [stdout] stack backtrace:
[INFO] [stdout]    0:     0x5636450abb35 - <unknown>
[INFO] [stdout]    1:     0x563645092dba - <unknown>
[INFO] [stdout]    2:     0x5636450ab1cb - <unknown>
[INFO] [stdout]    3:     0x5636450aacaf - <unknown>
[INFO] [stdout]    4:     0x5636450aa8da - <unknown>
[INFO] [stdout]    5:     0x5636450aa415 - <unknown>
[INFO] [stdout]    6:     0x5636450d1251 - <unknown>
[INFO] [stdout]    7:     0x5636450d1209 - <unknown>
[INFO] [stdout]    8:     0x5636450d170c - <unknown>
[INFO] [stdout]    9:     0x563645092c4b - <unknown>
[INFO] [stdout]   10:     0x5636450960b1 - <unknown>
[INFO] [stdout]   11:     0x56364507fb11 - <unknown>
[INFO] [stdout]   12:     0x56364507afd6 - <unknown>
[INFO] [stdout]   13:     0x56364507aea5 - <unknown>
[INFO] [stdout]   14:     0x56364508f8c0 - <unknown>
[INFO] [stdout]   15:     0x5636450ece4b - <unknown>
[INFO] [stdout]   16:     0x5636450e8e31 - <unknown>
[INFO] [stdout]   17:     0x5636450e861c - <unknown>
[INFO] [stdout]   18:     0x56364510829c - <unknown>
[INFO] [stdout]   19:     0x5636450d2e04 - <unknown>
[INFO] [stdout]   20:     0x7279a2e20dfa - <unknown>
[INFO] [stdout]   21:     0x7279a2eb43d4 - clone
[INFO] [stdout]   22:                0x0 - <unknown>
[INFO] [stdout] 
[INFO] [stdout] ---- test_strip_cwd_prefix stdout ----
[INFO] [stdout] 
[INFO] [stdout] thread 'test_strip_cwd_prefix' (6138) panicked at tests/testenv/mod.rs:322:22:
[INFO] [stdout] fd output: Os { code: 2, kind: NotFound, message: "No such file or directory" }
[INFO] [stdout] stack backtrace:
[INFO] [stdout]    0:     0x5636450abb35 - <unknown>
[INFO] [stdout]    1:     0x563645092dba - <unknown>
[INFO] [stdout]    2:     0x5636450ab1cb - <unknown>
[INFO] [stdout]    3:     0x5636450aacaf - <unknown>
[INFO] [stdout]    4:     0x5636450aa8da - <unknown>
[INFO] [stdout]    5:     0x5636450aa415 - <unknown>
[INFO] [stdout]    6:     0x5636450d1251 - <unknown>
[INFO] [stdout]    7:     0x5636450d1209 - <unknown>
[INFO] [stdout]    8:     0x5636450d170c - <unknown>
[INFO] [stdout]    9:     0x563645092c4b - <unknown>
[INFO] [stdout]   10:     0x5636450960b1 - <unknown>
[INFO] [stdout]   11:     0x56364507fb11 - <unknown>
[INFO] [stdout]   12:     0x56364507afd6 - <unknown>
[INFO] [stdout]   13:     0x56364507aea5 - <unknown>
[INFO] [stdout]   14:     0x5636450898d0 - <unknown>
[INFO] [stdout]   15:     0x5636450ece4b - <unknown>
[INFO] [stdout]   16:     0x5636450e8e31 - <unknown>
[INFO] [stdout]   17:     0x5636450e861c - <unknown>
[INFO] [stdout]   18:     0x56364510829c - <unknown>
[INFO] [stdout]   19:     0x5636450d2e04 - <unknown>
[INFO] [stdout]   20:     0x7279a2e20dfa - <unknown>
[INFO] [stdout]   21:     0x7279a2eb43d4 - clone
[INFO] [stdout]   22:                0x0 - <unknown>
[INFO] [stdout] 
[INFO] [stdout] ---- test_symlink_as_absolute_root stdout ----
[INFO] [stdout] 
[INFO] [stdout] thread 'test_symlink_as_absolute_root' (6143) panicked at tests/testenv/mod.rs:322:22:
[INFO] [stdout] fd output: Os { code: 2, kind: NotFound, message: "No such file or directory" }
[INFO] [stdout] stack backtrace:
[INFO] [stdout]    0:     0x5636450abb35 - <unknown>
[INFO] [stdout]    1:     0x563645092dba - <unknown>
[INFO] [stdout]    2:     0x5636450ab1cb - <unknown>
[INFO] [stdout]    3:     0x5636450aacaf - <unknown>
[INFO] [stdout]    4:     0x5636450aa8da - <unknown>
[INFO] [stdout]    5:     0x5636450aa415 - <unknown>
[INFO] [stdout]    6:     0x5636450d1251 - <unknown>
[INFO] [stdout]    7:     0x5636450d1209 - <unknown>
[INFO] [stdout]    8:     0x5636450d170c - <unknown>
[INFO] [stdout]    9:     0x563645092c4b - <unknown>
[INFO] [stdout]   10:     0x5636450960b1 - <unknown>
[INFO] [stdout]   11:     0x56364507fb11 - <unknown>
[INFO] [stdout]   12:     0x56364507afd6 - <unknown>
[INFO] [stdout]   13:     0x56364507aea5 - <unknown>
[INFO] [stdout]   14:     0x56364508fa26 - <unknown>
[INFO] [stdout]   15:     0x5636450ece4b - <unknown>
[INFO] [stdout]   16:     0x5636450e8e31 - <unknown>
[INFO] [stdout]   17:     0x5636450e861c - <unknown>
[INFO] [stdout]   18:     0x56364510829c - <unknown>
[INFO] [stdout]   19:     0x5636450d2e04 - <unknown>
[INFO] [stdout]   20:     0x7279a2e20dfa - <unknown>
[INFO] [stdout]   21:     0x7279a2eb43d4 - clone
[INFO] [stdout]   22:                0x0 - <unknown>
[INFO] [stdout] 
[INFO] [stdout] ---- test_size stdout ----
[INFO] [stdout] 
[INFO] [stdout] thread 'test_size' (6130) panicked at tests/testenv/mod.rs:322:22:
[INFO] [stdout] fd output: Os { code: 2, kind: NotFound, message: "No such file or directory" }
[INFO] [stdout] stack backtrace:
[INFO] [stdout]    0:     0x5636450abb35 - <unknown>
[INFO] [stdout]    1:     0x563645092dba - <unknown>
[INFO] [stdout]    2:     0x5636450ab1cb - <unknown>
[INFO] [stdout]    3:     0x5636450aacaf - <unknown>
[INFO] [stdout]    4:     0x5636450aa8da - <unknown>
[INFO] [stdout]    5:     0x5636450aa415 - <unknown>
[INFO] [stdout]    6:     0x5636450d1251 - <unknown>
[INFO] [stdout]    7:     0x5636450d1209 - <unknown>
[INFO] [stdout]    8:     0x5636450d170c - <unknown>
[INFO] [stdout]    9:     0x563645092c4b - <unknown>
[INFO] [stdout]   10:     0x5636450960b1 - <unknown>
[INFO] [stdout]   11:     0x56364507fb11 - <unknown>
[INFO] [stdout]   12:     0x56364507afd6 - <unknown>
[INFO] [stdout]   13:     0x56364507aea5 - <unknown>
[INFO] [stdout]   14:     0x563645090fb3 - <unknown>
[INFO] [stdout]   15:     0x5636450ece4b - <unknown>
[INFO] [stdout]   16:     0x5636450e8e31 - <unknown>
[INFO] [stdout]   17:     0x5636450e861c - <unknown>
[INFO] [stdout]   18:     0x56364510829c - <unknown>
[INFO] [stdout]   19:     0x5636450d2e04 - <unknown>
[INFO] [stdout]   20:     0x7279a2e20dfa - <unknown>
[INFO] [stdout]   21:     0x7279a2eb43d4 - clone
[INFO] [stdout]   22:                0x0 - <unknown>
[INFO] [stdout] 
[INFO] [stdout] ---- test_symlink_and_full_path stdout ----
[INFO] [stdout] 
[INFO] [stdout] thread 'test_symlink_and_full_path' (6140) panicked at tests/testenv/mod.rs:322:22:
[INFO] [stdout] fd output: Os { code: 2, kind: NotFound, message: "No such file or directory" }
[INFO] [stdout] stack backtrace:
[INFO] [stdout]    0:     0x5636450abb35 - <unknown>
[INFO] [stdout]    1:     0x563645092dba - <unknown>
[INFO] [stdout]    2:     0x5636450ab1cb - <unknown>
[INFO] [stdout]    3:     0x5636450aacaf - <unknown>
[INFO] [stdout]    4:     0x5636450aa8da - <unknown>
[INFO] [stdout]    5:     0x5636450aa415 - <unknown>
[INFO] [stdout]    6:     0x5636450d1251 - <unknown>
[INFO] [stdout]    7:     0x5636450d1209 - <unknown>
[INFO] [stdout]    8:     0x5636450d170c - <unknown>
[INFO] [stdout]    9:     0x563645092c4b - <unknown>
[INFO] [stdout]   10:     0x5636450960b1 - <unknown>
[INFO] [stdout]   11:     0x56364507fb11 - <unknown>
[INFO] [stdout]   12:     0x56364507afd6 - <unknown>
[INFO] [stdout]   13:     0x56364507aea5 - <unknown>
[INFO] [stdout]   14:     0x56364508e472 - <unknown>
[INFO] [stdout]   15:     0x5636450ece4b - <unknown>
[INFO] [stdout]   16:     0x5636450e8e31 - <unknown>
[INFO] [stdout]   17:     0x5636450e861c - <unknown>
[INFO] [stdout]   18:     0x56364510829c - <unknown>
[INFO] [stdout]   19:     0x5636450d2e04 - <unknown>
[INFO] [stdout]   20:     0x7279a2e20dfa - <unknown>
[INFO] [stdout]   21:     0x7279a2eb43d4 - clone
[INFO] [stdout]   22:                0x0 - <unknown>
[INFO] [stdout] 
[INFO] [stdout] ---- test_symlink_and_absolute_path stdout ----
[INFO] [stdout] 
[INFO] [stdout] thread 'test_symlink_and_absolute_path' (6139) panicked at tests/testenv/mod.rs:322:22:
[INFO] [stdout] fd output: Os { code: 2, kind: NotFound, message: "No such file or directory" }
[INFO] [stdout] stack backtrace:
[INFO] [stdout]    0:     0x5636450abb35 - <unknown>
[INFO] [stdout]    1:     0x563645092dba - <unknown>
[INFO] [stdout]    2:     0x5636450ab1cb - <unknown>
[INFO] [stdout]    3:     0x5636450aacaf - <unknown>
[INFO] [stdout]    4:     0x5636450aa8da - <unknown>
[INFO] [stdout]    5:     0x5636450aa415 - <unknown>
[INFO] [stdout]    6:     0x5636450d1251 - <unknown>
[INFO] [stdout]    7:     0x5636450d1209 - <unknown>
[INFO] [stdout]    8:     0x5636450d170c - <unknown>
[INFO] [stdout]    9:     0x563645092c4b - <unknown>
[INFO] [stdout]   10:     0x5636450960b1 - <unknown>
[INFO] [stdout]   11:     0x56364507fb11 - <unknown>
[INFO] [stdout]   12:     0x56364507afd6 - <unknown>
[INFO] [stdout]   13:     0x56364507aea5 - <unknown>
[INFO] [stdout]   14:     0x56364508fb9d - <unknown>
[INFO] [stdout]   15:     0x5636450ece4b - <unknown>
[INFO] [stdout]   16:     0x5636450e8e31 - <unknown>
[INFO] [stdout]   17:     0x5636450e861c - <unknown>
[INFO] [stdout]   18:     0x56364510829c - <unknown>
[INFO] [stdout]   19:     0x5636450d2e04 - <unknown>
[INFO] [stdout]   20:     0x7279a2e20dfa - <unknown>
[INFO] [stdout]   21:     0x7279a2eb43d4 - clone
[INFO] [stdout]   22:                0x0 - <unknown>
[INFO] [stdout] 
[INFO] [stdout] ---- test_type_empty stdout ----
[INFO] [stdout] 
[INFO] [stdout] thread 'test_type_empty' (6150) panicked at tests/testenv/mod.rs:322:22:
[INFO] [stdout] fd output: Os { code: 2, kind: NotFound, message: "No such file or directory" }
[INFO] [stdout] stack backtrace:
[INFO] [stdout]    0:     0x5636450abb35 - <unknown>
[INFO] [stdout]    1:     0x563645092dba - <unknown>
[INFO] [stdout]    2:     0x5636450ab1cb - <unknown>
[INFO] [stdout]    3:     0x5636450aacaf - <unknown>
[INFO] [stdout]    4:     0x5636450aa8da - <unknown>
[INFO] [stdout]    5:     0x5636450aa415 - <unknown>
[INFO] [stdout]    6:     0x5636450d1251 - <unknown>
[INFO] [stdout]    7:     0x5636450d1209 - <unknown>
[INFO] [stdout]    8:     0x5636450d170c - <unknown>
[INFO] [stdout]    9:     0x563645092c4b - <unknown>
[INFO] [stdout]   10:     0x5636450960b1 - <unknown>
[INFO] [stdout]   11:     0x56364507fb11 - <unknown>
[INFO] [stdout]   12:     0x56364507afd6 - <unknown>
[INFO] [stdout]   13:     0x56364507aea5 - <unknown>
[INFO] [stdout]   14:     0x563645086741 - <unknown>
[INFO] [stdout]   15:     0x5636450ece4b - <unknown>
[INFO] [stdout]   16:     0x5636450e8e31 - <unknown>
[INFO] [stdout]   17:     0x5636450e861c - <unknown>
[INFO] [stdout]   18:     0x56364510829c - <unknown>
[INFO] [stdout]   19:     0x5636450d2e04 - <unknown>
[INFO] [stdout]   20:     0x7279a2e20dfa - <unknown>
[INFO] [stdout]   21:     0x7279a2eb43d4 - clone
[INFO] [stdout]   22:                0x0 - <unknown>
[INFO] [stdout] 
[INFO] [stdout] ---- test_type stdout ----
[INFO] [stdout] 
[INFO] [stdout] thread 'test_type' (6145) panicked at tests/testenv/mod.rs:322:22:
[INFO] [stdout] fd output: Os { code: 2, kind: NotFound, message: "No such file or directory" }
[INFO] [stdout] stack backtrace:
[INFO] [stdout]    0:     0x5636450abb35 - <unknown>
[INFO] [stdout]    1:     0x563645092dba - <unknown>
[INFO] [stdout]    2:     0x5636450ab1cb - <unknown>
[INFO] [stdout]    3:     0x5636450aacaf - <unknown>
[INFO] [stdout]    4:     0x5636450aa8da - <unknown>
[INFO] [stdout]    5:     0x5636450aa415 - <unknown>
[INFO] [stdout]    6:     0x5636450d1251 - <unknown>
[INFO] [stdout]    7:     0x5636450d1209 - <unknown>
[INFO] [stdout]    8:     0x5636450d170c - <unknown>
[INFO] [stdout]    9:     0x563645092c4b - <unknown>
[INFO] [stdout]   10:     0x5636450960b1 - <unknown>
[INFO] [stdout]   11:     0x56364507fb11 - <unknown>
[INFO] [stdout]   12:     0x56364507afd6 - <unknown>
[INFO] [stdout]   13:     0x56364507aea5 - <unknown>
[INFO] [stdout]   14:     0x5636450913d0 - <unknown>
[INFO] [stdout]   15:     0x5636450ece4b - <unknown>
[INFO] [stdout]   16:     0x5636450e8e31 - <unknown>
[INFO] [stdout]   17:     0x5636450e861c - <unknown>
[INFO] [stdout]   18:     0x56364510829c - <unknown>
[INFO] [stdout]   19:     0x5636450d2e04 - <unknown>
[INFO] [stdout]   20:     0x7279a2e20dfa - <unknown>
[INFO] [stdout]   21:     0x7279a2eb43d4 - clone
[INFO] [stdout]   22:                0x0 - <unknown>
[INFO] [stdout] 
[INFO] [stdout] ---- test_symlink_and_full_path_abs_path stdout ----
[INFO] [stdout] 
[INFO] [stdout] thread 'test_symlink_and_full_path_abs_path' (6141) panicked at tests/testenv/mod.rs:322:22:
[INFO] [stdout] fd output: Os { code: 2, kind: NotFound, message: "No such file or directory" }
[INFO] [stdout] stack backtrace:
[INFO] [stdout]    0:     0x5636450abb35 - <unknown>
[INFO] [stdout]    1:     0x563645092dba - <unknown>
[INFO] [stdout]    2:     0x5636450ab1cb - <unknown>
[INFO] [stdout]    3:     0x5636450aacaf - <unknown>
[INFO] [stdout]    4:     0x5636450aa8da - <unknown>
[INFO] [stdout]    5:     0x5636450aa415 - <unknown>
[INFO] [stdout]    6:     0x5636450d1251 - <unknown>
[INFO] [stdout]    7:     0x5636450d1209 - <unknown>
[INFO] [stdout]    8:     0x5636450d170c - <unknown>
[INFO] [stdout]    9:     0x563645092c4b - <unknown>
[INFO] [stdout]   10:     0x5636450960b1 - <unknown>
[INFO] [stdout]   11:     0x56364507fb11 - <unknown>
[INFO] [stdout]   12:     0x56364507afd6 - <unknown>
[INFO] [stdout]   13:     0x56364507aea5 - <unknown>
[INFO] [stdout]   14:     0x563645090563 - <unknown>
[INFO] [stdout]   15:     0x5636450ece4b - <unknown>
[INFO] [stdout]   16:     0x5636450e8e31 - <unknown>
[INFO] [stdout]   17:     0x5636450e861c - <unknown>
[INFO] [stdout]   18:     0x56364510829c - <unknown>
[INFO] [stdout]   19:     0x5636450d2e04 - <unknown>
[INFO] [stdout]   20:     0x7279a2e20dfa - <unknown>
[INFO] [stdout]   21:     0x7279a2eb43d4 - clone
[INFO] [stdout]   22:                0x0 - <unknown>
[INFO] [stdout] 
[INFO] [stdout] ---- test_symlink_as_root stdout ----
[INFO] [stdout] 
[INFO] [stdout] thread 'test_symlink_as_root' (6144) panicked at tests/testenv/mod.rs:322:22:
[INFO] [stdout] fd output: Os { code: 2, kind: NotFound, message: "No such file or directory" }
[INFO] [stdout] stack backtrace:
[INFO] [stdout]    0:     0x5636450abb35 - <unknown>
[INFO] [stdout]    1:     0x563645092dba - <unknown>
[INFO] [stdout]    2:     0x5636450ab1cb - <unknown>
[INFO] [stdout]    3:     0x5636450aacaf - <unknown>
[INFO] [stdout]    4:     0x5636450aa8da - <unknown>
[INFO] [stdout]    5:     0x5636450aa415 - <unknown>
[INFO] [stdout]    6:     0x5636450d1251 - <unknown>
[INFO] [stdout]    7:     0x5636450d1209 - <unknown>
[INFO] [stdout]    8:     0x5636450d170c - <unknown>
[INFO] [stdout]    9:     0x563645092c4b - <unknown>
[INFO] [stdout]   10:     0x5636450960b1 - <unknown>
[INFO] [stdout]   11:     0x56364507fb11 - <unknown>
[INFO] [stdout]   12:     0x56364507afd6 - <unknown>
[INFO] [stdout]   13:     0x56364507aea5 - <unknown>
[INFO] [stdout]   14:     0x56364508853d - <unknown>
[INFO] [stdout]   15:     0x5636450ece4b - <unknown>
[INFO] [stdout]   16:     0x5636450e8e31 - <unknown>
[INFO] [stdout]   17:     0x5636450e861c - <unknown>
[INFO] [stdout]   18:     0x56364510829c - <unknown>
[INFO] [stdout]   19:     0x5636450d2e04 - <unknown>
[INFO] [stdout]   20:     0x7279a2e20dfa - <unknown>
[INFO] [stdout]   21:     0x7279a2eb43d4 - clone
[INFO] [stdout]   22:                0x0 - <unknown>
[INFO] [stdout] 
[INFO] [stdout] 
[INFO] [stdout] failures:
[INFO] [stdout]     format
[INFO] [stdout]     test_absolute_path
[INFO] [stdout]     test_and_bad_pattern
[INFO] [stdout]     test_and_basic
[INFO] [stdout]     test_and_empty_pattern
[INFO] [stdout]     test_and_pattern_starts_with_dash
[INFO] [stdout]     test_and_plus_case_sensitive
[INFO] [stdout]     test_and_plus_extension
[INFO] [stdout]     test_and_plus_fixed_strings
[INFO] [stdout]     test_and_plus_full_path
[INFO] [stdout]     test_and_plus_glob
[INFO] [stdout]     test_and_plus_ignore_case
[INFO] [stdout]     test_and_plus_type
[INFO] [stdout]     test_base_directory
[INFO] [stdout]     test_case_insensitive
[INFO] [stdout]     test_case_sensitive
[INFO] [stdout]     test_case_sensitive_glob_searches
[INFO] [stdout]     test_custom_ignore_files
[INFO] [stdout]     test_custom_ignore_precedence
[INFO] [stdout]     test_custom_path_separator
[INFO] [stdout]     test_empty_pattern
[INFO] [stdout]     test_error_if_hidden_not_set_and_pattern_starts_with_dot
[INFO] [stdout]     test_exact_depth
[INFO] [stdout]     test_excludes
[INFO] [stdout]     test_exec
[INFO] [stdout]     test_exec_batch
[INFO] [stdout]     test_exec_batch_multi
[INFO] [stdout]     test_exec_batch_with_limit
[INFO] [stdout]     test_exec_invalid_utf8
[INFO] [stdout]     test_exec_multi
[INFO] [stdout]     test_exec_with_separator
[INFO] [stdout]     test_explicit_root_path
[INFO] [stdout]     test_extension
[INFO] [stdout]     test_fixed_strings
[INFO] [stdout]     test_follow
[INFO] [stdout]     test_follow_broken_symlink
[INFO] [stdout]     test_full_path
[INFO] [stdout]     test_full_path_glob_searches
[INFO] [stdout]     test_git_dir
[INFO] [stdout]     test_gitignore_and_fdignore
[INFO] [stdout]     test_gitignore_parent
[INFO] [stdout]     test_glob_searches
[INFO] [stdout]     test_glob_searches_with_extension
[INFO] [stdout]     test_global_ignore
[INFO] [stdout]     test_hidden
[INFO] [stdout]     test_implicit_absolute_path
[INFO] [stdout]     test_invalid_cwd
[INFO] [stdout]     test_invalid_utf8
[INFO] [stdout]     test_list_details
[INFO] [stdout]     test_max_depth
[INFO] [stdout]     test_max_results
[INFO] [stdout]     test_min_depth
[INFO] [stdout]     test_modified_absolute
[INFO] [stdout]     test_modified_relative
[INFO] [stdout]     test_multi_file
[INFO] [stdout]     test_multi_file_with_missing
[INFO] [stdout]     test_no_extension
[INFO] [stdout]     test_no_global_ignore::no_global_ignore_file
[INFO] [stdout]     test_no_global_ignore::no_ignore
[INFO] [stdout]     test_no_global_ignore::unrestricted
[INFO] [stdout]     test_no_ignore
[INFO] [stdout]     test_no_ignore_aliases
[INFO] [stdout]     test_no_ignore_parent
[INFO] [stdout]     test_no_ignore_parent_inner_git
[INFO] [stdout]     test_no_ignore_vcs
[INFO] [stdout]     test_no_ignore_vcs_child_dir
[INFO] [stdout]     test_normalized_absolute_path
[INFO] [stdout]     test_number_parsing_errors
[INFO] [stdout]     test_opposing::absolute_path
[INFO] [stdout]     test_opposing::follow
[INFO] [stdout]     test_opposing::hidden
[INFO] [stdout]     test_opposing::no_ignore
[INFO] [stdout]     test_opposing::no_ignore_vcs
[INFO] [stdout]     test_opposing::no_require_git
[INFO] [stdout]     test_opposing::u
[INFO] [stdout]     test_opposing::uu
[INFO] [stdout]     test_owner_current_group
[INFO] [stdout]     test_owner_current_user
[INFO] [stdout]     test_owner_ignore_all
[INFO] [stdout]     test_print0
[INFO] [stdout]     test_prune
[INFO] [stdout]     test_quiet
[INFO] [stdout]     test_regex_overrides_glob
[INFO] [stdout]     test_regex_searches
[INFO] [stdout]     test_respect_ignore_files
[INFO] [stdout]     test_simple
[INFO] [stdout]     test_single_and_multithreaded_execution
[INFO] [stdout]     test_size
[INFO] [stdout]     test_smart_case
[INFO] [stdout]     test_smart_case_glob_searches
[INFO] [stdout]     test_strip_cwd_prefix
[INFO] [stdout]     test_symlink_and_absolute_path
[INFO] [stdout]     test_symlink_and_full_path
[INFO] [stdout]     test_symlink_and_full_path_abs_path
[INFO] [stdout]     test_symlink_as_absolute_root
[INFO] [stdout]     test_symlink_as_root
[INFO] [stdout]     test_type
[INFO] [stdout]     test_type_empty
[INFO] [stdout] 
[INFO] [stdout] test result: FAILED. 3 passed; 98 failed; 0 ignored; 0 measured; 0 filtered out; finished in 0.07s
[INFO] [stdout] 
[INFO] running `Command { std: "docker" "inspect" "229606c2cceed7893def067d45256fb668bd69334eef88ca5f808b16773f6417", kill_on_drop: false }`
[INFO] running `Command { std: "docker" "rm" "-f" "229606c2cceed7893def067d45256fb668bd69334eef88ca5f808b16773f6417", kill_on_drop: false }`
[INFO] [stdout] 229606c2cceed7893def067d45256fb668bd69334eef88ca5f808b16773f6417
