[INFO] fetching crate cuid2gen 0.1.3...
[INFO] testing cuid2gen-0.1.3 against 1.100.0-beta.1+cargoflags=--release for beta-release-1.100-3
[INFO] extracting crate cuid2gen 0.1.3 into /workspace/builds/worker-6-tc2/source
[INFO] started tweaking crates.io crate cuid2gen 0.1.3
[INFO] removed 0 missing tests
[INFO] finished tweaking crates.io crate cuid2gen 0.1.3
[INFO] tweaked toml for crates.io crate cuid2gen 0.1.3 written to /workspace/builds/worker-6-tc2/source/Cargo.toml
[INFO] validating manifest of crates.io crate cuid2gen 0.1.3 on toolchain 1.100.0-beta.1
[INFO] running `Command { std: CARGO_HOME="/workspace/cargo-home" RUSTUP_HOME="/workspace/rustup-home" "/workspace/cargo-home/bin/cargo" "+1.100.0-beta.1" "metadata" "--manifest-path" "Cargo.toml" "--no-deps", kill_on_drop: false }`
[INFO] crate crates.io crate cuid2gen 0.1.3 already has a lockfile, it will not be regenerated
[INFO] running `Command { std: CARGO_HOME="/workspace/cargo-home" RUSTUP_HOME="/workspace/rustup-home" "/workspace/cargo-home/bin/cargo" "+1.100.0-beta.1" "fetch" "--manifest-path" "Cargo.toml", kill_on_drop: false }`
[INFO] [stderr] warning: `package.homepage` is redundant with `package.repository`
[INFO] [stderr]   --> Cargo.toml:49:12
[INFO] [stderr]    |
[INFO] [stderr] 49 | homepage = "https://github.com/raikusy/cuid2gen"
[INFO] [stderr]    |            ^^^^^^^^^^^^^^^^^^^^^^^^^^^^^^^^^^^^^
[INFO] [stderr] ...
[INFO] [stderr] 54 | repository = "https://github.com/raikusy/cuid2gen"
[INFO] [stderr]    |              -------------------------------------
[INFO] [stderr]    |
[INFO] [stderr]    = note: `cargo::redundant_homepage` is set to `warn` by default
[INFO] [stderr] help: consider removing `package.homepage`
[INFO] [stderr] warning: `cuid2gen` (manifest) generated 1 warning
[INFO] running `Command { std: "docker" "create" "-v" "/var/lib/crater-agent-workspace/builds/worker-6-tc2/source:/opt/rustwide/workdir:ro,Z" "-v" "/var/lib/crater-agent-workspace/builds/worker-6-tc2/target:/opt/rustwide/target:rw,Z" "-v" "/var/lib/crater-agent-workspace/cargo-home:/opt/rustwide/cargo-home:ro,Z" "-v" "/var/lib/crater-agent-workspace/rustup-home:/opt/rustwide/rustup-home:ro,Z" "-m" "1610612736" "--network" "none" "ghcr.io/rust-lang/crates-build-env/linux@sha256:77db811e55d90add9212f6832c23229e3de5f1c1f9905e8cb07319ea15df73ac" "sleep" "infinity", kill_on_drop: false }`
[INFO] [stdout] e2275c316651f822e3a0470363868acc4c6f53fdd569fec7e8352d8e6a1ebaae
[INFO] running `Command { std: "docker" "start" "e2275c316651f822e3a0470363868acc4c6f53fdd569fec7e8352d8e6a1ebaae", kill_on_drop: false }`
[INFO] running `Command { std: "docker" "inspect" "e2275c316651f822e3a0470363868acc4c6f53fdd569fec7e8352d8e6a1ebaae", kill_on_drop: false }`
[INFO] running `Command { std: "docker" "exec" "-e" "SOURCE_DIR=/opt/rustwide/workdir" "-e" "CARGO_HOME=/opt/rustwide/cargo-home" "-e" "RUSTUP_HOME=/opt/rustwide/rustup-home" "-e" "CARGO_TARGET_DIR=/opt/rustwide/target" "-w" "/opt/rustwide/workdir" "--user" "0:0" "e2275c316651f822e3a0470363868acc4c6f53fdd569fec7e8352d8e6a1ebaae" "/opt/rustwide/cargo-home/bin/cargo" "+1.100.0-beta.1" "metadata" "--no-deps" "--format-version=1", kill_on_drop: false }`
[INFO] running `Command { std: "docker" "inspect" "e2275c316651f822e3a0470363868acc4c6f53fdd569fec7e8352d8e6a1ebaae", kill_on_drop: false }`
[INFO] running `Command { std: "docker" "exec" "-e" "SOURCE_DIR=/opt/rustwide/workdir" "-e" "CARGO_HOME=/opt/rustwide/cargo-home" "-e" "RUSTUP_HOME=/opt/rustwide/rustup-home" "-e" "CARGO_TARGET_DIR=/opt/rustwide/target" "-e" "CARGO_INCREMENTAL=0" "-e" "RUST_BACKTRACE=full" "-e" "RUSTFLAGS=--cap-lints=warn" "-e" "RUSTDOCFLAGS=--cap-lints=warn" "-w" "/opt/rustwide/workdir" "--user" "0:0" "e2275c316651f822e3a0470363868acc4c6f53fdd569fec7e8352d8e6a1ebaae" "/opt/rustwide/cargo-home/bin/cargo" "+1.100.0-beta.1" "build" "--frozen" "--message-format=json" "--release", kill_on_drop: false }`
[INFO] [stderr] warning: `package.homepage` is redundant with `package.repository`
[INFO] [stderr]   --> Cargo.toml:49:12
[INFO] [stderr]    |
[INFO] [stderr] 49 | homepage = "https://github.com/raikusy/cuid2gen"
[INFO] [stderr]    |            ^^^^^^^^^^^^^^^^^^^^^^^^^^^^^^^^^^^^^
[INFO] [stderr] ...
[INFO] [stderr] 54 | repository = "https://github.com/raikusy/cuid2gen"
[INFO] [stderr]    |              -------------------------------------
[INFO] [stderr]    |
[INFO] [stderr]    = note: `cargo::redundant_homepage` is set to `warn` by default
[INFO] [stderr] help: consider removing `package.homepage`
[INFO] [stderr] warning: `cuid2gen` (manifest) generated 1 warning
[INFO] [stderr]    Compiling proc-macro2 v1.0.92
[INFO] [stderr]    Compiling unicode-ident v1.0.14
[INFO] [stderr]    Compiling autocfg v1.4.0
[INFO] [stderr]    Compiling version_check v0.9.5
[INFO] [stderr]    Compiling typenum v1.17.0
[INFO] [stderr]    Compiling libc v0.2.167
[INFO] [stderr]    Compiling byteorder v1.5.0
[INFO] [stderr]    Compiling cfg-if v1.0.0
[INFO] [stderr]    Compiling utf8parse v0.2.2
[INFO] [stderr]    Compiling anstyle-query v1.1.2
[INFO] [stderr]    Compiling is_terminal_polyfill v1.70.1
[INFO] [stderr]    Compiling serde v1.0.215
[INFO] [stderr]    Compiling colorchoice v1.0.3
[INFO] [stderr]    Compiling anstyle v1.0.10
[INFO] [stderr]    Compiling anyhow v1.0.93
[INFO] [stderr]    Compiling clap_lex v0.7.3
[INFO] [stderr]    Compiling anstyle-parse v0.2.6
[INFO] [stderr]    Compiling heck v0.5.0
[INFO] [stderr]    Compiling keccak v0.1.5
[INFO] [stderr]    Compiling serde_json v1.0.133
[INFO] [stderr]    Compiling strsim v0.11.1
[INFO] [stderr]    Compiling thiserror v1.0.69
[INFO] [stderr]    Compiling ryu v1.0.18
[INFO] [stderr]    Compiling cuid-util v0.1.1
[INFO] [stderr]    Compiling generic-array v0.14.7
[INFO] [stderr]    Compiling memchr v2.7.4
[INFO] [stderr]    Compiling itoa v1.0.14
[INFO] [stderr]    Compiling anstream v0.6.18
[INFO] [stderr]    Compiling num-traits v0.2.19
[INFO] [stderr]    Compiling clap_builder v4.5.21
[INFO] [stderr]    Compiling getrandom v0.2.15
[INFO] [stderr]    Compiling rand_core v0.6.4
[INFO] [stderr]    Compiling quote v1.0.37
[INFO] [stderr]    Compiling syn v2.0.90
[INFO] [stderr]    Compiling num-integer v0.1.46
[INFO] [stderr]    Compiling num-complex v0.4.6
[INFO] [stderr]    Compiling crypto-common v0.1.6
[INFO] [stderr]    Compiling block-buffer v0.10.4
[INFO] [stderr]    Compiling digest v0.10.7
[INFO] [stderr]    Compiling num-bigint v0.4.6
[INFO] [stderr]    Compiling num-iter v0.1.45
[INFO] [stderr]    Compiling sha3 v0.10.8
[INFO] [stderr]    Compiling num-rational v0.4.2
[INFO] [stderr]    Compiling num v0.4.3
[INFO] [stderr]    Compiling zerocopy-derive v0.7.35
[INFO] [stderr]    Compiling serde_derive v1.0.215
[INFO] [stderr]    Compiling clap_derive v4.5.18
[INFO] [stderr]    Compiling thiserror-impl v1.0.69
[INFO] [stderr]    Compiling zerocopy v0.7.35
[INFO] [stderr]    Compiling clap v4.5.21
[INFO] [stderr]    Compiling ppv-lite86 v0.2.20
[INFO] [stderr]    Compiling rand_chacha v0.3.1
[INFO] [stderr]    Compiling rand v0.8.5
[INFO] [stderr]    Compiling cuid2 v0.1.3
[INFO] [stderr]    Compiling cuid2gen v0.1.3 (/opt/rustwide/workdir)
[INFO] [stderr] warning: unused dependency `thiserror`
[INFO] [stderr]   --> Cargo.toml:25:15
[INFO] [stderr]    |
[INFO] [stderr] 25 | [dependencies.thiserror]
[INFO] [stderr]    |               ^^^^^^^^^^
[INFO] [stderr]    |
[INFO] [stderr]    = note: `cargo::unused_dependencies` is set to `warn` by default
[INFO] [stderr] help: consider removing the dependency on `thiserror`
[INFO] [stderr] warning: `cuid2gen` (manifest) generated 1 warning
[INFO] [stderr]     Finished `release` profile [optimized] target(s) in 29.03s
[INFO] running `Command { std: "docker" "inspect" "e2275c316651f822e3a0470363868acc4c6f53fdd569fec7e8352d8e6a1ebaae", kill_on_drop: false }`
[INFO] running `Command { std: "docker" "exec" "-e" "SOURCE_DIR=/opt/rustwide/workdir" "-e" "CARGO_HOME=/opt/rustwide/cargo-home" "-e" "RUSTUP_HOME=/opt/rustwide/rustup-home" "-e" "CARGO_TARGET_DIR=/opt/rustwide/target" "-e" "CARGO_INCREMENTAL=0" "-e" "RUST_BACKTRACE=full" "-e" "RUSTFLAGS=--cap-lints=warn" "-e" "RUSTDOCFLAGS=--cap-lints=warn" "-w" "/opt/rustwide/workdir" "--user" "0:0" "e2275c316651f822e3a0470363868acc4c6f53fdd569fec7e8352d8e6a1ebaae" "/opt/rustwide/cargo-home/bin/cargo" "+1.100.0-beta.1" "test" "--frozen" "--no-run" "--message-format=json" "--release", kill_on_drop: false }`
[INFO] [stderr] warning: `package.homepage` is redundant with `package.repository`
[INFO] [stderr]   --> Cargo.toml:49:12
[INFO] [stderr]    |
[INFO] [stderr] 49 | homepage = "https://github.com/raikusy/cuid2gen"
[INFO] [stderr]    |            ^^^^^^^^^^^^^^^^^^^^^^^^^^^^^^^^^^^^^
[INFO] [stderr] ...
[INFO] [stderr] 54 | repository = "https://github.com/raikusy/cuid2gen"
[INFO] [stderr]    |              -------------------------------------
[INFO] [stderr]    |
[INFO] [stderr]    = note: `cargo::redundant_homepage` is set to `warn` by default
[INFO] [stderr] help: consider removing `package.homepage`
[INFO] [stderr] warning: `cuid2gen` (manifest) generated 1 warning
[INFO] [stderr]    Compiling libc v0.2.167
[INFO] [stderr]    Compiling memchr v2.7.4
[INFO] [stderr]    Compiling cfg-if v1.0.0
[INFO] [stderr]    Compiling regex-syntax v0.8.5
[INFO] [stderr]    Compiling byteorder v1.5.0
[INFO] [stderr]    Compiling anstyle v1.0.10
[INFO] [stderr]    Compiling utf8parse v0.2.2
[INFO] [stderr]    Compiling num-traits v0.2.19
[INFO] [stderr]    Compiling typenum v1.17.0
[INFO] [stderr]    Compiling anstyle-query v1.1.2
[INFO] [stderr]    Compiling colorchoice v1.0.3
[INFO] [stderr]    Compiling doc-comment v0.3.3
[INFO] [stderr]    Compiling is_terminal_polyfill v1.70.1
[INFO] [stderr]    Compiling rustix v0.38.41
[INFO] [stderr]    Compiling predicates-core v1.0.8
[INFO] [stderr]    Compiling anstyle-parse v0.2.6
[INFO] [stderr]    Compiling difflib v0.4.0
[INFO] [stderr]    Compiling bitflags v2.6.0
[INFO] [stderr]    Compiling assert_cmd v2.0.16
[INFO] [stderr]    Compiling linux-raw-sys v0.4.14
[INFO] [stderr]    Compiling clap_lex v0.7.3
[INFO] [stderr]    Compiling normalize-line-endings v0.3.0
[INFO] [stderr]    Compiling termtree v0.4.1
[INFO] [stderr]    Compiling strsim v0.11.1
[INFO] [stderr]    Compiling anstream v0.6.18
[INFO] [stderr]    Compiling keccak v0.1.5
[INFO] [stderr]    Compiling zerocopy v0.7.35
[INFO] [stderr]    Compiling predicates-tree v1.0.11
[INFO] [stderr]    Compiling serde v1.0.215
[INFO] [stderr]    Compiling itoa v1.0.14
[INFO] [stderr]    Compiling fastrand v2.2.0
[INFO] [stderr]    Compiling once_cell v1.20.2
[INFO] [stderr]    Compiling cuid-util v0.1.1
[INFO] [stderr]    Compiling ryu v1.0.18
[INFO] [stderr]    Compiling clap_builder v4.5.21
[INFO] [stderr]    Compiling thiserror v1.0.69
[INFO] [stderr]    Compiling anyhow v1.0.93
[INFO] [stderr]    Compiling aho-corasick v1.1.3
[INFO] [stderr]    Compiling generic-array v0.14.7
[INFO] [stderr]    Compiling ppv-lite86 v0.2.20
[INFO] [stderr]    Compiling getrandom v0.2.15
[INFO] [stderr]    Compiling wait-timeout v0.2.0
[INFO] [stderr]    Compiling rand_core v0.6.4
[INFO] [stderr]    Compiling rand_chacha v0.3.1
[INFO] [stderr]    Compiling num-integer v0.1.46
[INFO] [stderr]    Compiling float-cmp v0.9.0
[INFO] [stderr]    Compiling num-complex v0.4.6
[INFO] [stderr]    Compiling block-buffer v0.10.4
[INFO] [stderr]    Compiling crypto-common v0.1.6
[INFO] [stderr]    Compiling rand v0.8.5
[INFO] [stderr]    Compiling digest v0.10.7
[INFO] [stderr]    Compiling num-bigint v0.4.6
[INFO] [stderr]    Compiling num-iter v0.1.45
[INFO] [stderr]    Compiling sha3 v0.10.8
[INFO] [stderr]    Compiling cuid2 v0.1.3
[INFO] [stderr]    Compiling tempfile v3.14.0
[INFO] [stderr]    Compiling regex-automata v0.4.9
[INFO] [stderr]    Compiling cuid2gen v0.1.3 (/opt/rustwide/workdir)
[INFO] [stderr]    Compiling clap v4.5.21
[INFO] [stderr]    Compiling num-rational v0.4.2
[INFO] [stderr]    Compiling num v0.4.3
[INFO] [stderr]    Compiling serde_json v1.0.133
[INFO] [stderr]    Compiling regex v1.11.1
[INFO] [stderr]    Compiling bstr v1.11.0
[INFO] [stderr]    Compiling predicates v3.1.2
[INFO] [stderr]     Finished `release` profile [optimized] target(s) in 50.34s
[INFO] running `Command { std: "docker" "inspect" "e2275c316651f822e3a0470363868acc4c6f53fdd569fec7e8352d8e6a1ebaae", kill_on_drop: false }`
[INFO] running `Command { std: "docker" "exec" "-e" "SOURCE_DIR=/opt/rustwide/workdir" "-e" "CARGO_HOME=/opt/rustwide/cargo-home" "-e" "RUSTUP_HOME=/opt/rustwide/rustup-home" "-e" "CARGO_TARGET_DIR=/opt/rustwide/target" "-e" "CARGO_INCREMENTAL=0" "-e" "RUST_BACKTRACE=full" "-e" "RUSTFLAGS=--cap-lints=warn" "-e" "RUSTDOCFLAGS=--cap-lints=warn" "-w" "/opt/rustwide/workdir" "--user" "0:0" "e2275c316651f822e3a0470363868acc4c6f53fdd569fec7e8352d8e6a1ebaae" "/opt/rustwide/cargo-home/bin/cargo" "+1.100.0-beta.1" "test" "--frozen" "--release", kill_on_drop: false }`
[INFO] [stderr] warning: `package.homepage` is redundant with `package.repository`
[INFO] [stderr]   --> Cargo.toml:49:12
[INFO] [stderr]    |
[INFO] [stderr] 49 | homepage = "https://github.com/raikusy/cuid2gen"
[INFO] [stderr]    |            ^^^^^^^^^^^^^^^^^^^^^^^^^^^^^^^^^^^^^
[INFO] [stderr] ...
[INFO] [stderr] 54 | repository = "https://github.com/raikusy/cuid2gen"
[INFO] [stderr]    |              -------------------------------------
[INFO] [stderr]    |
[INFO] [stderr]    = note: `cargo::redundant_homepage` is set to `warn` by default
[INFO] [stderr] help: consider removing `package.homepage`
[INFO] [stderr] warning: `cuid2gen` (manifest) generated 1 warning
[INFO] [stderr]     Finished `release` profile [optimized] target(s) in 0.13s
[INFO] [stderr]      Running unittests src/main.rs (/opt/rustwide/target/release/build/cuid2gen/524756eabb03adfd/out/cuid2gen-524756eabb03adfd)
[INFO] [stdout] 
[INFO] [stdout] running 6 tests
[INFO] [stdout] test tests::test_quiet_mode ... FAILED
[INFO] [stdout] test tests::test_multiple_ids ... FAILED
[INFO] [stdout] test tests::test_basic_generation ... FAILED
[INFO] [stdout] test tests::test_csv_format ... FAILED
[INFO] [stdout] test tests::test_length_warning ... FAILED
[INFO] [stdout] test tests::test_json_format ... FAILED
[INFO] [stderr] error: test failed, to rerun pass `--bin cuid2gen`
[INFO] [stdout] 
[INFO] [stdout] failures:
[INFO] [stdout] 
[INFO] [stdout] ---- tests::test_quiet_mode stdout ----
[INFO] [stdout] 
[INFO] [stdout] thread 'tests::test_quiet_mode' (1637) panicked at src/main.rs:207:54:
[INFO] [stdout] called `Result::unwrap()` on an `Err` value: CargoError { cause: Some(NotFoundError { path: "/opt/rustwide/target/release/build/cuid2gen/524756eabb03adfd/out/cuid2gen" }) }
[INFO] [stdout] stack backtrace:
[INFO] [stdout]    0:     0x5f7b7924d3f7 - <unknown>
[INFO] [stdout]    1:     0x5f7b791a6d4a - <unknown>
[INFO] [stdout]    2:     0x5f7b7924c9ab - <unknown>
[INFO] [stdout]    3:     0x5f7b7924c48f - <unknown>
[INFO] [stdout]    4:     0x5f7b7924c0ba - <unknown>
[INFO] [stdout]    5:     0x5f7b7924bbf5 - <unknown>
[INFO] [stdout]    6:     0x5f7b792729a1 - <unknown>
[INFO] [stdout]    7:     0x5f7b79272959 - <unknown>
[INFO] [stdout]    8:     0x5f7b79272e5c - <unknown>
[INFO] [stdout]    9:     0x5f7b791a6bdb - <unknown>
[INFO] [stdout]   10:     0x5f7b791aabd1 - <unknown>
[INFO] [stdout]   11:     0x5f7b791719f4 - <unknown>
[INFO] [stdout]   12:     0x5f7b7928e09b - <unknown>
[INFO] [stdout]   13:     0x5f7b79289b30 - <unknown>
[INFO] [stdout]   14:     0x5f7b7928925c - <unknown>
[INFO] [stdout]   15:     0x5f7b792a8f8c - <unknown>
[INFO] [stdout]   16:     0x5f7b792748c4 - <unknown>
[INFO] [stdout]   17:     0x7ee822ca8dfa - <unknown>
[INFO] [stdout]   18:     0x7ee822d3c3d4 - clone
[INFO] [stdout]   19:                0x0 - <unknown>
[INFO] [stdout] 
[INFO] [stdout] ---- tests::test_multiple_ids stdout ----
[INFO] [stdout] 
[INFO] [stdout] thread 'tests::test_multiple_ids' (1636) panicked at src/main.rs:171:54:
[INFO] [stdout] called `Result::unwrap()` on an `Err` value: CargoError { cause: Some(NotFoundError { path: "/opt/rustwide/target/release/build/cuid2gen/524756eabb03adfd/out/cuid2gen" }) }
[INFO] [stdout] stack backtrace:
[INFO] [stdout]    0:     0x5f7b7924d3f7 - <unknown>
[INFO] [stdout]    1:     0x5f7b791a6d4a - <unknown>
[INFO] [stdout]    2:     0x5f7b7924c9ab - <unknown>
[INFO] [stdout]    3:     0x5f7b7924c48f - <unknown>
[INFO] [stdout]    4:     0x5f7b7924c0ba - <unknown>
[INFO] [stdout]    5:     0x5f7b7924bbf5 - <unknown>
[INFO] [stdout]    6:     0x5f7b792729a1 - <unknown>
[INFO] [stdout]    7:     0x5f7b79272959 - <unknown>
[INFO] [stdout]    8:     0x5f7b79272e5c - <unknown>
[INFO] [stdout]    9:     0x5f7b791a6bdb - <unknown>
[INFO] [stdout]   10:     0x5f7b791aabd1 - <unknown>
[INFO] [stdout]   11:     0x5f7b791720f7 - <unknown>
[INFO] [stdout]   12:     0x5f7b7928e09b - <unknown>
[INFO] [stdout]   13:     0x5f7b79289b30 - <unknown>
[INFO] [stdout]   14:     0x5f7b7928925c - <unknown>
[INFO] [stdout]   15:     0x5f7b792a8f8c - <unknown>
[INFO] [stdout]   16:     0x5f7b792748c4 - <unknown>
[INFO] [stdout]   17:     0x7ee822ca8dfa - <unknown>
[INFO] [stdout]   18:     0x7ee822d3c3d4 - clone
[INFO] [stdout]   19:                0x0 - <unknown>
[INFO] [stdout] 
[INFO] [stdout] ---- tests::test_basic_generation stdout ----
[INFO] [stdout] 
[INFO] [stdout] thread 'tests::test_basic_generation' (1632) panicked at src/main.rs:163:54:
[INFO] [stdout] called `Result::unwrap()` on an `Err` value: CargoError { cause: Some(NotFoundError { path: "/opt/rustwide/target/release/build/cuid2gen/524756eabb03adfd/out/cuid2gen" }) }
[INFO] [stdout] stack backtrace:
[INFO] [stdout]    0:     0x5f7b7924d3f7 - <unknown>
[INFO] [stdout]    1:     0x5f7b791a6d4a - <unknown>
[INFO] [stdout]    2:     0x5f7b7924c9ab - <unknown>
[INFO] [stdout]    3:     0x5f7b7924c48f - <unknown>
[INFO] [stdout]    4:     0x5f7b7924c0ba - <unknown>
[INFO] [stdout]    5:     0x5f7b7924bbf5 - <unknown>
[INFO] [stdout]    6:     0x5f7b792729a1 - <unknown>
[INFO] [stdout]    7:     0x5f7b79272959 - <unknown>
[INFO] [stdout]    8:     0x5f7b79272e5c - <unknown>
[INFO] [stdout]    9:     0x5f7b791a6bdb - <unknown>
[INFO] [stdout]   10:     0x5f7b791aabd1 - <unknown>
[INFO] [stdout]   11:     0x5f7b79173a95 - <unknown>
[INFO] [stdout]   12:     0x5f7b7928e09b - <unknown>
[INFO] [stdout]   13:     0x5f7b79289b30 - <unknown>
[INFO] [stdout]   14:     0x5f7b7928925c - <unknown>
[INFO] [stdout]   15:     0x5f7b792a8f8c - <unknown>
[INFO] [stdout]   16:     0x5f7b792748c4 - <unknown>
[INFO] [stdout]   17:     0x7ee822ca8dfa - <unknown>
[INFO] [stdout]   18:     0x7ee822d3c3d4 - clone
[INFO] [stdout]   19:                0x0 - <unknown>
[INFO] [stdout] 
[INFO] [stdout] ---- tests::test_csv_format stdout ----
[INFO] [stdout] 
[INFO] [stdout] thread 'tests::test_csv_format' (1633) panicked at src/main.rs:198:54:
[INFO] [stdout] called `Result::unwrap()` on an `Err` value: CargoError { cause: Some(NotFoundError { path: "/opt/rustwide/target/release/build/cuid2gen/524756eabb03adfd/out/cuid2gen" }) }
[INFO] [stdout] stack backtrace:
[INFO] [stdout]    0:     0x5f7b7924d3f7 - <unknown>
[INFO] [stdout]    1:     0x5f7b791a6d4a - <unknown>
[INFO] [stdout]    2:     0x5f7b7924c9ab - <unknown>
[INFO] [stdout]    3:     0x5f7b7924c48f - <unknown>
[INFO] [stdout]    4:     0x5f7b7924c0ba - <unknown>
[INFO] [stdout]    5:     0x5f7b7924bbf5 - <unknown>
[INFO] [stdout]    6:     0x5f7b792729a1 - <unknown>
[INFO] [stdout]    7:     0x5f7b79272959 - <unknown>
[INFO] [stdout]    8:     0x5f7b79272e5c - <unknown>
[INFO] [stdout]    9:     0x5f7b791a6bdb - <unknown>
[INFO] [stdout]   10:     0x5f7b791aabd1 - <unknown>
[INFO] [stdout]   11:     0x5f7b791716b9 - <unknown>
[INFO] [stdout]   12:     0x5f7b7928e09b - <unknown>
[INFO] [stdout]   13:     0x5f7b79289b30 - <unknown>
[INFO] [stdout]   14:     0x5f7b7928925c - <unknown>
[INFO] [stdout]   15:     0x5f7b792a8f8c - <unknown>
[INFO] [stdout]   16:     0x5f7b792748c4 - <unknown>
[INFO] [stdout]   17:     0x7ee822ca8dfa - <unknown>
[INFO] [stdout]   18:     0x7ee822d3c3d4 - clone
[INFO] [stdout]   19:                0x0 - <unknown>
[INFO] [stdout] 
[INFO] [stdout] ---- tests::test_length_warning stdout ----
[INFO] [stdout] 
[INFO] [stdout] thread 'tests::test_length_warning' (1635) panicked at src/main.rs:180:54:
[INFO] [stdout] called `Result::unwrap()` on an `Err` value: CargoError { cause: Some(NotFoundError { path: "/opt/rustwide/target/release/build/cuid2gen/524756eabb03adfd/out/cuid2gen" }) }
[INFO] [stdout] stack backtrace:
[INFO] [stdout]    0:     0x5f7b7924d3f7 - <unknown>
[INFO] [stdout]    1:     0x5f7b791a6d4a - <unknown>
[INFO] [stdout]    2:     0x5f7b7924c9ab - <unknown>
[INFO] [stdout]    3:     0x5f7b7924c48f - <unknown>
[INFO] [stdout]    4:     0x5f7b7924c0ba - <unknown>
[INFO] [stdout]    5:     0x5f7b7924bbf5 - <unknown>
[INFO] [stdout]    6:     0x5f7b792729a1 - <unknown>
[INFO] [stdout]    7:     0x5f7b79272959 - <unknown>
[INFO] [stdout]    8:     0x5f7b79272e5c - <unknown>
[INFO] [stdout]    9:     0x5f7b791a6bdb - <unknown>
[INFO] [stdout]   10:     0x5f7b791aabd1 - <unknown>
[INFO] [stdout]   11:     0x5f7b7917344e - <unknown>
[INFO] [stdout]   12:     0x5f7b7928e09b - <unknown>
[INFO] [stdout]   13:     0x5f7b79289b30 - <unknown>
[INFO] [stdout]   14:     0x5f7b7928925c - <unknown>
[INFO] [stdout]   15:     0x5f7b792a8f8c - <unknown>
[INFO] [stdout]   16:     0x5f7b792748c4 - <unknown>
[INFO] [stdout]   17:     0x7ee822ca8dfa - <unknown>
[INFO] [stdout]   18:     0x7ee822d3c3d4 - clone
[INFO] [stdout]   19:                0x0 - <unknown>
[INFO] [stdout] 
[INFO] [stdout] ---- tests::test_json_format stdout ----
[INFO] [stdout] 
[INFO] [stdout] thread 'tests::test_json_format' (1634) panicked at src/main.rs:189:54:
[INFO] [stdout] called `Result::unwrap()` on an `Err` value: CargoError { cause: Some(NotFoundError { path: "/opt/rustwide/target/release/build/cuid2gen/524756eabb03adfd/out/cuid2gen" }) }
[INFO] [stdout] stack backtrace:
[INFO] [stdout]    0:     0x5f7b7924d3f7 - <unknown>
[INFO] [stdout]    1:     0x5f7b791a6d4a - <unknown>
[INFO] [stdout]    2:     0x5f7b7924c9ab - <unknown>
[INFO] [stdout]    3:     0x5f7b7924c48f - <unknown>
[INFO] [stdout]    4:     0x5f7b7924c0ba - <unknown>
[INFO] [stdout]    5:     0x5f7b7924bbf5 - <unknown>
[INFO] [stdout]    6:     0x5f7b792729a1 - <unknown>
[INFO] [stdout]    7:     0x5f7b79272959 - <unknown>
[INFO] [stdout]    8:     0x5f7b79272e5c - <unknown>
[INFO] [stdout]    9:     0x5f7b791a6bdb - <unknown>
[INFO] [stdout]   10:     0x5f7b791aabd1 - <unknown>
[INFO] [stdout]   11:     0x5f7b79171d37 - <unknown>
[INFO] [stdout]   12:     0x5f7b7928e09b - <unknown>
[INFO] [stdout]   13:     0x5f7b79289b30 - <unknown>
[INFO] [stdout]   14:     0x5f7b7928925c - <unknown>
[INFO] [stdout]   15:     0x5f7b792a8f8c - <unknown>
[INFO] [stdout]   16:     0x5f7b792748c4 - <unknown>
[INFO] [stdout]   17:     0x7ee822ca8dfa - <unknown>
[INFO] [stdout]   18:     0x7ee822d3c3d4 - clone
[INFO] [stdout]   19:                0x0 - <unknown>
[INFO] [stdout] 
[INFO] [stdout] 
[INFO] [stdout] failures:
[INFO] [stdout]     tests::test_basic_generation
[INFO] [stdout]     tests::test_csv_format
[INFO] [stdout]     tests::test_json_format
[INFO] [stdout]     tests::test_length_warning
[INFO] [stdout]     tests::test_multiple_ids
[INFO] [stdout]     tests::test_quiet_mode
[INFO] [stdout] 
[INFO] [stdout] test result: FAILED. 0 passed; 6 failed; 0 ignored; 0 measured; 0 filtered out; finished in 0.01s
[INFO] [stdout] 
[INFO] running `Command { std: "docker" "inspect" "e2275c316651f822e3a0470363868acc4c6f53fdd569fec7e8352d8e6a1ebaae", kill_on_drop: false }`
[INFO] running `Command { std: "docker" "rm" "-f" "e2275c316651f822e3a0470363868acc4c6f53fdd569fec7e8352d8e6a1ebaae", kill_on_drop: false }`
[INFO] [stdout] e2275c316651f822e3a0470363868acc4c6f53fdd569fec7e8352d8e6a1ebaae
