[INFO] fetching crate csvre 0.1.0...
[INFO] testing csvre-0.1.0 against 1.100.0-beta.1+cargoflags=--release for beta-release-1.100-3
[INFO] extracting crate csvre 0.1.0 into /workspace/builds/worker-1-tc2/source
[INFO] started tweaking crates.io crate csvre 0.1.0
[INFO] finished tweaking crates.io crate csvre 0.1.0
[INFO] tweaked toml for crates.io crate csvre 0.1.0 written to /workspace/builds/worker-1-tc2/source/Cargo.toml
[INFO] validating manifest of crates.io crate csvre 0.1.0 on toolchain 1.100.0-beta.1
[INFO] running `Command { std: CARGO_HOME="/workspace/cargo-home" RUSTUP_HOME="/workspace/rustup-home" "/workspace/cargo-home/bin/cargo" "+1.100.0-beta.1" "metadata" "--manifest-path" "Cargo.toml" "--no-deps", kill_on_drop: false }`
[INFO] running `Command { std: CARGO_HOME="/workspace/cargo-home" RUSTUP_HOME="/workspace/rustup-home" "/workspace/cargo-home/bin/cargo" "+1.100.0-beta.1" "generate-lockfile" "--manifest-path" "Cargo.toml", kill_on_drop: false }`
[INFO] [stderr]     Blocking waiting for file lock on package cache
[INFO] [stderr]     Updating crates.io index
[INFO] [stderr]     Blocking waiting for file lock on package cache
[ERROR] error running command: no output for 300 seconds
[INFO] testing csvre-0.1.0 against 1.100.0-beta.1+cargoflags=--release for beta-release-1.100-3
[INFO] extracting crate csvre 0.1.0 into /workspace/builds/worker-1-tc2/source
[INFO] started tweaking crates.io crate csvre 0.1.0
[INFO] finished tweaking crates.io crate csvre 0.1.0
[INFO] tweaked toml for crates.io crate csvre 0.1.0 written to /workspace/builds/worker-1-tc2/source/Cargo.toml
[INFO] validating manifest of crates.io crate csvre 0.1.0 on toolchain 1.100.0-beta.1
[INFO] running `Command { std: CARGO_HOME="/workspace/cargo-home" RUSTUP_HOME="/workspace/rustup-home" "/workspace/cargo-home/bin/cargo" "+1.100.0-beta.1" "metadata" "--manifest-path" "Cargo.toml" "--no-deps", kill_on_drop: false }`
[INFO] running `Command { std: CARGO_HOME="/workspace/cargo-home" RUSTUP_HOME="/workspace/rustup-home" "/workspace/cargo-home/bin/cargo" "+1.100.0-beta.1" "generate-lockfile" "--manifest-path" "Cargo.toml", kill_on_drop: false }`
[INFO] [stderr]     Blocking waiting for file lock on package cache
[INFO] [stderr]     Updating crates.io index
[INFO] [stderr]     Blocking waiting for file lock on package cache
[ERROR] error running command: no output for 300 seconds
[INFO] testing csvre-0.1.0 against 1.100.0-beta.1+cargoflags=--release for beta-release-1.100-3
[INFO] extracting crate csvre 0.1.0 into /workspace/builds/worker-1-tc2/source
[INFO] started tweaking crates.io crate csvre 0.1.0
[INFO] finished tweaking crates.io crate csvre 0.1.0
[INFO] tweaked toml for crates.io crate csvre 0.1.0 written to /workspace/builds/worker-1-tc2/source/Cargo.toml
[INFO] validating manifest of crates.io crate csvre 0.1.0 on toolchain 1.100.0-beta.1
[INFO] running `Command { std: CARGO_HOME="/workspace/cargo-home" RUSTUP_HOME="/workspace/rustup-home" "/workspace/cargo-home/bin/cargo" "+1.100.0-beta.1" "metadata" "--manifest-path" "Cargo.toml" "--no-deps", kill_on_drop: false }`
[INFO] running `Command { std: CARGO_HOME="/workspace/cargo-home" RUSTUP_HOME="/workspace/rustup-home" "/workspace/cargo-home/bin/cargo" "+1.100.0-beta.1" "generate-lockfile" "--manifest-path" "Cargo.toml", kill_on_drop: false }`
[INFO] [stderr]     Blocking waiting for file lock on package cache
[INFO] [stderr]     Updating crates.io index
[INFO] [stderr]     Blocking waiting for file lock on package cache
[ERROR] error running command: no output for 300 seconds
[INFO] testing csvre-0.1.0 against 1.100.0-beta.1+cargoflags=--release for beta-release-1.100-3
[INFO] extracting crate csvre 0.1.0 into /workspace/builds/worker-1-tc2/source
[INFO] started tweaking crates.io crate csvre 0.1.0
[INFO] finished tweaking crates.io crate csvre 0.1.0
[INFO] tweaked toml for crates.io crate csvre 0.1.0 written to /workspace/builds/worker-1-tc2/source/Cargo.toml
[INFO] validating manifest of crates.io crate csvre 0.1.0 on toolchain 1.100.0-beta.1
[INFO] running `Command { std: CARGO_HOME="/workspace/cargo-home" RUSTUP_HOME="/workspace/rustup-home" "/workspace/cargo-home/bin/cargo" "+1.100.0-beta.1" "metadata" "--manifest-path" "Cargo.toml" "--no-deps", kill_on_drop: false }`
[INFO] running `Command { std: CARGO_HOME="/workspace/cargo-home" RUSTUP_HOME="/workspace/rustup-home" "/workspace/cargo-home/bin/cargo" "+1.100.0-beta.1" "generate-lockfile" "--manifest-path" "Cargo.toml", kill_on_drop: false }`
[INFO] [stderr]     Blocking waiting for file lock on package cache
[INFO] [stderr]     Updating crates.io index
[INFO] [stderr]     Blocking waiting for file lock on package cache
[INFO] [stderr]      Locking 19 packages to highest compatible versions
[INFO] running `Command { std: CARGO_HOME="/workspace/cargo-home" RUSTUP_HOME="/workspace/rustup-home" "/workspace/cargo-home/bin/cargo" "+1.100.0-beta.1" "fetch" "--manifest-path" "Cargo.toml", kill_on_drop: false }`
[INFO] [stderr] warning: `package.homepage` is redundant with `package.repository`
[INFO] [stderr]   --> Cargo.toml:21:12
[INFO] [stderr]    |
[INFO] [stderr] 21 | homepage = "https://github.com/oswjk/csvre"
[INFO] [stderr]    |            ^^^^^^^^^^^^^^^^^^^^^^^^^^^^^^^^
[INFO] [stderr] ...
[INFO] [stderr] 26 | repository = "https://github.com/oswjk/csvre"
[INFO] [stderr]    |              --------------------------------
[INFO] [stderr]    |
[INFO] [stderr]    = note: `cargo::redundant_homepage` is set to `warn` by default
[INFO] [stderr] help: consider removing `package.homepage`
[INFO] [stderr] warning: `csvre` (manifest) generated 1 warning
[INFO] [stderr]     Blocking waiting for file lock on package cache
[INFO] [stderr]  Downloading crates ...
[INFO] [stderr]   Downloaded csv-core v0.1.13
[INFO] [stderr]   Downloaded docopt v1.1.1
[INFO] [stderr]   Downloaded csv v1.4.0
[INFO] running `Command { std: "docker" "create" "-v" "/var/lib/crater-agent-workspace/builds/worker-1-tc2/source:/opt/rustwide/workdir:ro,Z" "-v" "/var/lib/crater-agent-workspace/builds/worker-1-tc2/target:/opt/rustwide/target:rw,Z" "-v" "/var/lib/crater-agent-workspace/cargo-home:/opt/rustwide/cargo-home:ro,Z" "-v" "/var/lib/crater-agent-workspace/rustup-home:/opt/rustwide/rustup-home:ro,Z" "-m" "1610612736" "--network" "none" "ghcr.io/rust-lang/crates-build-env/linux@sha256:77db811e55d90add9212f6832c23229e3de5f1c1f9905e8cb07319ea15df73ac" "sleep" "infinity", kill_on_drop: false }`
[INFO] [stdout] 50dc1f1be797d1138c774446db38c2493c41bb8676ddc7786c63495145b0a3f0
[INFO] running `Command { std: "docker" "start" "50dc1f1be797d1138c774446db38c2493c41bb8676ddc7786c63495145b0a3f0", kill_on_drop: false }`
[INFO] running `Command { std: "docker" "inspect" "50dc1f1be797d1138c774446db38c2493c41bb8676ddc7786c63495145b0a3f0", kill_on_drop: false }`
[INFO] running `Command { std: "docker" "exec" "-e" "SOURCE_DIR=/opt/rustwide/workdir" "-e" "CARGO_HOME=/opt/rustwide/cargo-home" "-e" "RUSTUP_HOME=/opt/rustwide/rustup-home" "-e" "CARGO_TARGET_DIR=/opt/rustwide/target" "-w" "/opt/rustwide/workdir" "--user" "0:0" "50dc1f1be797d1138c774446db38c2493c41bb8676ddc7786c63495145b0a3f0" "/opt/rustwide/cargo-home/bin/cargo" "+1.100.0-beta.1" "metadata" "--no-deps" "--format-version=1", kill_on_drop: false }`
[INFO] running `Command { std: "docker" "inspect" "50dc1f1be797d1138c774446db38c2493c41bb8676ddc7786c63495145b0a3f0", kill_on_drop: false }`
[INFO] running `Command { std: "docker" "exec" "-e" "SOURCE_DIR=/opt/rustwide/workdir" "-e" "CARGO_HOME=/opt/rustwide/cargo-home" "-e" "RUSTUP_HOME=/opt/rustwide/rustup-home" "-e" "CARGO_TARGET_DIR=/opt/rustwide/target" "-e" "CARGO_INCREMENTAL=0" "-e" "RUST_BACKTRACE=full" "-e" "RUSTFLAGS=--cap-lints=warn" "-e" "RUSTDOCFLAGS=--cap-lints=warn" "-w" "/opt/rustwide/workdir" "--user" "0:0" "50dc1f1be797d1138c774446db38c2493c41bb8676ddc7786c63495145b0a3f0" "/opt/rustwide/cargo-home/bin/cargo" "+1.100.0-beta.1" "build" "--frozen" "--message-format=json" "--release", kill_on_drop: false }`
[INFO] [stderr] warning: `package.homepage` is redundant with `package.repository`
[INFO] [stderr]   --> Cargo.toml:21:12
[INFO] [stderr]    |
[INFO] [stderr] 21 | homepage = "https://github.com/oswjk/csvre"
[INFO] [stderr]    |            ^^^^^^^^^^^^^^^^^^^^^^^^^^^^^^^^
[INFO] [stderr] ...
[INFO] [stderr] 26 | repository = "https://github.com/oswjk/csvre"
[INFO] [stderr]    |              --------------------------------
[INFO] [stderr]    |
[INFO] [stderr]    = note: `cargo::redundant_homepage` is set to `warn` by default
[INFO] [stderr] help: consider removing `package.homepage`
[INFO] [stderr] warning: `csvre` (manifest) generated 1 warning
[INFO] [stderr]    Compiling proc-macro2 v1.0.107
[INFO] [stderr]    Compiling quote v1.0.47
[INFO] [stderr]    Compiling memchr v2.8.3
[INFO] [stderr]    Compiling unicode-ident v1.0.27
[INFO] [stderr]    Compiling serde_core v1.0.229
[INFO] [stderr]    Compiling serde v1.0.229
[INFO] [stderr]    Compiling regex-syntax v0.8.11
[INFO] [stderr]    Compiling strsim v0.10.0
[INFO] [stderr]    Compiling itoa v1.0.18
[INFO] [stderr]    Compiling ryu v1.0.23
[INFO] [stderr]    Compiling lazy_static v1.5.1
[INFO] [stderr]    Compiling syn v3.0.9
[INFO] [stderr]    Compiling aho-corasick v1.1.5
[INFO] [stderr]    Compiling csv-core v0.1.13
[INFO] [stderr]    Compiling serde_derive v1.0.229
[INFO] [stderr]    Compiling regex-automata v0.4.18
[INFO] [stderr]    Compiling csv v1.4.0
[INFO] [stderr]    Compiling regex v1.13.1
[INFO] [stderr]    Compiling docopt v1.1.1
[INFO] [stderr]    Compiling csvre v0.1.0 (/opt/rustwide/workdir)
[INFO] [stderr]     Finished `release` profile [optimized] target(s) in 30.59s
[INFO] running `Command { std: "docker" "inspect" "50dc1f1be797d1138c774446db38c2493c41bb8676ddc7786c63495145b0a3f0", kill_on_drop: false }`
[INFO] running `Command { std: "docker" "exec" "-e" "SOURCE_DIR=/opt/rustwide/workdir" "-e" "CARGO_HOME=/opt/rustwide/cargo-home" "-e" "RUSTUP_HOME=/opt/rustwide/rustup-home" "-e" "CARGO_TARGET_DIR=/opt/rustwide/target" "-e" "CARGO_INCREMENTAL=0" "-e" "RUST_BACKTRACE=full" "-e" "RUSTFLAGS=--cap-lints=warn" "-e" "RUSTDOCFLAGS=--cap-lints=warn" "-w" "/opt/rustwide/workdir" "--user" "0:0" "50dc1f1be797d1138c774446db38c2493c41bb8676ddc7786c63495145b0a3f0" "/opt/rustwide/cargo-home/bin/cargo" "+1.100.0-beta.1" "test" "--frozen" "--no-run" "--message-format=json" "--release", kill_on_drop: false }`
[INFO] [stderr] warning: `package.homepage` is redundant with `package.repository`
[INFO] [stderr]   --> Cargo.toml:21:12
[INFO] [stderr]    |
[INFO] [stderr] 21 | homepage = "https://github.com/oswjk/csvre"
[INFO] [stderr]    |            ^^^^^^^^^^^^^^^^^^^^^^^^^^^^^^^^
[INFO] [stderr] ...
[INFO] [stderr] 26 | repository = "https://github.com/oswjk/csvre"
[INFO] [stderr]    |              --------------------------------
[INFO] [stderr]    |
[INFO] [stderr]    = note: `cargo::redundant_homepage` is set to `warn` by default
[INFO] [stderr] help: consider removing `package.homepage`
[INFO] [stderr] warning: `csvre` (manifest) generated 1 warning
[INFO] [stderr]    Compiling memchr v2.8.3
[INFO] [stderr]    Compiling regex-syntax v0.8.11
[INFO] [stderr]    Compiling serde_core v1.0.229
[INFO] [stderr]    Compiling lazy_static v1.5.1
[INFO] [stderr]    Compiling itoa v1.0.18
[INFO] [stderr]    Compiling ryu v1.0.23
[INFO] [stderr]    Compiling strsim v0.10.0
[INFO] [stderr]    Compiling aho-corasick v1.1.5
[INFO] [stderr]    Compiling csv-core v0.1.13
[INFO] [stderr]    Compiling regex-automata v0.4.18
[INFO] [stderr]    Compiling serde v1.0.229
[INFO] [stderr]    Compiling csv v1.4.0
[INFO] [stderr]    Compiling regex v1.13.1
[INFO] [stderr]    Compiling docopt v1.1.1
[INFO] [stderr]    Compiling csvre v0.1.0 (/opt/rustwide/workdir)
[INFO] [stderr]     Finished `release` profile [optimized] target(s) in 15.56s
[INFO] running `Command { std: "docker" "inspect" "50dc1f1be797d1138c774446db38c2493c41bb8676ddc7786c63495145b0a3f0", kill_on_drop: false }`
[INFO] running `Command { std: "docker" "exec" "-e" "SOURCE_DIR=/opt/rustwide/workdir" "-e" "CARGO_HOME=/opt/rustwide/cargo-home" "-e" "RUSTUP_HOME=/opt/rustwide/rustup-home" "-e" "CARGO_TARGET_DIR=/opt/rustwide/target" "-e" "CARGO_INCREMENTAL=0" "-e" "RUST_BACKTRACE=full" "-e" "RUSTFLAGS=--cap-lints=warn" "-e" "RUSTDOCFLAGS=--cap-lints=warn" "-w" "/opt/rustwide/workdir" "--user" "0:0" "50dc1f1be797d1138c774446db38c2493c41bb8676ddc7786c63495145b0a3f0" "/opt/rustwide/cargo-home/bin/cargo" "+1.100.0-beta.1" "test" "--frozen" "--release", kill_on_drop: false }`
[INFO] [stderr] warning: `package.homepage` is redundant with `package.repository`
[INFO] [stderr]   --> Cargo.toml:21:12
[INFO] [stderr]    |
[INFO] [stderr] 21 | homepage = "https://github.com/oswjk/csvre"
[INFO] [stderr]    |            ^^^^^^^^^^^^^^^^^^^^^^^^^^^^^^^^
[INFO] [stderr] ...
[INFO] [stderr] 26 | repository = "https://github.com/oswjk/csvre"
[INFO] [stderr]    |              --------------------------------
[INFO] [stderr]    |
[INFO] [stderr]    = note: `cargo::redundant_homepage` is set to `warn` by default
[INFO] [stderr] help: consider removing `package.homepage`
[INFO] [stderr] warning: `csvre` (manifest) generated 1 warning
[INFO] [stderr]     Finished `release` profile [optimized] target(s) in 0.03s
[INFO] [stderr]      Running unittests src/main.rs (/opt/rustwide/target/release/build/csvre/e9b5e34305d1aa36/out/csvre-e9b5e34305d1aa36)
[INFO] [stdout] 
[INFO] [stdout] running 0 tests
[INFO] [stdout] 
[INFO] [stdout] test result: ok. 0 passed; 0 failed; 0 ignored; 0 measured; 0 filtered out; finished in 0.00s
[INFO] [stdout] 
[INFO] [stderr]      Running tests/tests.rs (/opt/rustwide/target/release/build/csvre/0e32323bdcfefa73/out/tests-0e32323bdcfefa73)
[INFO] [stdout] 
[INFO] [stdout] running 6 tests
[INFO] [stdout] test no_headers ... FAILED
[INFO] [stdout] test change_delimiter ... FAILED
[INFO] [stdout] test byte_mode ... FAILED
[INFO] [stdout] test named_column_without_headers_fails ... FAILED
[INFO] [stdout] test numeric_column ... FAILED
[INFO] [stdout] test named_column ... FAILED
[INFO] [stdout] 
[INFO] [stdout] failures:
[INFO] [stdout] 
[INFO] [stdout] ---- no_headers stdout ----
[INFO] [stdout] 
[INFO] [stdout] thread 'no_headers' (544) panicked at tests/tests.rs:25:10:
[INFO] [stdout] called `Result::unwrap()` on an `Err` value: Os { code: 2, kind: NotFound, message: "No such file or directory" }
[INFO] [stdout] stack backtrace:
[INFO] [stdout]    0:     0x57df9292c767 - <<std[617be2ca0a6fd877]::sys::backtrace::BacktraceLock>::print::DisplayBacktrace as core[a373ad73a504971]::fmt::Display>::fmt
[INFO] [stdout]    1:     0x57df92914b7a - core[a373ad73a504971]::fmt::write
[INFO] [stdout]    2:     0x57df9292bd1b - <alloc[2e1b2a31b91974c5]::vec::Vec<u8> as core[a373ad73a504971]::io::write::Write>::write_fmt
[INFO] [stdout]    3:     0x57df9292b7ff - std[617be2ca0a6fd877]::panicking::default_hook::{closure#0}
[INFO] [stdout]    4:     0x57df9292b42a - std[617be2ca0a6fd877]::panicking::default_hook
[INFO] [stdout]    5:     0x57df9292af65 - std[617be2ca0a6fd877]::panicking::panic_with_hook
[INFO] [stdout]    6:     0x57df92951d11 - std[617be2ca0a6fd877]::panicking::panic_handler::{closure#0}
[INFO] [stdout]    7:     0x57df92951cc9 - std[617be2ca0a6fd877]::sys::backtrace::__rust_end_short_backtrace::<std[617be2ca0a6fd877]::panicking::panic_handler::{closure#0}, !>
[INFO] [stdout]    8:     0x57df929521cc - __rustc[ea4f61d10b84890b]::rust_begin_unwind
[INFO] [stdout]    9:     0x57df92914a0b - core[a373ad73a504971]::panicking::panic_fmt
[INFO] [stdout]   10:     0x57df92917c71 - core[a373ad73a504971]::result::unwrap_failed
[INFO] [stdout]   11:     0x57df9291087b - tests[4e5502f4e7e682af]::command::<&[&str; 5usize], &&str>
[INFO] [stdout]   12:     0x57df929129b6 - <tests[4e5502f4e7e682af]::no_headers::{closure#0} as core[a373ad73a504971]::ops::function::FnOnce<()>>::call_once
[INFO] [stdout]   13:     0x57df9296a6db - test[aada8e7e76ba119b]::__rust_begin_short_backtrace::<core[a373ad73a504971]::result::Result<(), alloc[2e1b2a31b91974c5]::string::String>, fn() -> core[a373ad73a504971]::result::Result<(), alloc[2e1b2a31b91974c5]::string::String>>
[INFO] [stdout]   14:     0x57df929662cf - test[aada8e7e76ba119b]::run_test::{closure#0}
[INFO] [stdout]   15:     0x57df92965b4c - std[617be2ca0a6fd877]::sys::backtrace::__rust_begin_short_backtrace::<test[aada8e7e76ba119b]::run_test::{closure#1}, ()>
[INFO] [stdout]   16:     0x57df92985b2c - <std[617be2ca0a6fd877]::thread::lifecycle::spawn_unchecked<test[aada8e7e76ba119b]::run_test::{closure#1}, ()>::{closure#1} as core[a373ad73a504971]::ops::function::FnOnce<()>>::call_once::{shim:vtable#0}
[INFO] [stdout]   17:     0x57df929539a4 - <std[617be2ca0a6fd877]::sys::thread::unix::Thread>::new::thread_start
[INFO] [stdout]   18:     0x6ffc32af3dfa - <unknown>
[INFO] [stdout]   19:     0x6ffc32b873d4 - clone
[INFO] [stdout]   20:                0x0 - <unknown>
[INFO] [stdout] 
[INFO] [stdout] ---- change_delimiter stdout ----
[INFO] [stdout] 
[INFO] [stdout] thread 'change_delimiter' (541) panicked at tests/tests.rs:25:10:
[INFO] [stdout] called `Result::unwrap()` on an `Err` value: Os { code: 2, kind: NotFound, message: "No such file or directory" }
[INFO] [stdout] stack backtrace:
[INFO] [stdout]    0:     0x57df9292c767 - <<std[617be2ca0a6fd877]::sys::backtrace::BacktraceLock>::print::DisplayBacktrace as core[a373ad73a504971]::fmt::Display>::fmt
[INFO] [stdout]    1:     0x57df92914b7a - core[a373ad73a504971]::fmt::write
[INFO] [stdout]    2:     0x57df9292bd1b - <alloc[2e1b2a31b91974c5]::vec::Vec<u8> as core[a373ad73a504971]::io::write::Write>::write_fmt
[INFO] [stdout]    3:     0x57df9292b7ff - std[617be2ca0a6fd877]::panicking::default_hook::{closure#0}
[INFO] [stdout]    4:     0x57df9292b42a - std[617be2ca0a6fd877]::panicking::default_hook
[INFO] [stdout]    5:     0x57df9292af65 - std[617be2ca0a6fd877]::panicking::panic_with_hook
[INFO] [stdout]    6:     0x57df92951d11 - std[617be2ca0a6fd877]::panicking::panic_handler::{closure#0}
[INFO] [stdout]    7:     0x57df92951cc9 - std[617be2ca0a6fd877]::sys::backtrace::__rust_end_short_backtrace::<std[617be2ca0a6fd877]::panicking::panic_handler::{closure#0}, !>
[INFO] [stdout]    8:     0x57df929521cc - __rustc[ea4f61d10b84890b]::rust_begin_unwind
[INFO] [stdout]    9:     0x57df92914a0b - core[a373ad73a504971]::panicking::panic_fmt
[INFO] [stdout]   10:     0x57df92917c71 - core[a373ad73a504971]::result::unwrap_failed
[INFO] [stderr] error: test failed, to rerun pass `--test tests`
[INFO] [stdout]   11:     0x57df9291311e - <tests[4e5502f4e7e682af]::change_delimiter::{closure#0} as core[a373ad73a504971]::ops::function::FnOnce<()>>::call_once
[INFO] [stdout]   12:     0x57df9296a6db - test[aada8e7e76ba119b]::__rust_begin_short_backtrace::<core[a373ad73a504971]::result::Result<(), alloc[2e1b2a31b91974c5]::string::String>, fn() -> core[a373ad73a504971]::result::Result<(), alloc[2e1b2a31b91974c5]::string::String>>
[INFO] [stdout]   13:     0x57df929662cf - test[aada8e7e76ba119b]::run_test::{closure#0}
[INFO] [stdout]   14:     0x57df92965b4c - std[617be2ca0a6fd877]::sys::backtrace::__rust_begin_short_backtrace::<test[aada8e7e76ba119b]::run_test::{closure#1}, ()>
[INFO] [stdout]   15:     0x57df92985b2c - <std[617be2ca0a6fd877]::thread::lifecycle::spawn_unchecked<test[aada8e7e76ba119b]::run_test::{closure#1}, ()>::{closure#1} as core[a373ad73a504971]::ops::function::FnOnce<()>>::call_once::{shim:vtable#0}
[INFO] [stdout]   16:     0x57df929539a4 - <std[617be2ca0a6fd877]::sys::thread::unix::Thread>::new::thread_start
[INFO] [stdout]   17:     0x6ffc32af3dfa - <unknown>
[INFO] [stdout]   18:     0x6ffc32b873d4 - clone
[INFO] [stdout]   19:                0x0 - <unknown>
[INFO] [stdout] 
[INFO] [stdout] ---- byte_mode stdout ----
[INFO] [stdout] 
[INFO] [stdout] thread 'byte_mode' (540) panicked at tests/tests.rs:25:10:
[INFO] [stdout] called `Result::unwrap()` on an `Err` value: Os { code: 2, kind: NotFound, message: "No such file or directory" }
[INFO] [stdout] stack backtrace:
[INFO] [stdout]    0:     0x57df9292c767 - <<std[617be2ca0a6fd877]::sys::backtrace::BacktraceLock>::print::DisplayBacktrace as core[a373ad73a504971]::fmt::Display>::fmt
[INFO] [stdout]    1:     0x57df92914b7a - core[a373ad73a504971]::fmt::write
[INFO] [stdout]    2:     0x57df9292bd1b - <alloc[2e1b2a31b91974c5]::vec::Vec<u8> as core[a373ad73a504971]::io::write::Write>::write_fmt
[INFO] [stdout]    3:     0x57df9292b7ff - std[617be2ca0a6fd877]::panicking::default_hook::{closure#0}
[INFO] [stdout]    4:     0x57df9292b42a - std[617be2ca0a6fd877]::panicking::default_hook
[INFO] [stdout]    5:     0x57df9292af65 - std[617be2ca0a6fd877]::panicking::panic_with_hook
[INFO] [stdout]    6:     0x57df92951d11 - std[617be2ca0a6fd877]::panicking::panic_handler::{closure#0}
[INFO] [stdout]    7:     0x57df92951cc9 - std[617be2ca0a6fd877]::sys::backtrace::__rust_end_short_backtrace::<std[617be2ca0a6fd877]::panicking::panic_handler::{closure#0}, !>
[INFO] [stdout]    8:     0x57df929521cc - __rustc[ea4f61d10b84890b]::rust_begin_unwind
[INFO] [stdout]    9:     0x57df92914a0b - core[a373ad73a504971]::panicking::panic_fmt
[INFO] [stdout]   10:     0x57df92917c71 - core[a373ad73a504971]::result::unwrap_failed
[INFO] [stdout]   11:     0x57df9291087b - tests[4e5502f4e7e682af]::command::<&[&str; 5usize], &&str>
[INFO] [stdout]   12:     0x57df92913312 - <tests[4e5502f4e7e682af]::byte_mode::{closure#0} as core[a373ad73a504971]::ops::function::FnOnce<()>>::call_once
[INFO] [stdout]   13:     0x57df9296a6db - test[aada8e7e76ba119b]::__rust_begin_short_backtrace::<core[a373ad73a504971]::result::Result<(), alloc[2e1b2a31b91974c5]::string::String>, fn() -> core[a373ad73a504971]::result::Result<(), alloc[2e1b2a31b91974c5]::string::String>>
[INFO] [stdout]   14:     0x57df929662cf - test[aada8e7e76ba119b]::run_test::{closure#0}
[INFO] [stdout]   15:     0x57df92965b4c - std[617be2ca0a6fd877]::sys::backtrace::__rust_begin_short_backtrace::<test[aada8e7e76ba119b]::run_test::{closure#1}, ()>
[INFO] [stdout]   16:     0x57df92985b2c - <std[617be2ca0a6fd877]::thread::lifecycle::spawn_unchecked<test[aada8e7e76ba119b]::run_test::{closure#1}, ()>::{closure#1} as core[a373ad73a504971]::ops::function::FnOnce<()>>::call_once::{shim:vtable#0}
[INFO] [stdout]   17:     0x57df929539a4 - <std[617be2ca0a6fd877]::sys::thread::unix::Thread>::new::thread_start
[INFO] [stdout]   18:     0x6ffc32af3dfa - <unknown>
[INFO] [stdout]   19:     0x6ffc32b873d4 - clone
[INFO] [stdout]   20:                0x0 - <unknown>
[INFO] [stdout] 
[INFO] [stdout] ---- named_column_without_headers_fails stdout ----
[INFO] [stdout] 
[INFO] [stdout] thread 'named_column_without_headers_fails' (543) panicked at tests/tests.rs:25:10:
[INFO] [stdout] called `Result::unwrap()` on an `Err` value: Os { code: 2, kind: NotFound, message: "No such file or directory" }
[INFO] [stdout] stack backtrace:
[INFO] [stdout]    0:     0x57df9292c767 - <<std[617be2ca0a6fd877]::sys::backtrace::BacktraceLock>::print::DisplayBacktrace as core[a373ad73a504971]::fmt::Display>::fmt
[INFO] [stdout]    1:     0x57df92914b7a - core[a373ad73a504971]::fmt::write
[INFO] [stdout]    2:     0x57df9292bd1b - <alloc[2e1b2a31b91974c5]::vec::Vec<u8> as core[a373ad73a504971]::io::write::Write>::write_fmt
[INFO] [stdout]    3:     0x57df9292b7ff - std[617be2ca0a6fd877]::panicking::default_hook::{closure#0}
[INFO] [stdout]    4:     0x57df9292b42a - std[617be2ca0a6fd877]::panicking::default_hook
[INFO] [stdout]    5:     0x57df9292af65 - std[617be2ca0a6fd877]::panicking::panic_with_hook
[INFO] [stdout]    6:     0x57df92951d11 - std[617be2ca0a6fd877]::panicking::panic_handler::{closure#0}
[INFO] [stdout]    7:     0x57df92951cc9 - std[617be2ca0a6fd877]::sys::backtrace::__rust_end_short_backtrace::<std[617be2ca0a6fd877]::panicking::panic_handler::{closure#0}, !>
[INFO] [stdout]    8:     0x57df929521cc - __rustc[ea4f61d10b84890b]::rust_begin_unwind
[INFO] [stdout]    9:     0x57df92914a0b - core[a373ad73a504971]::panicking::panic_fmt
[INFO] [stdout]   10:     0x57df92917c71 - core[a373ad73a504971]::result::unwrap_failed
[INFO] [stdout]   11:     0x57df9291087b - tests[4e5502f4e7e682af]::command::<&[&str; 5usize], &&str>
[INFO] [stdout]   12:     0x57df92913280 - <tests[4e5502f4e7e682af]::named_column_without_headers_fails::{closure#0} as core[a373ad73a504971]::ops::function::FnOnce<()>>::call_once
[INFO] [stdout]   13:     0x57df9296a6db - test[aada8e7e76ba119b]::__rust_begin_short_backtrace::<core[a373ad73a504971]::result::Result<(), alloc[2e1b2a31b91974c5]::string::String>, fn() -> core[a373ad73a504971]::result::Result<(), alloc[2e1b2a31b91974c5]::string::String>>
[INFO] [stdout]   14:     0x57df929662cf - test[aada8e7e76ba119b]::run_test::{closure#0}
[INFO] [stdout]   15:     0x57df92965b4c - std[617be2ca0a6fd877]::sys::backtrace::__rust_begin_short_backtrace::<test[aada8e7e76ba119b]::run_test::{closure#1}, ()>
[INFO] [stdout]   16:     0x57df92985b2c - <std[617be2ca0a6fd877]::thread::lifecycle::spawn_unchecked<test[aada8e7e76ba119b]::run_test::{closure#1}, ()>::{closure#1} as core[a373ad73a504971]::ops::function::FnOnce<()>>::call_once::{shim:vtable#0}
[INFO] [stdout]   17:     0x57df929539a4 - <std[617be2ca0a6fd877]::sys::thread::unix::Thread>::new::thread_start
[INFO] [stdout]   18:     0x6ffc32af3dfa - <unknown>
[INFO] [stdout]   19:     0x6ffc32b873d4 - clone
[INFO] [stdout]   20:                0x0 - <unknown>
[INFO] [stdout] 
[INFO] [stdout] ---- numeric_column stdout ----
[INFO] [stdout] 
[INFO] [stdout] thread 'numeric_column' (545) panicked at tests/tests.rs:25:10:
[INFO] [stdout] called `Result::unwrap()` on an `Err` value: Os { code: 2, kind: NotFound, message: "No such file or directory" }
[INFO] [stdout] stack backtrace:
[INFO] [stdout]    0:     0x57df9292c767 - <<std[617be2ca0a6fd877]::sys::backtrace::BacktraceLock>::print::DisplayBacktrace as core[a373ad73a504971]::fmt::Display>::fmt
[INFO] [stdout]    1:     0x57df92914b7a - core[a373ad73a504971]::fmt::write
[INFO] [stdout]    2:     0x57df9292bd1b - <alloc[2e1b2a31b91974c5]::vec::Vec<u8> as core[a373ad73a504971]::io::write::Write>::write_fmt
[INFO] [stdout]    3:     0x57df9292b7ff - std[617be2ca0a6fd877]::panicking::default_hook::{closure#0}
[INFO] [stdout]    4:     0x57df9292b42a - std[617be2ca0a6fd877]::panicking::default_hook
[INFO] [stdout]    5:     0x57df9292af65 - std[617be2ca0a6fd877]::panicking::panic_with_hook
[INFO] [stdout]    6:     0x57df92951d11 - std[617be2ca0a6fd877]::panicking::panic_handler::{closure#0}
[INFO] [stdout]    7:     0x57df92951cc9 - std[617be2ca0a6fd877]::sys::backtrace::__rust_end_short_backtrace::<std[617be2ca0a6fd877]::panicking::panic_handler::{closure#0}, !>
[INFO] [stdout]    8:     0x57df929521cc - __rustc[ea4f61d10b84890b]::rust_begin_unwind
[INFO] [stdout]    9:     0x57df92914a0b - core[a373ad73a504971]::panicking::panic_fmt
[INFO] [stdout]   10:     0x57df92917c71 - core[a373ad73a504971]::result::unwrap_failed
[INFO] [stdout]   11:     0x57df92910436 - tests[4e5502f4e7e682af]::command::<&[&str; 4usize], &&str>
[INFO] [stdout]   12:     0x57df92912bff - <tests[4e5502f4e7e682af]::numeric_column::{closure#0} as core[a373ad73a504971]::ops::function::FnOnce<()>>::call_once
[INFO] [stdout]   13:     0x57df9296a6db - test[aada8e7e76ba119b]::__rust_begin_short_backtrace::<core[a373ad73a504971]::result::Result<(), alloc[2e1b2a31b91974c5]::string::String>, fn() -> core[a373ad73a504971]::result::Result<(), alloc[2e1b2a31b91974c5]::string::String>>
[INFO] [stdout]   14:     0x57df929662cf - test[aada8e7e76ba119b]::run_test::{closure#0}
[INFO] [stdout]   15:     0x57df92965b4c - std[617be2ca0a6fd877]::sys::backtrace::__rust_begin_short_backtrace::<test[aada8e7e76ba119b]::run_test::{closure#1}, ()>
[INFO] [stdout]   16:     0x57df92985b2c - <std[617be2ca0a6fd877]::thread::lifecycle::spawn_unchecked<test[aada8e7e76ba119b]::run_test::{closure#1}, ()>::{closure#1} as core[a373ad73a504971]::ops::function::FnOnce<()>>::call_once::{shim:vtable#0}
[INFO] [stdout]   17:     0x57df929539a4 - <std[617be2ca0a6fd877]::sys::thread::unix::Thread>::new::thread_start
[INFO] [stdout]   18:     0x6ffc32af3dfa - <unknown>
[INFO] [stdout]   19:     0x6ffc32b873d4 - clone
[INFO] [stdout]   20:                0x0 - <unknown>
[INFO] [stdout] 
[INFO] [stdout] ---- named_column stdout ----
[INFO] [stdout] 
[INFO] [stdout] thread 'named_column' (542) panicked at tests/tests.rs:25:10:
[INFO] [stdout] called `Result::unwrap()` on an `Err` value: Os { code: 2, kind: NotFound, message: "No such file or directory" }
[INFO] [stdout] stack backtrace:
[INFO] [stdout]    0:     0x57df9292c767 - <<std[617be2ca0a6fd877]::sys::backtrace::BacktraceLock>::print::DisplayBacktrace as core[a373ad73a504971]::fmt::Display>::fmt
[INFO] [stdout]    1:     0x57df92914b7a - core[a373ad73a504971]::fmt::write
[INFO] [stdout]    2:     0x57df9292bd1b - <alloc[2e1b2a31b91974c5]::vec::Vec<u8> as core[a373ad73a504971]::io::write::Write>::write_fmt
[INFO] [stdout]    3:     0x57df9292b7ff - std[617be2ca0a6fd877]::panicking::default_hook::{closure#0}
[INFO] [stdout]    4:     0x57df9292b42a - std[617be2ca0a6fd877]::panicking::default_hook
[INFO] [stdout]    5:     0x57df9292af65 - std[617be2ca0a6fd877]::panicking::panic_with_hook
[INFO] [stdout]    6:     0x57df92951d11 - std[617be2ca0a6fd877]::panicking::panic_handler::{closure#0}
[INFO] [stdout]    7:     0x57df92951cc9 - std[617be2ca0a6fd877]::sys::backtrace::__rust_end_short_backtrace::<std[617be2ca0a6fd877]::panicking::panic_handler::{closure#0}, !>
[INFO] [stdout]    8:     0x57df929521cc - __rustc[ea4f61d10b84890b]::rust_begin_unwind
[INFO] [stdout]    9:     0x57df92914a0b - core[a373ad73a504971]::panicking::panic_fmt
[INFO] [stdout]   10:     0x57df92917c71 - core[a373ad73a504971]::result::unwrap_failed
[INFO] [stdout]   11:     0x57df92910436 - tests[4e5502f4e7e682af]::command::<&[&str; 4usize], &&str>
[INFO] [stdout]   12:     0x57df92912adf - <tests[4e5502f4e7e682af]::named_column::{closure#0} as core[a373ad73a504971]::ops::function::FnOnce<()>>::call_once
[INFO] [stdout]   13:     0x57df9296a6db - test[aada8e7e76ba119b]::__rust_begin_short_backtrace::<core[a373ad73a504971]::result::Result<(), alloc[2e1b2a31b91974c5]::string::String>, fn() -> core[a373ad73a504971]::result::Result<(), alloc[2e1b2a31b91974c5]::string::String>>
[INFO] [stdout]   14:     0x57df929662cf - test[aada8e7e76ba119b]::run_test::{closure#0}
[INFO] [stdout]   15:     0x57df92965b4c - std[617be2ca0a6fd877]::sys::backtrace::__rust_begin_short_backtrace::<test[aada8e7e76ba119b]::run_test::{closure#1}, ()>
[INFO] [stdout]   16:     0x57df92985b2c - <std[617be2ca0a6fd877]::thread::lifecycle::spawn_unchecked<test[aada8e7e76ba119b]::run_test::{closure#1}, ()>::{closure#1} as core[a373ad73a504971]::ops::function::FnOnce<()>>::call_once::{shim:vtable#0}
[INFO] [stdout]   17:     0x57df929539a4 - <std[617be2ca0a6fd877]::sys::thread::unix::Thread>::new::thread_start
[INFO] [stdout]   18:     0x6ffc32af3dfa - <unknown>
[INFO] [stdout]   19:     0x6ffc32b873d4 - clone
[INFO] [stdout]   20:                0x0 - <unknown>
[INFO] [stdout] 
[INFO] [stdout] 
[INFO] [stdout] failures:
[INFO] [stdout]     byte_mode
[INFO] [stdout]     change_delimiter
[INFO] [stdout]     named_column
[INFO] [stdout]     named_column_without_headers_fails
[INFO] [stdout]     no_headers
[INFO] [stdout]     numeric_column
[INFO] [stdout] 
[INFO] [stdout] test result: FAILED. 0 passed; 6 failed; 0 ignored; 0 measured; 0 filtered out; finished in 0.01s
[INFO] [stdout] 
[INFO] running `Command { std: "docker" "inspect" "50dc1f1be797d1138c774446db38c2493c41bb8676ddc7786c63495145b0a3f0", kill_on_drop: false }`
[INFO] running `Command { std: "docker" "rm" "-f" "50dc1f1be797d1138c774446db38c2493c41bb8676ddc7786c63495145b0a3f0", kill_on_drop: false }`
[INFO] [stdout] 50dc1f1be797d1138c774446db38c2493c41bb8676ddc7786c63495145b0a3f0
