[INFO] fetching crate corvid_fixed 0.1.2...
[INFO] testing corvid_fixed-0.1.2 against 1.100.0-beta.1+cargoflags=--release for beta-release-1.100-3
[INFO] extracting crate corvid_fixed 0.1.2 into /workspace/builds/worker-1-tc2/source
[INFO] started tweaking crates.io crate corvid_fixed 0.1.2
[INFO] removed 0 missing examples
[INFO] removed 0 missing tests
[INFO] finished tweaking crates.io crate corvid_fixed 0.1.2
[INFO] tweaked toml for crates.io crate corvid_fixed 0.1.2 written to /workspace/builds/worker-1-tc2/source/Cargo.toml
[INFO] validating manifest of crates.io crate corvid_fixed 0.1.2 on toolchain 1.100.0-beta.1
[INFO] running `Command { std: CARGO_HOME="/workspace/cargo-home" RUSTUP_HOME="/workspace/rustup-home" "/workspace/cargo-home/bin/cargo" "+1.100.0-beta.1" "metadata" "--manifest-path" "Cargo.toml" "--no-deps", kill_on_drop: false }`
[INFO] crate crates.io crate corvid_fixed 0.1.2 already has a lockfile, it will not be regenerated
[INFO] running `Command { std: CARGO_HOME="/workspace/cargo-home" RUSTUP_HOME="/workspace/rustup-home" "/workspace/cargo-home/bin/cargo" "+1.100.0-beta.1" "fetch" "--manifest-path" "Cargo.toml", kill_on_drop: false }`
[INFO] running `Command { std: "docker" "create" "-v" "/var/lib/crater-agent-workspace/builds/worker-1-tc2/source:/opt/rustwide/workdir:ro,Z" "-v" "/var/lib/crater-agent-workspace/builds/worker-1-tc2/target:/opt/rustwide/target:rw,Z" "-v" "/var/lib/crater-agent-workspace/cargo-home:/opt/rustwide/cargo-home:ro,Z" "-v" "/var/lib/crater-agent-workspace/rustup-home:/opt/rustwide/rustup-home:ro,Z" "-m" "1610612736" "--network" "none" "ghcr.io/rust-lang/crates-build-env/linux@sha256:77db811e55d90add9212f6832c23229e3de5f1c1f9905e8cb07319ea15df73ac" "sleep" "infinity", kill_on_drop: false }`
[INFO] [stdout] bee460be3f392b7a8a88be3cf070da0282a736ed4701dddfcf8354bc0aad834e
[INFO] running `Command { std: "docker" "start" "bee460be3f392b7a8a88be3cf070da0282a736ed4701dddfcf8354bc0aad834e", kill_on_drop: false }`
[INFO] running `Command { std: "docker" "inspect" "bee460be3f392b7a8a88be3cf070da0282a736ed4701dddfcf8354bc0aad834e", kill_on_drop: false }`
[INFO] running `Command { std: "docker" "exec" "-e" "SOURCE_DIR=/opt/rustwide/workdir" "-e" "CARGO_HOME=/opt/rustwide/cargo-home" "-e" "RUSTUP_HOME=/opt/rustwide/rustup-home" "-e" "CARGO_TARGET_DIR=/opt/rustwide/target" "-w" "/opt/rustwide/workdir" "--user" "0:0" "bee460be3f392b7a8a88be3cf070da0282a736ed4701dddfcf8354bc0aad834e" "/opt/rustwide/cargo-home/bin/cargo" "+1.100.0-beta.1" "metadata" "--no-deps" "--format-version=1", kill_on_drop: false }`
[INFO] running `Command { std: "docker" "inspect" "bee460be3f392b7a8a88be3cf070da0282a736ed4701dddfcf8354bc0aad834e", kill_on_drop: false }`
[INFO] running `Command { std: "docker" "exec" "-e" "SOURCE_DIR=/opt/rustwide/workdir" "-e" "CARGO_HOME=/opt/rustwide/cargo-home" "-e" "RUSTUP_HOME=/opt/rustwide/rustup-home" "-e" "CARGO_TARGET_DIR=/opt/rustwide/target" "-e" "CARGO_INCREMENTAL=0" "-e" "RUST_BACKTRACE=full" "-e" "RUSTFLAGS=--cap-lints=warn" "-e" "RUSTDOCFLAGS=--cap-lints=warn" "-w" "/opt/rustwide/workdir" "--user" "0:0" "bee460be3f392b7a8a88be3cf070da0282a736ed4701dddfcf8354bc0aad834e" "/opt/rustwide/cargo-home/bin/cargo" "+1.100.0-beta.1" "build" "--frozen" "--message-format=json" "--release", kill_on_drop: false }`
[INFO] [stderr]    Compiling corvid_fixed v0.1.2 (/opt/rustwide/workdir)
[INFO] [stderr]     Finished `release` profile [optimized] target(s) in 1.28s
[INFO] running `Command { std: "docker" "inspect" "bee460be3f392b7a8a88be3cf070da0282a736ed4701dddfcf8354bc0aad834e", kill_on_drop: false }`
[INFO] running `Command { std: "docker" "exec" "-e" "SOURCE_DIR=/opt/rustwide/workdir" "-e" "CARGO_HOME=/opt/rustwide/cargo-home" "-e" "RUSTUP_HOME=/opt/rustwide/rustup-home" "-e" "CARGO_TARGET_DIR=/opt/rustwide/target" "-e" "CARGO_INCREMENTAL=0" "-e" "RUST_BACKTRACE=full" "-e" "RUSTFLAGS=--cap-lints=warn" "-e" "RUSTDOCFLAGS=--cap-lints=warn" "-w" "/opt/rustwide/workdir" "--user" "0:0" "bee460be3f392b7a8a88be3cf070da0282a736ed4701dddfcf8354bc0aad834e" "/opt/rustwide/cargo-home/bin/cargo" "+1.100.0-beta.1" "test" "--frozen" "--no-run" "--message-format=json" "--release", kill_on_drop: false }`
[INFO] [stderr]    Compiling proc-macro2 v1.0.107
[INFO] [stderr]    Compiling quote v1.0.47
[INFO] [stderr]    Compiling autocfg v1.5.1
[INFO] [stderr]    Compiling serde_core v1.0.229
[INFO] [stderr]    Compiling zerocopy v0.8.56
[INFO] [stderr]    Compiling serde v1.0.229
[INFO] [stderr]    Compiling zmij v1.0.23
[INFO] [stderr]    Compiling shlex v2.0.1
[INFO] [stderr]    Compiling find-msvc-tools v0.1.10
[INFO] [stderr]    Compiling serde_json v1.0.151
[INFO] [stderr]    Compiling paste v1.0.15
[INFO] [stderr]    Compiling libc v0.2.189
[INFO] [stderr]    Compiling cfg-if v1.0.4
[INFO] [stderr]    Compiling either v1.17.0
[INFO] [stderr]    Compiling clap_lex v1.1.0
[INFO] [stderr]    Compiling anstyle v1.0.14
[INFO] [stderr]    Compiling memchr v2.8.3
[INFO] [stderr]    Compiling regex-syntax v0.8.11
[INFO] [stderr]    Compiling itoa v1.0.18
[INFO] [stderr]    Compiling ciborium-io v0.2.2
[INFO] [stderr]    Compiling cast v0.3.0
[INFO] [stderr]    Compiling walkdir v2.5.0
[INFO] [stderr]    Compiling cc v1.4.2
[INFO] [stderr]    Compiling itertools v0.13.0
[INFO] [stderr]    Compiling typenum v1.20.1
[INFO] [stderr]    Compiling anes v0.1.6
[INFO] [stderr]    Compiling num-traits v0.2.19
[INFO] [stderr]    Compiling oorandom v11.1.5
[INFO] [stderr]    Compiling clap_builder v4.6.6
[INFO] [stderr]    Compiling syn v2.0.119
[INFO] [stderr]    Compiling syn v3.0.3
[INFO] [stderr]    Compiling alloca v0.4.0
[INFO] [stderr]    Compiling num-integer v0.1.46
[INFO] [stderr]    Compiling num-complex v0.4.6
[INFO] [stderr]    Compiling approx v0.5.1
[INFO] [stderr]    Compiling page_size v0.6.0
[INFO] [stderr]    Compiling regex-automata v0.4.18
[INFO] [stderr]    Compiling simba v0.9.1
[INFO] [stderr]    Compiling num-rational v0.4.2
[INFO] [stderr]    Compiling criterion-plot v0.8.2
[INFO] [stderr]    Compiling serde_derive v1.0.229
[INFO] [stderr]    Compiling clap v4.6.6
[INFO] [stderr]    Compiling zerocopy-derive v0.8.56
[INFO] [stderr]    Compiling regex v1.13.1
[INFO] [stderr]    Compiling tinytemplate v1.2.1
[INFO] [stderr]    Compiling nalgebra v0.34.2
[INFO] [stderr]    Compiling half v2.7.1
[INFO] [stderr]    Compiling ciborium-ll v0.2.2
[INFO] [stderr]    Compiling ciborium v0.2.2
[INFO] [stderr]    Compiling criterion v0.8.2
[INFO] [stderr]    Compiling corvid_fixed v0.1.2 (/opt/rustwide/workdir)
[INFO] [stderr]     Finished `release` profile [optimized] target(s) in 1m 00s
[INFO] running `Command { std: "docker" "inspect" "bee460be3f392b7a8a88be3cf070da0282a736ed4701dddfcf8354bc0aad834e", kill_on_drop: false }`
[INFO] running `Command { std: "docker" "exec" "-e" "SOURCE_DIR=/opt/rustwide/workdir" "-e" "CARGO_HOME=/opt/rustwide/cargo-home" "-e" "RUSTUP_HOME=/opt/rustwide/rustup-home" "-e" "CARGO_TARGET_DIR=/opt/rustwide/target" "-e" "CARGO_INCREMENTAL=0" "-e" "RUST_BACKTRACE=full" "-e" "RUSTFLAGS=--cap-lints=warn" "-e" "RUSTDOCFLAGS=--cap-lints=warn" "-w" "/opt/rustwide/workdir" "--user" "0:0" "bee460be3f392b7a8a88be3cf070da0282a736ed4701dddfcf8354bc0aad834e" "/opt/rustwide/cargo-home/bin/cargo" "+1.100.0-beta.1" "test" "--frozen" "--release", kill_on_drop: false }`
[INFO] [stderr]     Finished `release` profile [optimized] target(s) in 0.12s
[INFO] [stderr]      Running unittests src/lib.rs (/opt/rustwide/target/release/build/corvid_fixed/746ac78c3a8687ce/out/corvid_fixed-746ac78c3a8687ce)
[INFO] [stdout] 
[INFO] [stdout] running 18 tests
[INFO] [stdout] test trig::tests::sin_snorm_is_exhaustively_correctly_rounded_for_angle32 ... ignored, walks all 2^32 phases; run explicitly
[INFO] [stdout] test trig::tests::the_approximation_weights_are_derived_correctly ... ok
[INFO] [stdout] test trig::tests::mul_shift_carries_across_all_four_limbs ... ok
[INFO] [stdout] test trig::tests::q_is_the_documented_scale ... ok
[INFO] [stdout] test trig::tests::cordic_coordinates_cannot_overflow ... ok
[INFO] [stdout] test trig::tests::atan_table_shrinks_monotonically ... ok
[INFO] [stdout] test trig::tests::atan_table_matches_std ... ok
[INFO] [stdout] test trig::tests::last_rotation_bounds_the_residual_angle ... ok
[INFO] [stdout] test trig::tests::taylor_coefficients_are_reciprocal_factorials ... ok
[INFO] [stdout] test trig::tests::machin_agrees_with_a_different_identity ... ok
[INFO] [stdout] test trig::tests::turns_per_radian_is_the_reciprocal_of_a_turn ... ok
[INFO] [stdout] test trig::tests::mulq_is_exact_for_powers_of_two ... ok
[INFO] [stdout] test trig::tests::pi_matches_std ... ok
[INFO] [stdout] test trig::tests::mul_shift_agrees_with_a_plain_product ... ok
[INFO] [stdout] test trig::tests::the_wide_constants_agree_with_the_narrow_ones ... ok
[INFO] [stdout] test trig::tests::the_narrow_widths_never_need_the_exact_tier ... ok
[INFO] [stdout] test trig::tests::the_fast_path_error_bound_covers_what_it_claims ... ok
[INFO] [stdout] test trig::tests::the_two_stages_agree_on_a_sample ... ok
[INFO] [stdout] 
[INFO] [stdout] test result: ok. 17 passed; 0 failed; 1 ignored; 0 measured; 0 filtered out; finished in 0.07s
[INFO] [stdout] 
[INFO] [stderr]      Running tests/angle_conversion.rs (/opt/rustwide/target/release/build/corvid_fixed/5916b934ea134f6e/out/angle_conversion-5916b934ea134f6e)
[INFO] [stdout] 
[INFO] [stdout] running 10 tests
[INFO] [stdout] test angles_wrap_rather_than_saturate ... ok
[INFO] [stdout] test conversions_are_available_in_const_context ... ok
[INFO] [stdout] test angles_wrap_at_any_turn_count ... ok
[INFO] [stdout] test signed_angle_readings_cover_the_negative_half ... ok
[INFO] [stdout] test i48f16_is_the_one_type_whose_to_f64_is_lossy ... ok
[INFO] [stdout] test display_and_debug_read_as_numbers ... ok
[INFO] [stdout] test angle_units_agree_with_each_other ... ok
[INFO] [stdout] test the_angle_checked_conversion_rejects_only_what_needed_wrapping ... ok
[INFO] [stdout] test the_new_scalars_have_the_documented_range_and_resolution ... ok
[INFO] [stdout] test to_f32_rounds_once ... ok
[INFO] [stdout] 
[INFO] [stdout] test result: ok. 10 passed; 0 failed; 0 ignored; 0 measured; 0 filtered out; finished in 0.00s
[INFO] [stdout] 
[INFO] [stderr]      Running tests/arithmetic.rs (/opt/rustwide/target/release/build/corvid_fixed/dd74dda14b035169/out/arithmetic-dd74dda14b035169)
[INFO] [stdout] 
[INFO] [stdout] running 13 tests
[INFO] [stdout] test addition_saturates_at_the_bounds ... ok
[INFO] [stdout] test overflow_is_detectable ... ok
[INFO] [stdout] test i0f8_division_is_exhaustively_correct ... ok
[INFO] [stdout] test the_edge_bit_patterns_never_misbehave ... ok
[INFO] [stdout] test negation_saturates_where_the_range_is_asymmetric ... ok
[INFO] [stdout] test division_by_zero_is_total ... ok
[INFO] [stdout] test remainder_is_exact_and_total ... ok
[INFO] [stdout] test factor8_multiplication_and_division_are_exhaustively_correct ... ok
[INFO] [stdout] test compound_assignment_matches_the_operators ... ok
[INFO] [stdout] test signed8_multiplication_is_exhaustively_correct ... ok
[INFO] [stdout] test fixed_point_arithmetic_wraps_on_demand ... ok
[INFO] [stdout] test i0f8_multiplication_is_exhaustively_correct ... ok
[INFO] [stdout] test i8f8_multiplication_is_exhaustively_correct ... ok
[INFO] [stdout] 
[INFO] [stdout] test result: ok. 13 passed; 0 failed; 0 ignored; 0 measured; 0 filtered out; finished in 0.19s
[INFO] [stdout] 
[INFO] [stderr]      Running tests/atan2.rs (/opt/rustwide/target/release/build/corvid_fixed/875f11852a7fb1a3/out/atan2-875f11852a7fb1a3)
[INFO] [stdout] 
[INFO] [stdout] running 9 tests
[INFO] [stdout] test atan2_handles_the_axes_and_the_origin ... ok
[INFO] [stdout] test atan2_is_scale_invariant ... ok
[INFO] [stdout] test atan2_survives_extreme_coordinates ... ok
[INFO] [stdout] test trigonometry_is_available_in_const_context ... ok
[INFO] [stdout] test tangent_is_the_ratio_of_sine_to_cosine ... ok
[INFO] [stdout] test tangent_saturates_at_the_poles ... ok
[INFO] [stdout] test atan2_matches_the_reference_over_a_grid ... ok
[INFO] [stdout] test tangent_matches_the_reference_away_from_the_poles ... ok
[INFO] [stdout] test atan2_inverts_sin_cos ... ok
[INFO] [stderr]      Running tests/conversion.rs (/opt/rustwide/target/release/build/corvid_fixed/ed590ea9ebfb0439/out/conversion-ed590ea9ebfb0439)
[INFO] [stdout] 
[INFO] [stdout] test result: ok. 9 passed; 0 failed; 0 ignored; 0 measured; 0 filtered out; finished in 0.01s
[INFO] [stdout] 
[INFO] [stdout] 
[INFO] [stdout] running 18 tests
[INFO] [stdout] test a_signed_normalized_value_takes_a_whole_number_of_units ... ok
[INFO] [stdout] test conversion_rounds_halfway_away_from_zero ... ok
[INFO] [stdout] test every_integer_conversion_is_exact_at_both_ends ... ok
[INFO] [stdout] test infinities_saturate ... ok
[INFO] [stdout] test exact_powers_of_two_are_exact_in_the_fixed_point_family ... ok
[INFO] [stdout] test nan_is_rejected_by_the_checked_conversions ... ok
[INFO] [stdout] test out_of_range_values_saturate_but_are_detectable ... ok
[INFO] [stdout] test the_denormal_snorm_encoding_round_trips_to_the_canonical_one ... ok
[INFO] [stdout] test nan_converts_to_zero ... ok
[INFO] [stdout] test the_fine_pair_round_trips_where_it_fits ... ok
[INFO] [stdout] test the_next_integer_up_would_not_have_fitted ... ok
[INFO] [stdout] test the_fine_pair_converts_both_ways ... ok
[INFO] [stdout] test the_unorm_and_snorm_endpoints_are_exact ... ok
[INFO] [stdout] test infinities_are_rejected_by_the_checked_conversions ... ok
[INFO] [stdout] test min_max_and_clamp_fold_the_denormal ... ok
[INFO] [stdout] test every_8_and_16_bit_value_round_trips_through_f32 ... ok
[INFO] [stdout] test every_8_and_16_bit_value_round_trips_through_f64 ... ok
[INFO] [stdout] test the_32_bit_types_round_trip_through_f64 ... ok
[INFO] [stdout] 
[INFO] [stdout] test result: ok. 18 passed; 0 failed; 0 ignored; 0 measured; 0 filtered out; finished in 0.00s
[INFO] [stdout] 
[INFO] [stderr]      Running tests/determinism.rs (/opt/rustwide/target/release/build/corvid_fixed/3208dcb8009dc4ec/out/determinism-3208dcb8009dc4ec)
[INFO] [stdout] 
[INFO] [stdout] running 11 tests
[INFO] [stdout] test cosine_matches_the_golden_table ... ok
[INFO] [stdout] test atan2_matches_the_golden_table ... ok
[INFO] [stdout] test factor_multiplication_matches_the_golden_table ... ok
[INFO] [stdout] test interpolation_matches_the_golden_table ... ok
[INFO] [stdout] test multiplication_matches_the_golden_table ... ok
[INFO] [stdout] test signed_division_matches_the_golden_table ... ok
[INFO] [stdout] test sine_matches_the_golden_table ... ok
[INFO] [stdout] test square_root_matches_the_golden_table ... ok
[INFO] [stdout] test tangent_matches_the_golden_table ... ok
[INFO] [stdout] test the_const_interpreter_and_the_cpu_agree ... ok
[INFO] [stdout] test a_long_mixed_sequence_reproduces_exactly ... ok
[INFO] [stdout] 
[INFO] [stdout] test result: ok. 11 passed; 0 failed; 0 ignored; 0 measured; 0 filtered out; finished in 0.00s
[INFO] [stdout] 
[INFO] [stderr]      Running tests/identities.rs (/opt/rustwide/target/release/build/corvid_fixed/631c6546050c8526/out/identities-631c6546050c8526)
[INFO] [stdout] 
[INFO] [stdout] running 10 tests
[INFO] [stdout] test angle_interpolation_takes_the_short_way ... ok
[INFO] [stdout] test angles_wrap_under_arithmetic ... ok
[INFO] [stdout] test antipodal_interpolation_breaks_the_tie_clockwise ... ok
[INFO] [stdout] test division_by_one_is_the_identity ... ok
[INFO] [stdout] test clamp_confines_without_panicking ... ok
[INFO] [stdout] test interpolation_hits_both_endpoints_exactly ... ok
[INFO] [stdout] test ordering_matches_the_numeric_order ... ok
[INFO] [stdout] test the_factor_complement_is_exact ... ok
[INFO] [stdout] test the_shortest_arc_is_never_more_than_half_a_turn ... ok
[INFO] [stdout] test multiplication_by_one_is_the_identity ... ok
[INFO] [stdout] 
[INFO] [stdout] test result: ok. 10 passed; 0 failed; 0 ignored; 0 measured; 0 filtered out; finished in 0.00s
[INFO] [stdout] 
[INFO] [stderr]      Running tests/interop.rs (/opt/rustwide/target/release/build/corvid_fixed/84856375b3a33a61/out/interop-84856375b3a33a61)
[INFO] [stdout] 
[INFO] [stdout] running 4 tests
[INFO] [stdout] test default_is_zero ... ok
[INFO] [stdout] test equal_values_hash_equally ... ok
[INFO] [stdout] test options_of_these_types_are_not_niche_optimized ... ok
[INFO] [stdout] test every_type_has_the_layout_of_its_storage_integer ... ok
[INFO] [stdout] 
[INFO] [stdout] test result: ok. 4 passed; 0 failed; 0 ignored; 0 measured; 0 filtered out; finished in 0.00s
[INFO] [stdout] 
[INFO] [stderr]      Running tests/nalgebra.rs (/opt/rustwide/target/release/build/corvid_fixed/93fcc01b17d45505/out/nalgebra-93fcc01b17d45505)
[INFO] [stdout] 
[INFO] [stdout] running 3 tests
[INFO] [stdout] test nalgebra_interop::vectors_of_fixed_point_add_and_subtract ... ok
[INFO] [stdout] test nalgebra_interop::vectors_of_the_other_families_work_too ... ok
[INFO] [stdout] test nalgebra_interop::vectors_saturate_component_wise ... ok
[INFO] [stderr]      Running tests/num_traits.rs (/opt/rustwide/target/release/build/corvid_fixed/b6f67fa69a0ae11c/out/num_traits-b6f67fa69a0ae11c)
[INFO] [stdout] 
[INFO] [stdout] test result: ok. 3 passed; 0 failed; 0 ignored; 0 measured; 0 filtered out; finished in 0.00s
[INFO] [stdout] 
[INFO] [stdout] 
[INFO] [stdout] running 0 tests
[INFO] [stdout] 
[INFO] [stdout] test result: ok. 0 passed; 0 failed; 0 ignored; 0 measured; 0 filtered out; finished in 0.00s
[INFO] [stdout] 
[INFO] [stderr]      Running tests/pitch.rs (/opt/rustwide/target/release/build/corvid_fixed/9c6ca80fc58b60e1/out/pitch-9c6ca80fc58b60e1)
[INFO] [stdout] 
[INFO] [stdout] running 12 tests
[INFO] [stdout] test arithmetic_saturates_at_the_poles ... ok
[INFO] [stdout] test conversion_clamps_rather_than_wrapping ... ok
[INFO] [stdout] test min_max_and_clamp_return_canonical_bits ... ok
[INFO] [stdout] test converting_to_and_from_a_wrapping_angle_is_free ... ok
[INFO] [stdout] test tangent_saturates_at_the_poles ... ok
[INFO] [stdout] test out_of_range_bit_patterns_read_as_clamped ... ok
[INFO] [stdout] test the_endpoints_are_exactly_a_quarter_turn ... ok
[INFO] [stdout] test trigonometry_spans_the_full_output_range ... ok
[INFO] [stdout] test to_angle_reads_the_clamped_value_not_the_raw_bits ... ok
[INFO] [stdout] test the_ord_trait_path_canonicalizes_too ... FAILED
[INFO] [stdout] test the_cosine_of_a_pitch_is_never_negative ... ok
[INFO] [stdout] test pitch_trigonometry_matches_the_angle_it_shares_a_scale_with ... ok
[INFO] [stdout] 
[INFO] [stdout] failures:
[INFO] [stdout] 
[INFO] [stdout] ---- the_ord_trait_path_canonicalizes_too stdout ----
[INFO] [stdout] 
[INFO] [stdout] thread 'the_ord_trait_path_canonicalizes_too' (1867) panicked at tests/pitch.rs:196:5:
[INFO] [stdout] assertion `left == right` failed
[INFO] [stdout]   left: Some(16384)
[INFO] [stdout]  right: Some(30000)
[INFO] [stdout] stack backtrace:
[INFO] [stdout]    0:     0x5f25a06dc091 - <<std[617be2ca0a6fd877]::sys::backtrace::BacktraceLock>::print::DisplayBacktrace as core[a373ad73a504971]::fmt::Display>::fmt
[INFO] [stdout]    1:     0x5f25a06f019a - core[a373ad73a504971]::fmt::write
[INFO] [stdout]    2:     0x5f25a06e02ac - <alloc[2e1b2a31b91974c5]::vec::Vec<u8> as core[a373ad73a504971]::io::write::Write>::write_fmt
[INFO] [stdout]    3:     0x5f25a06b84f6 - std[617be2ca0a6fd877]::panicking::default_hook::{closure#0}
[INFO] [stdout]    4:     0x5f25a06d4729 - std[617be2ca0a6fd877]::panicking::default_hook
[INFO] [stdout]    5:     0x5f25a0670590 - test[aada8e7e76ba119b]::test_main_inner::{closure#0}
[INFO] [stdout]    6:     0x5f25a06d48e2 - std[617be2ca0a6fd877]::panicking::panic_with_hook
[INFO] [stdout]    7:     0x5f25a06b85a2 - std[617be2ca0a6fd877]::panicking::panic_handler::{closure#0}
[INFO] [stdout]    8:     0x5f25a06b12b9 - std[617be2ca0a6fd877]::sys::backtrace::__rust_end_short_backtrace::<std[617be2ca0a6fd877]::panicking::panic_handler::{closure#0}, !>
[INFO] [stdout]    9:     0x5f25a06b91ad - __rustc[ea4f61d10b84890b]::rust_begin_unwind
[INFO] [stdout]   10:     0x5f25a06f08cc - core[a373ad73a504971]::panicking::panic_fmt
[INFO] [stdout]   11:     0x5f25a06f07e3 - core[a373ad73a504971]::panicking::assert_failed_inner
[INFO] [stdout]   12:     0x5f25a06628e5 - core[a373ad73a504971]::panicking::assert_failed::<core[a373ad73a504971]::option::Option<i16>, core[a373ad73a504971]::option::Option<i16>>
[INFO] [stdout]   13:     0x5f25a0662d33 - <pitch[ff58d5dfe113bad2]::the_ord_trait_path_canonicalizes_too::{closure#0} as core[a373ad73a504971]::ops::function::FnOnce<()>>::call_once
[INFO] [stdout]   14:     0x5f25a06639db - test[aada8e7e76ba119b]::__rust_begin_short_backtrace::<core[a373ad73a504971]::result::Result<(), alloc[2e1b2a31b91974c5]::string::String>, fn() -> core[a373ad73a504971]::result::Result<(), alloc[2e1b2a31b91974c5]::string::String>>
[INFO] [stdout]   15:     0x5f25a0670bb5 - test[aada8e7e76ba119b]::run_test::{closure#0}
[INFO] [stdout]   16:     0x5f25a066a4a4 - std[617be2ca0a6fd877]::sys::backtrace::__rust_begin_short_backtrace::<test[aada8e7e76ba119b]::run_test::{closure#1}, ()>
[INFO] [stdout]   17:     0x5f25a0673c42 - <std[617be2ca0a6fd877]::thread::lifecycle::spawn_unchecked<test[aada8e7e76ba119b]::run_test::{closure#1}, ()>::{closure#1} as core[a373ad73a504971]::ops::function::FnOnce<()>>::call_once::{shim:vtable#0}
[INFO] [stdout]   18:     0x5f25a06db8ef - <std[617be2ca0a6fd877]::sys::thread::unix::Thread>::new::thread_start
[INFO] [stdout]   19:     0x729394ebfdfa - <unknown>
[INFO] [stdout]   20:     0x729394f533d4 - clone
[INFO] [stdout]   21:                0x0 - <unknown>
[INFO] [stdout] 
[INFO] [stdout] 
[INFO] [stdout] failures:
[INFO] [stdout]     the_ord_trait_path_canonicalizes_too
[INFO] [stdout] 
[INFO] [stdout] test result: FAILED. 11 passed; 1 failed; 0 ignored; 0 measured; 0 filtered out; finished in 0.01s
[INFO] [stdout] 
[INFO] [stderr] error: test failed, to rerun pass `--test pitch`
[INFO] running `Command { std: "docker" "inspect" "bee460be3f392b7a8a88be3cf070da0282a736ed4701dddfcf8354bc0aad834e", kill_on_drop: false }`
[INFO] running `Command { std: "docker" "rm" "-f" "bee460be3f392b7a8a88be3cf070da0282a736ed4701dddfcf8354bc0aad834e", kill_on_drop: false }`
[INFO] [stdout] bee460be3f392b7a8a88be3cf070da0282a736ed4701dddfcf8354bc0aad834e
