[INFO] fetching crate codebones 0.7.0...
[INFO] testing codebones-0.7.0 against 1.100.0-beta.1+cargoflags=--release for beta-release-1.100-3
[INFO] extracting crate codebones 0.7.0 into /workspace/builds/worker-7-tc2/source
[INFO] started tweaking crates.io crate codebones 0.7.0
[INFO] removed 0 missing tests
[INFO] finished tweaking crates.io crate codebones 0.7.0
[INFO] tweaked toml for crates.io crate codebones 0.7.0 written to /workspace/builds/worker-7-tc2/source/Cargo.toml
[INFO] validating manifest of crates.io crate codebones 0.7.0 on toolchain 1.100.0-beta.1
[INFO] running `Command { std: CARGO_HOME="/workspace/cargo-home" RUSTUP_HOME="/workspace/rustup-home" "/workspace/cargo-home/bin/cargo" "+1.100.0-beta.1" "metadata" "--manifest-path" "Cargo.toml" "--no-deps", kill_on_drop: false }`
[INFO] crate crates.io crate codebones 0.7.0 already has a lockfile, it will not be regenerated
[INFO] running `Command { std: CARGO_HOME="/workspace/cargo-home" RUSTUP_HOME="/workspace/rustup-home" "/workspace/cargo-home/bin/cargo" "+1.100.0-beta.1" "fetch" "--manifest-path" "Cargo.toml", kill_on_drop: false }`
[INFO] running `Command { std: "docker" "create" "-v" "/var/lib/crater-agent-workspace/builds/worker-7-tc2/source:/opt/rustwide/workdir:ro,Z" "-v" "/var/lib/crater-agent-workspace/builds/worker-7-tc2/target:/opt/rustwide/target:rw,Z" "-v" "/var/lib/crater-agent-workspace/cargo-home:/opt/rustwide/cargo-home:ro,Z" "-v" "/var/lib/crater-agent-workspace/rustup-home:/opt/rustwide/rustup-home:ro,Z" "-m" "1610612736" "--network" "none" "ghcr.io/rust-lang/crates-build-env/linux@sha256:77db811e55d90add9212f6832c23229e3de5f1c1f9905e8cb07319ea15df73ac" "sleep" "infinity", kill_on_drop: false }`
[INFO] [stdout] 98b01131ddfa8664eeff6d639d36eb57ff543a5739e81305a2ff1754095ed7e7
[INFO] running `Command { std: "docker" "start" "98b01131ddfa8664eeff6d639d36eb57ff543a5739e81305a2ff1754095ed7e7", kill_on_drop: false }`
[INFO] running `Command { std: "docker" "inspect" "98b01131ddfa8664eeff6d639d36eb57ff543a5739e81305a2ff1754095ed7e7", kill_on_drop: false }`
[INFO] running `Command { std: "docker" "exec" "-e" "SOURCE_DIR=/opt/rustwide/workdir" "-e" "CARGO_HOME=/opt/rustwide/cargo-home" "-e" "RUSTUP_HOME=/opt/rustwide/rustup-home" "-e" "CARGO_TARGET_DIR=/opt/rustwide/target" "-w" "/opt/rustwide/workdir" "--user" "0:0" "98b01131ddfa8664eeff6d639d36eb57ff543a5739e81305a2ff1754095ed7e7" "/opt/rustwide/cargo-home/bin/cargo" "+1.100.0-beta.1" "metadata" "--no-deps" "--format-version=1", kill_on_drop: false }`
[INFO] running `Command { std: "docker" "inspect" "98b01131ddfa8664eeff6d639d36eb57ff543a5739e81305a2ff1754095ed7e7", kill_on_drop: false }`
[INFO] running `Command { std: "docker" "exec" "-e" "SOURCE_DIR=/opt/rustwide/workdir" "-e" "CARGO_HOME=/opt/rustwide/cargo-home" "-e" "RUSTUP_HOME=/opt/rustwide/rustup-home" "-e" "CARGO_TARGET_DIR=/opt/rustwide/target" "-e" "CARGO_INCREMENTAL=0" "-e" "RUST_BACKTRACE=full" "-e" "RUSTFLAGS=--cap-lints=warn" "-e" "RUSTDOCFLAGS=--cap-lints=warn" "-w" "/opt/rustwide/workdir" "--user" "0:0" "98b01131ddfa8664eeff6d639d36eb57ff543a5739e81305a2ff1754095ed7e7" "/opt/rustwide/cargo-home/bin/cargo" "+1.100.0-beta.1" "build" "--frozen" "--message-format=json" "--release", kill_on_drop: false }`
[INFO] [stderr]    Compiling tree-sitter-language v0.1.7
[INFO] [stderr]    Compiling serde_core v1.0.228
[INFO] [stderr]    Compiling zmij v1.0.21
[INFO] [stderr]    Compiling regex-syntax v0.8.10
[INFO] [stderr]    Compiling libc v0.2.183
[INFO] [stderr]    Compiling cc v1.2.56
[INFO] [stderr]    Compiling aho-corasick v1.1.4
[INFO] [stderr]    Compiling quote v1.0.45
[INFO] [stderr]    Compiling typenum v1.19.0
[INFO] [stderr]    Compiling proc-macro2 v1.0.106
[INFO] [stderr]    Compiling serde_json v1.0.149
[INFO] [stderr]    Compiling crossbeam-utils v0.8.21
[INFO] [stderr]    Compiling smallvec v1.15.1
[INFO] [stderr]    Compiling generic-array v0.14.7
[INFO] [stderr]    Compiling syn v2.0.117
[INFO] [stderr]    Compiling itoa v1.0.17
[INFO] [stderr]    Compiling memchr v2.8.0
[INFO] [stderr]    Compiling libsqlite3-sys v0.36.0
[INFO] [stderr]    Compiling foldhash v0.2.0
[INFO] [stderr]    Compiling bit-vec v0.6.3
[INFO] [stderr]    Compiling anyhow v1.0.102
[INFO] [stderr]    Compiling utf8parse v0.2.2
[INFO] [stderr]    Compiling hashbrown v0.16.1
[INFO] [stderr]    Compiling anstyle-parse v1.0.0
[INFO] [stderr]    Compiling bit-set v0.5.3
[INFO] [stderr]    Compiling crossbeam-epoch v0.9.18
[INFO] [stderr]    Compiling parking_lot_core v0.9.12
[INFO] [stderr]    Compiling crypto-common v0.1.7
[INFO] [stderr]    Compiling block-buffer v0.10.4
[INFO] [stderr]    Compiling tree-sitter-c-sharp v0.23.1
[INFO] [stderr]    Compiling tree-sitter-php v0.23.11
[INFO] [stderr]    Compiling tree-sitter-python v0.25.0
[INFO] [stderr]    Compiling tree-sitter-ruby v0.23.1
[INFO] [stderr]    Compiling tree-sitter-rust v0.24.0
[INFO] [stderr]    Compiling tree-sitter-swift v0.6.0
[INFO] [stderr]    Compiling tree-sitter-typescript v0.23.2
[INFO] [stderr]    Compiling tree-sitter-c v0.23.4
[INFO] [stderr]    Compiling tree-sitter-cpp v0.23.4
[INFO] [stderr]    Compiling tree-sitter-go v0.25.0
[INFO] [stderr]    Compiling regex-automata v0.4.14
[INFO] [stderr]    Compiling tree-sitter-java v0.23.5
[INFO] [stderr]    Compiling anstyle v1.0.14
[INFO] [stderr]    Compiling same-file v1.0.6
[INFO] [stderr]    Compiling is_terminal_polyfill v1.70.2
[INFO] [stderr]    Compiling anstyle-query v1.1.5
[INFO] [stderr]    Compiling log v0.4.29
[INFO] [stderr]    Compiling colorchoice v1.0.5
[INFO] [stderr]    Compiling anstream v1.0.0
[INFO] [stderr]    Compiling walkdir v2.5.0
[INFO] [stderr]    Compiling tree-sitter v0.26.6
[INFO] [stderr]    Compiling thiserror-impl v1.0.69
[INFO] [stderr]    Compiling bstr v1.12.1
[INFO] [stderr]    Compiling regex v1.12.3
[INFO] [stderr]    Compiling globset v0.4.18
[INFO] [stderr]    Compiling fancy-regex v0.12.0
[INFO] [stderr]    Compiling digest v0.10.7
[INFO] [stderr]    Compiling hashlink v0.11.0
[INFO] [stderr]    Compiling parking_lot v0.12.5
[INFO] [stderr]    Compiling crossbeam-deque v0.8.6
[INFO] [stderr]    Compiling bitflags v2.11.0
[INFO] [stderr]    Compiling strsim v0.11.1
[INFO] [stderr]    Compiling rustc-hash v1.1.0
[INFO] [stderr]    Compiling option-ext v0.2.0
[INFO] [stderr]    Compiling heck v0.5.0
[INFO] [stderr]    Compiling streaming-iterator v0.1.9
[INFO] [stderr]    Compiling clap_lex v1.1.0
[INFO] [stderr]    Compiling clap_builder v4.6.0
[INFO] [stderr]    Compiling clap_derive v4.6.0
[INFO] [stderr]    Compiling tiktoken-rs v0.5.9
[INFO] [stderr]    Compiling dirs-sys v0.4.1
[INFO] [stderr]    Compiling ignore v0.4.25
[INFO] [stderr]    Compiling sha2 v0.10.9
[INFO] [stderr]    Compiling thiserror v1.0.69
[INFO] [stderr]    Compiling clap v4.6.0
[INFO] [stderr]    Compiling dirs v5.0.1
[INFO] [stderr]    Compiling rusqlite v0.38.0
[INFO] [stderr]    Compiling codebones-core v0.7.0
[INFO] [stderr]    Compiling codebones v0.7.0 (/opt/rustwide/workdir)
[INFO] [stderr]     Finished `release` profile [optimized] target(s) in 2m 28s
[INFO] running `Command { std: "docker" "inspect" "98b01131ddfa8664eeff6d639d36eb57ff543a5739e81305a2ff1754095ed7e7", kill_on_drop: false }`
[INFO] running `Command { std: "docker" "exec" "-e" "SOURCE_DIR=/opt/rustwide/workdir" "-e" "CARGO_HOME=/opt/rustwide/cargo-home" "-e" "RUSTUP_HOME=/opt/rustwide/rustup-home" "-e" "CARGO_TARGET_DIR=/opt/rustwide/target" "-e" "CARGO_INCREMENTAL=0" "-e" "RUST_BACKTRACE=full" "-e" "RUSTFLAGS=--cap-lints=warn" "-e" "RUSTDOCFLAGS=--cap-lints=warn" "-w" "/opt/rustwide/workdir" "--user" "0:0" "98b01131ddfa8664eeff6d639d36eb57ff543a5739e81305a2ff1754095ed7e7" "/opt/rustwide/cargo-home/bin/cargo" "+1.100.0-beta.1" "test" "--frozen" "--no-run" "--message-format=json" "--release", kill_on_drop: false }`
[INFO] [stderr]    Compiling num-traits v0.2.19
[INFO] [stderr]    Compiling bitflags v2.11.0
[INFO] [stderr]    Compiling getrandom v0.4.2
[INFO] [stderr]    Compiling predicates-core v1.0.10
[INFO] [stderr]    Compiling rustix v1.1.4
[INFO] [stderr]    Compiling assert_cmd v2.2.0
[INFO] [stderr]    Compiling normalize-line-endings v0.3.0
[INFO] [stderr]    Compiling termtree v0.5.1
[INFO] [stderr]    Compiling difflib v0.4.0
[INFO] [stderr]    Compiling wait-timeout v0.2.1
[INFO] [stderr]    Compiling rusqlite v0.38.0
[INFO] [stderr]    Compiling predicates-tree v1.0.13
[INFO] [stderr]    Compiling fastrand v2.3.0
[INFO] [stderr]    Compiling float-cmp v0.10.0
[INFO] [stderr]    Compiling predicates v3.1.4
[INFO] [stderr]    Compiling codebones-core v0.7.0
[INFO] [stderr]    Compiling tempfile v3.27.0
[INFO] [stderr]    Compiling codebones v0.7.0 (/opt/rustwide/workdir)
[INFO] [stderr]     Finished `release` profile [optimized] target(s) in 7.47s
[INFO] running `Command { std: "docker" "inspect" "98b01131ddfa8664eeff6d639d36eb57ff543a5739e81305a2ff1754095ed7e7", kill_on_drop: false }`
[INFO] running `Command { std: "docker" "exec" "-e" "SOURCE_DIR=/opt/rustwide/workdir" "-e" "CARGO_HOME=/opt/rustwide/cargo-home" "-e" "RUSTUP_HOME=/opt/rustwide/rustup-home" "-e" "CARGO_TARGET_DIR=/opt/rustwide/target" "-e" "CARGO_INCREMENTAL=0" "-e" "RUST_BACKTRACE=full" "-e" "RUSTFLAGS=--cap-lints=warn" "-e" "RUSTDOCFLAGS=--cap-lints=warn" "-w" "/opt/rustwide/workdir" "--user" "0:0" "98b01131ddfa8664eeff6d639d36eb57ff543a5739e81305a2ff1754095ed7e7" "/opt/rustwide/cargo-home/bin/cargo" "+1.100.0-beta.1" "test" "--frozen" "--release", kill_on_drop: false }`
[INFO] [stderr]     Finished `release` profile [optimized] target(s) in 0.07s
[INFO] [stderr]      Running unittests src/main.rs (/opt/rustwide/target/release/build/codebones/cd604e30b6021154/out/codebones-cd604e30b6021154)
[INFO] [stdout] 
[INFO] [stdout] running 3 tests
[INFO] [stdout] test tests::test_cli_index_and_get_e2e ... FAILED
[INFO] [stdout] test tests::test_cli_pack_format ... FAILED
[INFO] [stdout] test tests::test_cli_search_fts5 ... FAILED
[INFO] [stdout] 
[INFO] [stdout] failures:
[INFO] [stdout] 
[INFO] [stdout] ---- tests::test_cli_index_and_get_e2e stdout ----
[INFO] [stdout] 
[INFO] [stdout] thread 'tests::test_cli_index_and_get_e2e' (2318) panicked at /opt/rustwide/cargo-home/registry/src/index.crates.io-1949cf8c6b5b557f/assert_cmd-2.2.0/src/cargo.rs:251:9:
[INFO] [stdout] `CARGO_BIN_EXE_codebones` is unset
[INFO] [stdout] help: if this is running within a unit test, move it to an integration test to gain access to `CARGO_BIN_EXE_codebones`
[INFO] [stdout] stack backtrace:
[INFO] [stdout]    0:     0x5d7df3dedf61 - <<std[617be2ca0a6fd877]::sys::backtrace::BacktraceLock>::print::DisplayBacktrace as core[a373ad73a504971]::fmt::Display>::fmt
[INFO] [stdout]    1:     0x5d7df3e04a1a - core[a373ad73a504971]::fmt::write
[INFO] [stdout]    2:     0x5d7df3df385c - <alloc[2e1b2a31b91974c5]::vec::Vec<u8> as core[a373ad73a504971]::io::write::Write>::write_fmt
[INFO] [stdout]    3:     0x5d7df3dc8696 - std[617be2ca0a6fd877]::panicking::default_hook::{closure#0}
[INFO] [stdout]    4:     0x5d7df3de5c79 - std[617be2ca0a6fd877]::panicking::default_hook
[INFO] [stdout]    5:     0x5d7df3d73810 - test[aada8e7e76ba119b]::test_main_inner::{closure#0}
[INFO] [stdout]    6:     0x5d7df3de5e32 - std[617be2ca0a6fd877]::panicking::panic_with_hook
[INFO] [stdout]    7:     0x5d7df3dc8742 - std[617be2ca0a6fd877]::panicking::panic_handler::{closure#0}
[INFO] [stdout]    8:     0x5d7df3dc1339 - std[617be2ca0a6fd877]::sys::backtrace::__rust_end_short_backtrace::<std[617be2ca0a6fd877]::panicking::panic_handler::{closure#0}, !>
[INFO] [stdout]    9:     0x5d7df3dc934d - __rustc[ea4f61d10b84890b]::rust_begin_unwind
[INFO] [stdout]   10:     0x5d7df3e051cc - core[a373ad73a504971]::panicking::panic_fmt
[INFO] [stdout]   11:     0x5d7df3daa663 - assert_cmd[7bd23754ec1ba1b8]::cargo::missing_cargo_bin
[INFO] [stdout]   12:     0x5d7df3daa40b - assert_cmd[7bd23754ec1ba1b8]::cargo::cargo_bin_str
[INFO] [stdout]   13:     0x5d7df3d65b6f - <assert_cmd[7bd23754ec1ba1b8]::cmd::Command>::cargo_bin::<&str>
[INFO] [stdout]   14:     0x5d7df3d65471 - <codebones[7b6e28ab49b313e4]::tests::test_cli_index_and_get_e2e::{closure#0} as core[a373ad73a504971]::ops::function::FnOnce<()>>::call_once
[INFO] [stdout]   15:     0x5d7df3d66c5b - test[aada8e7e76ba119b]::__rust_begin_short_backtrace::<core[a373ad73a504971]::result::Result<(), alloc[2e1b2a31b91974c5]::string::String>, fn() -> core[a373ad73a504971]::result::Result<(), alloc[2e1b2a31b91974c5]::string::String>>
[INFO] [stdout]   16:     0x5d7df3d73e35 - test[aada8e7e76ba119b]::run_test::{closure#0}
[INFO] [stdout]   17:     0x5d7df3d6d724 - std[617be2ca0a6fd877]::sys::backtrace::__rust_begin_short_backtrace::<test[aada8e7e76ba119b]::run_test::{closure#1}, ()>
[INFO] [stdout]   18:     0x5d7df3d76ec2 - <std[617be2ca0a6fd877]::thread::lifecycle::spawn_unchecked<test[aada8e7e76ba119b]::run_test::{closure#1}, ()>::{closure#1} as core[a373ad73a504971]::ops::function::FnOnce<()>>::call_once::{shim:vtable#0}
[INFO] [stdout]   19:     0x5d7df3ded55f - <std[617be2ca0a6fd877]::sys::thread::unix::Thread>::new::thread_start
[INFO] [stdout]   20:     0x7367a0fc9dfa - <unknown>
[INFO] [stdout]   21:     0x7367a105d3d4 - clone
[INFO] [stdout]   22:                0x0 - <unknown>
[INFO] [stdout] 
[INFO] [stdout] ---- tests::test_cli_pack_format stdout ----
[INFO] [stdout] 
[INFO] [stdout] thread 'tests::test_cli_pack_format' (2319) panicked at /opt/rustwide/cargo-home/registry/src/index.crates.io-1949cf8c6b5b557f/assert_cmd-2.2.0/src/cargo.rs:251:9:
[INFO] [stdout] `CARGO_BIN_EXE_codebones` is unset
[INFO] [stdout] help: if this is running within a unit test, move it to an integration test to gain access to `CARGO_BIN_EXE_codebones`
[INFO] [stdout] stack backtrace:
[INFO] [stdout]    0:     0x5d7df3dedf61 - <<std[617be2ca0a6fd877]::sys::backtrace::BacktraceLock>::print::DisplayBacktrace as core[a373ad73a504971]::fmt::Display>::fmt
[INFO] [stdout]    1:     0x5d7df3e04a1a - core[a373ad73a504971]::fmt::write
[INFO] [stdout]    2:     0x5d7df3df385c - <alloc[2e1b2a31b91974c5]::vec::Vec<u8> as core[a373ad73a504971]::io::write::Write>::write_fmt
[INFO] [stdout]    3:     0x5d7df3dc8696 - std[617be2ca0a6fd877]::panicking::default_hook::{closure#0}
[INFO] [stdout]    4:     0x5d7df3de5c79 - std[617be2ca0a6fd877]::panicking::default_hook
[INFO] [stdout]    5:     0x5d7df3d73810 - test[aada8e7e76ba119b]::test_main_inner::{closure#0}
[INFO] [stdout]    6:     0x5d7df3de5e32 - std[617be2ca0a6fd877]::panicking::panic_with_hook
[INFO] [stdout]    7:     0x5d7df3dc8742 - std[617be2ca0a6fd877]::panicking::panic_handler::{closure#0}
[INFO] [stdout]    8:     0x5d7df3dc1339 - std[617be2ca0a6fd877]::sys::backtrace::__rust_end_short_backtrace::<std[617be2ca0a6fd877]::panicking::panic_handler::{closure#0}, !>
[INFO] [stdout]    9:     0x5d7df3dc934d - __rustc[ea4f61d10b84890b]::rust_begin_unwind
[INFO] [stdout]   10:     0x5d7df3e051cc - core[a373ad73a504971]::panicking::panic_fmt
[INFO] [stdout]   11:     0x5d7df3daa663 - assert_cmd[7bd23754ec1ba1b8]::cargo::missing_cargo_bin
[INFO] [stdout]   12:     0x5d7df3daa40b - assert_cmd[7bd23754ec1ba1b8]::cargo::cargo_bin_str
[INFO] [stdout]   13:     0x5d7df3d65b6f - <assert_cmd[7bd23754ec1ba1b8]::cmd::Command>::cargo_bin::<&str>
[INFO] [stdout]   14:     0x5d7df3d64461 - <codebones[7b6e28ab49b313e4]::tests::test_cli_pack_format::{closure#0} as core[a373ad73a504971]::ops::function::FnOnce<()>>::call_once
[INFO] [stdout]   15:     0x5d7df3d66c5b - test[aada8e7e76ba119b]::__rust_begin_short_backtrace::<core[a373ad73a504971]::result::Result<(), alloc[2e1b2a31b91974c5]::string::String>, fn() -> core[a373ad73a504971]::result::Result<(), alloc[2e1b2a31b91974c5]::string::String>>
[INFO] [stdout]   16:     0x5d7df3d73e35 - test[aada8e7e76ba119b]::run_test::{closure#0}
[INFO] [stdout]   17:     0x5d7df3d6d724 - std[617be2ca0a6fd877]::sys::backtrace::__rust_begin_short_backtrace::<test[aada8e7e76ba119b]::run_test::{closure#1}, ()>
[INFO] [stdout]   18:     0x5d7df3d76ec2 - <std[617be2ca0a6fd877]::thread::lifecycle::spawn_unchecked<test[aada8e7e76ba119b]::run_test::{closure#1}, ()>::{closure#1} as core[a373ad73a504971]::ops::function::FnOnce<()>>::call_once::{shim:vtable#0}
[INFO] [stdout]   19:     0x5d7df3ded55f - <std[617be2ca0a6fd877]::sys::thread::unix::Thread>::new::thread_start
[INFO] [stdout]   20:     0x7367a0fc9dfa - <unknown>
[INFO] [stdout]   21:     0x7367a105d3d4 - clone
[INFO] [stdout]   22:                0x0 - <unknown>
[INFO] [stdout] 
[INFO] [stdout] ---- tests::test_cli_search_fts5 stdout ----
[INFO] [stdout] 
[INFO] [stdout] thread 'tests::test_cli_search_fts5' (2320) panicked at /opt/rustwide/cargo-home/registry/src/index.crates.io-1949cf8c6b5b557f/assert_cmd-2.2.0/src/cargo.rs:251:9:
[INFO] [stdout] `CARGO_BIN_EXE_codebones` is unset
[INFO] [stdout] help: if this is running within a unit test, move it to an integration test to gain access to `CARGO_BIN_EXE_codebones`
[INFO] [stdout] stack backtrace:
[INFO] [stdout]    0:     0x5d7df3dedf61 - <<std[617be2ca0a6fd877]::sys::backtrace::BacktraceLock>::print::DisplayBacktrace as core[a373ad73a504971]::fmt::Display>::fmt
[INFO] [stdout]    1:     0x5d7df3e04a1a - core[a373ad73a504971]::fmt::write
[INFO] [stdout]    2:     0x5d7df3df385c - <alloc[2e1b2a31b91974c5]::vec::Vec<u8> as core[a373ad73a504971]::io::write::Write>::write_fmt
[INFO] [stdout]    3:     0x5d7df3dc8696 - std[617be2ca0a6fd877]::panicking::default_hook::{closure#0}
[INFO] [stdout]    4:     0x5d7df3de5c79 - std[617be2ca0a6fd877]::panicking::default_hook
[INFO] [stdout]    5:     0x5d7df3d73810 - test[aada8e7e76ba119b]::test_main_inner::{closure#0}
[INFO] [stdout]    6:     0x5d7df3de5e32 - std[617be2ca0a6fd877]::panicking::panic_with_hook
[INFO] [stdout]    7:     0x5d7df3dc8742 - std[617be2ca0a6fd877]::panicking::panic_handler::{closure#0}
[INFO] [stdout]    8:     0x5d7df3dc1339 - std[617be2ca0a6fd877]::sys::backtrace::__rust_end_short_backtrace::<std[617be2ca0a6fd877]::panicking::panic_handler::{closure#0}, !>
[INFO] [stdout]    9:     0x5d7df3dc934d - __rustc[ea4f61d10b84890b]::rust_begin_unwind
[INFO] [stdout]   10:     0x5d7df3e051cc - core[a373ad73a504971]::panicking::panic_fmt
[INFO] [stdout]   11:     0x5d7df3daa663 - assert_cmd[7bd23754ec1ba1b8]::cargo::missing_cargo_bin
[INFO] [stdout]   12:     0x5d7df3daa40b - assert_cmd[7bd23754ec1ba1b8]::cargo::cargo_bin_str
[INFO] [stdout]   13:     0x5d7df3d65b6f - <assert_cmd[7bd23754ec1ba1b8]::cmd::Command>::cargo_bin::<&str>
[INFO] [stdout]   14:     0x5d7df3d64cbd - <codebones[7b6e28ab49b313e4]::tests::test_cli_search_fts5::{closure#0} as core[a373ad73a504971]::ops::function::FnOnce<()>>::call_once
[INFO] [stdout]   15:     0x5d7df3d66c5b - test[aada8e7e76ba119b]::__rust_begin_short_backtrace::<core[a373ad73a504971]::result::Result<(), alloc[2e1b2a31b91974c5]::string::String>, fn() -> core[a373ad73a504971]::result::Result<(), alloc[2e1b2a31b91974c5]::string::String>>
[INFO] [stdout]   16:     0x5d7df3d73e35 - test[aada8e7e76ba119b]::run_test::{closure#0}
[INFO] [stdout]   17:     0x5d7df3d6d724 - std[617be2ca0a6fd877]::sys::backtrace::__rust_begin_short_backtrace::<test[aada8e7e76ba119b]::run_test::{closure#1}, ()>
[INFO] [stdout]   18:     0x5d7df3d76ec2 - <std[617be2ca0a6fd877]::thread::lifecycle::spawn_unchecked<test[aada8e7e76ba119b]::run_test::{closure#1}, ()>::{closure#1} as core[a373ad73a504971]::ops::function::FnOnce<()>>::call_once::{shim:vtable#0}
[INFO] [stdout]   19:     0x5d7df3ded55f - <std[617be2ca0a6fd877]::sys::thread::unix::Thread>::new::thread_start
[INFO] [stdout]   20:     0x7367a0fc9dfa - <unknown>
[INFO] [stdout]   21:     0x7367a105d3d4 - clone
[INFO] [stdout]   22:                0x0 - <unknown>
[INFO] [stdout] 
[INFO] [stdout] 
[INFO] [stdout] failures:
[INFO] [stdout]     tests::test_cli_index_and_get_e2e
[INFO] [stdout]     tests::test_cli_pack_format
[INFO] [stdout]     tests::test_cli_search_fts5
[INFO] [stdout] 
[INFO] [stdout] test result: FAILED. 0 passed; 3 failed; 0 ignored; 0 measured; 0 filtered out; finished in 0.00s
[INFO] [stdout] 
[INFO] [stderr] error: test failed, to rerun pass `--bin codebones`
[INFO] running `Command { std: "docker" "inspect" "98b01131ddfa8664eeff6d639d36eb57ff543a5739e81305a2ff1754095ed7e7", kill_on_drop: false }`
[INFO] running `Command { std: "docker" "rm" "-f" "98b01131ddfa8664eeff6d639d36eb57ff543a5739e81305a2ff1754095ed7e7", kill_on_drop: false }`
[INFO] [stdout] 98b01131ddfa8664eeff6d639d36eb57ff543a5739e81305a2ff1754095ed7e7
