[INFO] fetching crate cf-modkit-canonical-errors 0.7.3...
[INFO] testing cf-modkit-canonical-errors-0.7.3 against 1.100.0-beta.1+cargoflags=--release for beta-release-1.100-3
[INFO] extracting crate cf-modkit-canonical-errors 0.7.3 into /workspace/builds/worker-7-tc2/source
[INFO] started tweaking crates.io crate cf-modkit-canonical-errors 0.7.3
[INFO] removed 0 missing tests
[INFO] finished tweaking crates.io crate cf-modkit-canonical-errors 0.7.3
[INFO] tweaked toml for crates.io crate cf-modkit-canonical-errors 0.7.3 written to /workspace/builds/worker-7-tc2/source/Cargo.toml
[INFO] validating manifest of crates.io crate cf-modkit-canonical-errors 0.7.3 on toolchain 1.100.0-beta.1
[INFO] running `Command { std: CARGO_HOME="/workspace/cargo-home" RUSTUP_HOME="/workspace/rustup-home" "/workspace/cargo-home/bin/cargo" "+1.100.0-beta.1" "metadata" "--manifest-path" "Cargo.toml" "--no-deps", kill_on_drop: false }`
[INFO] crate crates.io crate cf-modkit-canonical-errors 0.7.3 already has a lockfile, it will not be regenerated
[INFO] running `Command { std: CARGO_HOME="/workspace/cargo-home" RUSTUP_HOME="/workspace/rustup-home" "/workspace/cargo-home/bin/cargo" "+1.100.0-beta.1" "fetch" "--manifest-path" "Cargo.toml", kill_on_drop: false }`
[INFO] running `Command { std: "docker" "create" "-v" "/var/lib/crater-agent-workspace/builds/worker-7-tc2/source:/opt/rustwide/workdir:ro,Z" "-v" "/var/lib/crater-agent-workspace/builds/worker-7-tc2/target:/opt/rustwide/target:rw,Z" "-v" "/var/lib/crater-agent-workspace/cargo-home:/opt/rustwide/cargo-home:ro,Z" "-v" "/var/lib/crater-agent-workspace/rustup-home:/opt/rustwide/rustup-home:ro,Z" "-m" "1610612736" "--network" "none" "ghcr.io/rust-lang/crates-build-env/linux@sha256:77db811e55d90add9212f6832c23229e3de5f1c1f9905e8cb07319ea15df73ac" "sleep" "infinity", kill_on_drop: false }`
[INFO] [stdout] 8c3bccec6f54952766d283f50bb7e2f174fbeb58f0d9fc8bfaba8dc0f8193c31
[INFO] running `Command { std: "docker" "start" "8c3bccec6f54952766d283f50bb7e2f174fbeb58f0d9fc8bfaba8dc0f8193c31", kill_on_drop: false }`
[INFO] running `Command { std: "docker" "inspect" "8c3bccec6f54952766d283f50bb7e2f174fbeb58f0d9fc8bfaba8dc0f8193c31", kill_on_drop: false }`
[INFO] running `Command { std: "docker" "exec" "-e" "SOURCE_DIR=/opt/rustwide/workdir" "-e" "CARGO_HOME=/opt/rustwide/cargo-home" "-e" "RUSTUP_HOME=/opt/rustwide/rustup-home" "-e" "CARGO_TARGET_DIR=/opt/rustwide/target" "-w" "/opt/rustwide/workdir" "--user" "0:0" "8c3bccec6f54952766d283f50bb7e2f174fbeb58f0d9fc8bfaba8dc0f8193c31" "/opt/rustwide/cargo-home/bin/cargo" "+1.100.0-beta.1" "metadata" "--no-deps" "--format-version=1", kill_on_drop: false }`
[INFO] running `Command { std: "docker" "inspect" "8c3bccec6f54952766d283f50bb7e2f174fbeb58f0d9fc8bfaba8dc0f8193c31", kill_on_drop: false }`
[INFO] running `Command { std: "docker" "exec" "-e" "SOURCE_DIR=/opt/rustwide/workdir" "-e" "CARGO_HOME=/opt/rustwide/cargo-home" "-e" "RUSTUP_HOME=/opt/rustwide/rustup-home" "-e" "CARGO_TARGET_DIR=/opt/rustwide/target" "-e" "CARGO_INCREMENTAL=0" "-e" "RUST_BACKTRACE=full" "-e" "RUSTFLAGS=--cap-lints=warn" "-e" "RUSTDOCFLAGS=--cap-lints=warn" "-w" "/opt/rustwide/workdir" "--user" "0:0" "8c3bccec6f54952766d283f50bb7e2f174fbeb58f0d9fc8bfaba8dc0f8193c31" "/opt/rustwide/cargo-home/bin/cargo" "+1.100.0-beta.1" "build" "--frozen" "--message-format=json" "--release", kill_on_drop: false }`
[INFO] [stderr]    Compiling winnow v1.0.1
[INFO] [stderr]    Compiling hashbrown v0.17.0
[INFO] [stderr]    Compiling toml_datetime v1.1.1+spec-1.1.0
[INFO] [stderr]    Compiling memchr v2.8.0
[INFO] [stderr]    Compiling syn v2.0.117
[INFO] [stderr]    Compiling indexmap v2.14.0
[INFO] [stderr]    Compiling serde_json v1.0.149
[INFO] [stderr]    Compiling toml_parser v1.1.2+spec-1.1.0
[INFO] [stderr]    Compiling toml_edit v0.25.11+spec-1.1.0
[INFO] [stderr]    Compiling proc-macro-crate v3.5.0
[INFO] [stderr]    Compiling serde_derive v1.0.228
[INFO] [stderr]    Compiling cf-modkit-canonical-errors-macro v0.6.1
[INFO] [stderr]    Compiling serde v1.0.228
[INFO] [stderr]    Compiling cf-modkit-canonical-errors v0.7.3 (/opt/rustwide/workdir)
[INFO] [stderr]     Finished `release` profile [optimized] target(s) in 11.24s
[INFO] running `Command { std: "docker" "inspect" "8c3bccec6f54952766d283f50bb7e2f174fbeb58f0d9fc8bfaba8dc0f8193c31", kill_on_drop: false }`
[INFO] running `Command { std: "docker" "exec" "-e" "SOURCE_DIR=/opt/rustwide/workdir" "-e" "CARGO_HOME=/opt/rustwide/cargo-home" "-e" "RUSTUP_HOME=/opt/rustwide/rustup-home" "-e" "CARGO_TARGET_DIR=/opt/rustwide/target" "-e" "CARGO_INCREMENTAL=0" "-e" "RUST_BACKTRACE=full" "-e" "RUSTFLAGS=--cap-lints=warn" "-e" "RUSTDOCFLAGS=--cap-lints=warn" "-w" "/opt/rustwide/workdir" "--user" "0:0" "8c3bccec6f54952766d283f50bb7e2f174fbeb58f0d9fc8bfaba8dc0f8193c31" "/opt/rustwide/cargo-home/bin/cargo" "+1.100.0-beta.1" "test" "--frozen" "--no-run" "--message-format=json" "--release", kill_on_drop: false }`
[INFO] [stderr]    Compiling serde_core v1.0.228
[INFO] [stderr]    Compiling target-triple v1.0.0
[INFO] [stderr]    Compiling winnow v1.0.1
[INFO] [stderr]    Compiling thiserror-impl v2.0.18
[INFO] [stderr]    Compiling toml_writer v1.1.1+spec-1.1.0
[INFO] [stderr]    Compiling termcolor v1.4.1
[INFO] [stderr]    Compiling glob v0.3.3
[INFO] [stderr]    Compiling toml_parser v1.1.2+spec-1.1.0
[INFO] [stderr]    Compiling thiserror v2.0.18
[INFO] [stderr]    Compiling gts-id v0.9.0
[INFO] [stderr]    Compiling serde v1.0.228
[INFO] [stderr]    Compiling serde_spanned v1.1.1
[INFO] [stderr]    Compiling toml_datetime v1.1.1+spec-1.1.0
[INFO] [stderr]    Compiling serde_json v1.0.149
[INFO] [stderr]    Compiling toml v1.1.2+spec-1.1.0
[INFO] [stderr]    Compiling cf-modkit-canonical-errors v0.7.3 (/opt/rustwide/workdir)
[INFO] [stderr]    Compiling trybuild v1.0.116
[INFO] [stderr]     Finished `release` profile [optimized] target(s) in 19.79s
[INFO] running `Command { std: "docker" "inspect" "8c3bccec6f54952766d283f50bb7e2f174fbeb58f0d9fc8bfaba8dc0f8193c31", kill_on_drop: false }`
[INFO] running `Command { std: "docker" "exec" "-e" "SOURCE_DIR=/opt/rustwide/workdir" "-e" "CARGO_HOME=/opt/rustwide/cargo-home" "-e" "RUSTUP_HOME=/opt/rustwide/rustup-home" "-e" "CARGO_TARGET_DIR=/opt/rustwide/target" "-e" "CARGO_INCREMENTAL=0" "-e" "RUST_BACKTRACE=full" "-e" "RUSTFLAGS=--cap-lints=warn" "-e" "RUSTDOCFLAGS=--cap-lints=warn" "-w" "/opt/rustwide/workdir" "--user" "0:0" "8c3bccec6f54952766d283f50bb7e2f174fbeb58f0d9fc8bfaba8dc0f8193c31" "/opt/rustwide/cargo-home/bin/cargo" "+1.100.0-beta.1" "test" "--frozen" "--release", kill_on_drop: false }`
[INFO] [stderr]     Finished `release` profile [optimized] target(s) in 0.13s
[INFO] [stderr]      Running unittests src/lib.rs (/opt/rustwide/target/release/build/cf-modkit-canonical-errors/07f2a53ebe08847e/out/modkit_canonical_errors-07f2a53ebe08847e)
[INFO] [stderr]      Running tests/axum_integration.rs (/opt/rustwide/target/release/build/cf-modkit-canonical-errors/4620fbd99bae9a85/out/axum_integration-4620fbd99bae9a85)
[INFO] [stdout] 
[INFO] [stdout] running 0 tests
[INFO] [stdout] 
[INFO] [stdout] test result: ok. 0 passed; 0 failed; 0 ignored; 0 measured; 0 filtered out; finished in 0.00s
[INFO] [stdout] 
[INFO] [stdout] 
[INFO] [stdout] running 0 tests
[INFO] [stdout] 
[INFO] [stdout] test result: ok. 0 passed; 0 failed; 0 ignored; 0 measured; 0 filtered out; finished in 0.00s
[INFO] [stdout] 
[INFO] [stderr]      Running tests/context.rs (/opt/rustwide/target/release/build/cf-modkit-canonical-errors/f07204d5084e2da6/out/context-f07204d5084e2da6)
[INFO] [stdout] 
[INFO] [stdout] running 21 tests
[INFO] [stdout] test already_exists_serialization ... ok
[INFO] [stdout] test not_found_serialization ... ok
[INFO] [stdout] test permission_denied_serialization ... ok
[INFO] [stdout] test service_unavailable_serialization ... ok
[INFO] [stdout] test quota_violation_serialization ... ok
[INFO] [stdout] test field_violation_serialization ... ok
[INFO] [stdout] test invalid_argument_field_violations_serialization ... ok
[INFO] [stdout] test invalid_argument_format_serialization ... ok
[INFO] [stdout] test precondition_violation_serialization ... ok
[INFO] [stdout] test unauthenticated_serialization ... ok
[INFO] [stdout] test data_loss_serialization ... ok
[INFO] [stdout] test failed_precondition_serialization ... ok
[INFO] [stdout] test cancelled_serialization ... ok
[INFO] [stdout] test aborted_serialization ... ok
[INFO] [stdout] test out_of_range_field_violations_serialization ... ok
[INFO] [stdout] test invalid_argument_constraint_serialization ... ok
[INFO] [stdout] test unimplemented_serialization ... ok
[INFO] [stdout] test resource_exhausted_serialization ... ok
[INFO] [stdout] test deadline_exceeded_serialization ... ok
[INFO] [stderr]      Running tests/error.rs (/opt/rustwide/target/release/build/cf-modkit-canonical-errors/ae7f99dcc775d163/out/error-ae7f99dcc775d163)
[INFO] [stdout] test unknown_serialization ... ok
[INFO] [stdout] test internal_serialization ... ok
[INFO] [stdout] 
[INFO] [stdout] test result: ok. 21 passed; 0 failed; 0 ignored; 0 measured; 0 filtered out; finished in 0.01s
[INFO] [stdout] 
[INFO] [stdout] 
[INFO] [stdout] running 11 tests
[INFO] [stdout] test from_io_error_produces_internal ... ok
[INFO] [stdout] test with_detail_overrides_default ... ok
[INFO] [stdout] test from_serde_json_error_produces_internal ... ok
[INFO] [stdout] test not_found_gts_type ... ok
[INFO] [stdout] test not_found_status_code ... ok
[INFO] [stdout] test not_found_title ... ok
[INFO] [stdout] test question_mark_propagation_io ... ok
[INFO] [stdout] test display_includes_category_and_detail ... ok
[INFO] [stdout] test validate_all_gts_ids ... ok
[INFO] [stdout] test all_16_categories_convert_to_problem ... ok
[INFO] [stdout] test question_mark_propagation_serde_json ... ok
[INFO] [stdout] 
[INFO] [stdout] test result: ok. 11 passed; 0 failed; 0 ignored; 0 measured; 0 filtered out; finished in 0.00s
[INFO] [stdout] 
[INFO] [stderr]      Running tests/problem.rs (/opt/rustwide/target/release/build/cf-modkit-canonical-errors/b14660ed36fc8547/out/problem-b14660ed36fc8547)
[INFO] [stdout] 
[INFO] [stdout] running 12 tests
[INFO] [stdout] test problem_from_not_found_has_correct_fields ... ok
[INFO] [stdout] test from_error_does_not_include_description_for_internal ... ok
[INFO] [stdout] test from_error_debug_includes_description_for_internal ... ok
[INFO] [stdout] test problem_json_excludes_none_fields ... ok
[INFO] [stdout] test from_error_does_not_include_description_for_unknown ... ok
[INFO] [stdout] test from_error_debug_includes_description_for_unknown ... ok
[INFO] [stdout] test from_error_debug_no_op_for_other_categories ... ok
[INFO] [stdout] test diagnostic_returns_description_for_internal ... ok
[INFO] [stdout] test diagnostic_returns_description_for_unknown ... ok
[INFO] [stdout] test diagnostic_returns_none_for_other_categories ... ok
[INFO] [stdout] test direct_constructor_has_no_resource_type ... ok
[INFO] [stdout] test problem_json_excludes_resource_type_when_none ... ok
[INFO] [stdout] 
[INFO] [stdout] test result: ok. 12 passed; 0 failed; 0 ignored; 0 measured; 0 filtered out; finished in 0.12s
[INFO] [stdout] 
[INFO] [stderr]      Running tests/resource_error_macro.rs (/opt/rustwide/target/release/build/cf-modkit-canonical-errors/9180241633b5e44b/out/resource_error_macro-9180241633b5e44b)
[INFO] [stdout] 
[INFO] [stdout] running 3 tests
[INFO] [stdout] test problem_json_includes_resource_type_when_set ... ok
[INFO] [stdout] test macro_not_found_has_correct_resource_type_and_resource_info ... ok
[INFO] [stdout] test macro_permission_denied_has_correct_resource_type ... ok
[INFO] [stdout] 
[INFO] [stdout] test result: ok. 3 passed; 0 failed; 0 ignored; 0 measured; 0 filtered out; finished in 0.00s
[INFO] [stdout] 
[INFO] [stderr]      Running tests/showcase.rs (/opt/rustwide/target/release/build/cf-modkit-canonical-errors/a2da1236ab1363a8/out/showcase-a2da1236ab1363a8)
[INFO] [stdout] 
[INFO] [stdout] running 19 tests
[INFO] [stdout] test showcase_out_of_range ... ok
[INFO] [stdout] test showcase_aborted ... ok
[INFO] [stdout] test showcase_deadline_exceeded ... ok
[INFO] [stdout] test showcase_unavailable ... ok
[INFO] [stdout] test showcase_internal ... ok
[INFO] [stdout] test showcase_invalid_argument_constraint ... ok
[INFO] [stdout] test showcase_unknown ... ok
[INFO] [stdout] test showcase_invalid_argument_format ... ok
[INFO] [stdout] test showcase_already_exists ... ok
[INFO] [stdout] test showcase_failed_precondition ... ok
[INFO] [stdout] test showcase_data_loss ... ok
[INFO] [stdout] test showcase_invalid_argument ... ok
[INFO] [stdout] test showcase_not_found ... ok
[INFO] [stdout] test showcase_unimplemented ... ok
[INFO] [stdout] test showcase_invalid_argument_format_with_resource ... ok
[INFO] [stdout] test showcase_cancelled ... ok
[INFO] [stdout] test showcase_permission_denied ... ok
[INFO] [stdout] test showcase_resource_exhausted ... ok
[INFO] [stdout] test showcase_unauthenticated ... ok
[INFO] [stdout] 
[INFO] [stdout] test result: ok. 19 passed; 0 failed; 0 ignored; 0 measured; 0 filtered out; finished in 0.01s
[INFO] [stdout] 
[INFO] [stderr]      Running tests/ui.rs (/opt/rustwide/target/release/build/cf-modkit-canonical-errors/662f5dc021c51742/out/ui-662f5dc021c51742)
[INFO] [stdout] 
[INFO] [stdout] running 1 test
[INFO] [stderr]    Compiling proc-macro2 v1.0.106
[INFO] [stderr]    Compiling quote v1.0.45
[INFO] [stderr]    Compiling unicode-ident v1.0.24
[INFO] [stderr]    Compiling winnow v1.0.1
[INFO] [stderr]    Compiling serde_core v1.0.228
[INFO] [stderr]    Compiling equivalent v1.0.2
[INFO] [stderr]    Compiling hashbrown v0.17.0
[INFO] [stderr]    Compiling zmij v1.0.21
[INFO] [stderr]    Compiling toml_datetime v1.1.1+spec-1.1.0
[INFO] [stderr]    Compiling serde_json v1.0.149
[INFO] [stderr]    Compiling thiserror v2.0.18
[INFO] [stderr]    Compiling serde v1.0.228
[INFO] [stderr]     Checking itoa v1.0.18
[INFO] [stderr]     Checking memchr v2.8.0
[INFO] [stderr]    Compiling indexmap v2.14.0
[INFO] [stderr]    Compiling syn v2.0.117
[INFO] [stderr]    Compiling toml_parser v1.1.2+spec-1.1.0
[INFO] [stderr]    Compiling toml_edit v0.25.11+spec-1.1.0
[INFO] [stderr]    Compiling proc-macro-crate v3.5.0
[INFO] [stderr]    Compiling thiserror-impl v2.0.18
[INFO] [stderr]    Compiling serde_derive v1.0.228
[INFO] [stderr]    Compiling cf-modkit-canonical-errors-macro v0.6.1
[INFO] [stderr]     Checking gts-id v0.9.0
[INFO] [stderr]     Checking cf-modkit-canonical-errors v0.7.3 (/opt/rustwide/workdir)
[INFO] [stderr]     Checking cf-modkit-canonical-errors-tests v0.0.0 (/opt/rustwide/target/tests/trybuild/cf-modkit-canonical-errors)
[INFO] [stderr]     Finished `dev` profile [unoptimized + debuginfo] target(s) in 14.84s
[INFO] [stderr] 
[INFO] [stderr] 
[INFO] [stderr] test tests/ui/missing_field_violation_on_invalid_argument.rs ... ok
[INFO] [stderr] test tests/ui/missing_precondition_violation_on_failed_precondition.rs ... ok
[INFO] [stderr] test tests/ui/missing_quota_violation_on_resource_exhausted.rs ... ok
[INFO] [stderr] test tests/ui/missing_reason_on_aborted.rs ... ok
[INFO] [stdout] test ui_compile_fail ... FAILED
[INFO] [stderr] test tests/ui/missing_reason_on_out_of_range.rs ... ok
[INFO] [stdout] 
[INFO] [stderr] test tests/ui/missing_reason_on_permission_denied.rs ... ok
[INFO] [stdout] failures:
[INFO] [stderr] test tests/ui/missing_reason_on_unauthenticated.rs ... ok
[INFO] [stdout] 
[INFO] [stderr] test tests/ui/missing_resource_on_not_found.rs ... ok
[INFO] [stdout] ---- ui_compile_fail stdout ----
[INFO] [stderr] test tests/ui/retry_after_only_on_service_unavailable.rs ... mismatch
[INFO] [stdout] 
[INFO] [stderr] 
[INFO] [stdout] thread 'ui_compile_fail' (981) panicked at /opt/rustwide/cargo-home/registry/src/index.crates.io-1949cf8c6b5b557f/trybuild-1.0.116/src/run.rs:102:13:
[INFO] [stderr] EXPECTED:
[INFO] [stdout] 1 of 9 tests failed
[INFO] [stderr] ┈┈┈┈┈┈┈┈┈┈┈┈┈┈┈┈┈┈┈┈┈┈┈┈┈┈┈┈┈┈┈┈┈┈┈┈┈┈┈┈┈┈┈┈┈┈┈┈┈┈┈┈┈┈┈┈┈┈┈┈
[INFO] [stdout] stack backtrace:
[INFO] [stderr] error[E0599]: no method named `with_retry_after_seconds` found for struct `ResourceErrorBuilder<Resource, Context>` in the current scope
[INFO] [stdout]    0:     0x60b7a0b02a41 - <<std[617be2ca0a6fd877]::sys::backtrace::BacktraceLock>::print::DisplayBacktrace as core[a373ad73a504971]::fmt::Display>::fmt
[INFO] [stderr]  --> tests/ui/retry_after_only_on_service_unavailable.rs:8:10
[INFO] [stdout]    1:     0x60b7a0b18d2a - core[a373ad73a504971]::fmt::write
[INFO] [stderr]   |
[INFO] [stdout]    2:     0x60b7a0b0728c - <alloc[2e1b2a31b91974c5]::vec::Vec<u8> as core[a373ad73a504971]::io::write::Write>::write_fmt
[INFO] [stderr] 7 |       let _err = CanonicalError::internal("bug")
[INFO] [stdout]    3:     0x60b7a0adbea6 - std[617be2ca0a6fd877]::panicking::default_hook::{closure#0}
[INFO] [stderr]   |  ________________-
[INFO] [stdout]    4:     0x60b7a0af9fe9 - std[617be2ca0a6fd877]::panicking::default_hook
[INFO] [stderr] 8 | |         .with_retry_after_seconds(5)
[INFO] [stdout]    5:     0x60b7a0a935f0 - test[aada8e7e76ba119b]::test_main_inner::{closure#0}
[INFO] [stderr]   | |         -^^^^^^^^^^^^^^^^^^^^^^^^ method not found in `ResourceErrorBuilder<modkit_canonical_errors::builder::ResourceAbsent, modkit_canonical_errors::builder::NoContext>`
[INFO] [stdout]    6:     0x60b7a0afa1a2 - std[617be2ca0a6fd877]::panicking::panic_with_hook
[INFO] [stderr]   | |_________|
[INFO] [stdout]    7:     0x60b7a0adbf52 - std[617be2ca0a6fd877]::panicking::panic_handler::{closure#0}
[INFO] [stderr]   |
[INFO] [stdout]    8:     0x60b7a0ad47a9 - std[617be2ca0a6fd877]::sys::backtrace::__rust_end_short_backtrace::<std[617be2ca0a6fd877]::panicking::panic_handler::{closure#0}, !>
[INFO] [stderr] ┈┈┈┈┈┈┈┈┈┈┈┈┈┈┈┈┈┈┈┈┈┈┈┈┈┈┈┈┈┈┈┈┈┈┈┈┈┈┈┈┈┈┈┈┈┈┈┈┈┈┈┈┈┈┈┈┈┈┈┈
[INFO] [stdout]    9:     0x60b7a0adcb5d - __rustc[ea4f61d10b84890b]::rust_begin_unwind
[INFO] [stderr] 
[INFO] [stdout]   10:     0x60b7a0b1949c - core[a373ad73a504971]::panicking::panic_fmt
[INFO] [stderr] ACTUAL OUTPUT:
[INFO] [stdout]   11:     0x60b7a09e5acb - <trybuild[9e6046a8a8e199ed]::Runner>::run
[INFO] [stderr] ┈┈┈┈┈┈┈┈┈┈┈┈┈┈┈┈┈┈┈┈┈┈┈┈┈┈┈┈┈┈┈┈┈┈┈┈┈┈┈┈┈┈┈┈┈┈┈┈┈┈┈┈┈┈┈┈┈┈┈┈
[INFO] [stdout]   12:     0x60b7a09e8be0 - <trybuild[9e6046a8a8e199ed]::TestCases as core[a373ad73a504971]::ops::drop::Drop>::drop
[INFO] [stderr] error[E0599]: no method named `with_retry_after_seconds` found for struct `ResourceErrorBuilder<Resource, Context>` in the current scope
[INFO] [stdout]   13:     0x60b7a09dee38 - ui[df8caead5a0a84c8]::ui_compile_fail
[INFO] [stderr]  --> tests/ui/retry_after_only_on_service_unavailable.rs:8:10
[INFO] [stdout]   14:     0x60b7a09df039 - <ui[df8caead5a0a84c8]::ui_compile_fail::{closure#0} as core[a373ad73a504971]::ops::function::FnOnce<()>>::call_once
[INFO] [stderr]   |
[INFO] [stdout]   15:     0x60b7a0a86a3b - test[aada8e7e76ba119b]::__rust_begin_short_backtrace::<core[a373ad73a504971]::result::Result<(), alloc[2e1b2a31b91974c5]::string::String>, fn() -> core[a373ad73a504971]::result::Result<(), alloc[2e1b2a31b91974c5]::string::String>>
[INFO] [stderr] 7 |     let _err = CanonicalError::internal("bug")
[INFO] [stdout]   16:     0x60b7a0a93c15 - test[aada8e7e76ba119b]::run_test::{closure#0}
[INFO] [stderr] 8 |         .with_retry_after_seconds(5)
[INFO] [stdout]   17:     0x60b7a0a8d504 - std[617be2ca0a6fd877]::sys::backtrace::__rust_begin_short_backtrace::<test[aada8e7e76ba119b]::run_test::{closure#1}, ()>
[INFO] [stderr]   |          ^^^^^^^^^^^^^^^^^^^^^^^^ method not found in `ResourceErrorBuilder<modkit_canonical_errors::builder::ResourceAbsent, modkit_canonical_errors::builder::NoContext>`
[INFO] [stdout]   18:     0x60b7a0a96ca2 - <std[617be2ca0a6fd877]::thread::lifecycle::spawn_unchecked<test[aada8e7e76ba119b]::run_test::{closure#1}, ()>::{closure#1} as core[a373ad73a504971]::ops::function::FnOnce<()>>::call_once::{shim:vtable#0}
[INFO] [stderr] ┈┈┈┈┈┈┈┈┈┈┈┈┈┈┈┈┈┈┈┈┈┈┈┈┈┈┈┈┈┈┈┈┈┈┈┈┈┈┈┈┈┈┈┈┈┈┈┈┈┈┈┈┈┈┈┈┈┈┈┈
[INFO] [stdout]   19:     0x60b7a0b01c9f - <std[617be2ca0a6fd877]::sys::thread::unix::Thread>::new::thread_start
[INFO] [stderr] note: If the actual output is the correct output you can bless it by rerunning
[INFO] [stdout]   20:     0x7dac263d2dfa - <unknown>
[INFO] [stderr]       your test with the environment variable TRYBUILD=overwrite
[INFO] [stdout]   21:     0x7dac264663d4 - clone
[INFO] [stderr] 
[INFO] [stdout]   22:                0x0 - <unknown>
[INFO] [stderr] 
[INFO] [stdout] 
[INFO] [stderr] 
[INFO] [stdout] 
[INFO] [stdout] failures:
[INFO] [stdout]     ui_compile_fail
[INFO] [stdout] 
[INFO] [stdout] test result: FAILED. 0 passed; 1 failed; 0 ignored; 0 measured; 0 filtered out; finished in 19.64s
[INFO] [stdout] 
[INFO] [stderr] error: test failed, to rerun pass `--test ui`
[INFO] running `Command { std: "docker" "inspect" "8c3bccec6f54952766d283f50bb7e2f174fbeb58f0d9fc8bfaba8dc0f8193c31", kill_on_drop: false }`
[INFO] running `Command { std: "docker" "rm" "-f" "8c3bccec6f54952766d283f50bb7e2f174fbeb58f0d9fc8bfaba8dc0f8193c31", kill_on_drop: false }`
[INFO] [stdout] 8c3bccec6f54952766d283f50bb7e2f174fbeb58f0d9fc8bfaba8dc0f8193c31
