[INFO] fetching crate cargo-bloat-show 0.1.0...
[INFO] testing cargo-bloat-show-0.1.0 against 1.100.0-beta.1+cargoflags=--release for beta-release-1.100-3
[INFO] extracting crate cargo-bloat-show 0.1.0 into /workspace/builds/worker-5-tc2/source
[INFO] started tweaking crates.io crate cargo-bloat-show 0.1.0
[INFO] removed 0 missing tests
[INFO] finished tweaking crates.io crate cargo-bloat-show 0.1.0
[INFO] tweaked toml for crates.io crate cargo-bloat-show 0.1.0 written to /workspace/builds/worker-5-tc2/source/Cargo.toml
[INFO] validating manifest of crates.io crate cargo-bloat-show 0.1.0 on toolchain 1.100.0-beta.1
[INFO] running `Command { std: CARGO_HOME="/workspace/cargo-home" RUSTUP_HOME="/workspace/rustup-home" "/workspace/cargo-home/bin/cargo" "+1.100.0-beta.1" "metadata" "--manifest-path" "Cargo.toml" "--no-deps", kill_on_drop: false }`
[INFO] crate crates.io crate cargo-bloat-show 0.1.0 already has a lockfile, it will not be regenerated
[INFO] running `Command { std: CARGO_HOME="/workspace/cargo-home" RUSTUP_HOME="/workspace/rustup-home" "/workspace/cargo-home/bin/cargo" "+1.100.0-beta.1" "fetch" "--manifest-path" "Cargo.toml", kill_on_drop: false }`
[INFO] running `Command { std: "docker" "create" "-v" "/var/lib/crater-agent-workspace/builds/worker-5-tc2/source:/opt/rustwide/workdir:ro,Z" "-v" "/var/lib/crater-agent-workspace/builds/worker-5-tc2/target:/opt/rustwide/target:rw,Z" "-v" "/var/lib/crater-agent-workspace/cargo-home:/opt/rustwide/cargo-home:ro,Z" "-v" "/var/lib/crater-agent-workspace/rustup-home:/opt/rustwide/rustup-home:ro,Z" "-m" "1610612736" "--network" "none" "ghcr.io/rust-lang/crates-build-env/linux@sha256:77db811e55d90add9212f6832c23229e3de5f1c1f9905e8cb07319ea15df73ac" "sleep" "infinity", kill_on_drop: false }`
[INFO] [stdout] 1a6be208cb300729deb0156b869939f4964dfcf53be3fbd870e8bf9a3a58a7c4
[INFO] running `Command { std: "docker" "start" "1a6be208cb300729deb0156b869939f4964dfcf53be3fbd870e8bf9a3a58a7c4", kill_on_drop: false }`
[INFO] running `Command { std: "docker" "inspect" "1a6be208cb300729deb0156b869939f4964dfcf53be3fbd870e8bf9a3a58a7c4", kill_on_drop: false }`
[INFO] running `Command { std: "docker" "exec" "-e" "SOURCE_DIR=/opt/rustwide/workdir" "-e" "CARGO_HOME=/opt/rustwide/cargo-home" "-e" "RUSTUP_HOME=/opt/rustwide/rustup-home" "-e" "CARGO_TARGET_DIR=/opt/rustwide/target" "-w" "/opt/rustwide/workdir" "--user" "0:0" "1a6be208cb300729deb0156b869939f4964dfcf53be3fbd870e8bf9a3a58a7c4" "/opt/rustwide/cargo-home/bin/cargo" "+1.100.0-beta.1" "metadata" "--no-deps" "--format-version=1", kill_on_drop: false }`
[INFO] running `Command { std: "docker" "inspect" "1a6be208cb300729deb0156b869939f4964dfcf53be3fbd870e8bf9a3a58a7c4", kill_on_drop: false }`
[INFO] running `Command { std: "docker" "exec" "-e" "SOURCE_DIR=/opt/rustwide/workdir" "-e" "CARGO_HOME=/opt/rustwide/cargo-home" "-e" "RUSTUP_HOME=/opt/rustwide/rustup-home" "-e" "CARGO_TARGET_DIR=/opt/rustwide/target" "-e" "CARGO_INCREMENTAL=0" "-e" "RUST_BACKTRACE=full" "-e" "RUSTFLAGS=--cap-lints=warn" "-e" "RUSTDOCFLAGS=--cap-lints=warn" "-w" "/opt/rustwide/workdir" "--user" "0:0" "1a6be208cb300729deb0156b869939f4964dfcf53be3fbd870e8bf9a3a58a7c4" "/opt/rustwide/cargo-home/bin/cargo" "+1.100.0-beta.1" "build" "--frozen" "--message-format=json" "--release", kill_on_drop: false }`
[INFO] [stderr]    Compiling serde_core v1.0.229
[INFO] [stderr]    Compiling memchr v2.8.3
[INFO] [stderr]    Compiling serde v1.0.229
[INFO] [stderr]    Compiling serde_json v1.0.151
[INFO] [stderr]    Compiling colorchoice v1.0.5
[INFO] [stderr]    Compiling anstyle v1.0.14
[INFO] [stderr]    Compiling libc v0.2.189
[INFO] [stderr]    Compiling proc-macro2 v1.0.107
[INFO] [stderr]    Compiling anstyle-parse v1.0.0
[INFO] [stderr]    Compiling clap_lex v1.1.0
[INFO] [stderr]    Compiling strsim v0.11.1
[INFO] [stderr]    Compiling regex-automata v0.4.18
[INFO] [stderr]    Compiling anyhow v1.0.104
[INFO] [stderr]    Compiling supports-hyperlinks v3.2.0
[INFO] [stderr]    Compiling anstream v1.0.0
[INFO] [stderr]    Compiling clap_builder v4.6.6
[INFO] [stderr]    Compiling quote v1.0.47
[INFO] [stderr]    Compiling syn v3.0.3
[INFO] [stderr]    Compiling bstr v1.13.1
[INFO] [stderr]    Compiling anstyle-hyperlink v1.0.2
[INFO] [stderr]    Compiling opener v0.8.5
[INFO] [stderr]    Compiling serde_derive v1.0.229
[INFO] [stderr]    Compiling clap_derive v4.6.4
[INFO] [stderr]    Compiling clap v4.6.6
[INFO] [stderr]    Compiling bloat-show v0.1.0
[INFO] [stderr]    Compiling cargo-bloat-show v0.1.0 (/opt/rustwide/workdir)
[INFO] [stderr]     Finished `release` profile [optimized] target(s) in 27.54s
[INFO] running `Command { std: "docker" "inspect" "1a6be208cb300729deb0156b869939f4964dfcf53be3fbd870e8bf9a3a58a7c4", kill_on_drop: false }`
[INFO] running `Command { std: "docker" "exec" "-e" "SOURCE_DIR=/opt/rustwide/workdir" "-e" "CARGO_HOME=/opt/rustwide/cargo-home" "-e" "RUSTUP_HOME=/opt/rustwide/rustup-home" "-e" "CARGO_TARGET_DIR=/opt/rustwide/target" "-e" "CARGO_INCREMENTAL=0" "-e" "RUST_BACKTRACE=full" "-e" "RUSTFLAGS=--cap-lints=warn" "-e" "RUSTDOCFLAGS=--cap-lints=warn" "-w" "/opt/rustwide/workdir" "--user" "0:0" "1a6be208cb300729deb0156b869939f4964dfcf53be3fbd870e8bf9a3a58a7c4" "/opt/rustwide/cargo-home/bin/cargo" "+1.100.0-beta.1" "test" "--frozen" "--no-run" "--message-format=json" "--release", kill_on_drop: false }`
[INFO] [stderr]    Compiling cargo-bloat-show v0.1.0 (/opt/rustwide/workdir)
[INFO] [stderr]     Finished `release` profile [optimized] target(s) in 3.66s
[INFO] running `Command { std: "docker" "inspect" "1a6be208cb300729deb0156b869939f4964dfcf53be3fbd870e8bf9a3a58a7c4", kill_on_drop: false }`
[INFO] running `Command { std: "docker" "exec" "-e" "SOURCE_DIR=/opt/rustwide/workdir" "-e" "CARGO_HOME=/opt/rustwide/cargo-home" "-e" "RUSTUP_HOME=/opt/rustwide/rustup-home" "-e" "CARGO_TARGET_DIR=/opt/rustwide/target" "-e" "CARGO_INCREMENTAL=0" "-e" "RUST_BACKTRACE=full" "-e" "RUSTFLAGS=--cap-lints=warn" "-e" "RUSTDOCFLAGS=--cap-lints=warn" "-w" "/opt/rustwide/workdir" "--user" "0:0" "1a6be208cb300729deb0156b869939f4964dfcf53be3fbd870e8bf9a3a58a7c4" "/opt/rustwide/cargo-home/bin/cargo" "+1.100.0-beta.1" "test" "--frozen" "--release", kill_on_drop: false }`
[INFO] [stderr]     Finished `release` profile [optimized] target(s) in 0.06s
[INFO] [stderr]      Running unittests src/main.rs (/opt/rustwide/target/release/build/cargo-bloat-show/38d9419c9b1b3273/out/cargo_bloat_show-38d9419c9b1b3273)
[INFO] [stdout] 
[INFO] [stdout] running 42 tests
[INFO] [stdout] test cargo::tests::a_bare_directory_works_as_a_manifest_path_too ... ok
[INFO] [stdout] test cargo::tests::analysis_flags_are_forwarded ... ok
[INFO] [stdout] test cargo::tests::discarded_arguments_are_picked_out_of_stderr ... ok
[INFO] [stdout] test cargo::tests::display_shows_the_env_prefix ... ok
[INFO] [stdout] test cargo::tests::manifest_path_becomes_the_working_directory ... ok
[INFO] [stdout] test cargo::tests::repeated_features_collapse_into_one_argument ... ok
[INFO] [stdout] test options::tests::a_second_config_override_is_rejected ... ok
[INFO] [stdout] test cargo::tests::native_flags_are_forwarded_verbatim ... ok
[INFO] [stdout] test cargo::tests::shell_quoting_escapes_embedded_single_quotes ... ok
[INFO] [stdout] test cargo::tests::terminal_and_network_flags_go_to_the_environment ... ok
[INFO] [stdout] test options::tests::extra_args_are_collected_after_a_double_dash ... ok
[INFO] [stdout] test options::tests::features_and_unstable_flags_are_repeatable ... ok
[INFO] [stdout] test options::tests::multi_artifact_flags_are_rejected_with_an_explanation ... ok
[INFO] [stdout] test cargo::tests::display_quotes_arguments_that_need_it ... ok
[INFO] [stdout] test output::tests::a_hyperlink_wraps_the_path_in_osc_8 ... ok
[INFO] [stdout] test output::tests::a_suppressed_hyperlink_leaves_the_line_alone ... ok
[INFO] [stdout] test output::tests::a_relative_path_is_made_absolute ... ok
[INFO] [stdout] test output::tests::an_absolute_path_is_left_alone ... ok
[INFO] [stdout] test output::tests::sizes_are_human_readable ... ok
[INFO] [stdout] test output::tests::symlinks_are_not_resolved ... ok
[INFO] [stdout] test style::tests::a_lookalike_flag_is_not_mistaken_for_it ... ok
[INFO] [stdout] test style::tests::a_separate_value_is_found ... ok
[INFO] [stdout] test style::tests::the_flag_is_not_read_out_of_the_child_arguments ... ok
[INFO] [stdout] test target_dir::tests::a_relative_directory_follows_the_manifest ... ok
[INFO] [stdout] test target_dir::tests::an_explicit_directory_wins ... ok
[INFO] [stdout] test tests::an_empty_argv_does_not_panic ... ok
[INFO] [stdout] test tests::cargo_style_invocation_is_left_alone ... ok
[INFO] [stdout] test tests::cli_definition_is_valid ... ok
[INFO] [stdout] test style::tests::an_attached_value_is_found ... ok
[INFO] [stdout] test style::tests::an_unknown_value_is_left_for_clap ... ok
[INFO] [stdout] test tests::direct_invocation_gets_the_subcommand_spliced_in ... ok
[INFO] [stdout] test options::tests::supported_flags_pass_the_check ... ok
[INFO] [stdout] test output::tests::the_colour_choice_decides_before_the_terminal_does ... ok
[INFO] [stdout] test cargo::tests::a_top_level_manifest_resolves_to_the_current_directory ... ok
[INFO] [stdout] test cargo::tests::always_asks_for_complete_json ... ok
[INFO] [stdout] test cargo::tests::the_flags_we_control_precede_extra_args ... ok
[INFO] [stdout] test options::tests::release_has_the_cargo_short_form ... ok
[INFO] [stdout] test style::tests::the_env_spelling_round_trips ... ok
[INFO] [stdout] test style::tests::no_flag_means_no_answer ... ok
[INFO] [stdout] test target_dir::tests::falls_back_to_the_workspace_target_directory ... ok
[INFO] [stdout] test tests::a_bare_invocation_still_parses ... ok
[INFO] [stdout] test cargo::tests::json_is_extracted_from_a_noisy_stream ... ok
[INFO] [stdout] 
[INFO] [stderr]      Running tests/cli.rs (/opt/rustwide/target/release/build/cargo-bloat-show/e1f4fb16d6a6cdce/out/cli-e1f4fb16d6a6cdce)
[INFO] [stdout] test result: ok. 42 passed; 0 failed; 0 ignored; 0 measured; 0 filtered out; finished in 0.03s
[INFO] [stdout] 
[INFO] [stdout] 
[INFO] [stdout] running 7 tests
[INFO] [stdout] test help_presents_itself_as_a_cargo_subcommand ... FAILED
[INFO] [stdout] test errors_are_reported_in_cargo_shape ... FAILED
[INFO] [stdout] test multi_artifact_flags_fail_before_any_build_starts ... FAILED
[INFO] [stdout] test json_out_saves_the_raw_data_alongside_the_report ... FAILED
[INFO] [stdout] test renders_existing_json_via_the_cargo_subcommand_form ... FAILED
[INFO] [stdout] test colour_follows_the_flag_the_environment_and_the_pipe ... FAILED
[INFO] [stdout] test renders_existing_json_when_invoked_directly ... FAILED
[INFO] [stdout] 
[INFO] [stdout] failures:
[INFO] [stdout] 
[INFO] [stdout] ---- help_presents_itself_as_a_cargo_subcommand stdout ----
[INFO] [stdout] 
[INFO] [stdout] thread 'help_presents_itself_as_a_cargo_subcommand' (782) panicked at tests/cli.rs:172:10:
[INFO] [stdout] called `Result::unwrap()` on an `Err` value: Os { code: 2, kind: NotFound, message: "No such file or directory" }
[INFO] [stdout] stack backtrace:
[INFO] [stdout]    0:     0x5b99f4249a31 - <<std[617be2ca0a6fd877]::sys::backtrace::BacktraceLock>::print::DisplayBacktrace as core[a373ad73a504971]::fmt::Display>::fmt
[INFO] [stdout]    1:     0x5b99f425e3fa - core[a373ad73a504971]::fmt::write
[INFO] [stdout]    2:     0x5b99f424deac - <alloc[2e1b2a31b91974c5]::vec::Vec<u8> as core[a373ad73a504971]::io::write::Write>::write_fmt
[INFO] [stdout]    3:     0x5b99f4223c86 - std[617be2ca0a6fd877]::panicking::default_hook::{closure#0}
[INFO] [stdout]    4:     0x5b99f42414a9 - std[617be2ca0a6fd877]::panicking::default_hook
[INFO] [stdout]    5:     0x5b99f41ce650 - test[aada8e7e76ba119b]::test_main_inner::{closure#0}
[INFO] [stdout]    6:     0x5b99f4241662 - std[617be2ca0a6fd877]::panicking::panic_with_hook
[INFO] [stdout]    7:     0x5b99f4223d32 - std[617be2ca0a6fd877]::panicking::panic_handler::{closure#0}
[INFO] [stdout]    8:     0x5b99f421c799 - std[617be2ca0a6fd877]::sys::backtrace::__rust_end_short_backtrace::<std[617be2ca0a6fd877]::panicking::panic_handler::{closure#0}, !>
[INFO] [stdout]    9:     0x5b99f422493d - __rustc[ea4f61d10b84890b]::rust_begin_unwind
[INFO] [stdout]   10:     0x5b99f425eb2c - core[a373ad73a504971]::panicking::panic_fmt
[INFO] [stdout]   11:     0x5b99f425e902 - core[a373ad73a504971]::result::unwrap_failed
[INFO] [stdout]   12:     0x5b99f41bfda3 - <cli[f187ec16bc156323]::help_presents_itself_as_a_cargo_subcommand::{closure#0} as core[a373ad73a504971]::ops::function::FnOnce<()>>::call_once
[INFO] [stdout]   13:     0x5b99f41c1a9b - test[aada8e7e76ba119b]::__rust_begin_short_backtrace::<core[a373ad73a504971]::result::Result<(), alloc[2e1b2a31b91974c5]::string::String>, fn() -> core[a373ad73a504971]::result::Result<(), alloc[2e1b2a31b91974c5]::string::String>>
[INFO] [stdout]   14:     0x5b99f41cec75 - test[aada8e7e76ba119b]::run_test::{closure#0}
[INFO] [stdout]   15:     0x5b99f41c8564 - std[617be2ca0a6fd877]::sys::backtrace::__rust_begin_short_backtrace::<test[aada8e7e76ba119b]::run_test::{closure#1}, ()>
[INFO] [stdout]   16:     0x5b99f41d1d02 - <std[617be2ca0a6fd877]::thread::lifecycle::spawn_unchecked<test[aada8e7e76ba119b]::run_test::{closure#1}, ()>::{closure#1} as core[a373ad73a504971]::ops::function::FnOnce<()>>::call_once::{shim:vtable#0}
[INFO] [stdout]   17:     0x5b99f4248d4f - <std[617be2ca0a6fd877]::sys::thread::unix::Thread>::new::thread_start
[INFO] [stdout]   18:     0x7195925f5dfa - <unknown>
[INFO] [stdout]   19:     0x7195926893d4 - clone
[INFO] [stdout]   20:                0x0 - <unknown>
[INFO] [stdout] 
[INFO] [stdout] ---- errors_are_reported_in_cargo_shape stdout ----
[INFO] [stdout] 
[INFO] [stdout] thread 'errors_are_reported_in_cargo_shape' (781) panicked at tests/cli.rs:158:10:
[INFO] [stdout] called `Result::unwrap()` on an `Err` value: Os { code: 2, kind: NotFound, message: "No such file or directory" }
[INFO] [stdout] stack backtrace:
[INFO] [stdout]    0:     0x5b99f4249a31 - <<std[617be2ca0a6fd877]::sys::backtrace::BacktraceLock>::print::DisplayBacktrace as core[a373ad73a504971]::fmt::Display>::fmt
[INFO] [stdout]    1:     0x5b99f425e3fa - core[a373ad73a504971]::fmt::write
[INFO] [stdout]    2:     0x5b99f424deac - <alloc[2e1b2a31b91974c5]::vec::Vec<u8> as core[a373ad73a504971]::io::write::Write>::write_fmt
[INFO] [stdout]    3:     0x5b99f4223c86 - std[617be2ca0a6fd877]::panicking::default_hook::{closure#0}
[INFO] [stdout]    4:     0x5b99f42414a9 - std[617be2ca0a6fd877]::panicking::default_hook
[INFO] [stdout]    5:     0x5b99f41ce650 - test[aada8e7e76ba119b]::test_main_inner::{closure#0}
[INFO] [stdout]    6:     0x5b99f4241662 - std[617be2ca0a6fd877]::panicking::panic_with_hook
[INFO] [stdout]    7:     0x5b99f4223d32 - std[617be2ca0a6fd877]::panicking::panic_handler::{closure#0}
[INFO] [stdout]    8:     0x5b99f421c799 - std[617be2ca0a6fd877]::sys::backtrace::__rust_end_short_backtrace::<std[617be2ca0a6fd877]::panicking::panic_handler::{closure#0}, !>
[INFO] [stdout]    9:     0x5b99f422493d - __rustc[ea4f61d10b84890b]::rust_begin_unwind
[INFO] [stdout]   10:     0x5b99f425eb2c - core[a373ad73a504971]::panicking::panic_fmt
[INFO] [stdout]   11:     0x5b99f425e902 - core[a373ad73a504971]::result::unwrap_failed
[INFO] [stdout]   12:     0x5b99f41bf8d3 - <cli[f187ec16bc156323]::errors_are_reported_in_cargo_shape::{closure#0} as core[a373ad73a504971]::ops::function::FnOnce<()>>::call_once
[INFO] [stdout]   13:     0x5b99f41c1a9b - test[aada8e7e76ba119b]::__rust_begin_short_backtrace::<core[a373ad73a504971]::result::Result<(), alloc[2e1b2a31b91974c5]::string::String>, fn() -> core[a373ad73a504971]::result::Result<(), alloc[2e1b2a31b91974c5]::string::String>>
[INFO] [stdout]   14:     0x5b99f41cec75 - test[aada8e7e76ba119b]::run_test::{closure#0}
[INFO] [stdout]   15:     0x5b99f41c8564 - std[617be2ca0a6fd877]::sys::backtrace::__rust_begin_short_backtrace::<test[aada8e7e76ba119b]::run_test::{closure#1}, ()>
[INFO] [stdout]   16:     0x5b99f41d1d02 - <std[617be2ca0a6fd877]::thread::lifecycle::spawn_unchecked<test[aada8e7e76ba119b]::run_test::{closure#1}, ()>::{closure#1} as core[a373ad73a504971]::ops::function::FnOnce<()>>::call_once::{shim:vtable#0}
[INFO] [stdout]   17:     0x5b99f4248d4f - <std[617be2ca0a6fd877]::sys::thread::unix::Thread>::new::thread_start
[INFO] [stdout]   18:     0x7195925f5dfa - <unknown>
[INFO] [stdout]   19:     0x7195926893d4 - clone
[INFO] [stdout]   20:                0x0 - <unknown>
[INFO] [stdout] 
[INFO] [stdout] ---- multi_artifact_flags_fail_before_any_build_starts stdout ----
[INFO] [stdout] 
[INFO] [stdout] thread 'multi_artifact_flags_fail_before_any_build_starts' (785) panicked at tests/cli.rs:106:64:
[INFO] [stdout] called `Result::unwrap()` on an `Err` value: Os { code: 2, kind: NotFound, message: "No such file or directory" }
[INFO] [stdout] stack backtrace:
[INFO] [stdout]    0:     0x5b99f4249a31 - <<std[617be2ca0a6fd877]::sys::backtrace::BacktraceLock>::print::DisplayBacktrace as core[a373ad73a504971]::fmt::Display>::fmt
[INFO] [stdout]    1:     0x5b99f425e3fa - core[a373ad73a504971]::fmt::write
[INFO] [stdout]    2:     0x5b99f424deac - <alloc[2e1b2a31b91974c5]::vec::Vec<u8> as core[a373ad73a504971]::io::write::Write>::write_fmt
[INFO] [stdout]    3:     0x5b99f4223c86 - std[617be2ca0a6fd877]::panicking::default_hook::{closure#0}
[INFO] [stdout]    4:     0x5b99f42414a9 - std[617be2ca0a6fd877]::panicking::default_hook
[INFO] [stdout]    5:     0x5b99f41ce650 - test[aada8e7e76ba119b]::test_main_inner::{closure#0}
[INFO] [stdout]    6:     0x5b99f4241662 - std[617be2ca0a6fd877]::panicking::panic_with_hook
[INFO] [stdout]    7:     0x5b99f4223d32 - std[617be2ca0a6fd877]::panicking::panic_handler::{closure#0}
[INFO] [stdout]    8:     0x5b99f421c799 - std[617be2ca0a6fd877]::sys::backtrace::__rust_end_short_backtrace::<std[617be2ca0a6fd877]::panicking::panic_handler::{closure#0}, !>
[INFO] [stdout]    9:     0x5b99f422493d - __rustc[ea4f61d10b84890b]::rust_begin_unwind
[INFO] [stdout]   10:     0x5b99f425eb2c - core[a373ad73a504971]::panicking::panic_fmt
[INFO] [stdout]   11:     0x5b99f425e902 - core[a373ad73a504971]::result::unwrap_failed
[INFO] [stdout]   12:     0x5b99f41c0d6f - <cli[f187ec16bc156323]::multi_artifact_flags_fail_before_any_build_starts::{closure#0} as core[a373ad73a504971]::ops::function::FnOnce<()>>::call_once
[INFO] [stdout]   13:     0x5b99f41c1a9b - test[aada8e7e76ba119b]::__rust_begin_short_backtrace::<core[a373ad73a504971]::result::Result<(), alloc[2e1b2a31b91974c5]::string::String>, fn() -> core[a373ad73a504971]::result::Result<(), alloc[2e1b2a31b91974c5]::string::String>>
[INFO] [stdout]   14:     0x5b99f41cec75 - test[aada8e7e76ba119b]::run_test::{closure#0}
[INFO] [stdout]   15:     0x5b99f41c8564 - std[617be2ca0a6fd877]::sys::backtrace::__rust_begin_short_backtrace::<test[aada8e7e76ba119b]::run_test::{closure#1}, ()>
[INFO] [stdout]   16:     0x5b99f41d1d02 - <std[617be2ca0a6fd877]::thread::lifecycle::spawn_unchecked<test[aada8e7e76ba119b]::run_test::{closure#1}, ()>::{closure#1} as core[a373ad73a504971]::ops::function::FnOnce<()>>::call_once::{shim:vtable#0}
[INFO] [stdout]   17:     0x5b99f4248d4f - <std[617be2ca0a6fd877]::sys::thread::unix::Thread>::new::thread_start
[INFO] [stdout]   18:     0x7195925f5dfa - <unknown>
[INFO] [stdout]   19:     0x7195926893d4 - clone
[INFO] [stdout]   20:                0x0 - <unknown>
[INFO] [stdout] 
[INFO] [stdout] ---- json_out_saves_the_raw_data_alongside_the_report stdout ----
[INFO] [stdout] 
[INFO] [stdout] thread 'json_out_saves_the_raw_data_alongside_the_report' (783) panicked at tests/cli.rs:93:10:
[INFO] [stdout] called `Result::unwrap()` on an `Err` value: Os { code: 2, kind: NotFound, message: "No such file or directory" }
[INFO] [stdout] stack backtrace:
[INFO] [stdout]    0:     0x5b99f4249a31 - <<std[617be2ca0a6fd877]::sys::backtrace::BacktraceLock>::print::DisplayBacktrace as core[a373ad73a504971]::fmt::Display>::fmt
[INFO] [stdout]    1:     0x5b99f425e3fa - core[a373ad73a504971]::fmt::write
[INFO] [stdout]    2:     0x5b99f424deac - <alloc[2e1b2a31b91974c5]::vec::Vec<u8> as core[a373ad73a504971]::io::write::Write>::write_fmt
[INFO] [stdout]    3:     0x5b99f4223c86 - std[617be2ca0a6fd877]::panicking::default_hook::{closure#0}
[INFO] [stdout]    4:     0x5b99f42414a9 - std[617be2ca0a6fd877]::panicking::default_hook
[INFO] [stdout]    5:     0x5b99f41ce650 - test[aada8e7e76ba119b]::test_main_inner::{closure#0}
[INFO] [stdout]    6:     0x5b99f4241662 - std[617be2ca0a6fd877]::panicking::panic_with_hook
[INFO] [stdout]    7:     0x5b99f4223d32 - std[617be2ca0a6fd877]::panicking::panic_handler::{closure#0}
[INFO] [stdout]    8:     0x5b99f421c799 - std[617be2ca0a6fd877]::sys::backtrace::__rust_end_short_backtrace::<std[617be2ca0a6fd877]::panicking::panic_handler::{closure#0}, !>
[INFO] [stdout]    9:     0x5b99f422493d - __rustc[ea4f61d10b84890b]::rust_begin_unwind
[INFO] [stdout]   10:     0x5b99f425eb2c - core[a373ad73a504971]::panicking::panic_fmt
[INFO] [stdout]   11:     0x5b99f425e902 - core[a373ad73a504971]::result::unwrap_failed
[INFO] [stdout]   12:     0x5b99f41c05ff - <cli[f187ec16bc156323]::json_out_saves_the_raw_data_alongside_the_report::{closure#0} as core[a373ad73a504971]::ops::function::FnOnce<()>>::call_once
[INFO] [stdout]   13:     0x5b99f41c1a9b - test[aada8e7e76ba119b]::__rust_begin_short_backtrace::<core[a373ad73a504971]::result::Result<(), alloc[2e1b2a31b91974c5]::string::String>, fn() -> core[a373ad73a504971]::result::Result<(), alloc[2e1b2a31b91974c5]::string::String>>
[INFO] [stdout]   14:     0x5b99f41cec75 - test[aada8e7e76ba119b]::run_test::{closure#0}
[INFO] [stdout]   15:     0x5b99f41c8564 - std[617be2ca0a6fd877]::sys::backtrace::__rust_begin_short_backtrace::<test[aada8e7e76ba119b]::run_test::{closure#1}, ()>
[INFO] [stdout]   16:     0x5b99f41d1d02 - <std[617be2ca0a6fd877]::thread::lifecycle::spawn_unchecked<test[aada8e7e76ba119b]::run_test::{closure#1}, ()>::{closure#1} as core[a373ad73a504971]::ops::function::FnOnce<()>>::call_once::{shim:vtable#0}
[INFO] [stdout]   17:     0x5b99f4248d4f - <std[617be2ca0a6fd877]::sys::thread::unix::Thread>::new::thread_start
[INFO] [stdout]   18:     0x7195925f5dfa - <unknown>
[INFO] [stdout]   19:     0x7195926893d4 - clone
[INFO] [stdout]   20:                0x0 - <unknown>
[INFO] [stdout] 
[INFO] [stdout] ---- renders_existing_json_via_the_cargo_subcommand_form stdout ----
[INFO] [stdout] 
[INFO] [stdout] thread 'renders_existing_json_via_the_cargo_subcommand_form' (787) panicked at tests/cli.rs:56:10:
[INFO] [stdout] called `Result::unwrap()` on an `Err` value: Os { code: 2, kind: NotFound, message: "No such file or directory" }
[INFO] [stdout] stack backtrace:
[INFO] [stdout]    0:     0x5b99f4249a31 - <<std[617be2ca0a6fd877]::sys::backtrace::BacktraceLock>::print::DisplayBacktrace as core[a373ad73a504971]::fmt::Display>::fmt
[INFO] [stdout]    1:     0x5b99f425e3fa - core[a373ad73a504971]::fmt::write
[INFO] [stdout]    2:     0x5b99f424deac - <alloc[2e1b2a31b91974c5]::vec::Vec<u8> as core[a373ad73a504971]::io::write::Write>::write_fmt
[INFO] [stdout]    3:     0x5b99f4223c86 - std[617be2ca0a6fd877]::panicking::default_hook::{closure#0}
[INFO] [stdout]    4:     0x5b99f42414a9 - std[617be2ca0a6fd877]::panicking::default_hook
[INFO] [stdout]    5:     0x5b99f41ce650 - test[aada8e7e76ba119b]::test_main_inner::{closure#0}
[INFO] [stdout]    6:     0x5b99f4241662 - std[617be2ca0a6fd877]::panicking::panic_with_hook
[INFO] [stdout]    7:     0x5b99f4223d32 - std[617be2ca0a6fd877]::panicking::panic_handler::{closure#0}
[INFO] [stdout]    8:     0x5b99f421c799 - std[617be2ca0a6fd877]::sys::backtrace::__rust_end_short_backtrace::<std[617be2ca0a6fd877]::panicking::panic_handler::{closure#0}, !>
[INFO] [stdout]    9:     0x5b99f422493d - __rustc[ea4f61d10b84890b]::rust_begin_unwind
[INFO] [stdout]   10:     0x5b99f425eb2c - core[a373ad73a504971]::panicking::panic_fmt
[INFO] [stdout]   11:     0x5b99f425e902 - core[a373ad73a504971]::result::unwrap_failed
[INFO] [stdout]   12:     0x5b99f41c131d - <cli[f187ec16bc156323]::renders_existing_json_via_the_cargo_subcommand_form::{closure#0} as core[a373ad73a504971]::ops::function::FnOnce<()>>::call_once
[INFO] [stdout]   13:     0x5b99f41c1a9b - test[aada8e7e76ba119b]::__rust_begin_short_backtrace::<core[a373ad73a504971]::result::Result<(), alloc[2e1b2a31b91974c5]::string::String>, fn() -> core[a373ad73a504971]::result::Result<(), alloc[2e1b2a31b91974c5]::string::String>>
[INFO] [stdout]   14:     0x5b99f41cec75 - test[aada8e7e76ba119b]::run_test::{closure#0}
[INFO] [stdout]   15:     0x5b99f41c8564 - std[617be2ca0a6fd877]::sys::backtrace::__rust_begin_short_backtrace::<test[aada8e7e76ba119b]::run_test::{closure#1}, ()>
[INFO] [stdout]   16:     0x5b99f41d1d02 - <std[617be2ca0a6fd877]::thread::lifecycle::spawn_unchecked<test[aada8e7e76ba119b]::run_test::{closure#1}, ()>::{closure#1} as core[a373ad73a504971]::ops::function::FnOnce<()>>::call_once::{shim:vtable#0}
[INFO] [stdout]   17:     0x5b99f4248d4f - <std[617be2ca0a6fd877]::sys::thread::unix::Thread>::new::thread_start
[INFO] [stdout]   18:     0x7195925f5dfa - <unknown>
[INFO] [stdout]   19:     0x7195926893d4 - clone
[INFO] [stdout]   20:                0x0 - <unknown>
[INFO] [stdout] 
[INFO] [stdout] ---- colour_follows_the_flag_the_environment_and_the_pipe stdout ----
[INFO] [stdout] 
[INFO] [stdout] thread 'colour_follows_the_flag_the_environment_and_the_pipe' (780) panicked at tests/cli.rs:137:14:
[INFO] [stdout] called `Result::unwrap()` on an `Err` value: Os { code: 2, kind: NotFound, message: "No such file or directory" }
[INFO] [stdout] stack backtrace:
[INFO] [stdout]    0:     0x5b99f4249a31 - <<std[617be2ca0a6fd877]::sys::backtrace::BacktraceLock>::print::DisplayBacktrace as core[a373ad73a504971]::fmt::Display>::fmt
[INFO] [stdout]    1:     0x5b99f425e3fa - core[a373ad73a504971]::fmt::write
[INFO] [stdout]    2:     0x5b99f424deac - <alloc[2e1b2a31b91974c5]::vec::Vec<u8> as core[a373ad73a504971]::io::write::Write>::write_fmt
[INFO] [stdout]    3:     0x5b99f4223c86 - std[617be2ca0a6fd877]::panicking::default_hook::{closure#0}
[INFO] [stdout]    4:     0x5b99f42414a9 - std[617be2ca0a6fd877]::panicking::default_hook
[INFO] [stdout]    5:     0x5b99f41ce650 - test[aada8e7e76ba119b]::test_main_inner::{closure#0}
[INFO] [stdout]    6:     0x5b99f4241662 - std[617be2ca0a6fd877]::panicking::panic_with_hook
[INFO] [stdout]    7:     0x5b99f4223d32 - std[617be2ca0a6fd877]::panicking::panic_handler::{closure#0}
[INFO] [stdout]    8:     0x5b99f421c799 - std[617be2ca0a6fd877]::sys::backtrace::__rust_end_short_backtrace::<std[617be2ca0a6fd877]::panicking::panic_handler::{closure#0}, !>
[INFO] [stdout]    9:     0x5b99f422493d - __rustc[ea4f61d10b84890b]::rust_begin_unwind
[INFO] [stdout]   10:     0x5b99f425eb2c - core[a373ad73a504971]::panicking::panic_fmt
[INFO] [stdout]   11:     0x5b99f425e902 - core[a373ad73a504971]::result::unwrap_failed
[INFO] [stdout]   12:     0x5b99f41be014 - cli[f187ec16bc156323]::colour_follows_the_flag_the_environment_and_the_pipe::{closure#0}
[INFO] [stdout]   13:     0x5b99f41c158c - <cli[f187ec16bc156323]::colour_follows_the_flag_the_environment_and_the_pipe::{closure#0} as core[a373ad73a504971]::ops::function::FnOnce<()>>::call_once
[INFO] [stdout]   14:     0x5b99f41c1a9b - test[aada8e7e76ba119b]::__rust_begin_short_backtrace::<core[a373ad73a504971]::result::Result<(), alloc[2e1b2a31b91974c5]::string::String>, fn() -> core[a373ad73a504971]::result::Result<(), alloc[2e1b2a31b91974c5]::string::String>>
[INFO] [stdout]   15:     0x5b99f41cec75 - test[aada8e7e76ba119b]::run_test::{closure#0}
[INFO] [stdout]   16:     0x5b99f41c8564 - std[617be2ca0a6fd877]::sys::backtrace::__rust_begin_short_backtrace::<test[aada8e7e76ba119b]::run_test::{closure#1}, ()>
[INFO] [stdout]   17:     0x5b99f41d1d02 - <std[617be2ca0a6fd877]::thread::lifecycle::spawn_unchecked<test[aada8e7e76ba119b]::run_test::{closure#1}, ()>::{closure#1} as core[a373ad73a504971]::ops::function::FnOnce<()>>::call_once::{shim:vtable#0}
[INFO] [stdout]   18:     0x5b99f4248d4f - <std[617be2ca0a6fd877]::sys::thread::unix::Thread>::new::thread_start
[INFO] [stdout]   19:     0x7195925f5dfa - <unknown>
[INFO] [stdout]   20:     0x7195926893d4 - clone
[INFO] [stdout]   21:                0x0 - <unknown>
[INFO] [stdout] 
[INFO] [stdout] ---- renders_existing_json_when_invoked_directly stdout ----
[INFO] [stdout] 
[INFO] [stdout] thread 'renders_existing_json_when_invoked_directly' (788) panicked at tests/cli.rs:76:10:
[INFO] [stdout] called `Result::unwrap()` on an `Err` value: Os { code: 2, kind: NotFound, message: "No such file or directory" }
[INFO] [stdout] stack backtrace:
[INFO] [stdout]    0:     0x5b99f4249a31 - <<std[617be2ca0a6fd877]::sys::backtrace::BacktraceLock>::print::DisplayBacktrace as core[a373ad73a504971]::fmt::Display>::fmt
[INFO] [stdout]    1:     0x5b99f425e3fa - core[a373ad73a504971]::fmt::write
[INFO] [stdout]    2:     0x5b99f424deac - <alloc[2e1b2a31b91974c5]::vec::Vec<u8> as core[a373ad73a504971]::io::write::Write>::write_fmt
[INFO] [stdout]    3:     0x5b99f4223c86 - std[617be2ca0a6fd877]::panicking::default_hook::{closure#0}
[INFO] [stdout]    4:     0x5b99f42414a9 - std[617be2ca0a6fd877]::panicking::default_hook
[INFO] [stdout]    5:     0x5b99f41ce650 - test[aada8e7e76ba119b]::test_main_inner::{closure#0}
[INFO] [stdout]    6:     0x5b99f4241662 - std[617be2ca0a6fd877]::panicking::panic_with_hook
[INFO] [stdout]    7:     0x5b99f4223d32 - std[617be2ca0a6fd877]::panicking::panic_handler::{closure#0}
[INFO] [stdout]    8:     0x5b99f421c799 - std[617be2ca0a6fd877]::sys::backtrace::__rust_end_short_backtrace::<std[617be2ca0a6fd877]::panicking::panic_handler::{closure#0}, !>
[INFO] [stdout]    9:     0x5b99f422493d - __rustc[ea4f61d10b84890b]::rust_begin_unwind
[INFO] [stdout]   10:     0x5b99f425eb2c - core[a373ad73a504971]::panicking::panic_fmt
[INFO] [stdout]   11:     0x5b99f425e902 - core[a373ad73a504971]::result::unwrap_failed
[INFO] [stdout]   12:     0x5b99f41c00f7 - <cli[f187ec16bc156323]::renders_existing_json_when_invoked_directly::{closure#0} as core[a373ad73a504971]::ops::function::FnOnce<()>>::call_once
[INFO] [stdout]   13:     0x5b99f41c1a9b - test[aada8e7e76ba119b]::__rust_begin_short_backtrace::<core[a373ad73a504971]::result::Result<(), alloc[2e1b2a31b91974c5]::string::String>, fn() -> core[a373ad73a504971]::result::Result<(), alloc[2e1b2a31b91974c5]::string::String>>
[INFO] [stdout]   14:     0x5b99f41cec75 - test[aada8e7e76ba119b]::run_test::{closure#0}
[INFO] [stdout]   15:     0x5b99f41c8564 - std[617be2ca0a6fd877]::sys::backtrace::__rust_begin_short_backtrace::<test[aada8e7e76ba119b]::run_test::{closure#1}, ()>
[INFO] [stdout]   16:     0x5b99f41d1d02 - <std[617be2ca0a6fd877]::thread::lifecycle::spawn_unchecked<test[aada8e7e76ba119b]::run_test::{closure#1}, ()>::{closure#1} as core[a373ad73a504971]::ops::function::FnOnce<()>>::call_once::{shim:vtable#0}
[INFO] [stdout]   17:     0x5b99f4248d4f - <std[617be2ca0a6fd877]::sys::thread::unix::Thread>::new::thread_start
[INFO] [stdout]   18:     0x7195925f5dfa - <unknown>
[INFO] [stdout]   19:     0x7195926893d4 - clone
[INFO] [stdout]   20:                0x0 - <unknown>
[INFO] [stdout] 
[INFO] [stdout] 
[INFO] [stdout] failures:
[INFO] [stdout]     colour_follows_the_flag_the_environment_and_the_pipe
[INFO] [stdout]     errors_are_reported_in_cargo_shape
[INFO] [stdout]     help_presents_itself_as_a_cargo_subcommand
[INFO] [stdout]     json_out_saves_the_raw_data_alongside_the_report
[INFO] [stdout]     multi_artifact_flags_fail_before_any_build_starts
[INFO] [stdout]     renders_existing_json_via_the_cargo_subcommand_form
[INFO] [stdout]     renders_existing_json_when_invoked_directly
[INFO] [stdout] 
[INFO] [stdout] test result: FAILED. 0 passed; 7 failed; 0 ignored; 0 measured; 0 filtered out; finished in 0.01s
[INFO] [stdout] 
[INFO] [stderr] error: test failed, to rerun pass `--test cli`
[INFO] running `Command { std: "docker" "inspect" "1a6be208cb300729deb0156b869939f4964dfcf53be3fbd870e8bf9a3a58a7c4", kill_on_drop: false }`
[INFO] running `Command { std: "docker" "rm" "-f" "1a6be208cb300729deb0156b869939f4964dfcf53be3fbd870e8bf9a3a58a7c4", kill_on_drop: false }`
[INFO] [stdout] 1a6be208cb300729deb0156b869939f4964dfcf53be3fbd870e8bf9a3a58a7c4
