[INFO] fetching crate cache_service 1.1.0...
[INFO] testing cache_service-1.1.0 against 1.99.0-beta.8+cargoflags=--release for beta-release-1.100-3
[INFO] extracting crate cache_service 1.1.0 into /workspace/builds/worker-5-tc1/source
[INFO] started tweaking crates.io crate cache_service 1.1.0
[INFO] finished tweaking crates.io crate cache_service 1.1.0
[INFO] tweaked toml for crates.io crate cache_service 1.1.0 written to /workspace/builds/worker-5-tc1/source/Cargo.toml
[INFO] validating manifest of crates.io crate cache_service 1.1.0 on toolchain 1.99.0-beta.8
[INFO] running `Command { std: CARGO_HOME="/workspace/cargo-home" RUSTUP_HOME="/workspace/rustup-home" "/workspace/cargo-home/bin/cargo" "+1.99.0-beta.8" "metadata" "--manifest-path" "Cargo.toml" "--no-deps", kill_on_drop: false }`
[INFO] running `Command { std: CARGO_HOME="/workspace/cargo-home" RUSTUP_HOME="/workspace/rustup-home" "/workspace/cargo-home/bin/cargo" "+1.99.0-beta.8" "generate-lockfile" "--manifest-path" "Cargo.toml", kill_on_drop: false }`
[INFO] [stderr]     Updating crates.io index
[INFO] [stderr]      Locking 54 packages to highest compatible versions
[INFO] [stderr]       Adding redis v0.25.5 (available: v1.7.1)
[INFO] running `Command { std: CARGO_HOME="/workspace/cargo-home" RUSTUP_HOME="/workspace/rustup-home" "/workspace/cargo-home/bin/cargo" "+1.99.0-beta.8" "fetch" "--manifest-path" "Cargo.toml", kill_on_drop: false }`
[INFO] [stderr]  Downloading crates ...
[INFO] [stderr]   Downloaded redis v0.25.5
[INFO] running `Command { std: "docker" "create" "-v" "/var/lib/crater-agent-workspace/builds/worker-5-tc1/source:/opt/rustwide/workdir:ro,Z" "-v" "/var/lib/crater-agent-workspace/builds/worker-5-tc1/target:/opt/rustwide/target:rw,Z" "-v" "/var/lib/crater-agent-workspace/cargo-home:/opt/rustwide/cargo-home:ro,Z" "-v" "/var/lib/crater-agent-workspace/rustup-home:/opt/rustwide/rustup-home:ro,Z" "-m" "1610612736" "--network" "none" "ghcr.io/rust-lang/crates-build-env/linux@sha256:77db811e55d90add9212f6832c23229e3de5f1c1f9905e8cb07319ea15df73ac" "sleep" "infinity", kill_on_drop: false }`
[INFO] [stdout] 4f2a10284c75e4b54e0b7a01760d2977aa09e9de88eceadc8dc1b4257ac223a8
[INFO] running `Command { std: "docker" "start" "4f2a10284c75e4b54e0b7a01760d2977aa09e9de88eceadc8dc1b4257ac223a8", kill_on_drop: false }`
[INFO] running `Command { std: "docker" "inspect" "4f2a10284c75e4b54e0b7a01760d2977aa09e9de88eceadc8dc1b4257ac223a8", kill_on_drop: false }`
[INFO] running `Command { std: "docker" "exec" "-e" "SOURCE_DIR=/opt/rustwide/workdir" "-e" "CARGO_HOME=/opt/rustwide/cargo-home" "-e" "RUSTUP_HOME=/opt/rustwide/rustup-home" "-e" "CARGO_TARGET_DIR=/opt/rustwide/target" "-w" "/opt/rustwide/workdir" "--user" "0:0" "4f2a10284c75e4b54e0b7a01760d2977aa09e9de88eceadc8dc1b4257ac223a8" "/opt/rustwide/cargo-home/bin/cargo" "+1.99.0-beta.8" "metadata" "--no-deps" "--format-version=1", kill_on_drop: false }`
[INFO] running `Command { std: "docker" "inspect" "4f2a10284c75e4b54e0b7a01760d2977aa09e9de88eceadc8dc1b4257ac223a8", kill_on_drop: false }`
[INFO] running `Command { std: "docker" "exec" "-e" "SOURCE_DIR=/opt/rustwide/workdir" "-e" "CARGO_HOME=/opt/rustwide/cargo-home" "-e" "RUSTUP_HOME=/opt/rustwide/rustup-home" "-e" "CARGO_TARGET_DIR=/opt/rustwide/target" "-e" "CARGO_INCREMENTAL=0" "-e" "RUST_BACKTRACE=full" "-e" "RUSTFLAGS=--cap-lints=warn" "-e" "RUSTDOCFLAGS=--cap-lints=warn" "-w" "/opt/rustwide/workdir" "--user" "0:0" "4f2a10284c75e4b54e0b7a01760d2977aa09e9de88eceadc8dc1b4257ac223a8" "/opt/rustwide/cargo-home/bin/cargo" "+1.99.0-beta.8" "build" "--frozen" "--message-format=json" "--release", kill_on_drop: false }`
[INFO] [stderr]    Compiling unicode-ident v1.0.27
[INFO] [stderr]    Compiling smallvec v1.16.3
[INFO] [stderr]    Compiling libc v0.2.191
[INFO] [stderr]    Compiling memchr v2.8.3
[INFO] [stderr]    Compiling form_urlencoded v1.2.2
[INFO] [stderr]    Compiling proc-macro2 v1.0.107
[INFO] [stderr]    Compiling quote v1.0.47
[INFO] [stderr]    Compiling syn v3.0.9
[INFO] [stderr]    Compiling combine v4.6.9
[INFO] [stderr]    Compiling socket2 v0.5.10
[INFO] [stderr]    Compiling synstructure v0.14.0
[INFO] [stderr]    Compiling zerovec-derive v0.11.6
[INFO] [stderr]    Compiling displaydoc v0.2.7
[INFO] [stderr]    Compiling zerofrom-derive v0.1.8
[INFO] [stderr]    Compiling yoke-derive v0.8.4
[INFO] [stderr]    Compiling zerofrom v0.1.8
[INFO] [stderr]    Compiling yoke v0.8.3
[INFO] [stderr]    Compiling zerovec v0.11.8
[INFO] [stderr]    Compiling zerotrie v0.2.5
[INFO] [stderr]    Compiling tinystr v0.8.4
[INFO] [stderr]    Compiling potential_utf v0.1.6
[INFO] [stderr]    Compiling icu_collections v2.3.0
[INFO] [stderr]    Compiling icu_locale_core v2.3.0
[INFO] [stderr]    Compiling icu_provider v2.3.1
[INFO] [stderr]    Compiling icu_properties v2.3.0
[INFO] [stderr]    Compiling icu_normalizer v2.3.0
[INFO] [stderr]    Compiling idna_adapter v1.2.2
[INFO] [stderr]    Compiling idna v1.1.0
[INFO] [stderr]    Compiling url v2.5.8
[INFO] [stderr]    Compiling redis v0.25.5
[INFO] [stderr]    Compiling cache_service v1.1.0 (/opt/rustwide/workdir)
[INFO] [stdout] warning: this function depends on never type fallback being `()`
[INFO] [stdout]   --> src/kv_cache.rs:30:5
[INFO] [stdout]    |
[INFO] [stdout] 30 |     pub fn set(&mut self, payload: SetPayload) -> Result<String, KvError> {
[INFO] [stdout]    |     ^^^^^^^^^^^^^^^^^^^^^^^^^^^^^^^^^^^^^^^^^^^^^^^^^^^^^^^^^^^^^^^^^^^^^
[INFO] [stdout]    |
[INFO] [stdout]    = help: specify the types explicitly
[INFO] [stdout] note: in edition 2024, the requirement `!: FromRedisValue` will fail
[INFO] [stdout]   --> src/kv_cache.rs:34:18
[INFO] [stdout]    |
[INFO] [stdout] 34 |                 .set_ex(payload.key, payload.value, payload.ttl)
[INFO] [stdout]    |                  ^^^^^^
[INFO] [stdout]    = warning: this was previously accepted by the compiler but is being phased out; it will become a hard error in Rust 2024 and in a future release in all editions!
[INFO] [stdout]    = note: for more information, see <https://doc.rust-lang.org/edition-guide/rust-2024/never-type-fallback.html>
[INFO] [stdout]    = note: `#[warn(dependency_on_unit_never_type_fallback)]` (part of `#[warn(rust_2024_compatibility)]`) on by default
[INFO] [stdout] help: use `()` annotations to avoid fallback changes
[INFO] [stdout]    |
[INFO] [stdout] 34 |                 .set_ex::<_, _, ()>(payload.key, payload.value, payload.ttl)
[INFO] [stdout]    |                        ++++++++++++
[INFO] [stdout] 
[INFO] [stdout] 
[INFO] [stdout] warning: this function depends on never type fallback being `()`
[INFO] [stdout]   --> src/kv_cache.rs:49:5
[INFO] [stdout]    |
[INFO] [stdout] 49 |     pub fn unset(&mut self, key: &str) -> Result<(), KvError> {
[INFO] [stdout]    |     ^^^^^^^^^^^^^^^^^^^^^^^^^^^^^^^^^^^^^^^^^^^^^^^^^^^^^^^^^
[INFO] [stdout]    |
[INFO] [stdout]    = help: specify the types explicitly
[INFO] [stdout] note: in edition 2024, the requirement `!: FromRedisValue` will fail
[INFO] [stdout]   --> src/kv_cache.rs:50:18
[INFO] [stdout]    |
[INFO] [stdout] 50 |         self.con.del(key).map_err(KvError::CommandFailed)?;
[INFO] [stdout]    |                  ^^^
[INFO] [stdout]    = warning: this was previously accepted by the compiler but is being phased out; it will become a hard error in Rust 2024 and in a future release in all editions!
[INFO] [stdout]    = note: for more information, see <https://doc.rust-lang.org/edition-guide/rust-2024/never-type-fallback.html>
[INFO] [stdout] help: use `()` annotations to avoid fallback changes
[INFO] [stdout]    |
[INFO] [stdout] 50 |         self.con.del::<_, ()>(key).map_err(KvError::CommandFailed)?;
[INFO] [stdout]    |                     +++++++++
[INFO] [stdout] 
[INFO] [stdout] 
[INFO] [stderr]     Finished `release` profile [optimized] target(s) in 18.62s
[INFO] [stderr] warning: the following packages contain code that will be rejected by a future version of Rust: cache_service v1.1.0 (/opt/rustwide/workdir)
[INFO] [stderr] note: to see what the problems were, use the option `--future-incompat-report`, or run `cargo report future-incompatibilities --id 4`
[INFO] running `Command { std: "docker" "inspect" "4f2a10284c75e4b54e0b7a01760d2977aa09e9de88eceadc8dc1b4257ac223a8", kill_on_drop: false }`
[INFO] running `Command { std: "docker" "exec" "-e" "SOURCE_DIR=/opt/rustwide/workdir" "-e" "CARGO_HOME=/opt/rustwide/cargo-home" "-e" "RUSTUP_HOME=/opt/rustwide/rustup-home" "-e" "CARGO_TARGET_DIR=/opt/rustwide/target" "-e" "CARGO_INCREMENTAL=0" "-e" "RUST_BACKTRACE=full" "-e" "RUSTFLAGS=--cap-lints=warn" "-e" "RUSTDOCFLAGS=--cap-lints=warn" "-w" "/opt/rustwide/workdir" "--user" "0:0" "4f2a10284c75e4b54e0b7a01760d2977aa09e9de88eceadc8dc1b4257ac223a8" "/opt/rustwide/cargo-home/bin/cargo" "+1.99.0-beta.8" "test" "--frozen" "--no-run" "--message-format=json" "--release", kill_on_drop: false }`
[INFO] [stdout] warning: this function depends on never type fallback being `()`
[INFO] [stdout]   --> src/kv_cache.rs:30:5
[INFO] [stdout]    |
[INFO] [stdout] 30 |     pub fn set(&mut self, payload: SetPayload) -> Result<String, KvError> {
[INFO] [stdout]    |     ^^^^^^^^^^^^^^^^^^^^^^^^^^^^^^^^^^^^^^^^^^^^^^^^^^^^^^^^^^^^^^^^^^^^^
[INFO] [stdout]    |
[INFO] [stdout]    = help: specify the types explicitly
[INFO] [stdout] note: in edition 2024, the requirement `!: FromRedisValue` will fail
[INFO] [stdout]   --> src/kv_cache.rs:34:18
[INFO] [stdout]    |
[INFO] [stdout] 34 |                 .set_ex(payload.key, payload.value, payload.ttl)
[INFO] [stdout]    |                  ^^^^^^
[INFO] [stdout]    = warning: this was previously accepted by the compiler but is being phased out; it will become a hard error in Rust 2024 and in a future release in all editions!
[INFO] [stdout]    = note: for more information, see <https://doc.rust-lang.org/edition-guide/rust-2024/never-type-fallback.html>
[INFO] [stdout]    = note: `#[warn(dependency_on_unit_never_type_fallback)]` (part of `#[warn(rust_2024_compatibility)]`) on by default
[INFO] [stdout] help: use `()` annotations to avoid fallback changes
[INFO] [stdout]    |
[INFO] [stdout] 34 |                 .set_ex::<_, _, ()>(payload.key, payload.value, payload.ttl)
[INFO] [stdout]    |                        ++++++++++++
[INFO] [stdout] 
[INFO] [stdout] 
[INFO] [stdout] warning: this function depends on never type fallback being `()`
[INFO] [stdout]   --> src/kv_cache.rs:49:5
[INFO] [stdout]    |
[INFO] [stdout] 49 |     pub fn unset(&mut self, key: &str) -> Result<(), KvError> {
[INFO] [stdout]    |     ^^^^^^^^^^^^^^^^^^^^^^^^^^^^^^^^^^^^^^^^^^^^^^^^^^^^^^^^^
[INFO] [stdout]    |
[INFO] [stdout]    = help: specify the types explicitly
[INFO] [stdout] note: in edition 2024, the requirement `!: FromRedisValue` will fail
[INFO] [stdout]   --> src/kv_cache.rs:50:18
[INFO] [stdout]    |
[INFO] [stdout] 50 |         self.con.del(key).map_err(KvError::CommandFailed)?;
[INFO] [stdout]    |                  ^^^
[INFO] [stdout]    = warning: this was previously accepted by the compiler but is being phased out; it will become a hard error in Rust 2024 and in a future release in all editions!
[INFO] [stdout]    = note: for more information, see <https://doc.rust-lang.org/edition-guide/rust-2024/never-type-fallback.html>
[INFO] [stdout] help: use `()` annotations to avoid fallback changes
[INFO] [stdout]    |
[INFO] [stdout] 50 |         self.con.del::<_, ()>(key).map_err(KvError::CommandFailed)?;
[INFO] [stdout]    |                     +++++++++
[INFO] [stdout] 
[INFO] [stdout] 
[INFO] [stderr]    Compiling cache_service v1.1.0 (/opt/rustwide/workdir)
[INFO] [stdout] warning: this function depends on never type fallback being `()`
[INFO] [stdout]   --> src/kv_cache.rs:30:5
[INFO] [stdout]    |
[INFO] [stdout] 30 |     pub fn set(&mut self, payload: SetPayload) -> Result<String, KvError> {
[INFO] [stdout]    |     ^^^^^^^^^^^^^^^^^^^^^^^^^^^^^^^^^^^^^^^^^^^^^^^^^^^^^^^^^^^^^^^^^^^^^
[INFO] [stdout]    |
[INFO] [stdout]    = help: specify the types explicitly
[INFO] [stdout] note: in edition 2024, the requirement `!: FromRedisValue` will fail
[INFO] [stdout]   --> src/kv_cache.rs:34:18
[INFO] [stdout]    |
[INFO] [stdout] 34 |                 .set_ex(payload.key, payload.value, payload.ttl)
[INFO] [stdout]    |                  ^^^^^^
[INFO] [stdout]    = warning: this was previously accepted by the compiler but is being phased out; it will become a hard error in Rust 2024 and in a future release in all editions!
[INFO] [stdout]    = note: for more information, see <https://doc.rust-lang.org/edition-guide/rust-2024/never-type-fallback.html>
[INFO] [stdout]    = note: `#[warn(dependency_on_unit_never_type_fallback)]` (part of `#[warn(rust_2024_compatibility)]`) on by default
[INFO] [stdout] help: use `()` annotations to avoid fallback changes
[INFO] [stdout]    |
[INFO] [stdout] 34 |                 .set_ex::<_, _, ()>(payload.key, payload.value, payload.ttl)
[INFO] [stdout]    |                        ++++++++++++
[INFO] [stdout] 
[INFO] [stdout] 
[INFO] [stdout] warning: this function depends on never type fallback being `()`
[INFO] [stdout]   --> src/kv_cache.rs:49:5
[INFO] [stdout]    |
[INFO] [stdout] 49 |     pub fn unset(&mut self, key: &str) -> Result<(), KvError> {
[INFO] [stdout]    |     ^^^^^^^^^^^^^^^^^^^^^^^^^^^^^^^^^^^^^^^^^^^^^^^^^^^^^^^^^
[INFO] [stdout]    |
[INFO] [stdout]    = help: specify the types explicitly
[INFO] [stdout] note: in edition 2024, the requirement `!: FromRedisValue` will fail
[INFO] [stdout]   --> src/kv_cache.rs:50:18
[INFO] [stdout]    |
[INFO] [stdout] 50 |         self.con.del(key).map_err(KvError::CommandFailed)?;
[INFO] [stdout]    |                  ^^^
[INFO] [stdout]    = warning: this was previously accepted by the compiler but is being phased out; it will become a hard error in Rust 2024 and in a future release in all editions!
[INFO] [stdout]    = note: for more information, see <https://doc.rust-lang.org/edition-guide/rust-2024/never-type-fallback.html>
[INFO] [stdout] help: use `()` annotations to avoid fallback changes
[INFO] [stdout]    |
[INFO] [stdout] 50 |         self.con.del::<_, ()>(key).map_err(KvError::CommandFailed)?;
[INFO] [stdout]    |                     +++++++++
[INFO] [stdout] 
[INFO] [stdout] 
[INFO] [stdout] warning: this function depends on never type fallback being `()`
[INFO] [stdout]   --> src/kv_cache.rs:60:9
[INFO] [stdout]    |
[INFO] [stdout] 60 |         fn set_raw(&mut self, key: &str, value: &str) -> Result<(), KvError> {
[INFO] [stdout]    |         ^^^^^^^^^^^^^^^^^^^^^^^^^^^^^^^^^^^^^^^^^^^^^^^^^^^^^^^^^^^^^^^^^^^^
[INFO] [stdout]    |
[INFO] [stdout]    = help: specify the types explicitly
[INFO] [stdout] note: in edition 2024, the requirement `!: FromRedisValue` will fail
[INFO] [stdout]   --> src/kv_cache.rs:61:22
[INFO] [stdout]    |
[INFO] [stdout] 61 |             self.con.set(key, value).map_err(KvError::CommandFailed)?;
[INFO] [stdout]    |                      ^^^
[INFO] [stdout]    = warning: this was previously accepted by the compiler but is being phased out; it will become a hard error in Rust 2024 and in a future release in all editions!
[INFO] [stdout]    = note: for more information, see <https://doc.rust-lang.org/edition-guide/rust-2024/never-type-fallback.html>
[INFO] [stdout] help: use `()` annotations to avoid fallback changes
[INFO] [stdout]    |
[INFO] [stdout] 61 |             self.con.set::<_, _, ()>(key, value).map_err(KvError::CommandFailed)?;
[INFO] [stdout]    |                         ++++++++++++
[INFO] [stdout] 
[INFO] [stdout] 
[INFO] [stderr]     Finished `release` profile [optimized] target(s) in 0.72s
[INFO] [stderr] warning: the following packages contain code that will be rejected by a future version of Rust: cache_service v1.1.0 (/opt/rustwide/workdir)
[INFO] [stderr] note: to see what the problems were, use the option `--future-incompat-report`, or run `cargo report future-incompatibilities --id 5`
[INFO] running `Command { std: "docker" "inspect" "4f2a10284c75e4b54e0b7a01760d2977aa09e9de88eceadc8dc1b4257ac223a8", kill_on_drop: false }`
[INFO] running `Command { std: "docker" "exec" "-e" "SOURCE_DIR=/opt/rustwide/workdir" "-e" "CARGO_HOME=/opt/rustwide/cargo-home" "-e" "RUSTUP_HOME=/opt/rustwide/rustup-home" "-e" "CARGO_TARGET_DIR=/opt/rustwide/target" "-e" "CARGO_INCREMENTAL=0" "-e" "RUST_BACKTRACE=full" "-e" "RUSTFLAGS=--cap-lints=warn" "-e" "RUSTDOCFLAGS=--cap-lints=warn" "-w" "/opt/rustwide/workdir" "--user" "0:0" "4f2a10284c75e4b54e0b7a01760d2977aa09e9de88eceadc8dc1b4257ac223a8" "/opt/rustwide/cargo-home/bin/cargo" "+1.99.0-beta.8" "test" "--frozen" "--release", kill_on_drop: false }`
[INFO] [stderr] warning: this function depends on never type fallback being `()`
[INFO] [stderr]   --> src/kv_cache.rs:30:5
[INFO] [stderr]    |
[INFO] [stderr] 30 |     pub fn set(&mut self, payload: SetPayload) -> Result<String, KvError> {
[INFO] [stderr]    |     ^^^^^^^^^^^^^^^^^^^^^^^^^^^^^^^^^^^^^^^^^^^^^^^^^^^^^^^^^^^^^^^^^^^^^
[INFO] [stderr]    |
[INFO] [stderr]    = help: specify the types explicitly
[INFO] [stderr] note: in edition 2024, the requirement `!: FromRedisValue` will fail
[INFO] [stderr]   --> src/kv_cache.rs:34:18
[INFO] [stderr]    |
[INFO] [stderr] 34 |                 .set_ex(payload.key, payload.value, payload.ttl)
[INFO] [stderr]    |                  ^^^^^^
[INFO] [stderr]    = warning: this was previously accepted by the compiler but is being phased out; it will become a hard error in Rust 2024 and in a future release in all editions!
[INFO] [stderr]    = note: for more information, see <https://doc.rust-lang.org/edition-guide/rust-2024/never-type-fallback.html>
[INFO] [stderr]    = note: `#[warn(dependency_on_unit_never_type_fallback)]` (part of `#[warn(rust_2024_compatibility)]`) on by default
[INFO] [stderr] help: use `()` annotations to avoid fallback changes
[INFO] [stderr]    |
[INFO] [stderr] 34 |                 .set_ex::<_, _, ()>(payload.key, payload.value, payload.ttl)
[INFO] [stderr]    |                        ++++++++++++
[INFO] [stderr] 
[INFO] [stderr] warning: this function depends on never type fallback being `()`
[INFO] [stderr]   --> src/kv_cache.rs:49:5
[INFO] [stderr]    |
[INFO] [stderr] 49 |     pub fn unset(&mut self, key: &str) -> Result<(), KvError> {
[INFO] [stderr]    |     ^^^^^^^^^^^^^^^^^^^^^^^^^^^^^^^^^^^^^^^^^^^^^^^^^^^^^^^^^
[INFO] [stderr]    |
[INFO] [stderr]    = help: specify the types explicitly
[INFO] [stderr] note: in edition 2024, the requirement `!: FromRedisValue` will fail
[INFO] [stderr]   --> src/kv_cache.rs:50:18
[INFO] [stderr]    |
[INFO] [stderr] 50 |         self.con.del(key).map_err(KvError::CommandFailed)?;
[INFO] [stderr]    |                  ^^^
[INFO] [stderr]    = warning: this was previously accepted by the compiler but is being phased out; it will become a hard error in Rust 2024 and in a future release in all editions!
[INFO] [stderr]    = note: for more information, see <https://doc.rust-lang.org/edition-guide/rust-2024/never-type-fallback.html>
[INFO] [stderr] help: use `()` annotations to avoid fallback changes
[INFO] [stderr]    |
[INFO] [stderr] 50 |         self.con.del::<_, ()>(key).map_err(KvError::CommandFailed)?;
[INFO] [stderr]    |                     +++++++++
[INFO] [stderr] 
[INFO] [stderr] warning: this function depends on never type fallback being `()`
[INFO] [stderr]   --> src/kv_cache.rs:60:9
[INFO] [stderr]    |
[INFO] [stderr] 60 |         fn set_raw(&mut self, key: &str, value: &str) -> Result<(), KvError> {
[INFO] [stderr]    |         ^^^^^^^^^^^^^^^^^^^^^^^^^^^^^^^^^^^^^^^^^^^^^^^^^^^^^^^^^^^^^^^^^^^^
[INFO] [stderr]    |
[INFO] [stderr]    = help: specify the types explicitly
[INFO] [stderr] note: in edition 2024, the requirement `!: FromRedisValue` will fail
[INFO] [stderr]   --> src/kv_cache.rs:61:22
[INFO] [stderr]    |
[INFO] [stderr] 61 |             self.con.set(key, value).map_err(KvError::CommandFailed)?;
[INFO] [stderr]    |                      ^^^
[INFO] [stderr]    = warning: this was previously accepted by the compiler but is being phased out; it will become a hard error in Rust 2024 and in a future release in all editions!
[INFO] [stderr]    = note: for more information, see <https://doc.rust-lang.org/edition-guide/rust-2024/never-type-fallback.html>
[INFO] [stderr] help: use `()` annotations to avoid fallback changes
[INFO] [stderr]    |
[INFO] [stderr] 61 |             self.con.set::<_, _, ()>(key, value).map_err(KvError::CommandFailed)?;
[INFO] [stderr]    |                         ++++++++++++
[INFO] [stderr] 
[INFO] [stderr] warning: `cache_service` (lib) generated 2 warnings (run `cargo fix --lib -p cache_service` to apply 2 suggestions)
[INFO] [stderr] warning: `cache_service` (lib test) generated 3 warnings (2 duplicates) (run `cargo fix --lib -p cache_service --tests` to apply 1 suggestion)
[INFO] [stderr]     Finished `release` profile [optimized] target(s) in 0.07s
[INFO] [stderr] warning: the following packages contain code that will be rejected by a future version of Rust: cache_service v1.1.0 (/opt/rustwide/workdir)
[INFO] [stderr] note: to see what the problems were, use the option `--future-incompat-report`, or run `cargo report future-incompatibilities --id 5`
[INFO] [stderr]      Running unittests src/lib.rs (/opt/rustwide/target/release/deps/cache_service-0f3e1d274cbf94d7)
[INFO] [stdout] 
[INFO] [stdout] running 17 tests
[INFO] [stdout] test kv_cache::tests::it_should_return_error_for_wrong_connection ... ok
[INFO] [stdout] test in_memory_cache::tests::it_should_store_value_in_cache ... ok
[INFO] [stdout] test in_memory_cache::tests::it_should_change_value_on_expiry ... ok
[INFO] [stdout] test in_memory_cache::tests::it_should_get_rid_off_all_expired_keys_periodically ... ok
[INFO] [stdout] test in_memory_cache::tests::it_should_return_error_when_key_is_empty ... ok
[INFO] [stdout] test in_memory_cache::tests::it_should_return_value ... ok
[INFO] [stdout] test in_memory_cache::tests::it_should_create_empty_cache ... ok
[INFO] [stdout] test kv_cache::tests::it_should_cache_value_for_ttl ... FAILED
[INFO] [stdout] test in_memory_cache::tests::it_should_cache_value_for_ttl ... ok
[INFO] [stdout] test kv_cache::tests::it_should_return_empty_value ... FAILED
[INFO] [stdout] test kv_cache::tests::it_should_return_value ... FAILED
[INFO] [stdout] test tests::it_should_resolve_value_from_memory ... FAILED
[INFO] [stdout] test tests::should_set_value_to_memory_cache ... FAILED
[INFO] [stdout] test tests::it_should_resolve_value ... FAILED
[INFO] [stdout] test tests::it_should_resolve_value_from_kv ... FAILED
[INFO] [stdout] test tests::should_set_value_to_kv_cache ... FAILED
[INFO] [stderr] error: test failed, to rerun pass `--lib`
[INFO] [stdout] test in_memory_cache::tests::it_should_resolve_fast_on_big_cache ... ok
[INFO] [stdout] 
[INFO] [stdout] failures:
[INFO] [stdout] 
[INFO] [stdout] ---- kv_cache::tests::it_should_cache_value_for_ttl stdout ----
[INFO] [stdout] 
[INFO] [stdout] thread 'kv_cache::tests::it_should_cache_value_for_ttl' (634) panicked at src/kv_cache.rs:115:14:
[INFO] [stdout] Should establish connection with no problem: ConnectionNotEstablished
[INFO] [stdout] stack backtrace:
[INFO] [stdout]    0:     0x60f8f8adfdc1 - <<std[70759c8f55707aa4]::sys::backtrace::BacktraceLock>::print::DisplayBacktrace as core[df12db4294e9bfd3]::fmt::Display>::fmt
[INFO] [stdout]    1:     0x60f8f8af555a - core[df12db4294e9bfd3]::fmt::write
[INFO] [stdout]    2:     0x60f8f8ae462c - <alloc[2182bb758b4b3781]::vec::Vec<u8> as core[df12db4294e9bfd3]::io::write::Write>::write_fmt
[INFO] [stdout]    3:     0x60f8f8abb1d6 - std[70759c8f55707aa4]::panicking::default_hook::{closure#0}
[INFO] [stdout]    4:     0x60f8f8ad7d89 - std[70759c8f55707aa4]::panicking::default_hook
[INFO] [stdout]    5:     0x60f8f8a3e070 - test[9d35eded1c95d3be]::test_main_inner::<test[9d35eded1c95d3be]::test_main_static::{closure#0}>::{closure#0}
[INFO] [stdout]    6:     0x60f8f8ad7f42 - std[70759c8f55707aa4]::panicking::panic_with_hook
[INFO] [stdout]    7:     0x60f8f8abb282 - std[70759c8f55707aa4]::panicking::panic_handler::{closure#0}
[INFO] [stdout]    8:     0x60f8f8ab3f29 - std[70759c8f55707aa4]::sys::backtrace::__rust_end_short_backtrace::<std[70759c8f55707aa4]::panicking::panic_handler::{closure#0}, !>
[INFO] [stdout]    9:     0x60f8f8abc06d - __rustc[8fa7c3cbc660c2b3]::rust_begin_unwind
[INFO] [stdout]   10:     0x60f8f8af5c8c - core[df12db4294e9bfd3]::panicking::panic_fmt
[INFO] [stdout]   11:     0x60f8f8af5a62 - core[df12db4294e9bfd3]::result::unwrap_failed
[INFO] [stdout]   12:     0x60f8f8a2cc36 - cache_service[433c4b351580ae9b]::kv_cache::tests::it_should_cache_value_for_ttl
[INFO] [stdout]   13:     0x60f8f8a30739 - <cache_service[433c4b351580ae9b]::kv_cache::tests::it_should_cache_value_for_ttl::{closure#0} as core[df12db4294e9bfd3]::ops::function::FnOnce<()>>::call_once
[INFO] [stdout]   14:     0x60f8f8a3135b - test[9d35eded1c95d3be]::__rust_begin_short_backtrace::<core[df12db4294e9bfd3]::result::Result<(), alloc[2182bb758b4b3781]::string::String>, fn() -> core[df12db4294e9bfd3]::result::Result<(), alloc[2182bb758b4b3781]::string::String>>
[INFO] [stdout]   15:     0x60f8f8a3e9c5 - test[9d35eded1c95d3be]::run_test::{closure#0}
[INFO] [stdout]   16:     0x60f8f8a38284 - std[70759c8f55707aa4]::sys::backtrace::__rust_begin_short_backtrace::<test[9d35eded1c95d3be]::run_test::{closure#1}, ()>
[INFO] [stdout]   17:     0x60f8f8a41b22 - <std[70759c8f55707aa4]::thread::lifecycle::spawn_unchecked<test[9d35eded1c95d3be]::run_test::{closure#1}, ()>::{closure#1} as core[df12db4294e9bfd3]::ops::function::FnOnce<()>>::call_once::{shim:vtable#0}
[INFO] [stdout]   18:     0x60f8f8adf179 - <std[70759c8f55707aa4]::sys::thread::unix::Thread>::new::thread_start
[INFO] [stdout]   19:     0x70554aa95dfa - <unknown>
[INFO] [stdout]   20:     0x70554ab293d4 - clone
[INFO] [stdout]   21:                0x0 - <unknown>
[INFO] [stdout] 
[INFO] [stdout] ---- kv_cache::tests::it_should_return_empty_value stdout ----
[INFO] [stdout] 
[INFO] [stdout] thread 'kv_cache::tests::it_should_return_empty_value' (635) panicked at src/kv_cache.rs:76:14:
[INFO] [stdout] Should establish connection with no problem: ConnectionNotEstablished
[INFO] [stdout] stack backtrace:
[INFO] [stdout]    0:     0x60f8f8adfdc1 - <<std[70759c8f55707aa4]::sys::backtrace::BacktraceLock>::print::DisplayBacktrace as core[df12db4294e9bfd3]::fmt::Display>::fmt
[INFO] [stdout]    1:     0x60f8f8af555a - core[df12db4294e9bfd3]::fmt::write
[INFO] [stdout]    2:     0x60f8f8ae462c - <alloc[2182bb758b4b3781]::vec::Vec<u8> as core[df12db4294e9bfd3]::io::write::Write>::write_fmt
[INFO] [stdout]    3:     0x60f8f8abb1d6 - std[70759c8f55707aa4]::panicking::default_hook::{closure#0}
[INFO] [stdout]    4:     0x60f8f8ad7d89 - std[70759c8f55707aa4]::panicking::default_hook
[INFO] [stdout]    5:     0x60f8f8a3e070 - test[9d35eded1c95d3be]::test_main_inner::<test[9d35eded1c95d3be]::test_main_static::{closure#0}>::{closure#0}
[INFO] [stdout]    6:     0x60f8f8ad7f42 - std[70759c8f55707aa4]::panicking::panic_with_hook
[INFO] [stdout]    7:     0x60f8f8abb282 - std[70759c8f55707aa4]::panicking::panic_handler::{closure#0}
[INFO] [stdout]    8:     0x60f8f8ab3f29 - std[70759c8f55707aa4]::sys::backtrace::__rust_end_short_backtrace::<std[70759c8f55707aa4]::panicking::panic_handler::{closure#0}, !>
[INFO] [stdout]    9:     0x60f8f8abc06d - __rustc[8fa7c3cbc660c2b3]::rust_begin_unwind
[INFO] [stdout]   10:     0x60f8f8af5c8c - core[df12db4294e9bfd3]::panicking::panic_fmt
[INFO] [stdout]   11:     0x60f8f8af5a62 - core[df12db4294e9bfd3]::result::unwrap_failed
[INFO] [stdout]   12:     0x60f8f8a2c92f - cache_service[433c4b351580ae9b]::kv_cache::tests::it_should_return_empty_value
[INFO] [stdout]   13:     0x60f8f8a30719 - <cache_service[433c4b351580ae9b]::kv_cache::tests::it_should_return_empty_value::{closure#0} as core[df12db4294e9bfd3]::ops::function::FnOnce<()>>::call_once
[INFO] [stdout]   14:     0x60f8f8a3135b - test[9d35eded1c95d3be]::__rust_begin_short_backtrace::<core[df12db4294e9bfd3]::result::Result<(), alloc[2182bb758b4b3781]::string::String>, fn() -> core[df12db4294e9bfd3]::result::Result<(), alloc[2182bb758b4b3781]::string::String>>
[INFO] [stdout]   15:     0x60f8f8a3e9c5 - test[9d35eded1c95d3be]::run_test::{closure#0}
[INFO] [stdout]   16:     0x60f8f8a38284 - std[70759c8f55707aa4]::sys::backtrace::__rust_begin_short_backtrace::<test[9d35eded1c95d3be]::run_test::{closure#1}, ()>
[INFO] [stdout]   17:     0x60f8f8a41b22 - <std[70759c8f55707aa4]::thread::lifecycle::spawn_unchecked<test[9d35eded1c95d3be]::run_test::{closure#1}, ()>::{closure#1} as core[df12db4294e9bfd3]::ops::function::FnOnce<()>>::call_once::{shim:vtable#0}
[INFO] [stdout]   18:     0x60f8f8adf179 - <std[70759c8f55707aa4]::sys::thread::unix::Thread>::new::thread_start
[INFO] [stdout]   19:     0x70554aa95dfa - <unknown>
[INFO] [stdout]   20:     0x70554ab293d4 - clone
[INFO] [stdout]   21:                0x0 - <unknown>
[INFO] [stdout] 
[INFO] [stdout] ---- kv_cache::tests::it_should_return_value stdout ----
[INFO] [stdout] 
[INFO] [stdout] thread 'kv_cache::tests::it_should_return_value' (637) panicked at src/kv_cache.rs:92:14:
[INFO] [stdout] Should establish connection with no problem: ConnectionNotEstablished
[INFO] [stdout] stack backtrace:
[INFO] [stdout]    0:     0x60f8f8adfdc1 - <<std[70759c8f55707aa4]::sys::backtrace::BacktraceLock>::print::DisplayBacktrace as core[df12db4294e9bfd3]::fmt::Display>::fmt
[INFO] [stdout]    1:     0x60f8f8af555a - core[df12db4294e9bfd3]::fmt::write
[INFO] [stdout]    2:     0x60f8f8ae462c - <alloc[2182bb758b4b3781]::vec::Vec<u8> as core[df12db4294e9bfd3]::io::write::Write>::write_fmt
[INFO] [stdout]    3:     0x60f8f8abb1d6 - std[70759c8f55707aa4]::panicking::default_hook::{closure#0}
[INFO] [stdout]    4:     0x60f8f8ad7d89 - std[70759c8f55707aa4]::panicking::default_hook
[INFO] [stdout]    5:     0x60f8f8a3e070 - test[9d35eded1c95d3be]::test_main_inner::<test[9d35eded1c95d3be]::test_main_static::{closure#0}>::{closure#0}
[INFO] [stdout]    6:     0x60f8f8ad7f42 - std[70759c8f55707aa4]::panicking::panic_with_hook
[INFO] [stdout]    7:     0x60f8f8abb282 - std[70759c8f55707aa4]::panicking::panic_handler::{closure#0}
[INFO] [stdout]    8:     0x60f8f8ab3f29 - std[70759c8f55707aa4]::sys::backtrace::__rust_end_short_backtrace::<std[70759c8f55707aa4]::panicking::panic_handler::{closure#0}, !>
[INFO] [stdout]    9:     0x60f8f8abc06d - __rustc[8fa7c3cbc660c2b3]::rust_begin_unwind
[INFO] [stdout]   10:     0x60f8f8af5c8c - core[df12db4294e9bfd3]::panicking::panic_fmt
[INFO] [stdout]   11:     0x60f8f8af5a62 - core[df12db4294e9bfd3]::result::unwrap_failed
[INFO] [stdout]   12:     0x60f8f8a2c656 - cache_service[433c4b351580ae9b]::kv_cache::tests::it_should_return_value
[INFO] [stdout]   13:     0x60f8f8a306f9 - <cache_service[433c4b351580ae9b]::kv_cache::tests::it_should_return_value::{closure#0} as core[df12db4294e9bfd3]::ops::function::FnOnce<()>>::call_once
[INFO] [stdout]   14:     0x60f8f8a3135b - test[9d35eded1c95d3be]::__rust_begin_short_backtrace::<core[df12db4294e9bfd3]::result::Result<(), alloc[2182bb758b4b3781]::string::String>, fn() -> core[df12db4294e9bfd3]::result::Result<(), alloc[2182bb758b4b3781]::string::String>>
[INFO] [stdout]   15:     0x60f8f8a3e9c5 - test[9d35eded1c95d3be]::run_test::{closure#0}
[INFO] [stdout]   16:     0x60f8f8a38284 - std[70759c8f55707aa4]::sys::backtrace::__rust_begin_short_backtrace::<test[9d35eded1c95d3be]::run_test::{closure#1}, ()>
[INFO] [stdout]   17:     0x60f8f8a41b22 - <std[70759c8f55707aa4]::thread::lifecycle::spawn_unchecked<test[9d35eded1c95d3be]::run_test::{closure#1}, ()>::{closure#1} as core[df12db4294e9bfd3]::ops::function::FnOnce<()>>::call_once::{shim:vtable#0}
[INFO] [stdout]   18:     0x60f8f8adf179 - <std[70759c8f55707aa4]::sys::thread::unix::Thread>::new::thread_start
[INFO] [stdout]   19:     0x70554aa95dfa - <unknown>
[INFO] [stdout]   20:     0x70554ab293d4 - clone
[INFO] [stdout]   21:                0x0 - <unknown>
[INFO] [stdout] 
[INFO] [stdout] ---- tests::it_should_resolve_value_from_memory stdout ----
[INFO] [stdout] 
[INFO] [stdout] thread 'tests::it_should_resolve_value_from_memory' (640) panicked at src/lib.rs:30:47:
[INFO] [stdout] KvCache creation failed: ConnectionNotEstablished
[INFO] [stdout] stack backtrace:
[INFO] [stdout]    0:     0x60f8f8adfdc1 - <<std[70759c8f55707aa4]::sys::backtrace::BacktraceLock>::print::DisplayBacktrace as core[df12db4294e9bfd3]::fmt::Display>::fmt
[INFO] [stdout]    1:     0x60f8f8af555a - core[df12db4294e9bfd3]::fmt::write
[INFO] [stdout]    2:     0x60f8f8ae462c - <alloc[2182bb758b4b3781]::vec::Vec<u8> as core[df12db4294e9bfd3]::io::write::Write>::write_fmt
[INFO] [stdout]    3:     0x60f8f8abb1d6 - std[70759c8f55707aa4]::panicking::default_hook::{closure#0}
[INFO] [stdout]    4:     0x60f8f8ad7d89 - std[70759c8f55707aa4]::panicking::default_hook
[INFO] [stdout]    5:     0x60f8f8a3e070 - test[9d35eded1c95d3be]::test_main_inner::<test[9d35eded1c95d3be]::test_main_static::{closure#0}>::{closure#0}
[INFO] [stdout]    6:     0x60f8f8ad7f42 - std[70759c8f55707aa4]::panicking::panic_with_hook
[INFO] [stdout]    7:     0x60f8f8abb282 - std[70759c8f55707aa4]::panicking::panic_handler::{closure#0}
[INFO] [stdout]    8:     0x60f8f8ab3f29 - std[70759c8f55707aa4]::sys::backtrace::__rust_end_short_backtrace::<std[70759c8f55707aa4]::panicking::panic_handler::{closure#0}, !>
[INFO] [stdout]    9:     0x60f8f8abc06d - __rustc[8fa7c3cbc660c2b3]::rust_begin_unwind
[INFO] [stdout]   10:     0x60f8f8af5c8c - core[df12db4294e9bfd3]::panicking::panic_fmt
[INFO] [stdout]   11:     0x60f8f8af5a62 - core[df12db4294e9bfd3]::result::unwrap_failed
[INFO] [stdout]   12:     0x60f8f8a2e8f5 - <cache_service[433c4b351580ae9b]::CacheService>::new
[INFO] [stdout]   13:     0x60f8f8a2dc19 - cache_service[433c4b351580ae9b]::tests::it_should_resolve_value_from_memory
[INFO] [stdout]   14:     0x60f8f8a305d9 - <cache_service[433c4b351580ae9b]::tests::it_should_resolve_value_from_memory::{closure#0} as core[df12db4294e9bfd3]::ops::function::FnOnce<()>>::call_once
[INFO] [stdout]   15:     0x60f8f8a3135b - test[9d35eded1c95d3be]::__rust_begin_short_backtrace::<core[df12db4294e9bfd3]::result::Result<(), alloc[2182bb758b4b3781]::string::String>, fn() -> core[df12db4294e9bfd3]::result::Result<(), alloc[2182bb758b4b3781]::string::String>>
[INFO] [stdout]   16:     0x60f8f8a3e9c5 - test[9d35eded1c95d3be]::run_test::{closure#0}
[INFO] [stdout]   17:     0x60f8f8a38284 - std[70759c8f55707aa4]::sys::backtrace::__rust_begin_short_backtrace::<test[9d35eded1c95d3be]::run_test::{closure#1}, ()>
[INFO] [stdout]   18:     0x60f8f8a41b22 - <std[70759c8f55707aa4]::thread::lifecycle::spawn_unchecked<test[9d35eded1c95d3be]::run_test::{closure#1}, ()>::{closure#1} as core[df12db4294e9bfd3]::ops::function::FnOnce<()>>::call_once::{shim:vtable#0}
[INFO] [stdout]   19:     0x60f8f8adf179 - <std[70759c8f55707aa4]::sys::thread::unix::Thread>::new::thread_start
[INFO] [stdout]   20:     0x70554aa95dfa - <unknown>
[INFO] [stdout]   21:     0x70554ab293d4 - clone
[INFO] [stdout]   22:                0x0 - <unknown>
[INFO] [stdout] 
[INFO] [stdout] ---- tests::should_set_value_to_memory_cache stdout ----
[INFO] [stdout] 
[INFO] [stdout] thread 'tests::should_set_value_to_memory_cache' (642) panicked at src/lib.rs:30:47:
[INFO] [stdout] KvCache creation failed: ConnectionNotEstablished
[INFO] [stdout] stack backtrace:
[INFO] [stdout]    0:     0x60f8f8adfdc1 - <<std[70759c8f55707aa4]::sys::backtrace::BacktraceLock>::print::DisplayBacktrace as core[df12db4294e9bfd3]::fmt::Display>::fmt
[INFO] [stdout]    1:     0x60f8f8af555a - core[df12db4294e9bfd3]::fmt::write
[INFO] [stdout]    2:     0x60f8f8ae462c - <alloc[2182bb758b4b3781]::vec::Vec<u8> as core[df12db4294e9bfd3]::io::write::Write>::write_fmt
[INFO] [stdout]    3:     0x60f8f8abb1d6 - std[70759c8f55707aa4]::panicking::default_hook::{closure#0}
[INFO] [stdout]    4:     0x60f8f8ad7d89 - std[70759c8f55707aa4]::panicking::default_hook
[INFO] [stdout]    5:     0x60f8f8a3e070 - test[9d35eded1c95d3be]::test_main_inner::<test[9d35eded1c95d3be]::test_main_static::{closure#0}>::{closure#0}
[INFO] [stdout]    6:     0x60f8f8ad7f42 - std[70759c8f55707aa4]::panicking::panic_with_hook
[INFO] [stdout]    7:     0x60f8f8abb282 - std[70759c8f55707aa4]::panicking::panic_handler::{closure#0}
[INFO] [stdout]    8:     0x60f8f8ab3f29 - std[70759c8f55707aa4]::sys::backtrace::__rust_end_short_backtrace::<std[70759c8f55707aa4]::panicking::panic_handler::{closure#0}, !>
[INFO] [stdout]    9:     0x60f8f8abc06d - __rustc[8fa7c3cbc660c2b3]::rust_begin_unwind
[INFO] [stdout]   10:     0x60f8f8af5c8c - core[df12db4294e9bfd3]::panicking::panic_fmt
[INFO] [stdout]   11:     0x60f8f8af5a62 - core[df12db4294e9bfd3]::result::unwrap_failed
[INFO] [stdout]   12:     0x60f8f8a2e8f5 - <cache_service[433c4b351580ae9b]::CacheService>::new
[INFO] [stdout]   13:     0x60f8f8a2d9c9 - cache_service[433c4b351580ae9b]::tests::should_set_value_to_memory_cache
[INFO] [stdout]   14:     0x60f8f8a305b9 - <cache_service[433c4b351580ae9b]::tests::should_set_value_to_memory_cache::{closure#0} as core[df12db4294e9bfd3]::ops::function::FnOnce<()>>::call_once
[INFO] [stdout]   15:     0x60f8f8a3135b - test[9d35eded1c95d3be]::__rust_begin_short_backtrace::<core[df12db4294e9bfd3]::result::Result<(), alloc[2182bb758b4b3781]::string::String>, fn() -> core[df12db4294e9bfd3]::result::Result<(), alloc[2182bb758b4b3781]::string::String>>
[INFO] [stdout]   16:     0x60f8f8a3e9c5 - test[9d35eded1c95d3be]::run_test::{closure#0}
[INFO] [stdout]   17:     0x60f8f8a38284 - std[70759c8f55707aa4]::sys::backtrace::__rust_begin_short_backtrace::<test[9d35eded1c95d3be]::run_test::{closure#1}, ()>
[INFO] [stdout]   18:     0x60f8f8a41b22 - <std[70759c8f55707aa4]::thread::lifecycle::spawn_unchecked<test[9d35eded1c95d3be]::run_test::{closure#1}, ()>::{closure#1} as core[df12db4294e9bfd3]::ops::function::FnOnce<()>>::call_once::{shim:vtable#0}
[INFO] [stdout]   19:     0x60f8f8adf179 - <std[70759c8f55707aa4]::sys::thread::unix::Thread>::new::thread_start
[INFO] [stdout]   20:     0x70554aa95dfa - <unknown>
[INFO] [stdout]   21:     0x70554ab293d4 - clone
[INFO] [stdout]   22:                0x0 - <unknown>
[INFO] [stdout] 
[INFO] [stdout] ---- tests::it_should_resolve_value stdout ----
[INFO] [stdout] 
[INFO] [stdout] thread 'tests::it_should_resolve_value' (638) panicked at src/lib.rs:30:47:
[INFO] [stdout] KvCache creation failed: ConnectionNotEstablished
[INFO] [stdout] stack backtrace:
[INFO] [stdout]    0:     0x60f8f8adfdc1 - <<std[70759c8f55707aa4]::sys::backtrace::BacktraceLock>::print::DisplayBacktrace as core[df12db4294e9bfd3]::fmt::Display>::fmt
[INFO] [stdout]    1:     0x60f8f8af555a - core[df12db4294e9bfd3]::fmt::write
[INFO] [stdout]    2:     0x60f8f8ae462c - <alloc[2182bb758b4b3781]::vec::Vec<u8> as core[df12db4294e9bfd3]::io::write::Write>::write_fmt
[INFO] [stdout]    3:     0x60f8f8abb1d6 - std[70759c8f55707aa4]::panicking::default_hook::{closure#0}
[INFO] [stdout]    4:     0x60f8f8ad7d89 - std[70759c8f55707aa4]::panicking::default_hook
[INFO] [stdout]    5:     0x60f8f8a3e070 - test[9d35eded1c95d3be]::test_main_inner::<test[9d35eded1c95d3be]::test_main_static::{closure#0}>::{closure#0}
[INFO] [stdout]    6:     0x60f8f8ad7f42 - std[70759c8f55707aa4]::panicking::panic_with_hook
[INFO] [stdout]    7:     0x60f8f8abb282 - std[70759c8f55707aa4]::panicking::panic_handler::{closure#0}
[INFO] [stdout]    8:     0x60f8f8ab3f29 - std[70759c8f55707aa4]::sys::backtrace::__rust_end_short_backtrace::<std[70759c8f55707aa4]::panicking::panic_handler::{closure#0}, !>
[INFO] [stdout]    9:     0x60f8f8abc06d - __rustc[8fa7c3cbc660c2b3]::rust_begin_unwind
[INFO] [stdout]   10:     0x60f8f8af5c8c - core[df12db4294e9bfd3]::panicking::panic_fmt
[INFO] [stdout]   11:     0x60f8f8af5a62 - core[df12db4294e9bfd3]::result::unwrap_failed
[INFO] [stdout]   12:     0x60f8f8a2e8f5 - <cache_service[433c4b351580ae9b]::CacheService>::new
[INFO] [stdout]   13:     0x60f8f8a2d476 - cache_service[433c4b351580ae9b]::tests::it_should_resolve_value
[INFO] [stdout]   14:     0x60f8f8a30559 - <cache_service[433c4b351580ae9b]::tests::it_should_resolve_value::{closure#0} as core[df12db4294e9bfd3]::ops::function::FnOnce<()>>::call_once
[INFO] [stdout]   15:     0x60f8f8a3135b - test[9d35eded1c95d3be]::__rust_begin_short_backtrace::<core[df12db4294e9bfd3]::result::Result<(), alloc[2182bb758b4b3781]::string::String>, fn() -> core[df12db4294e9bfd3]::result::Result<(), alloc[2182bb758b4b3781]::string::String>>
[INFO] [stdout]   16:     0x60f8f8a3e9c5 - test[9d35eded1c95d3be]::run_test::{closure#0}
[INFO] [stdout]   17:     0x60f8f8a38284 - std[70759c8f55707aa4]::sys::backtrace::__rust_begin_short_backtrace::<test[9d35eded1c95d3be]::run_test::{closure#1}, ()>
[INFO] [stdout]   18:     0x60f8f8a41b22 - <std[70759c8f55707aa4]::thread::lifecycle::spawn_unchecked<test[9d35eded1c95d3be]::run_test::{closure#1}, ()>::{closure#1} as core[df12db4294e9bfd3]::ops::function::FnOnce<()>>::call_once::{shim:vtable#0}
[INFO] [stdout]   19:     0x60f8f8adf179 - <std[70759c8f55707aa4]::sys::thread::unix::Thread>::new::thread_start
[INFO] [stdout]   20:     0x70554aa95dfa - <unknown>
[INFO] [stdout]   21:     0x70554ab293d4 - clone
[INFO] [stdout]   22:                0x0 - <unknown>
[INFO] [stdout] 
[INFO] [stdout] ---- tests::it_should_resolve_value_from_kv stdout ----
[INFO] [stdout] 
[INFO] [stdout] thread 'tests::it_should_resolve_value_from_kv' (639) panicked at src/lib.rs:30:47:
[INFO] [stdout] KvCache creation failed: ConnectionNotEstablished
[INFO] [stdout] stack backtrace:
[INFO] [stdout]    0:     0x60f8f8adfdc1 - <<std[70759c8f55707aa4]::sys::backtrace::BacktraceLock>::print::DisplayBacktrace as core[df12db4294e9bfd3]::fmt::Display>::fmt
[INFO] [stdout]    1:     0x60f8f8af555a - core[df12db4294e9bfd3]::fmt::write
[INFO] [stdout]    2:     0x60f8f8ae462c - <alloc[2182bb758b4b3781]::vec::Vec<u8> as core[df12db4294e9bfd3]::io::write::Write>::write_fmt
[INFO] [stdout]    3:     0x60f8f8abb1d6 - std[70759c8f55707aa4]::panicking::default_hook::{closure#0}
[INFO] [stdout]    4:     0x60f8f8ad7d89 - std[70759c8f55707aa4]::panicking::default_hook
[INFO] [stdout]    5:     0x60f8f8a3e070 - test[9d35eded1c95d3be]::test_main_inner::<test[9d35eded1c95d3be]::test_main_static::{closure#0}>::{closure#0}
[INFO] [stdout]    6:     0x60f8f8ad7f42 - std[70759c8f55707aa4]::panicking::panic_with_hook
[INFO] [stdout]    7:     0x60f8f8abb282 - std[70759c8f55707aa4]::panicking::panic_handler::{closure#0}
[INFO] [stdout]    8:     0x60f8f8ab3f29 - std[70759c8f55707aa4]::sys::backtrace::__rust_end_short_backtrace::<std[70759c8f55707aa4]::panicking::panic_handler::{closure#0}, !>
[INFO] [stdout]    9:     0x60f8f8abc06d - __rustc[8fa7c3cbc660c2b3]::rust_begin_unwind
[INFO] [stdout]   10:     0x60f8f8af5c8c - core[df12db4294e9bfd3]::panicking::panic_fmt
[INFO] [stdout]   11:     0x60f8f8af5a62 - core[df12db4294e9bfd3]::result::unwrap_failed
[INFO] [stdout]   12:     0x60f8f8a2e8f5 - <cache_service[433c4b351580ae9b]::CacheService>::new
[INFO] [stdout]   13:     0x60f8f8a2d793 - cache_service[433c4b351580ae9b]::tests::it_should_resolve_value_from_kv
[INFO] [stdout]   14:     0x60f8f8a30599 - <cache_service[433c4b351580ae9b]::tests::it_should_resolve_value_from_kv::{closure#0} as core[df12db4294e9bfd3]::ops::function::FnOnce<()>>::call_once
[INFO] [stdout]   15:     0x60f8f8a3135b - test[9d35eded1c95d3be]::__rust_begin_short_backtrace::<core[df12db4294e9bfd3]::result::Result<(), alloc[2182bb758b4b3781]::string::String>, fn() -> core[df12db4294e9bfd3]::result::Result<(), alloc[2182bb758b4b3781]::string::String>>
[INFO] [stdout]   16:     0x60f8f8a3e9c5 - test[9d35eded1c95d3be]::run_test::{closure#0}
[INFO] [stdout]   17:     0x60f8f8a38284 - std[70759c8f55707aa4]::sys::backtrace::__rust_begin_short_backtrace::<test[9d35eded1c95d3be]::run_test::{closure#1}, ()>
[INFO] [stdout]   18:     0x60f8f8a41b22 - <std[70759c8f55707aa4]::thread::lifecycle::spawn_unchecked<test[9d35eded1c95d3be]::run_test::{closure#1}, ()>::{closure#1} as core[df12db4294e9bfd3]::ops::function::FnOnce<()>>::call_once::{shim:vtable#0}
[INFO] [stdout]   19:     0x60f8f8adf179 - <std[70759c8f55707aa4]::sys::thread::unix::Thread>::new::thread_start
[INFO] [stdout]   20:     0x70554aa95dfa - <unknown>
[INFO] [stdout]   21:     0x70554ab293d4 - clone
[INFO] [stdout]   22:                0x0 - <unknown>
[INFO] [stdout] 
[INFO] [stdout] ---- tests::should_set_value_to_kv_cache stdout ----
[INFO] [stdout] 
[INFO] [stdout] thread 'tests::should_set_value_to_kv_cache' (641) panicked at src/lib.rs:30:47:
[INFO] [stdout] KvCache creation failed: ConnectionNotEstablished
[INFO] [stdout] stack backtrace:
[INFO] [stdout]    0:     0x60f8f8adfdc1 - <<std[70759c8f55707aa4]::sys::backtrace::BacktraceLock>::print::DisplayBacktrace as core[df12db4294e9bfd3]::fmt::Display>::fmt
[INFO] [stdout]    1:     0x60f8f8af555a - core[df12db4294e9bfd3]::fmt::write
[INFO] [stdout]    2:     0x60f8f8ae462c - <alloc[2182bb758b4b3781]::vec::Vec<u8> as core[df12db4294e9bfd3]::io::write::Write>::write_fmt
[INFO] [stdout]    3:     0x60f8f8abb1d6 - std[70759c8f55707aa4]::panicking::default_hook::{closure#0}
[INFO] [stdout]    4:     0x60f8f8ad7d89 - std[70759c8f55707aa4]::panicking::default_hook
[INFO] [stdout]    5:     0x60f8f8a3e070 - test[9d35eded1c95d3be]::test_main_inner::<test[9d35eded1c95d3be]::test_main_static::{closure#0}>::{closure#0}
[INFO] [stdout]    6:     0x60f8f8ad7f42 - std[70759c8f55707aa4]::panicking::panic_with_hook
[INFO] [stdout]    7:     0x60f8f8abb282 - std[70759c8f55707aa4]::panicking::panic_handler::{closure#0}
[INFO] [stdout]    8:     0x60f8f8ab3f29 - std[70759c8f55707aa4]::sys::backtrace::__rust_end_short_backtrace::<std[70759c8f55707aa4]::panicking::panic_handler::{closure#0}, !>
[INFO] [stdout]    9:     0x60f8f8abc06d - __rustc[8fa7c3cbc660c2b3]::rust_begin_unwind
[INFO] [stdout]   10:     0x60f8f8af5c8c - core[df12db4294e9bfd3]::panicking::panic_fmt
[INFO] [stdout]   11:     0x60f8f8af5a62 - core[df12db4294e9bfd3]::result::unwrap_failed
[INFO] [stdout]   12:     0x60f8f8a2e8f5 - <cache_service[433c4b351580ae9b]::CacheService>::new
[INFO] [stdout]   13:     0x60f8f8a2d5d9 - cache_service[433c4b351580ae9b]::tests::should_set_value_to_kv_cache
[INFO] [stdout]   14:     0x60f8f8a30579 - <cache_service[433c4b351580ae9b]::tests::should_set_value_to_kv_cache::{closure#0} as core[df12db4294e9bfd3]::ops::function::FnOnce<()>>::call_once
[INFO] [stdout]   15:     0x60f8f8a3135b - test[9d35eded1c95d3be]::__rust_begin_short_backtrace::<core[df12db4294e9bfd3]::result::Result<(), alloc[2182bb758b4b3781]::string::String>, fn() -> core[df12db4294e9bfd3]::result::Result<(), alloc[2182bb758b4b3781]::string::String>>
[INFO] [stdout]   16:     0x60f8f8a3e9c5 - test[9d35eded1c95d3be]::run_test::{closure#0}
[INFO] [stdout]   17:     0x60f8f8a38284 - std[70759c8f55707aa4]::sys::backtrace::__rust_begin_short_backtrace::<test[9d35eded1c95d3be]::run_test::{closure#1}, ()>
[INFO] [stdout]   18:     0x60f8f8a41b22 - <std[70759c8f55707aa4]::thread::lifecycle::spawn_unchecked<test[9d35eded1c95d3be]::run_test::{closure#1}, ()>::{closure#1} as core[df12db4294e9bfd3]::ops::function::FnOnce<()>>::call_once::{shim:vtable#0}
[INFO] [stdout]   19:     0x60f8f8adf179 - <std[70759c8f55707aa4]::sys::thread::unix::Thread>::new::thread_start
[INFO] [stdout]   20:     0x70554aa95dfa - <unknown>
[INFO] [stdout]   21:     0x70554ab293d4 - clone
[INFO] [stdout]   22:                0x0 - <unknown>
[INFO] [stdout] 
[INFO] [stdout] 
[INFO] [stdout] failures:
[INFO] [stdout]     kv_cache::tests::it_should_cache_value_for_ttl
[INFO] [stdout]     kv_cache::tests::it_should_return_empty_value
[INFO] [stdout]     kv_cache::tests::it_should_return_value
[INFO] [stdout]     tests::it_should_resolve_value
[INFO] [stdout]     tests::it_should_resolve_value_from_kv
[INFO] [stdout]     tests::it_should_resolve_value_from_memory
[INFO] [stdout]     tests::should_set_value_to_kv_cache
[INFO] [stdout]     tests::should_set_value_to_memory_cache
[INFO] [stdout] 
[INFO] [stdout] test result: FAILED. 9 passed; 8 failed; 0 ignored; 0 measured; 0 filtered out; finished in 0.13s
[INFO] [stdout] 
[INFO] running `Command { std: "docker" "inspect" "4f2a10284c75e4b54e0b7a01760d2977aa09e9de88eceadc8dc1b4257ac223a8", kill_on_drop: false }`
[INFO] running `Command { std: "docker" "rm" "-f" "4f2a10284c75e4b54e0b7a01760d2977aa09e9de88eceadc8dc1b4257ac223a8", kill_on_drop: false }`
[INFO] [stdout] 4f2a10284c75e4b54e0b7a01760d2977aa09e9de88eceadc8dc1b4257ac223a8
