[INFO] fetching crate bizstd-cli 2.1.0...
[INFO] testing bizstd-cli-2.1.0 against 1.100.0-beta.1+cargoflags=--release for beta-release-1.100-3
[INFO] extracting crate bizstd-cli 2.1.0 into /workspace/builds/worker-1-tc2/source
[INFO] started tweaking crates.io crate bizstd-cli 2.1.0
[INFO] removed 0 missing tests
[INFO] finished tweaking crates.io crate bizstd-cli 2.1.0
[INFO] tweaked toml for crates.io crate bizstd-cli 2.1.0 written to /workspace/builds/worker-1-tc2/source/Cargo.toml
[INFO] validating manifest of crates.io crate bizstd-cli 2.1.0 on toolchain 1.100.0-beta.1
[INFO] running `Command { std: CARGO_HOME="/workspace/cargo-home" RUSTUP_HOME="/workspace/rustup-home" "/workspace/cargo-home/bin/cargo" "+1.100.0-beta.1" "metadata" "--manifest-path" "Cargo.toml" "--no-deps", kill_on_drop: false }`
[INFO] crate crates.io crate bizstd-cli 2.1.0 already has a lockfile, it will not be regenerated
[INFO] running `Command { std: CARGO_HOME="/workspace/cargo-home" RUSTUP_HOME="/workspace/rustup-home" "/workspace/cargo-home/bin/cargo" "+1.100.0-beta.1" "fetch" "--manifest-path" "Cargo.toml", kill_on_drop: false }`
[INFO] running `Command { std: "docker" "create" "-v" "/var/lib/crater-agent-workspace/builds/worker-1-tc2/source:/opt/rustwide/workdir:ro,Z" "-v" "/var/lib/crater-agent-workspace/builds/worker-1-tc2/target:/opt/rustwide/target:rw,Z" "-v" "/var/lib/crater-agent-workspace/cargo-home:/opt/rustwide/cargo-home:ro,Z" "-v" "/var/lib/crater-agent-workspace/rustup-home:/opt/rustwide/rustup-home:ro,Z" "-m" "1610612736" "--network" "none" "ghcr.io/rust-lang/crates-build-env/linux@sha256:77db811e55d90add9212f6832c23229e3de5f1c1f9905e8cb07319ea15df73ac" "sleep" "infinity", kill_on_drop: false }`
[INFO] [stdout] 627f1a4501a62fe7aa1a78484f6d3d2c97573264c9f845856a2d8c5fb41fa3fc
[INFO] running `Command { std: "docker" "start" "627f1a4501a62fe7aa1a78484f6d3d2c97573264c9f845856a2d8c5fb41fa3fc", kill_on_drop: false }`
[INFO] running `Command { std: "docker" "inspect" "627f1a4501a62fe7aa1a78484f6d3d2c97573264c9f845856a2d8c5fb41fa3fc", kill_on_drop: false }`
[INFO] running `Command { std: "docker" "exec" "-e" "SOURCE_DIR=/opt/rustwide/workdir" "-e" "CARGO_HOME=/opt/rustwide/cargo-home" "-e" "RUSTUP_HOME=/opt/rustwide/rustup-home" "-e" "CARGO_TARGET_DIR=/opt/rustwide/target" "-w" "/opt/rustwide/workdir" "--user" "0:0" "627f1a4501a62fe7aa1a78484f6d3d2c97573264c9f845856a2d8c5fb41fa3fc" "/opt/rustwide/cargo-home/bin/cargo" "+1.100.0-beta.1" "metadata" "--no-deps" "--format-version=1", kill_on_drop: false }`
[INFO] running `Command { std: "docker" "inspect" "627f1a4501a62fe7aa1a78484f6d3d2c97573264c9f845856a2d8c5fb41fa3fc", kill_on_drop: false }`
[INFO] running `Command { std: "docker" "exec" "-e" "SOURCE_DIR=/opt/rustwide/workdir" "-e" "CARGO_HOME=/opt/rustwide/cargo-home" "-e" "RUSTUP_HOME=/opt/rustwide/rustup-home" "-e" "CARGO_TARGET_DIR=/opt/rustwide/target" "-e" "CARGO_INCREMENTAL=0" "-e" "RUST_BACKTRACE=full" "-e" "RUSTFLAGS=--cap-lints=warn" "-e" "RUSTDOCFLAGS=--cap-lints=warn" "-w" "/opt/rustwide/workdir" "--user" "0:0" "627f1a4501a62fe7aa1a78484f6d3d2c97573264c9f845856a2d8c5fb41fa3fc" "/opt/rustwide/cargo-home/bin/cargo" "+1.100.0-beta.1" "build" "--frozen" "--message-format=json" "--release", kill_on_drop: false }`
[INFO] [stderr]    Compiling libc v0.2.189
[INFO] [stderr]    Compiling find-msvc-tools v0.1.11
[INFO] [stderr]    Compiling shlex v2.0.1
[INFO] [stderr]    Compiling pkg-config v0.3.34
[INFO] [stderr]    Compiling zstd-safe v7.2.4
[INFO] [stderr]    Compiling jobserver v0.1.35
[INFO] [stderr]    Compiling cc v1.4.3
[INFO] [stderr]    Compiling zstd-sys v2.0.16+zstd.1.5.7
[INFO] [stderr]    Compiling zstd v0.13.3
[INFO] [stderr]    Compiling bizstd v2.1.0
[INFO] [stderr]    Compiling bizstd-cli v2.1.0 (/opt/rustwide/workdir)
[INFO] [stderr]     Finished `release` profile [optimized] target(s) in 42.74s
[INFO] running `Command { std: "docker" "inspect" "627f1a4501a62fe7aa1a78484f6d3d2c97573264c9f845856a2d8c5fb41fa3fc", kill_on_drop: false }`
[INFO] running `Command { std: "docker" "exec" "-e" "SOURCE_DIR=/opt/rustwide/workdir" "-e" "CARGO_HOME=/opt/rustwide/cargo-home" "-e" "RUSTUP_HOME=/opt/rustwide/rustup-home" "-e" "CARGO_TARGET_DIR=/opt/rustwide/target" "-e" "CARGO_INCREMENTAL=0" "-e" "RUST_BACKTRACE=full" "-e" "RUSTFLAGS=--cap-lints=warn" "-e" "RUSTDOCFLAGS=--cap-lints=warn" "-w" "/opt/rustwide/workdir" "--user" "0:0" "627f1a4501a62fe7aa1a78484f6d3d2c97573264c9f845856a2d8c5fb41fa3fc" "/opt/rustwide/cargo-home/bin/cargo" "+1.100.0-beta.1" "test" "--frozen" "--no-run" "--message-format=json" "--release", kill_on_drop: false }`
[INFO] [stderr]    Compiling bizstd-cli v2.1.0 (/opt/rustwide/workdir)
[INFO] [stderr]     Finished `release` profile [optimized] target(s) in 11.69s
[INFO] running `Command { std: "docker" "inspect" "627f1a4501a62fe7aa1a78484f6d3d2c97573264c9f845856a2d8c5fb41fa3fc", kill_on_drop: false }`
[INFO] running `Command { std: "docker" "exec" "-e" "SOURCE_DIR=/opt/rustwide/workdir" "-e" "CARGO_HOME=/opt/rustwide/cargo-home" "-e" "RUSTUP_HOME=/opt/rustwide/rustup-home" "-e" "CARGO_TARGET_DIR=/opt/rustwide/target" "-e" "CARGO_INCREMENTAL=0" "-e" "RUST_BACKTRACE=full" "-e" "RUSTFLAGS=--cap-lints=warn" "-e" "RUSTDOCFLAGS=--cap-lints=warn" "-w" "/opt/rustwide/workdir" "--user" "0:0" "627f1a4501a62fe7aa1a78484f6d3d2c97573264c9f845856a2d8c5fb41fa3fc" "/opt/rustwide/cargo-home/bin/cargo" "+1.100.0-beta.1" "test" "--frozen" "--release", kill_on_drop: false }`
[INFO] [stderr]     Finished `release` profile [optimized] target(s) in 0.04s
[INFO] [stderr]      Running unittests src/main.rs (/opt/rustwide/target/release/build/bizstd-cli/33368ca8118e396c/out/bizstd-33368ca8118e396c)
[INFO] [stderr]      Running tests/commands.rs (/opt/rustwide/target/release/build/bizstd-cli/e631b0390e08b959/out/commands-e631b0390e08b959)
[INFO] [stdout] 
[INFO] [stdout] running 0 tests
[INFO] [stdout] 
[INFO] [stdout] test result: ok. 0 passed; 0 failed; 0 ignored; 0 measured; 0 filtered out; finished in 0.00s
[INFO] [stdout] 
[INFO] [stdout] 
[INFO] [stdout] running 11 tests
[INFO] [stdout] test a_command_line_that_makes_no_sense_exits_two_and_says_why ... FAILED
[INFO] [stdout] test verify_exits_two_on_something_that_is_not_a_container ... FAILED
[INFO] [stdout] test verify_exits_one_on_a_file_whose_headers_lie ... FAILED
[INFO] [stdout] test try_json_puts_nothing_but_json_on_stdout ... FAILED
[INFO] [stdout] test fix_repairs_the_headers_and_verify_then_passes ... FAILED
[INFO] [stdout] test try_csv_writes_a_header_row_and_one_row_per_record ... FAILED
[INFO] [stdout] test inspect_describes_the_file ... FAILED
[INFO] [stdout] test rebuild_moves_between_levels_including_none ... FAILED
[INFO] [stdout] test verify_says_sound_and_exits_zero ... FAILED
[INFO] [stdout] test try_json_stops_at_the_limit ... FAILED
[INFO] [stdout] test meta_json_is_one_object_with_the_headers_and_the_index ... FAILED
[INFO] [stdout] 
[INFO] [stdout] failures:
[INFO] [stdout] 
[INFO] [stdout] ---- a_command_line_that_makes_no_sense_exits_two_and_says_why stdout ----
[INFO] [stdout] 
[INFO] [stdout] thread 'a_command_line_that_makes_no_sense_exits_two_and_says_why' (499) panicked at tests/commands.rs:36:10:
[INFO] [stdout] the binary runs: Os { code: 2, kind: NotFound, message: "No such file or directory" }
[INFO] [stdout] stack backtrace:
[INFO] [stdout]    0:     0x640c0f1e5277 - <unknown>
[INFO] [stdout]    1:     0x640c0f1cd3ea - <unknown>
[INFO] [stdout]    2:     0x640c0f1e482b - <unknown>
[INFO] [stdout]    3:     0x640c0f1e430f - <unknown>
[INFO] [stdout]    4:     0x640c0f1e3f3a - <unknown>
[INFO] [stdout]    5:     0x640c0f1e3a75 - <unknown>
[INFO] [stdout]    6:     0x640c0f20aa21 - <unknown>
[INFO] [stdout]    7:     0x640c0f20a9d9 - <unknown>
[INFO] [stdout]    8:     0x640c0f20aedc - <unknown>
[INFO] [stdout]    9:     0x640c0f1cd27b - <unknown>
[INFO] [stdout]   10:     0x640c0f1d0621 - <unknown>
[INFO] [stdout]   11:     0x640c0f1bcdaa - <unknown>
[INFO] [stdout]   12:     0x640c0f1c5f3b - <unknown>
[INFO] [stdout]   13:     0x640c0f22476b - <unknown>
[INFO] [stdout]   14:     0x640c0f220731 - <unknown>
[INFO] [stdout]   15:     0x640c0f21ff1c - <unknown>
[INFO] [stdout]   16:     0x640c0f23fbbc - <unknown>
[INFO] [stdout]   17:     0x640c0f20c754 - <unknown>
[INFO] [stdout]   18:     0x789a5d2eddfa - <unknown>
[INFO] [stdout]   19:     0x789a5d3813d4 - clone
[INFO] [stdout]   20:                0x0 - <unknown>
[INFO] [stdout] 
[INFO] [stdout] ---- verify_exits_two_on_something_that_is_not_a_container stdout ----
[INFO] [stdout] 
[INFO] [stdout] thread 'verify_exits_two_on_something_that_is_not_a_container' (509) panicked at tests/commands.rs:36:10:
[INFO] [stdout] the binary runs: Os { code: 2, kind: NotFound, message: "No such file or directory" }
[INFO] [stdout] stack backtrace:
[INFO] [stdout]    0:     0x640c0f1e5277 - <unknown>
[INFO] [stdout]    1:     0x640c0f1cd3ea - <unknown>
[INFO] [stdout]    2:     0x640c0f1e482b - <unknown>
[INFO] [stdout]    3:     0x640c0f1e430f - <unknown>
[INFO] [stdout]    4:     0x640c0f1e3f3a - <unknown>
[INFO] [stdout]    5:     0x640c0f1e3a75 - <unknown>
[INFO] [stdout]    6:     0x640c0f20aa21 - <unknown>
[INFO] [stdout]    7:     0x640c0f20a9d9 - <unknown>
[INFO] [stdout]    8:     0x640c0f20aedc - <unknown>
[INFO] [stdout]    9:     0x640c0f1cd27b - <unknown>
[INFO] [stdout]   10:     0x640c0f1d0621 - <unknown>
[INFO] [stdout]   11:     0x640c0f1bcdaa - <unknown>
[INFO] [stdout]   12:     0x640c0f1c58d3 - <unknown>
[INFO] [stdout]   13:     0x640c0f22476b - <unknown>
[INFO] [stdout]   14:     0x640c0f220731 - <unknown>
[INFO] [stdout]   15:     0x640c0f21ff1c - <unknown>
[INFO] [stdout]   16:     0x640c0f23fbbc - <unknown>
[INFO] [stdout]   17:     0x640c0f20c754 - <unknown>
[INFO] [stdout]   18:     0x789a5d2eddfa - <unknown>
[INFO] [stdout]   19:     0x789a5d3813d4 - clone
[INFO] [stdout]   20:                0x0 - <unknown>
[INFO] [stdout] 
[INFO] [stdout] ---- verify_exits_one_on_a_file_whose_headers_lie stdout ----
[INFO] [stdout] 
[INFO] [stdout] thread 'verify_exits_one_on_a_file_whose_headers_lie' (507) panicked at tests/commands.rs:36:10:
[INFO] [stdout] the binary runs: Os { code: 2, kind: NotFound, message: "No such file or directory" }
[INFO] [stdout] stack backtrace:
[INFO] [stdout]    0:     0x640c0f1e5277 - <unknown>
[INFO] [stdout]    1:     0x640c0f1cd3ea - <unknown>
[INFO] [stdout]    2:     0x640c0f1e482b - <unknown>
[INFO] [stdout]    3:     0x640c0f1e430f - <unknown>
[INFO] [stdout]    4:     0x640c0f1e3f3a - <unknown>
[INFO] [stdout]    5:     0x640c0f1e3a75 - <unknown>
[INFO] [stdout]    6:     0x640c0f20aa21 - <unknown>
[INFO] [stdout]    7:     0x640c0f20a9d9 - <unknown>
[INFO] [stdout]    8:     0x640c0f20aedc - <unknown>
[INFO] [stdout]    9:     0x640c0f1cd27b - <unknown>
[INFO] [stdout]   10:     0x640c0f1d0621 - <unknown>
[INFO] [stdout]   11:     0x640c0f1bcdaa - <unknown>
[INFO] [stdout]   12:     0x640c0f1c46d5 - <unknown>
[INFO] [stdout]   13:     0x640c0f22476b - <unknown>
[INFO] [stdout]   14:     0x640c0f220731 - <unknown>
[INFO] [stdout]   15:     0x640c0f21ff1c - <unknown>
[INFO] [stdout]   16:     0x640c0f23fbbc - <unknown>
[INFO] [stdout]   17:     0x640c0f20c754 - <unknown>
[INFO] [stdout]   18:     0x789a5d2eddfa - <unknown>
[INFO] [stdout]   19:     0x789a5d3813d4 - clone
[INFO] [stdout]   20:                0x0 - <unknown>
[INFO] [stdout] 
[INFO] [stdout] ---- try_json_puts_nothing_but_json_on_stdout stdout ----
[INFO] [stdout] 
[INFO] [stdout] thread 'try_json_puts_nothing_but_json_on_stdout' (505) panicked at tests/commands.rs:36:10:
[INFO] [stdout] the binary runs: Os { code: 2, kind: NotFound, message: "No such file or directory" }
[INFO] [stdout] stack backtrace:
[INFO] [stdout]    0:     0x640c0f1e5277 - <unknown>
[INFO] [stdout]    1:     0x640c0f1cd3ea - <unknown>
[INFO] [stdout]    2:     0x640c0f1e482b - <unknown>
[INFO] [stdout]    3:     0x640c0f1e430f - <unknown>
[INFO] [stdout]    4:     0x640c0f1e3f3a - <unknown>
[INFO] [stdout]    5:     0x640c0f1e3a75 - <unknown>
[INFO] [stdout]    6:     0x640c0f20aa21 - <unknown>
[INFO] [stdout]    7:     0x640c0f20a9d9 - <unknown>
[INFO] [stdout]    8:     0x640c0f20aedc - <unknown>
[INFO] [stdout]    9:     0x640c0f1cd27b - <unknown>
[INFO] [stdout]   10:     0x640c0f1d0621 - <unknown>
[INFO] [stdout]   11:     0x640c0f1bcdaa - <unknown>
[INFO] [stdout]   12:     0x640c0f1c3a0e - <unknown>
[INFO] [stdout]   13:     0x640c0f22476b - <unknown>
[INFO] [stdout]   14:     0x640c0f220731 - <unknown>
[INFO] [stdout]   15:     0x640c0f21ff1c - <unknown>
[INFO] [stdout]   16:     0x640c0f23fbbc - <unknown>
[INFO] [stdout]   17:     0x640c0f20c754 - <unknown>
[INFO] [stdout]   18:     0x789a5d2eddfa - <unknown>
[INFO] [stdout]   19:     0x789a5d3813d4 - clone
[INFO] [stdout]   20:                0x0 - <unknown>
[INFO] [stdout] 
[INFO] [stdout] ---- fix_repairs_the_headers_and_verify_then_passes stdout ----
[INFO] [stdout] 
[INFO] [stdout] thread 'fix_repairs_the_headers_and_verify_then_passes' (500) panicked at tests/commands.rs:36:10:
[INFO] [stdout] the binary runs: Os { code: 2, kind: NotFound, message: "No such file or directory" }
[INFO] [stdout] stack backtrace:
[INFO] [stdout]    0:     0x640c0f1e5277 - <unknown>
[INFO] [stdout]    1:     0x640c0f1cd3ea - <unknown>
[INFO] [stdout]    2:     0x640c0f1e482b - <unknown>
[INFO] [stdout]    3:     0x640c0f1e430f - <unknown>
[INFO] [stdout]    4:     0x640c0f1e3f3a - <unknown>
[INFO] [stdout]    5:     0x640c0f1e3a75 - <unknown>
[INFO] [stdout]    6:     0x640c0f20aa21 - <unknown>
[INFO] [stdout]    7:     0x640c0f20a9d9 - <unknown>
[INFO] [stdout]    8:     0x640c0f20aedc - <unknown>
[INFO] [stdout]    9:     0x640c0f1cd27b - <unknown>
[INFO] [stdout]   10:     0x640c0f1d0621 - <unknown>
[INFO] [stdout]   11:     0x640c0f1bcdaa - <unknown>
[INFO] [stdout]   12:     0x640c0f1c4b2e - <unknown>
[INFO] [stdout]   13:     0x640c0f22476b - <unknown>
[INFO] [stdout]   14:     0x640c0f220731 - <unknown>
[INFO] [stdout]   15:     0x640c0f21ff1c - <unknown>
[INFO] [stdout]   16:     0x640c0f23fbbc - <unknown>
[INFO] [stdout]   17:     0x640c0f20c754 - <unknown>
[INFO] [stdout]   18:     0x789a5d2eddfa - <unknown>
[INFO] [stdout]   19:     0x789a5d3813d4 - clone
[INFO] [stdout]   20:                0x0 - <unknown>
[INFO] [stdout] 
[INFO] [stdout] ---- try_csv_writes_a_header_row_and_one_row_per_record stdout ----
[INFO] [stdout] 
[INFO] [stdout] thread 'try_csv_writes_a_header_row_and_one_row_per_record' (504) panicked at tests/commands.rs:36:10:
[INFO] [stdout] the binary runs: Os { code: 2, kind: NotFound, message: "No such file or directory" }
[INFO] [stdout] stack backtrace:
[INFO] [stdout]    0:     0x640c0f1e5277 - <unknown>
[INFO] [stdout]    1:     0x640c0f1cd3ea - <unknown>
[INFO] [stdout]    2:     0x640c0f1e482b - <unknown>
[INFO] [stdout]    3:     0x640c0f1e430f - <unknown>
[INFO] [stdout]    4:     0x640c0f1e3f3a - <unknown>
[INFO] [stdout]    5:     0x640c0f1e3a75 - <unknown>
[INFO] [stdout]    6:     0x640c0f20aa21 - <unknown>
[INFO] [stdout]    7:     0x640c0f20a9d9 - <unknown>
[INFO] [stdout]    8:     0x640c0f20aedc - <unknown>
[INFO] [stdout]    9:     0x640c0f1cd27b - <unknown>
[INFO] [stdout]   10:     0x640c0f1d0621 - <unknown>
[INFO] [stdout]   11:     0x640c0f1bcdaa - <unknown>
[INFO] [stdout]   12:     0x640c0f1c50aa - <unknown>
[INFO] [stdout]   13:     0x640c0f22476b - <unknown>
[INFO] [stdout]   14:     0x640c0f220731 - <unknown>
[INFO] [stdout]   15:     0x640c0f21ff1c - <unknown>
[INFO] [stdout]   16:     0x640c0f23fbbc - <unknown>
[INFO] [stdout]   17:     0x640c0f20c754 - <unknown>
[INFO] [stdout]   18:     0x789a5d2eddfa - <unknown>
[INFO] [stdout]   19:     0x789a5d3813d4 - clone
[INFO] [stdout]   20:                0x0 - <unknown>
[INFO] [stdout] 
[INFO] [stdout] ---- inspect_describes_the_file stdout ----
[INFO] [stdout] 
[INFO] [stdout] thread 'inspect_describes_the_file' (501) panicked at tests/commands.rs:36:10:
[INFO] [stdout] the binary runs: Os { code: 2, kind: NotFound, message: "No such file or directory" }
[INFO] [stdout] stack backtrace:
[INFO] [stdout]    0:     0x640c0f1e5277 - <unknown>
[INFO] [stdout]    1:     0x640c0f1cd3ea - <unknown>
[INFO] [stdout]    2:     0x640c0f1e482b - <unknown>
[INFO] [stdout]    3:     0x640c0f1e430f - <unknown>
[INFO] [stdout]    4:     0x640c0f1e3f3a - <unknown>
[INFO] [stdout]    5:     0x640c0f1e3a75 - <unknown>
[INFO] [stdout]    6:     0x640c0f20aa21 - <unknown>
[INFO] [stdout]    7:     0x640c0f20a9d9 - <unknown>
[INFO] [stdout]    8:     0x640c0f20aedc - <unknown>
[INFO] [stdout]    9:     0x640c0f1cd27b - <unknown>
[INFO] [stdout]   10:     0x640c0f1d0621 - <unknown>
[INFO] [stdout]   11:     0x640c0f1bcdaa - <unknown>
[INFO] [stdout]   12:     0x640c0f1c2dfc - <unknown>
[INFO] [stdout]   13:     0x640c0f22476b - <unknown>
[INFO] [stdout]   14:     0x640c0f220731 - <unknown>
[INFO] [stdout]   15:     0x640c0f21ff1c - <unknown>
[INFO] [stdout]   16:     0x640c0f23fbbc - <unknown>
[INFO] [stdout]   17:     0x640c0f20c754 - <unknown>
[INFO] [stdout]   18:     0x789a5d2eddfa - <unknown>
[INFO] [stdout]   19:     0x789a5d3813d4 - clone
[INFO] [stdout]   20:                0x0 - <unknown>
[INFO] [stdout] 
[INFO] [stdout] ---- rebuild_moves_between_levels_including_none stdout ----
[INFO] [stdout] 
[INFO] [stdout] thread 'rebuild_moves_between_levels_including_none' (503) panicked at tests/commands.rs:36:10:
[INFO] [stdout] the binary runs: Os { code: 2, kind: NotFound, message: "No such file or directory" }
[INFO] [stdout] stack backtrace:
[INFO] [stdout]    0:     0x640c0f1e5277 - <unknown>
[INFO] [stdout]    1:     0x640c0f1cd3ea - <unknown>
[INFO] [stdout]    2:     0x640c0f1e482b - <unknown>
[INFO] [stdout]    3:     0x640c0f1e430f - <unknown>
[INFO] [stdout]    4:     0x640c0f1e3f3a - <unknown>
[INFO] [stdout]    5:     0x640c0f1e3a75 - <unknown>
[INFO] [stdout]    6:     0x640c0f20aa21 - <unknown>
[INFO] [stdout]    7:     0x640c0f20a9d9 - <unknown>
[INFO] [stdout]    8:     0x640c0f20aedc - <unknown>
[INFO] [stdout]    9:     0x640c0f1cd27b - <unknown>
[INFO] [stdout]   10:     0x640c0f1d0621 - <unknown>
[INFO] [stdout]   11:     0x640c0f1bcdaa - <unknown>
[INFO] [stdout]   12:     0x640c0f1c3f06 - <unknown>
[INFO] [stdout]   13:     0x640c0f22476b - <unknown>
[INFO] [stdout]   14:     0x640c0f220731 - <unknown>
[INFO] [stdout]   15:     0x640c0f21ff1c - <unknown>
[INFO] [stdout]   16:     0x640c0f23fbbc - <unknown>
[INFO] [stdout]   17:     0x640c0f20c754 - <unknown>
[INFO] [stdout]   18:     0x789a5d2eddfa - <unknown>
[INFO] [stdout]   19:     0x789a5d3813d4 - clone
[INFO] [stdout]   20:                0x0 - <unknown>
[INFO] [stdout] 
[INFO] [stdout] ---- verify_says_sound_and_exits_zero stdout ----
[INFO] [stdout] 
[INFO] [stdout] thread 'verify_says_sound_and_exits_zero' (510) panicked at tests/commands.rs:36:10:
[INFO] [stdout] the binary runs: Os { code: 2, kind: NotFound, message: "No such file or directory" }
[INFO] [stdout] stack backtrace:
[INFO] [stdout]    0:     0x640c0f1e5277 - <unknown>
[INFO] [stdout]    1:     0x640c0f1cd3ea - <unknown>
[INFO] [stdout]    2:     0x640c0f1e482b - <unknown>
[INFO] [stdout]    3:     0x640c0f1e430f - <unknown>
[INFO] [stdout]    4:     0x640c0f1e3f3a - <unknown>
[INFO] [stdout]    5:     0x640c0f1e3a75 - <unknown>
[INFO] [stdout]    6:     0x640c0f20aa21 - <unknown>
[INFO] [stdout]    7:     0x640c0f20a9d9 - <unknown>
[INFO] [stdout]    8:     0x640c0f20aedc - <unknown>
[INFO] [stdout]    9:     0x640c0f1cd27b - <unknown>
[INFO] [stdout]   10:     0x640c0f1d0621 - <unknown>
[INFO] [stdout]   11:     0x640c0f1bcdaa - <unknown>
[INFO] [stdout]   12:     0x640c0f1c3742 - <unknown>
[INFO] [stdout]   13:     0x640c0f22476b - <unknown>
[INFO] [stdout]   14:     0x640c0f220731 - <unknown>
[INFO] [stdout]   15:     0x640c0f21ff1c - <unknown>
[INFO] [stdout]   16:     0x640c0f23fbbc - <unknown>
[INFO] [stdout]   17:     0x640c0f20c754 - <unknown>
[INFO] [stdout]   18:     0x789a5d2eddfa - <unknown>
[INFO] [stdout]   19:     0x789a5d3813d4 - clone
[INFO] [stdout]   20:                0x0 - <unknown>
[INFO] [stdout] 
[INFO] [stdout] ---- try_json_stops_at_the_limit stdout ----
[INFO] [stdout] 
[INFO] [stdout] thread 'try_json_stops_at_the_limit' (506) panicked at tests/commands.rs:36:10:
[INFO] [stdout] the binary runs: Os { code: 2, kind: NotFound, message: "No such file or directory" }
[INFO] [stdout] stack backtrace:
[INFO] [stdout]    0:     0x640c0f1e5277 - <unknown>
[INFO] [stdout]    1:     0x640c0f1cd3ea - <unknown>
[INFO] [stdout]    2:     0x640c0f1e482b - <unknown>
[INFO] [stdout]    3:     0x640c0f1e430f - <unknown>
[INFO] [stdout]    4:     0x640c0f1e3f3a - <unknown>
[INFO] [stdout]    5:     0x640c0f1e3a75 - <unknown>
[INFO] [stdout]    6:     0x640c0f20aa21 - <unknown>
[INFO] [stdout]    7:     0x640c0f20a9d9 - <unknown>
[INFO] [stdout]    8:     0x640c0f20aedc - <unknown>
[INFO] [stdout]    9:     0x640c0f1cd27b - <unknown>
[INFO] [stdout]   10:     0x640c0f1d0621 - <unknown>
[INFO] [stdout]   11:     0x640c0f1bcdaa - <unknown>
[INFO] [stdout]   12:     0x640c0f1c3463 - <unknown>
[INFO] [stdout]   13:     0x640c0f22476b - <unknown>
[INFO] [stdout]   14:     0x640c0f220731 - <unknown>
[INFO] [stdout]   15:     0x640c0f21ff1c - <unknown>
[INFO] [stdout]   16:     0x640c0f23fbbc - <unknown>
[INFO] [stdout]   17:     0x640c0f20c754 - <unknown>
[INFO] [stdout]   18:     0x789a5d2eddfa - <unknown>
[INFO] [stdout]   19:     0x789a5d3813d4 - clone
[INFO] [stdout]   20:                0x0 - <unknown>
[INFO] [stdout] 
[INFO] [stdout] ---- meta_json_is_one_object_with_the_headers_and_the_index stdout ----
[INFO] [stdout] 
[INFO] [stdout] thread 'meta_json_is_one_object_with_the_headers_and_the_index' (502) panicked at tests/commands.rs:36:10:
[INFO] [stdout] the binary runs: Os { code: 2, kind: NotFound, message: "No such file or directory" }
[INFO] [stdout] stack backtrace:
[INFO] [stdout]    0:     0x640c0f1e5277 - <unknown>
[INFO] [stdout]    1:     0x640c0f1cd3ea - <unknown>
[INFO] [stdout]    2:     0x640c0f1e482b - <unknown>
[INFO] [stdout]    3:     0x640c0f1e430f - <unknown>
[INFO] [stdout]    4:     0x640c0f1e3f3a - <unknown>
[INFO] [stdout]    5:     0x640c0f1e3a75 - <unknown>
[INFO] [stdout]    6:     0x640c0f20aa21 - <unknown>
[INFO] [stdout]    7:     0x640c0f20a9d9 - <unknown>
[INFO] [stdout]    8:     0x640c0f20aedc - <unknown>
[INFO] [stdout]    9:     0x640c0f1cd27b - <unknown>
[INFO] [stdout]   10:     0x640c0f1d0621 - <unknown>
[INFO] [stdout]   11:     0x640c0f1bcdaa - <unknown>
[INFO] [stdout]   12:     0x640c0f1c5b01 - <unknown>
[INFO] [stdout]   13:     0x640c0f22476b - <unknown>
[INFO] [stdout]   14:     0x640c0f220731 - <unknown>
[INFO] [stdout]   15:     0x640c0f21ff1c - <unknown>
[INFO] [stdout]   16:     0x640c0f23fbbc - <unknown>
[INFO] [stdout]   17:     0x640c0f20c754 - <unknown>
[INFO] [stdout]   18:     0x789a5d2eddfa - <unknown>
[INFO] [stdout]   19:     0x789a5d3813d4 - clone
[INFO] [stdout]   20:                0x0 - <unknown>
[INFO] [stdout] 
[INFO] [stdout] 
[INFO] [stdout] failures:
[INFO] [stdout]     a_command_line_that_makes_no_sense_exits_two_and_says_why
[INFO] [stdout]     fix_repairs_the_headers_and_verify_then_passes
[INFO] [stdout]     inspect_describes_the_file
[INFO] [stdout]     meta_json_is_one_object_with_the_headers_and_the_index
[INFO] [stdout]     rebuild_moves_between_levels_including_none
[INFO] [stdout]     try_csv_writes_a_header_row_and_one_row_per_record
[INFO] [stdout]     try_json_puts_nothing_but_json_on_stdout
[INFO] [stdout]     try_json_stops_at_the_limit
[INFO] [stdout]     verify_exits_one_on_a_file_whose_headers_lie
[INFO] [stdout]     verify_exits_two_on_something_that_is_not_a_container
[INFO] [stdout]     verify_says_sound_and_exits_zero
[INFO] [stdout] 
[INFO] [stdout] test result: FAILED. 0 passed; 11 failed; 0 ignored; 0 measured; 0 filtered out; finished in 0.15s
[INFO] [stdout] 
[INFO] [stderr] error: test failed, to rerun pass `--test commands`
[INFO] running `Command { std: "docker" "inspect" "627f1a4501a62fe7aa1a78484f6d3d2c97573264c9f845856a2d8c5fb41fa3fc", kill_on_drop: false }`
[INFO] running `Command { std: "docker" "rm" "-f" "627f1a4501a62fe7aa1a78484f6d3d2c97573264c9f845856a2d8c5fb41fa3fc", kill_on_drop: false }`
[INFO] [stdout] 627f1a4501a62fe7aa1a78484f6d3d2c97573264c9f845856a2d8c5fb41fa3fc
