[INFO] fetching crate behold 0.1.3...
[INFO] testing behold-0.1.3 against 1.100.0-beta.1+cargoflags=--release for beta-release-1.100-3
[INFO] extracting crate behold 0.1.3 into /workspace/builds/worker-1-tc2/source
[INFO] started tweaking crates.io crate behold 0.1.3
[INFO] finished tweaking crates.io crate behold 0.1.3
[INFO] tweaked toml for crates.io crate behold 0.1.3 written to /workspace/builds/worker-1-tc2/source/Cargo.toml
[INFO] validating manifest of crates.io crate behold 0.1.3 on toolchain 1.100.0-beta.1
[INFO] running `Command { std: CARGO_HOME="/workspace/cargo-home" RUSTUP_HOME="/workspace/rustup-home" "/workspace/cargo-home/bin/cargo" "+1.100.0-beta.1" "metadata" "--manifest-path" "Cargo.toml" "--no-deps", kill_on_drop: false }`
[INFO] running `Command { std: CARGO_HOME="/workspace/cargo-home" RUSTUP_HOME="/workspace/rustup-home" "/workspace/cargo-home/bin/cargo" "+1.100.0-beta.1" "generate-lockfile" "--manifest-path" "Cargo.toml", kill_on_drop: false }`
[INFO] [stderr]     Updating crates.io index
[INFO] [stderr]      Locking 39 packages to highest compatible versions
[INFO] [stderr]       Adding skeptic v0.13.7 (available: v0.14.2)
[INFO] running `Command { std: CARGO_HOME="/workspace/cargo-home" RUSTUP_HOME="/workspace/rustup-home" "/workspace/cargo-home/bin/cargo" "+1.100.0-beta.1" "fetch" "--manifest-path" "Cargo.toml", kill_on_drop: false }`
[INFO] [stderr] warning: Cargo.toml: `package.edition` is unspecified, defaulting to `2015` while the latest is `2024`
[INFO] [stderr] warning: `package.homepage` is redundant with `package.repository`
[INFO] [stderr]   --> Cargo.toml:23:12
[INFO] [stderr]    |
[INFO] [stderr] 23 | homepage = "https://github.com/joshmarlow/behold-rs"
[INFO] [stderr]    |            ^^^^^^^^^^^^^^^^^^^^^^^^^^^^^^^^^^^^^^^^^
[INFO] [stderr] ...
[INFO] [stderr] 28 | repository = "https://github.com/joshmarlow/behold-rs"
[INFO] [stderr]    |              -----------------------------------------
[INFO] [stderr]    |
[INFO] [stderr]    = note: `cargo::redundant_homepage` is set to `warn` by default
[INFO] [stderr] help: consider removing `package.homepage`
[INFO] [stderr] warning: `behold` (manifest) generated 2 warnings
[INFO] running `Command { std: "docker" "create" "-v" "/var/lib/crater-agent-workspace/builds/worker-1-tc2/source:/opt/rustwide/workdir:ro,Z" "-v" "/var/lib/crater-agent-workspace/builds/worker-1-tc2/target:/opt/rustwide/target:rw,Z" "-v" "/var/lib/crater-agent-workspace/cargo-home:/opt/rustwide/cargo-home:ro,Z" "-v" "/var/lib/crater-agent-workspace/rustup-home:/opt/rustwide/rustup-home:ro,Z" "-m" "1610612736" "--network" "none" "ghcr.io/rust-lang/crates-build-env/linux@sha256:77db811e55d90add9212f6832c23229e3de5f1c1f9905e8cb07319ea15df73ac" "sleep" "infinity", kill_on_drop: false }`
[INFO] [stdout] 8992e437ee95954ee56877c37eb3c47588f8eac569c9315b3019c952d264897b
[INFO] running `Command { std: "docker" "start" "8992e437ee95954ee56877c37eb3c47588f8eac569c9315b3019c952d264897b", kill_on_drop: false }`
[INFO] running `Command { std: "docker" "inspect" "8992e437ee95954ee56877c37eb3c47588f8eac569c9315b3019c952d264897b", kill_on_drop: false }`
[INFO] running `Command { std: "docker" "exec" "-e" "SOURCE_DIR=/opt/rustwide/workdir" "-e" "CARGO_HOME=/opt/rustwide/cargo-home" "-e" "RUSTUP_HOME=/opt/rustwide/rustup-home" "-e" "CARGO_TARGET_DIR=/opt/rustwide/target" "-w" "/opt/rustwide/workdir" "--user" "0:0" "8992e437ee95954ee56877c37eb3c47588f8eac569c9315b3019c952d264897b" "/opt/rustwide/cargo-home/bin/cargo" "+1.100.0-beta.1" "metadata" "--no-deps" "--format-version=1", kill_on_drop: false }`
[INFO] running `Command { std: "docker" "inspect" "8992e437ee95954ee56877c37eb3c47588f8eac569c9315b3019c952d264897b", kill_on_drop: false }`
[INFO] running `Command { std: "docker" "exec" "-e" "SOURCE_DIR=/opt/rustwide/workdir" "-e" "CARGO_HOME=/opt/rustwide/cargo-home" "-e" "RUSTUP_HOME=/opt/rustwide/rustup-home" "-e" "CARGO_TARGET_DIR=/opt/rustwide/target" "-e" "CARGO_INCREMENTAL=0" "-e" "RUST_BACKTRACE=full" "-e" "RUSTFLAGS=--cap-lints=warn" "-e" "RUSTDOCFLAGS=--cap-lints=warn" "-w" "/opt/rustwide/workdir" "--user" "0:0" "8992e437ee95954ee56877c37eb3c47588f8eac569c9315b3019c952d264897b" "/opt/rustwide/cargo-home/bin/cargo" "+1.100.0-beta.1" "build" "--frozen" "--message-format=json" "--release", kill_on_drop: false }`
[INFO] [stderr] warning: Cargo.toml: `package.edition` is unspecified, defaulting to `2015` while the latest is `2024`
[INFO] [stderr] warning: `package.homepage` is redundant with `package.repository`
[INFO] [stderr]   --> Cargo.toml:23:12
[INFO] [stderr]    |
[INFO] [stderr] 23 | homepage = "https://github.com/joshmarlow/behold-rs"
[INFO] [stderr]    |            ^^^^^^^^^^^^^^^^^^^^^^^^^^^^^^^^^^^^^^^^^
[INFO] [stderr] ...
[INFO] [stderr] 28 | repository = "https://github.com/joshmarlow/behold-rs"
[INFO] [stderr]    |              -----------------------------------------
[INFO] [stderr]    |
[INFO] [stderr]    = note: `cargo::redundant_homepage` is set to `warn` by default
[INFO] [stderr] help: consider removing `package.homepage`
[INFO] [stderr] warning: `behold` (manifest) generated 2 warnings
[INFO] [stderr]    Compiling proc-macro2 v1.0.107
[INFO] [stderr]    Compiling serde_core v1.0.229
[INFO] [stderr]    Compiling unicode-ident v1.0.27
[INFO] [stderr]    Compiling quote v1.0.47
[INFO] [stderr]    Compiling libc v0.2.191
[INFO] [stderr]    Compiling zmij v1.0.23
[INFO] [stderr]    Compiling serde v1.0.229
[INFO] [stderr]    Compiling rustix v1.1.5
[INFO] [stderr]    Compiling getrandom v0.4.3
[INFO] [stderr]    Compiling camino v1.2.6
[INFO] [stderr]    Compiling serde_json v1.0.154
[INFO] [stderr]    Compiling bitflags v2.13.2
[INFO] [stderr]    Compiling memchr v2.8.3
[INFO] [stderr]    Compiling cfg-if v1.0.5
[INFO] [stderr]    Compiling pulldown-cmark v0.9.6
[INFO] [stderr]    Compiling error-chain v0.12.4
[INFO] [stderr]    Compiling itoa v1.0.18
[INFO] [stderr]    Compiling linux-raw-sys v0.12.1
[INFO] [stderr]    Compiling fastrand v2.5.0
[INFO] [stderr]    Compiling same-file v1.0.6
[INFO] [stderr]    Compiling unicase v2.10.0
[INFO] [stderr]    Compiling once_cell v1.21.4
[INFO] [stderr]    Compiling bytecount v0.6.9
[INFO] [stderr]    Compiling glob v0.3.4
[INFO] [stderr]    Compiling lazy_static v1.5.1
[INFO] [stderr]    Compiling walkdir v2.5.0
[INFO] [stderr]    Compiling syn v3.0.9
[INFO] [stderr]    Compiling semver v1.0.28
[INFO] [stderr]    Compiling tempfile v3.27.0
[INFO] [stderr]    Compiling serde_derive v1.0.229
[INFO] [stderr]    Compiling cargo-platform v0.1.9
[INFO] [stderr]    Compiling cargo_metadata v0.14.2
[INFO] [stderr]    Compiling skeptic v0.13.7
[INFO] [stderr]    Compiling behold v0.1.3 (/opt/rustwide/workdir)
[INFO] [stdout] warning: trait objects without an explicit `dyn` are deprecated
[INFO] [stdout]    --> src/lib.rs:165:28
[INFO] [stdout]     |
[INFO] [stdout] 165 |     pub fn call(&self, f: &Fn()) {
[INFO] [stdout]     |                            ^^^^
[INFO] [stdout]     |
[INFO] [stdout]     = warning: this is accepted in the current edition (Rust 2015) but is a hard error in Rust 2021!
[INFO] [stdout]     = note: for more information, see <https://doc.rust-lang.org/edition-guide/rust-2021/warnings-promoted-to-error.html>
[INFO] [stdout]     = note: `#[warn(bare_trait_objects)]` (part of `#[warn(rust_2021_compatibility)]`) on by default
[INFO] [stdout] help: if this is a dyn-compatible trait, use `dyn`
[INFO] [stdout]     |
[INFO] [stdout] 165 |     pub fn call(&self, f: &dyn Fn()) {
[INFO] [stdout]     |                            +++
[INFO] [stdout] 
[INFO] [stdout] 
[INFO] [stderr]     Finished `release` profile [optimized] target(s) in 15.30s
[INFO] running `Command { std: "docker" "inspect" "8992e437ee95954ee56877c37eb3c47588f8eac569c9315b3019c952d264897b", kill_on_drop: false }`
[INFO] running `Command { std: "docker" "exec" "-e" "SOURCE_DIR=/opt/rustwide/workdir" "-e" "CARGO_HOME=/opt/rustwide/cargo-home" "-e" "RUSTUP_HOME=/opt/rustwide/rustup-home" "-e" "CARGO_TARGET_DIR=/opt/rustwide/target" "-e" "CARGO_INCREMENTAL=0" "-e" "RUST_BACKTRACE=full" "-e" "RUSTFLAGS=--cap-lints=warn" "-e" "RUSTDOCFLAGS=--cap-lints=warn" "-w" "/opt/rustwide/workdir" "--user" "0:0" "8992e437ee95954ee56877c37eb3c47588f8eac569c9315b3019c952d264897b" "/opt/rustwide/cargo-home/bin/cargo" "+1.100.0-beta.1" "test" "--frozen" "--no-run" "--message-format=json" "--release", kill_on_drop: false }`
[INFO] [stderr] warning: Cargo.toml: `package.edition` is unspecified, defaulting to `2015` while the latest is `2024`
[INFO] [stderr] warning: `package.homepage` is redundant with `package.repository`
[INFO] [stderr]   --> Cargo.toml:23:12
[INFO] [stderr]    |
[INFO] [stderr] 23 | homepage = "https://github.com/joshmarlow/behold-rs"
[INFO] [stderr]    |            ^^^^^^^^^^^^^^^^^^^^^^^^^^^^^^^^^^^^^^^^^
[INFO] [stderr] ...
[INFO] [stderr] 28 | repository = "https://github.com/joshmarlow/behold-rs"
[INFO] [stderr]    |              -----------------------------------------
[INFO] [stderr]    |
[INFO] [stderr]    = note: `cargo::redundant_homepage` is set to `warn` by default
[INFO] [stderr] help: consider removing `package.homepage`
[INFO] [stderr] warning: `behold` (manifest) generated 2 warnings
[INFO] [stderr]    Compiling serde_core v1.0.229
[INFO] [stderr]    Compiling serde v1.0.229
[INFO] [stderr]    Compiling zmij v1.0.23
[INFO] [stderr]    Compiling libc v0.2.191
[INFO] [stderr]    Compiling bitflags v2.13.2
[INFO] [stderr]    Compiling camino v1.2.6
[INFO] [stderr]    Compiling getrandom v0.4.3
[INFO] [stderr]    Compiling rustix v1.1.5
[INFO] [stderr]    Compiling serde_json v1.0.154
[INFO] [stderr]    Compiling linux-raw-sys v0.12.1
[INFO] [stderr]    Compiling cfg-if v1.0.5
[INFO] [stderr]    Compiling error-chain v0.12.4
[INFO] [stderr]    Compiling pulldown-cmark v0.9.6
[INFO] [stderr]    Compiling fastrand v2.5.0
[INFO] [stderr]    Compiling unicase v2.10.0
[INFO] [stderr]    Compiling once_cell v1.21.4
[INFO] [stderr]    Compiling same-file v1.0.6
[INFO] [stderr]    Compiling glob v0.3.4
[INFO] [stderr]    Compiling bytecount v0.6.9
[INFO] [stdout] warning: trait objects without an explicit `dyn` are deprecated
[INFO] [stdout]    --> src/lib.rs:165:28
[INFO] [stdout]     |
[INFO] [stdout] 165 |     pub fn call(&self, f: &Fn()) {
[INFO] [stdout]     |                            ^^^^
[INFO] [stdout]     |
[INFO] [stdout]     = warning: this is accepted in the current edition (Rust 2015) but is a hard error in Rust 2021!
[INFO] [stdout]     = note: for more information, see <https://doc.rust-lang.org/edition-guide/rust-2021/warnings-promoted-to-error.html>
[INFO] [stdout]     = note: `#[warn(bare_trait_objects)]` (part of `#[warn(rust_2021_compatibility)]`) on by default
[INFO] [stdout] help: if this is a dyn-compatible trait, use `dyn`
[INFO] [stdout]     |
[INFO] [stdout] 165 |     pub fn call(&self, f: &dyn Fn()) {
[INFO] [stdout]     |                            +++
[INFO] [stdout] 
[INFO] [stdout] 
[INFO] [stderr]    Compiling walkdir v2.5.0
[INFO] [stderr]    Compiling tempfile v3.27.0
[INFO] [stderr]    Compiling semver v1.0.28
[INFO] [stderr]    Compiling cargo-platform v0.1.9
[INFO] [stderr]    Compiling cargo_metadata v0.14.2
[INFO] [stderr]    Compiling skeptic v0.13.7
[INFO] [stderr]    Compiling behold v0.1.3 (/opt/rustwide/workdir)
[INFO] [stdout] warning: trait objects without an explicit `dyn` are deprecated
[INFO] [stdout]    --> src/lib.rs:165:28
[INFO] [stdout]     |
[INFO] [stdout] 165 |     pub fn call(&self, f: &Fn()) {
[INFO] [stdout]     |                            ^^^^
[INFO] [stdout]     |
[INFO] [stdout]     = warning: this is accepted in the current edition (Rust 2015) but is a hard error in Rust 2021!
[INFO] [stdout]     = note: for more information, see <https://doc.rust-lang.org/edition-guide/rust-2021/warnings-promoted-to-error.html>
[INFO] [stdout]     = note: `#[warn(bare_trait_objects)]` (part of `#[warn(rust_2021_compatibility)]`) on by default
[INFO] [stdout] help: if this is a dyn-compatible trait, use `dyn`
[INFO] [stdout]     |
[INFO] [stdout] 165 |     pub fn call(&self, f: &dyn Fn()) {
[INFO] [stdout]     |                            +++
[INFO] [stdout] 
[INFO] [stdout] 
[INFO] [stderr]     Finished `release` profile [optimized] target(s) in 21.57s
[INFO] running `Command { std: "docker" "inspect" "8992e437ee95954ee56877c37eb3c47588f8eac569c9315b3019c952d264897b", kill_on_drop: false }`
[INFO] running `Command { std: "docker" "exec" "-e" "SOURCE_DIR=/opt/rustwide/workdir" "-e" "CARGO_HOME=/opt/rustwide/cargo-home" "-e" "RUSTUP_HOME=/opt/rustwide/rustup-home" "-e" "CARGO_TARGET_DIR=/opt/rustwide/target" "-e" "CARGO_INCREMENTAL=0" "-e" "RUST_BACKTRACE=full" "-e" "RUSTFLAGS=--cap-lints=warn" "-e" "RUSTDOCFLAGS=--cap-lints=warn" "-w" "/opt/rustwide/workdir" "--user" "0:0" "8992e437ee95954ee56877c37eb3c47588f8eac569c9315b3019c952d264897b" "/opt/rustwide/cargo-home/bin/cargo" "+1.100.0-beta.1" "test" "--frozen" "--release", kill_on_drop: false }`
[INFO] [stderr] warning: Cargo.toml: `package.edition` is unspecified, defaulting to `2015` while the latest is `2024`
[INFO] [stderr] warning: `package.homepage` is redundant with `package.repository`
[INFO] [stderr]   --> Cargo.toml:23:12
[INFO] [stderr]    |
[INFO] [stderr] 23 | homepage = "https://github.com/joshmarlow/behold-rs"
[INFO] [stderr]    |            ^^^^^^^^^^^^^^^^^^^^^^^^^^^^^^^^^^^^^^^^^
[INFO] [stderr] ...
[INFO] [stderr] 28 | repository = "https://github.com/joshmarlow/behold-rs"
[INFO] [stderr]    |              -----------------------------------------
[INFO] [stderr]    |
[INFO] [stderr]    = note: `cargo::redundant_homepage` is set to `warn` by default
[INFO] [stderr] help: consider removing `package.homepage`
[INFO] [stderr] warning: `behold` (manifest) generated 2 warnings
[INFO] [stderr] warning: trait objects without an explicit `dyn` are deprecated
[INFO] [stdout] 
[INFO] [stderr]    --> src/lib.rs:165:28
[INFO] [stdout] running 4 tests
[INFO] [stderr]     |
[INFO] [stderr] 165 |     pub fn call(&self, f: &Fn()) {
[INFO] [stderr]     |                            ^^^^
[INFO] [stderr]     |
[INFO] [stderr]     = warning: this is accepted in the current edition (Rust 2015) but is a hard error in Rust 2021!
[INFO] [stderr]     = note: for more information, see <https://doc.rust-lang.org/edition-guide/rust-2021/warnings-promoted-to-error.html>
[INFO] [stderr]     = note: `#[warn(bare_trait_objects)]` (part of `#[warn(rust_2021_compatibility)]`) on by default
[INFO] [stderr] help: if this is a dyn-compatible trait, use `dyn`
[INFO] [stderr]     |
[INFO] [stderr] 165 |     pub fn call(&self, f: &dyn Fn()) {
[INFO] [stderr]     |                            +++
[INFO] [stderr] 
[INFO] [stderr] warning: `behold` (lib) generated 1 warning (run `cargo fix --lib -p behold` to apply 1 suggestion)
[INFO] [stderr] warning: `behold` (lib test) generated 1 warning (1 duplicate)
[INFO] [stderr]     Finished `release` profile [optimized] target(s) in 0.08s
[INFO] [stderr]      Running unittests src/lib.rs (/opt/rustwide/target/release/build/behold/2ed488e1bcc7115e/out/behold-2ed488e1bcc7115e)
[INFO] [stdout] test readme_sect_contextual_execution_line_106 ... FAILED
[INFO] [stdout] test readme_sect_contextual_execution_line_124 ... FAILED
[INFO] [stdout] test readme_sect_tagged_printing_line_85 ... FAILED
[INFO] [stdout] test readme_sect_contextual_debugging_line_34 ... FAILED
[INFO] [stdout] 
[INFO] [stdout] failures:
[INFO] [stdout] 
[INFO] [stdout] ---- readme_sect_contextual_execution_line_106 stdout ----
[INFO] [stdout] error[E0463]: can't find crate for `behold`
[INFO] [stdout]  --> /tmp/rust-skepticcTj0rX/test.rs:2:1
[INFO] [stdout]   |
[INFO] [stdout] 2 | extern crate behold;
[INFO] [stdout]   | ^^^^^^^^^^^^^^^^^^^^ can't find crate
[INFO] [stdout] 
[INFO] [stdout] error: aborting due to 1 previous error
[INFO] [stdout] 
[INFO] [stdout] For more information about this error, try `rustc --explain E0463`.
[INFO] [stdout] 
[INFO] [stdout] thread 'readme_sect_contextual_execution_line_106' (1203) panicked at /opt/rustwide/cargo-home/registry/src/index.crates.io-1949cf8c6b5b557f/skeptic-0.13.7/src/rt.rs:127:9:
[INFO] [stdout] Command failed:
[INFO] [stdout] "rustc" "/tmp/rust-skepticcTj0rX/test.rs" "--verbose" "--crate-type=bin" "--edition=2024" "-L" "/opt/rustwide/target/release/build" "-L" "/opt/rustwide/target/release/build/deps" "--target" "x86_64-unknown-linux-gnu" "-o" "/tmp/rust-skepticcTj0rX/out.exe"
[INFO] [stdout] stack backtrace:
[INFO] [stdout]    0:     0x57e4ebce5a61 - <<std[617be2ca0a6fd877]::sys::backtrace::BacktraceLock>::print::DisplayBacktrace as core[a373ad73a504971]::fmt::Display>::fmt
[INFO] [stdout]    1:     0x57e4ebcfbaaa - core[a373ad73a504971]::fmt::write
[INFO] [stdout]    2:     0x57e4ebceb1fc - <alloc[2e1b2a31b91974c5]::vec::Vec<u8> as core[a373ad73a504971]::io::write::Write>::write_fmt
[INFO] [stdout]    3:     0x57e4ebcbfe66 - std[617be2ca0a6fd877]::panicking::default_hook::{closure#0}
[INFO] [stdout]    4:     0x57e4ebcdd3e9 - std[617be2ca0a6fd877]::panicking::default_hook
[INFO] [stdout]    5:     0x57e4ebc36d80 - test[aada8e7e76ba119b]::test_main_inner::{closure#0}
[INFO] [stdout]    6:     0x57e4ebcdd5a2 - std[617be2ca0a6fd877]::panicking::panic_with_hook
[INFO] [stdout]    7:     0x57e4ebcbff12 - std[617be2ca0a6fd877]::panicking::panic_handler::{closure#0}
[INFO] [stdout]    8:     0x57e4ebcb8a69 - std[617be2ca0a6fd877]::sys::backtrace::__rust_end_short_backtrace::<std[617be2ca0a6fd877]::panicking::panic_handler::{closure#0}, !>
[INFO] [stdout]    9:     0x57e4ebcc0b1d - __rustc[ea4f61d10b84890b]::rust_begin_unwind
[INFO] [stdout]   10:     0x57e4ebcfc1dc - core[a373ad73a504971]::panicking::panic_fmt
[INFO] [stderr] error: test failed, to rerun pass `--lib`
[INFO] [stdout]   11:     0x57e4ebc6f61a - skeptic[f6360cc631b18384]::rt::interpret_output
[INFO] [stdout]   12:     0x57e4ebc6e915 - skeptic[f6360cc631b18384]::rt::handle_test
[INFO] [stdout]   13:     0x57e4ebc6f75a - skeptic[f6360cc631b18384]::rt::run_test
[INFO] [stdout]   14:     0x57e4ebc2a007 - <behold[a5d99e64019b404f]::readme_sect_contextual_execution_line_106::{closure#0} as core[a373ad73a504971]::ops::function::FnOnce<()>>::call_once
[INFO] [stdout]   15:     0x57e4ebc2a1cb - test[aada8e7e76ba119b]::__rust_begin_short_backtrace::<core[a373ad73a504971]::result::Result<(), alloc[2e1b2a31b91974c5]::string::String>, fn() -> core[a373ad73a504971]::result::Result<(), alloc[2e1b2a31b91974c5]::string::String>>
[INFO] [stdout]   16:     0x57e4ebc373a5 - test[aada8e7e76ba119b]::run_test::{closure#0}
[INFO] [stdout]   17:     0x57e4ebc30c94 - std[617be2ca0a6fd877]::sys::backtrace::__rust_begin_short_backtrace::<test[aada8e7e76ba119b]::run_test::{closure#1}, ()>
[INFO] [stdout]   18:     0x57e4ebc3a432 - <std[617be2ca0a6fd877]::thread::lifecycle::spawn_unchecked<test[aada8e7e76ba119b]::run_test::{closure#1}, ()>::{closure#1} as core[a373ad73a504971]::ops::function::FnOnce<()>>::call_once::{shim:vtable#0}
[INFO] [stdout]   19:     0x57e4ebce505f - <std[617be2ca0a6fd877]::sys::thread::unix::Thread>::new::thread_start
[INFO] [stdout]   20:     0x782eeb259dfa - <unknown>
[INFO] [stdout]   21:     0x782eeb2ed3d4 - clone
[INFO] [stdout]   22:                0x0 - <unknown>
[INFO] [stdout] 
[INFO] [stdout] ---- readme_sect_contextual_execution_line_124 stdout ----
[INFO] [stdout] error[E0463]: can't find crate for `behold`
[INFO] [stdout]  --> /tmp/rust-skepticcLcUgr/test.rs:2:1
[INFO] [stdout]   |
[INFO] [stdout] 2 | extern crate behold;
[INFO] [stdout]   | ^^^^^^^^^^^^^^^^^^^^ can't find crate
[INFO] [stdout] 
[INFO] [stdout] error: aborting due to 1 previous error
[INFO] [stdout] 
[INFO] [stdout] For more information about this error, try `rustc --explain E0463`.
[INFO] [stdout] 
[INFO] [stdout] thread 'readme_sect_contextual_execution_line_124' (1204) panicked at /opt/rustwide/cargo-home/registry/src/index.crates.io-1949cf8c6b5b557f/skeptic-0.13.7/src/rt.rs:127:9:
[INFO] [stdout] Command failed:
[INFO] [stdout] "rustc" "/tmp/rust-skepticcLcUgr/test.rs" "--verbose" "--crate-type=bin" "--edition=2024" "-L" "/opt/rustwide/target/release/build" "-L" "/opt/rustwide/target/release/build/deps" "--target" "x86_64-unknown-linux-gnu" "-o" "/tmp/rust-skepticcLcUgr/out.exe"
[INFO] [stdout] stack backtrace:
[INFO] [stdout]    0:     0x57e4ebce5a61 - <<std[617be2ca0a6fd877]::sys::backtrace::BacktraceLock>::print::DisplayBacktrace as core[a373ad73a504971]::fmt::Display>::fmt
[INFO] [stdout]    1:     0x57e4ebcfbaaa - core[a373ad73a504971]::fmt::write
[INFO] [stdout]    2:     0x57e4ebceb1fc - <alloc[2e1b2a31b91974c5]::vec::Vec<u8> as core[a373ad73a504971]::io::write::Write>::write_fmt
[INFO] [stdout]    3:     0x57e4ebcbfe66 - std[617be2ca0a6fd877]::panicking::default_hook::{closure#0}
[INFO] [stdout]    4:     0x57e4ebcdd3e9 - std[617be2ca0a6fd877]::panicking::default_hook
[INFO] [stdout]    5:     0x57e4ebc36d80 - test[aada8e7e76ba119b]::test_main_inner::{closure#0}
[INFO] [stdout]    6:     0x57e4ebcdd5a2 - std[617be2ca0a6fd877]::panicking::panic_with_hook
[INFO] [stdout]    7:     0x57e4ebcbff12 - std[617be2ca0a6fd877]::panicking::panic_handler::{closure#0}
[INFO] [stdout]    8:     0x57e4ebcb8a69 - std[617be2ca0a6fd877]::sys::backtrace::__rust_end_short_backtrace::<std[617be2ca0a6fd877]::panicking::panic_handler::{closure#0}, !>
[INFO] [stdout]    9:     0x57e4ebcc0b1d - __rustc[ea4f61d10b84890b]::rust_begin_unwind
[INFO] [stdout]   10:     0x57e4ebcfc1dc - core[a373ad73a504971]::panicking::panic_fmt
[INFO] [stdout]   11:     0x57e4ebc6f61a - skeptic[f6360cc631b18384]::rt::interpret_output
[INFO] [stdout]   12:     0x57e4ebc6e915 - skeptic[f6360cc631b18384]::rt::handle_test
[INFO] [stdout]   13:     0x57e4ebc6f75a - skeptic[f6360cc631b18384]::rt::run_test
[INFO] [stdout]   14:     0x57e4ebc2a10e - <behold[a5d99e64019b404f]::readme_sect_contextual_execution_line_124::{closure#0} as core[a373ad73a504971]::ops::function::FnOnce<()>>::call_once
[INFO] [stdout]   15:     0x57e4ebc2a1cb - test[aada8e7e76ba119b]::__rust_begin_short_backtrace::<core[a373ad73a504971]::result::Result<(), alloc[2e1b2a31b91974c5]::string::String>, fn() -> core[a373ad73a504971]::result::Result<(), alloc[2e1b2a31b91974c5]::string::String>>
[INFO] [stdout]   16:     0x57e4ebc373a5 - test[aada8e7e76ba119b]::run_test::{closure#0}
[INFO] [stdout]   17:     0x57e4ebc30c94 - std[617be2ca0a6fd877]::sys::backtrace::__rust_begin_short_backtrace::<test[aada8e7e76ba119b]::run_test::{closure#1}, ()>
[INFO] [stdout]   18:     0x57e4ebc3a432 - <std[617be2ca0a6fd877]::thread::lifecycle::spawn_unchecked<test[aada8e7e76ba119b]::run_test::{closure#1}, ()>::{closure#1} as core[a373ad73a504971]::ops::function::FnOnce<()>>::call_once::{shim:vtable#0}
[INFO] [stdout]   19:     0x57e4ebce505f - <std[617be2ca0a6fd877]::sys::thread::unix::Thread>::new::thread_start
[INFO] [stdout]   20:     0x782eeb259dfa - <unknown>
[INFO] [stdout]   21:     0x782eeb2ed3d4 - clone
[INFO] [stdout]   22:                0x0 - <unknown>
[INFO] [stdout] 
[INFO] [stdout] ---- readme_sect_tagged_printing_line_85 stdout ----
[INFO] [stdout] error[E0463]: can't find crate for `behold`
[INFO] [stdout]  --> /tmp/rust-skepticW5XGBU/test.rs:2:1
[INFO] [stdout]   |
[INFO] [stdout] 2 | extern crate behold;
[INFO] [stdout]   | ^^^^^^^^^^^^^^^^^^^^ can't find crate
[INFO] [stdout] 
[INFO] [stdout] error: aborting due to 1 previous error
[INFO] [stdout] 
[INFO] [stdout] For more information about this error, try `rustc --explain E0463`.
[INFO] [stdout] 
[INFO] [stdout] thread 'readme_sect_tagged_printing_line_85' (1205) panicked at /opt/rustwide/cargo-home/registry/src/index.crates.io-1949cf8c6b5b557f/skeptic-0.13.7/src/rt.rs:127:9:
[INFO] [stdout] Command failed:
[INFO] [stdout] "rustc" "/tmp/rust-skepticW5XGBU/test.rs" "--verbose" "--crate-type=bin" "--edition=2024" "-L" "/opt/rustwide/target/release/build" "-L" "/opt/rustwide/target/release/build/deps" "--target" "x86_64-unknown-linux-gnu" "-o" "/tmp/rust-skepticW5XGBU/out.exe"
[INFO] [stdout] stack backtrace:
[INFO] [stdout]    0:     0x57e4ebce5a61 - <<std[617be2ca0a6fd877]::sys::backtrace::BacktraceLock>::print::DisplayBacktrace as core[a373ad73a504971]::fmt::Display>::fmt
[INFO] [stdout]    1:     0x57e4ebcfbaaa - core[a373ad73a504971]::fmt::write
[INFO] [stdout]    2:     0x57e4ebceb1fc - <alloc[2e1b2a31b91974c5]::vec::Vec<u8> as core[a373ad73a504971]::io::write::Write>::write_fmt
[INFO] [stdout]    3:     0x57e4ebcbfe66 - std[617be2ca0a6fd877]::panicking::default_hook::{closure#0}
[INFO] [stdout]    4:     0x57e4ebcdd3e9 - std[617be2ca0a6fd877]::panicking::default_hook
[INFO] [stdout]    5:     0x57e4ebc36d80 - test[aada8e7e76ba119b]::test_main_inner::{closure#0}
[INFO] [stdout]    6:     0x57e4ebcdd5a2 - std[617be2ca0a6fd877]::panicking::panic_with_hook
[INFO] [stdout]    7:     0x57e4ebcbff12 - std[617be2ca0a6fd877]::panicking::panic_handler::{closure#0}
[INFO] [stdout]    8:     0x57e4ebcb8a69 - std[617be2ca0a6fd877]::sys::backtrace::__rust_end_short_backtrace::<std[617be2ca0a6fd877]::panicking::panic_handler::{closure#0}, !>
[INFO] [stdout]    9:     0x57e4ebcc0b1d - __rustc[ea4f61d10b84890b]::rust_begin_unwind
[INFO] [stdout]   10:     0x57e4ebcfc1dc - core[a373ad73a504971]::panicking::panic_fmt
[INFO] [stdout]   11:     0x57e4ebc6f61a - skeptic[f6360cc631b18384]::rt::interpret_output
[INFO] [stdout]   12:     0x57e4ebc6e915 - skeptic[f6360cc631b18384]::rt::handle_test
[INFO] [stdout]   13:     0x57e4ebc6f75a - skeptic[f6360cc631b18384]::rt::run_test
[INFO] [stdout]   14:     0x57e4ebc29e32 - <behold[a5d99e64019b404f]::readme_sect_tagged_printing_line_85::{closure#0} as core[a373ad73a504971]::ops::function::FnOnce<()>>::call_once
[INFO] [stdout]   15:     0x57e4ebc2a1cb - test[aada8e7e76ba119b]::__rust_begin_short_backtrace::<core[a373ad73a504971]::result::Result<(), alloc[2e1b2a31b91974c5]::string::String>, fn() -> core[a373ad73a504971]::result::Result<(), alloc[2e1b2a31b91974c5]::string::String>>
[INFO] [stdout]   16:     0x57e4ebc373a5 - test[aada8e7e76ba119b]::run_test::{closure#0}
[INFO] [stdout]   17:     0x57e4ebc30c94 - std[617be2ca0a6fd877]::sys::backtrace::__rust_begin_short_backtrace::<test[aada8e7e76ba119b]::run_test::{closure#1}, ()>
[INFO] [stdout]   18:     0x57e4ebc3a432 - <std[617be2ca0a6fd877]::thread::lifecycle::spawn_unchecked<test[aada8e7e76ba119b]::run_test::{closure#1}, ()>::{closure#1} as core[a373ad73a504971]::ops::function::FnOnce<()>>::call_once::{shim:vtable#0}
[INFO] [stdout]   19:     0x57e4ebce505f - <std[617be2ca0a6fd877]::sys::thread::unix::Thread>::new::thread_start
[INFO] [stdout]   20:     0x782eeb259dfa - <unknown>
[INFO] [stdout]   21:     0x782eeb2ed3d4 - clone
[INFO] [stdout]   22:                0x0 - <unknown>
[INFO] [stdout] 
[INFO] [stdout] ---- readme_sect_contextual_debugging_line_34 stdout ----
[INFO] [stdout] error[E0463]: can't find crate for `behold`
[INFO] [stdout]  --> /tmp/rust-skepticsHLwPY/test.rs:2:1
[INFO] [stdout]   |
[INFO] [stdout] 2 | extern crate behold;
[INFO] [stdout]   | ^^^^^^^^^^^^^^^^^^^^ can't find crate
[INFO] [stdout] 
[INFO] [stdout] error: aborting due to 1 previous error
[INFO] [stdout] 
[INFO] [stdout] For more information about this error, try `rustc --explain E0463`.
[INFO] [stdout] 
[INFO] [stdout] thread 'readme_sect_contextual_debugging_line_34' (1202) panicked at /opt/rustwide/cargo-home/registry/src/index.crates.io-1949cf8c6b5b557f/skeptic-0.13.7/src/rt.rs:127:9:
[INFO] [stdout] Command failed:
[INFO] [stdout] "rustc" "/tmp/rust-skepticsHLwPY/test.rs" "--verbose" "--crate-type=bin" "--edition=2024" "-L" "/opt/rustwide/target/release/build" "-L" "/opt/rustwide/target/release/build/deps" "--target" "x86_64-unknown-linux-gnu" "-o" "/tmp/rust-skepticsHLwPY/out.exe"
[INFO] [stdout] stack backtrace:
[INFO] [stdout]    0:     0x57e4ebce5a61 - <<std[617be2ca0a6fd877]::sys::backtrace::BacktraceLock>::print::DisplayBacktrace as core[a373ad73a504971]::fmt::Display>::fmt
[INFO] [stdout]    1:     0x57e4ebcfbaaa - core[a373ad73a504971]::fmt::write
[INFO] [stdout]    2:     0x57e4ebceb1fc - <alloc[2e1b2a31b91974c5]::vec::Vec<u8> as core[a373ad73a504971]::io::write::Write>::write_fmt
[INFO] [stdout]    3:     0x57e4ebcbfe66 - std[617be2ca0a6fd877]::panicking::default_hook::{closure#0}
[INFO] [stdout]    4:     0x57e4ebcdd3e9 - std[617be2ca0a6fd877]::panicking::default_hook
[INFO] [stdout]    5:     0x57e4ebc36d80 - test[aada8e7e76ba119b]::test_main_inner::{closure#0}
[INFO] [stdout]    6:     0x57e4ebcdd5a2 - std[617be2ca0a6fd877]::panicking::panic_with_hook
[INFO] [stdout]    7:     0x57e4ebcbff12 - std[617be2ca0a6fd877]::panicking::panic_handler::{closure#0}
[INFO] [stdout]    8:     0x57e4ebcb8a69 - std[617be2ca0a6fd877]::sys::backtrace::__rust_end_short_backtrace::<std[617be2ca0a6fd877]::panicking::panic_handler::{closure#0}, !>
[INFO] [stdout]    9:     0x57e4ebcc0b1d - __rustc[ea4f61d10b84890b]::rust_begin_unwind
[INFO] [stdout]   10:     0x57e4ebcfc1dc - core[a373ad73a504971]::panicking::panic_fmt
[INFO] [stdout]   11:     0x57e4ebc6f61a - skeptic[f6360cc631b18384]::rt::interpret_output
[INFO] [stdout]   12:     0x57e4ebc6e915 - skeptic[f6360cc631b18384]::rt::handle_test
[INFO] [stdout]   13:     0x57e4ebc6f75a - skeptic[f6360cc631b18384]::rt::run_test
[INFO] [stdout]   14:     0x57e4ebc29efc - <behold[a5d99e64019b404f]::readme_sect_contextual_debugging_line_34::{closure#0} as core[a373ad73a504971]::ops::function::FnOnce<()>>::call_once
[INFO] [stdout]   15:     0x57e4ebc2a1cb - test[aada8e7e76ba119b]::__rust_begin_short_backtrace::<core[a373ad73a504971]::result::Result<(), alloc[2e1b2a31b91974c5]::string::String>, fn() -> core[a373ad73a504971]::result::Result<(), alloc[2e1b2a31b91974c5]::string::String>>
[INFO] [stdout]   16:     0x57e4ebc373a5 - test[aada8e7e76ba119b]::run_test::{closure#0}
[INFO] [stdout]   17:     0x57e4ebc30c94 - std[617be2ca0a6fd877]::sys::backtrace::__rust_begin_short_backtrace::<test[aada8e7e76ba119b]::run_test::{closure#1}, ()>
[INFO] [stdout]   18:     0x57e4ebc3a432 - <std[617be2ca0a6fd877]::thread::lifecycle::spawn_unchecked<test[aada8e7e76ba119b]::run_test::{closure#1}, ()>::{closure#1} as core[a373ad73a504971]::ops::function::FnOnce<()>>::call_once::{shim:vtable#0}
[INFO] [stdout]   19:     0x57e4ebce505f - <std[617be2ca0a6fd877]::sys::thread::unix::Thread>::new::thread_start
[INFO] [stdout]   20:     0x782eeb259dfa - <unknown>
[INFO] [stdout]   21:     0x782eeb2ed3d4 - clone
[INFO] [stdout]   22:                0x0 - <unknown>
[INFO] [stdout] 
[INFO] [stdout] 
[INFO] [stdout] failures:
[INFO] [stdout]     readme_sect_contextual_debugging_line_34
[INFO] [stdout]     readme_sect_contextual_execution_line_106
[INFO] [stdout]     readme_sect_contextual_execution_line_124
[INFO] [stdout]     readme_sect_tagged_printing_line_85
[INFO] [stdout] 
[INFO] [stdout] test result: FAILED. 0 passed; 4 failed; 0 ignored; 0 measured; 0 filtered out; finished in 0.42s
[INFO] [stdout] 
[INFO] running `Command { std: "docker" "inspect" "8992e437ee95954ee56877c37eb3c47588f8eac569c9315b3019c952d264897b", kill_on_drop: false }`
[INFO] running `Command { std: "docker" "rm" "-f" "8992e437ee95954ee56877c37eb3c47588f8eac569c9315b3019c952d264897b", kill_on_drop: false }`
[INFO] [stdout] 8992e437ee95954ee56877c37eb3c47588f8eac569c9315b3019c952d264897b
