[INFO] fetching crate bazel-language-server 0.2.0...
[INFO] testing bazel-language-server-0.2.0 against 1.100.0-beta.1+cargoflags=--release for beta-release-1.100-3
[INFO] extracting crate bazel-language-server 0.2.0 into /workspace/builds/worker-6-tc2/source
[INFO] removed /workspace/builds/worker-6-tc2/source/rust-toolchain.toml
[INFO] started tweaking crates.io crate bazel-language-server 0.2.0
[INFO] removed 0 missing tests
[INFO] finished tweaking crates.io crate bazel-language-server 0.2.0
[INFO] tweaked toml for crates.io crate bazel-language-server 0.2.0 written to /workspace/builds/worker-6-tc2/source/Cargo.toml
[INFO] validating manifest of crates.io crate bazel-language-server 0.2.0 on toolchain 1.100.0-beta.1
[INFO] running `Command { std: CARGO_HOME="/workspace/cargo-home" RUSTUP_HOME="/workspace/rustup-home" "/workspace/cargo-home/bin/cargo" "+1.100.0-beta.1" "metadata" "--manifest-path" "Cargo.toml" "--no-deps", kill_on_drop: false }`
[INFO] crate crates.io crate bazel-language-server 0.2.0 already has a lockfile, it will not be regenerated
[INFO] running `Command { std: CARGO_HOME="/workspace/cargo-home" RUSTUP_HOME="/workspace/rustup-home" "/workspace/cargo-home/bin/cargo" "+1.100.0-beta.1" "fetch" "--manifest-path" "Cargo.toml", kill_on_drop: false }`
[INFO] running `Command { std: "docker" "create" "-v" "/var/lib/crater-agent-workspace/builds/worker-6-tc2/source:/opt/rustwide/workdir:ro,Z" "-v" "/var/lib/crater-agent-workspace/builds/worker-6-tc2/target:/opt/rustwide/target:rw,Z" "-v" "/var/lib/crater-agent-workspace/cargo-home:/opt/rustwide/cargo-home:ro,Z" "-v" "/var/lib/crater-agent-workspace/rustup-home:/opt/rustwide/rustup-home:ro,Z" "-m" "1610612736" "--network" "none" "ghcr.io/rust-lang/crates-build-env/linux@sha256:77db811e55d90add9212f6832c23229e3de5f1c1f9905e8cb07319ea15df73ac" "sleep" "infinity", kill_on_drop: false }`
[INFO] [stdout] a534e9b2b9f65513cf03ae1d8fe4272a2869b2edda53dcec9b9968b3af075e7d
[INFO] running `Command { std: "docker" "start" "a534e9b2b9f65513cf03ae1d8fe4272a2869b2edda53dcec9b9968b3af075e7d", kill_on_drop: false }`
[INFO] running `Command { std: "docker" "inspect" "a534e9b2b9f65513cf03ae1d8fe4272a2869b2edda53dcec9b9968b3af075e7d", kill_on_drop: false }`
[INFO] running `Command { std: "docker" "exec" "-e" "SOURCE_DIR=/opt/rustwide/workdir" "-e" "CARGO_HOME=/opt/rustwide/cargo-home" "-e" "RUSTUP_HOME=/opt/rustwide/rustup-home" "-e" "CARGO_TARGET_DIR=/opt/rustwide/target" "-w" "/opt/rustwide/workdir" "--user" "0:0" "a534e9b2b9f65513cf03ae1d8fe4272a2869b2edda53dcec9b9968b3af075e7d" "/opt/rustwide/cargo-home/bin/cargo" "+1.100.0-beta.1" "metadata" "--no-deps" "--format-version=1", kill_on_drop: false }`
[INFO] running `Command { std: "docker" "inspect" "a534e9b2b9f65513cf03ae1d8fe4272a2869b2edda53dcec9b9968b3af075e7d", kill_on_drop: false }`
[INFO] running `Command { std: "docker" "exec" "-e" "SOURCE_DIR=/opt/rustwide/workdir" "-e" "CARGO_HOME=/opt/rustwide/cargo-home" "-e" "RUSTUP_HOME=/opt/rustwide/rustup-home" "-e" "CARGO_TARGET_DIR=/opt/rustwide/target" "-e" "CARGO_INCREMENTAL=0" "-e" "RUST_BACKTRACE=full" "-e" "RUSTFLAGS=--cap-lints=warn" "-e" "RUSTDOCFLAGS=--cap-lints=warn" "-w" "/opt/rustwide/workdir" "--user" "0:0" "a534e9b2b9f65513cf03ae1d8fe4272a2869b2edda53dcec9b9968b3af075e7d" "/opt/rustwide/cargo-home/bin/cargo" "+1.100.0-beta.1" "build" "--frozen" "--message-format=json" "--release", kill_on_drop: false }`
[INFO] [stderr]    Compiling proc-macro2 v1.0.107
[INFO] [stderr]    Compiling quote v1.0.47
[INFO] [stderr]    Compiling anyhow v1.0.104
[INFO] [stderr]    Compiling regex-syntax v0.8.11
[INFO] [stderr]    Compiling libc v0.2.189
[INFO] [stderr]    Compiling fnv v1.0.7
[INFO] [stderr]    Compiling either v1.18.0
[INFO] [stderr]    Compiling memchr v2.8.3
[INFO] [stderr]    Compiling semver v1.0.28
[INFO] [stderr]    Compiling bytes v1.12.1
[INFO] [stderr]    Compiling beef v0.5.2
[INFO] [stderr]    Compiling serde_core v1.0.229
[INFO] [stderr]    Compiling lazy_static v1.5.0
[INFO] [stderr]    Compiling cfg-if v1.0.4
[INFO] [stderr]    Compiling unicode-width v0.1.14
[INFO] [stderr]    Compiling thiserror v2.0.20
[INFO] [stderr]    Compiling rustix v1.1.4
[INFO] [stderr]    Compiling serde v1.0.229
[INFO] [stderr]    Compiling equivalent v1.0.2
[INFO] [stderr]    Compiling linux-raw-sys v0.12.1
[INFO] [stderr]    Compiling rustc_version v0.4.1
[INFO] [stderr]    Compiling itertools v0.14.0
[INFO] [stderr]    Compiling autocfg v1.5.1
[INFO] [stderr]    Compiling prettyplease v0.2.37
[INFO] [stderr]    Compiling zmij v1.0.23
[INFO] [stderr]    Compiling foldhash v0.1.5
[INFO] [stderr]    Compiling hashbrown v0.17.1
[INFO] [stderr]    Compiling bitflags v2.13.1
[INFO] [stderr]    Compiling log v0.4.34
[INFO] [stderr]    Compiling logos-codegen v0.15.1
[INFO] [stderr]    Compiling hashbrown v0.15.5
[INFO] [stderr]    Compiling serde_json v1.0.151
[INFO] [stderr]    Compiling ref-cast v1.0.27
[INFO] [stderr]    Compiling signal-hook v0.3.18
[INFO] [stderr]    Compiling inotify-sys v0.1.8
[INFO] [stderr]    Compiling fixedbitset v0.5.7
[INFO] [stderr]    Compiling crossbeam-utils v0.8.22
[INFO] [stderr]    Compiling memoffset v0.9.1
[INFO] [stderr]    Compiling once_cell v1.21.4
[INFO] [stderr]    Compiling fastrand v2.5.0
[INFO] [stderr]    Compiling anstyle-parse v1.0.0
[INFO] [stderr]    Compiling tracing-core v0.1.36
[INFO] [stderr]    Compiling multimap v0.10.1
[INFO] [stderr]    Compiling syn v2.0.119
[INFO] [stderr]    Compiling syn v3.0.4
[INFO] [stderr]    Compiling aho-corasick v1.1.5
[INFO] [stderr]    Compiling colorchoice v1.0.5
[INFO] [stderr]    Compiling indexmap v2.14.0
[INFO] [stderr]    Compiling rustversion v1.0.23
[INFO] [stderr]    Compiling anstyle v1.0.14
[INFO] [stderr]    Compiling itoa v1.0.18
[INFO] [stderr]    Compiling anstream v1.0.0
[INFO] [stderr]    Compiling rustc-hash v1.1.0
[INFO] [stderr]    Compiling same-file v1.0.6
[INFO] [stderr]    Compiling clap_lex v1.1.0
[INFO] [stderr]    Compiling borrow-or-share v0.2.4
[INFO] [stderr]    Compiling text-size v1.1.1
[INFO] [stderr]    Compiling countme v3.0.1
[INFO] [stderr]    Compiling hashbrown v0.14.5
[INFO] [stderr]    Compiling clap_builder v4.6.6
[INFO] [stderr]    Compiling thread_local v1.1.10
[INFO] [stderr]    Compiling petgraph v0.8.3
[INFO] [stderr]    Compiling walkdir v2.5.0
[INFO] [stderr]    Compiling errno v0.3.14
[INFO] [stderr]    Compiling os_pipe v1.2.3
[INFO] [stderr]    Compiling signal-hook-registry v1.4.8
[INFO] [stderr]    Compiling inotify v0.11.5
[INFO] [stderr]    Compiling crossbeam-channel v0.5.16
[INFO] [stderr]    Compiling regex-automata v0.4.18
[INFO] [stderr]    Compiling sigchld v0.2.4
[INFO] [stderr]    Compiling rowan v0.17.0
[INFO] [stderr]    Compiling mio v1.2.2
[INFO] [stderr]    Compiling notify-types v2.1.0
[INFO] [stderr]    Compiling tracing-log v0.2.0
[INFO] [stderr]    Compiling smallvec v1.15.2
[INFO] [stderr]    Compiling tempfile v3.27.0
[INFO] [stderr]    Compiling notify v8.2.0
[INFO] [stderr]    Compiling shared_child v1.1.1
[INFO] [stderr]    Compiling arc-swap v1.9.2
[INFO] [stderr]    Compiling rustc-hash v2.1.3
[INFO] [stderr]    Compiling starlark-cst v0.1.2
[INFO] [stderr]    Compiling matchers v0.2.0
[INFO] [stderr]    Compiling thiserror-impl v2.0.20
[INFO] [stderr]    Compiling serde_derive v1.0.229
[INFO] [stderr]    Compiling ref-cast-impl v1.0.27
[INFO] [stderr]    Compiling clap_derive v4.6.4
[INFO] [stderr]    Compiling prost-derive v0.14.4
[INFO] [stderr]    Compiling miette-derive v7.6.0
[INFO] [stderr]    Compiling tracing-attributes v0.1.31
[INFO] [stderr]    Compiling logos-derive v0.15.1
[INFO] [stderr]    Compiling logos-codegen v0.16.1
[INFO] [stderr]    Compiling logos v0.15.1
[INFO] [stderr]    Compiling regex v1.13.1
[INFO] [stderr]    Compiling miette v7.6.0
[INFO] [stderr]    Compiling prost v0.14.4
[INFO] [stderr]    Compiling tracing v0.1.44
[INFO] [stderr]    Compiling prost-types v0.14.4
[INFO] [stderr]    Compiling tracing-subscriber v0.3.23
[INFO] [stderr]    Compiling clap v4.6.6
[INFO] [stderr]    Compiling protox-parse v0.9.0
[INFO] [stderr]    Compiling prost-build v0.14.4
[INFO] [stderr]    Compiling logos-derive v0.16.1
[INFO] [stderr]    Compiling logos v0.16.1
[INFO] [stderr]    Compiling prost-reflect v0.16.5
[INFO] [stderr]    Compiling fluent-uri v0.4.1
[INFO] [stderr]    Compiling lsp-server v0.10.0
[INFO] [stderr]    Compiling gen-lsp-types v0.11.0
[INFO] [stderr]    Compiling protox v0.9.1
[INFO] [stderr]    Compiling bazel-language-server v0.2.0 (/opt/rustwide/workdir)
[INFO] [stderr]     Finished `release` profile [optimized] target(s) in 1m 34s
[INFO] running `Command { std: "docker" "inspect" "a534e9b2b9f65513cf03ae1d8fe4272a2869b2edda53dcec9b9968b3af075e7d", kill_on_drop: false }`
[INFO] running `Command { std: "docker" "exec" "-e" "SOURCE_DIR=/opt/rustwide/workdir" "-e" "CARGO_HOME=/opt/rustwide/cargo-home" "-e" "RUSTUP_HOME=/opt/rustwide/rustup-home" "-e" "CARGO_TARGET_DIR=/opt/rustwide/target" "-e" "CARGO_INCREMENTAL=0" "-e" "RUST_BACKTRACE=full" "-e" "RUSTFLAGS=--cap-lints=warn" "-e" "RUSTDOCFLAGS=--cap-lints=warn" "-w" "/opt/rustwide/workdir" "--user" "0:0" "a534e9b2b9f65513cf03ae1d8fe4272a2869b2edda53dcec9b9968b3af075e7d" "/opt/rustwide/cargo-home/bin/cargo" "+1.100.0-beta.1" "test" "--frozen" "--no-run" "--message-format=json" "--release", kill_on_drop: false }`
[INFO] [stderr]    Compiling bazel-language-server v0.2.0 (/opt/rustwide/workdir)
[INFO] [stderr]     Finished `release` profile [optimized] target(s) in 23.37s
[INFO] running `Command { std: "docker" "inspect" "a534e9b2b9f65513cf03ae1d8fe4272a2869b2edda53dcec9b9968b3af075e7d", kill_on_drop: false }`
[INFO] running `Command { std: "docker" "exec" "-e" "SOURCE_DIR=/opt/rustwide/workdir" "-e" "CARGO_HOME=/opt/rustwide/cargo-home" "-e" "RUSTUP_HOME=/opt/rustwide/rustup-home" "-e" "CARGO_TARGET_DIR=/opt/rustwide/target" "-e" "CARGO_INCREMENTAL=0" "-e" "RUST_BACKTRACE=full" "-e" "RUSTFLAGS=--cap-lints=warn" "-e" "RUSTDOCFLAGS=--cap-lints=warn" "-w" "/opt/rustwide/workdir" "--user" "0:0" "a534e9b2b9f65513cf03ae1d8fe4272a2869b2edda53dcec9b9968b3af075e7d" "/opt/rustwide/cargo-home/bin/cargo" "+1.100.0-beta.1" "test" "--frozen" "--release", kill_on_drop: false }`
[INFO] [stderr]     Finished `release` profile [optimized] target(s) in 0.14s
[INFO] [stderr]      Running unittests src/main.rs (/opt/rustwide/target/release/build/bazel-language-server/7f87ea1b95bedf4d/out/bazel_language_server-7f87ea1b95bedf4d)
[INFO] [stdout] 
[INFO] [stdout] running 215 tests
[INFO] [stdout] test actor::tests::stop_and_refresh_supersede_a_result ... ok
[INFO] [stdout] test bazel::tests::config_defaults_are_conservative ... ok
[INFO] [stdout] test actor::tests::only_configuration_and_stop_supersede_a_probe ... ok
[INFO] [stdout] test bazel::tests::a_build_from_source_names_no_release ... ok
[INFO] [stdout] test actor::tests::stop_discards_every_pending_operation ... ok
[INFO] [stdout] test actor::tests::supersession_preserves_one_refresh ... ok
[INFO] [stdout] test bazel::tests::a_reported_line_names_its_release ... ok
[INFO] [stdout] test bazel::tests::module_bazel_outranks_a_nested_workspace ... ok
[INFO] [stdout] test bazel::tests::a_candidate_reads_as_its_release ... ok
[INFO] [stdout] test bazel::tests::private_output_base_is_stable_per_workspace ... ok
[INFO] [stdout] test bazelrc::catalog::tests::option_spellings_resolve_without_claiming_build_settings ... ok
[INFO] [stdout] test bazelrc::commands::tests::scopes_are_ordered_from_broadest_to_invoked ... ok
[INFO] [stdout] test bazelrc::catalog::tests::publication_can_be_cleared ... ok
[INFO] [stdout] test bazelrc::completion::tests::config_completion_encodes_and_replaces_each_supported_spelling ... ok
[INFO] [stdout] test bazelrc::completion::tests::always_is_the_intersection_and_common_is_the_union ... ok
[INFO] [stdout] test bazelrc::catalog::tests::decodes_the_exact_bazel_schema ... ok
[INFO] [stdout] test bazelrc::completion::tests::command_completion_replaces_the_physical_token ... ok
[INFO] [stdout] test bazelrc::commands::tests::startup_cannot_select_a_named_configuration ... ok
[INFO] [stdout] test bazelrc::completion::tests::empty_config_completion_requires_joined_spelling ... ok
[INFO] [stdout] test bazelrc::completion::tests::command_completion_preserves_a_named_configuration ... ok
[INFO] [stdout] test bazelrc::completion::tests::enum_values_replace_joined_and_separate_spellings_exactly ... ok
[INFO] [stdout] test bazelrc::completion::tests::command_scope_controls_native_flags_and_negative_spellings ... ok
[INFO] [stdout] test bazel::tests::releases_order_by_component ... ok
[INFO] [stdout] test actor::tests::only_the_last_refresh_in_a_burst_survives ... ok
[INFO] [stdout] test bazelrc::diagnostics::tests::absence_is_qualified_and_build_settings_are_exempt ... ok
[INFO] [stdout] test bazelrc::completion::tests::native_flags_replace_the_typed_token_and_preserve_a_joined_value ... ok
[INFO] [stdout] test bazelrc::diagnostics::tests::exact_catalog_contradictions_are_errors ... ok
[INFO] [stdout] test bazelrc::diagnostics::tests::config_findings_respect_open_buffer_declarations ... ok
[INFO] [stdout] test bazelrc::completion::tests::values_and_build_settings_do_not_offer_native_flags ... ok
[INFO] [stdout] test bazelrc::diagnostics::tests::unavailable_snapshots_do_not_claim_a_config_is_absent ... ok
[INFO] [stdout] test bazelrc::diagnostics::tests::exact_enum_metadata_rejects_only_unknown_values ... ok
[INFO] [stdout] test bazelrc::completion::tests::import_completion_uses_published_arbitrary_workspace_paths ... ok
[INFO] [stdout] test bazelrc::hover::tests::structural_hover_does_not_require_a_flag_catalog ... ok
[INFO] [stdout] test bazelrc::hover::tests::a_separate_value_hovers_the_exact_catalog_flag ... ok
[INFO] [stdout] test bazelrc::index::tests::loaded_imports_match_lexical_and_canonical_targets ... ok
[INFO] [stdout] test bazelrc::index::tests::a_diamond_replays_entries ... ok
[INFO] [stdout] test bazelrc::index::tests::an_import_cycle_aborts_the_graph ... ok
[INFO] [stdout] test bazelrc::diagnostics::tests::startup_named_sections_are_not_startup_option_sections ... ok
[INFO] [stdout] test bazelrc::index::tests::inactive_and_missing_import_targets_are_not_graph_members ... ok
[INFO] [stdout] test bazelrc::index::tests::candidates_include_arbitrary_files_but_not_ignored_trees ... ok
[INFO] [stdout] test bazelrc::index::tests::repeated_slashes_after_workspace_stay_under_the_workspace ... ok
[INFO] [stdout] test bazelrc::hover::tests::current_condition_and_published_import_state_are_distinct ... ok
[INFO] [stdout] test bazelrc::index::tests::imports_expand_in_place_and_relative_to_the_workspace ... ok
[INFO] [stdout] test bazelrc::index::tests::optional_imports_propagate_malformed_files ... ok
[INFO] [stdout] test bazelrc::navigation::tests::an_inactive_exact_import_does_not_borrow_an_active_target ... ok
[INFO] [stdout] test bazelrc::navigation::tests::an_unsaved_inactive_condition_does_not_use_the_saved_active_site ... ok
[INFO] [stdout] test bazelrc::occurrences::tests::highlights_and_symbols_keep_name_only_selection_ranges ... ok
[INFO] [stdout] test bazelrc::provider::tests::formatting_never_reaches_buildifier ... ok
[INFO] [stdout] test bazelrc::rename::tests::an_external_only_reference_is_not_renameable ... ok
[INFO] [stdout] test bazelrc::rename::tests::collisions_and_unsafe_fragments_are_refused ... ok
[INFO] [stdout] test bazelrc::index::tests::only_effective_config_sections_enter_the_graph ... ok
[INFO] [stdout] test bazelrc::syntax::tests::an_argless_entry_does_not_declare_an_empty_config ... ok
[INFO] [stdout] test bazelrc::syntax::tests::an_empty_config_name_has_an_insertion_point_after_its_prefix ... ok
[INFO] [stdout] test bazelrc::syntax::tests::comments_quotes_and_escapes_match_the_native_tokenizer ... ok
[INFO] [stdout] test bazelrc::syntax::tests::conditions_follow_semver_precedence ... ok
[INFO] [stdout] test bazelrc::index::tests::optional_imports_are_quiet_and_hard_imports_are_not ... ok
[INFO] [stdout] test bazelrc::navigation::tests::an_unsaved_active_condition_can_reuse_another_loaded_edge ... ok
[INFO] [stdout] test bazelrc::occurrences::tests::references_use_one_decoded_identity_and_respect_declarations ... ok
[INFO] [stdout] test bazelrc::provider::tests::unknown_methods_are_left_for_the_main_dispatcher ... ok
[INFO] [stdout] test bazelrc::commands::tests::inheritance_is_transitive ... ok
[INFO] [stdout] test bazel::tests::an_oracle_arrives_with_the_release_that_added_it ... ok
[INFO] [stdout] test bazelrc::completion::tests::import_completion_bounds_large_candidate_sets ... ok
[INFO] [stdout] test bazelrc::provider::tests::malformed_directives_use_bazelrc_diagnostics ... ok
[INFO] [stdout] test bazelrc::expansion::tests::cycles_are_branch_local_and_repetition_is_not_a_cycle ... ok
[INFO] [stdout] test bazelrc::syntax::tests::unfinished_quotes_and_escapes_are_not_syntax_errors ... ok
[INFO] [stdout] test bazelrc::diagnostics::tests::external_config_names_are_qualified_warnings ... ok
[INFO] [stdout] test bazelrc::rename::tests::an_empty_declared_name_renames_at_zero_width_ranges ... ok
[INFO] [stdout] test bazelrc::completion::tests::config_completion_uses_only_effective_declarations ... ok
[INFO] [stdout] test bazelrc::expansion::tests::ten_configs_is_the_deep_chain_boundary ... ok
[INFO] [stdout] test bazelrc::rename::tests::escaped_existing_spellings_receive_name_only_edits ... ok
[INFO] [stdout] test bazelrc::syntax::tests::line_edges_are_stripped_before_tokenization ... ok
[INFO] [stdout] test bazelrc::syntax::tests::recursive_expansion_uses_bazels_eight_byte_prefix_test ... ok
[INFO] [stdout] test bazelrc::syntax::tests::quoted_tokens_preserve_every_representable_value ... ok
[INFO] [stdout] test bazelrc::syntax::tests::directives_have_exact_arity_and_conditions ... ok
[INFO] [stdout] test bazelrc::syntax::tests::split_config_references_are_only_top_level ... ok
[INFO] [stdout] test bazelrc::syntax::tests::crlf_continuation_has_one_logical_line ... ok
[INFO] [stdout] test document::tests::a_buffer_that_parses_claims_the_file_it_read ... ok
[INFO] [stdout] test bazelrc::view::tests::malformed_open_import_invalidates_the_request_view ... ok
[INFO] [stdout] test document::tests::an_invalid_incremental_range_is_rejected ... ok
[INFO] [stdout] test document::tests::bazelrc_uses_its_own_syntax_and_contributes_no_targets ... ok
[INFO] [stdout] test document::tests::only_a_build_file_contributes ... ok
[INFO] [stdout] test bazelrc::view::tests::lexical_tmp_paths_overlay_their_canonical_graph_file ... ok
[INFO] [stdout] test bazelrc::view::tests::open_graph_files_keep_import_order_and_multiplicity ... ok
[INFO] [stdout] test format::tests::every_file_kind_has_a_mode ... ok
[INFO] [stdout] test format::tests::a_syntax_error_yields_no_edits ... ok
[INFO] [stdout] test document::tests::imported_arbitrary_paths_keep_graph_derived_classification ... ok
[INFO] [stdout] test bazelrc::view::tests::open_sites_replace_disk_sites_and_keep_owners ... ok
[INFO] [stdout] test format::tests::a_missing_buildifier_is_an_error ... ok
[INFO] [stdout] test document::tests::a_buffer_caught_mid_edit_adds_and_claims_nothing ... ok
[INFO] [stdout] test document::tests::incremental_changes_apply_in_order_and_in_utf16 ... ok
[INFO] [stdout] test format::tests::the_whole_document_range_ends_where_the_text_does ... ok
[INFO] [stdout] test bazelrc::view::tests::unsaved_imports_can_reuse_a_loaded_graph_target ... ok
[INFO] [stdout] test format::tests::unformatted_text_yields_one_whole_document_edit ... ok
[INFO] [stdout] test format::tests::the_mode_changes_the_output ... ok
[INFO] [stdout] test bazelrc::view::tests::unrelated_open_files_stay_local ... ok
[INFO] [stdout] test format::tests::formatted_text_yields_no_edits ... ok
[INFO] [stdout] test graph::tests::a_location_keeps_its_path_and_line ... ok
[INFO] [stdout] test graph::tests::a_rule_without_a_location_contributes_nothing ... ok
[INFO] [stdout] test handlers::cursor::tests::only_a_build_file_declares_targets ... ok
[INFO] [stdout] test graph::tests::a_truncated_stream_is_an_error ... ok
[INFO] [stdout] test handlers::cursor::tests::a_package_is_the_nearest_build_file ... ok
[INFO] [stdout] test handlers::cursor::tests::only_a_top_level_name_declares_a_target ... ok
[INFO] [stdout] test handlers::cursor::tests::file_uri_escapes_what_a_uri_cannot_hold ... ok
[INFO] [stdout] test graph::tests::a_target_that_is_not_a_rule_contributes_nothing ... ok
[INFO] [stdout] test handlers::definition::tests::a_cursor_outside_a_string_yields_nothing ... ok
[INFO] [stdout] test graph::tests::a_target_split_across_reads_still_decodes ... ok
[INFO] [stdout] test handlers::definition::tests::a_label_inside_a_command_is_navigable ... ok
[INFO] [stdout] test handlers::definition::tests::labels_resolve_through_the_index ... ok
[INFO] [stdout] test handlers::definition::tests::external_labels_yield_nothing ... ok
[INFO] [stdout] test handlers::definition::tests::a_moved_declaration_is_found_where_the_buffer_has_it ... ok
[INFO] [stdout] test handlers::definition::tests::a_label_naming_nothing_yields_nothing ... ok
[INFO] [stdout] test handlers::definition::tests::definition_on_a_declaration_goes_nowhere ... ok
[INFO] [stdout] test handlers::definition::tests::a_declaration_the_buffer_dropped_resolves_to_nothing ... ok
[INFO] [stdout] test handlers::folding::tests::a_blank_line_ends_a_comment_run ... ok
[INFO] [stdout] test handlers::definition::tests::source_files_are_definitions ... ok
[INFO] [stdout] test handlers::folding::tests::a_broken_buffer_still_folds ... ok
[INFO] [stdout] test handlers::folding::tests::multi_line_calls_and_their_lists_fold ... ok
[INFO] [stdout] test handlers::folding::tests::a_single_line_region_is_dropped ... ok
[INFO] [stdout] test handlers::definition::tests::load_paths_and_their_symbols_reach_the_file ... ok
[INFO] [stdout] test handlers::diagnostics::tests::broken_input_still_yields_symbols ... ok
[INFO] [stdout] test handlers::implementation::tests::a_name_with_no_def_here_yields_nothing ... ok
[INFO] [stdout] test handlers::hover::tests::an_external_label_says_why_it_cannot_be_placed ... ok
[INFO] [stdout] test handlers::highlight::tests::document_highlight_stops_at_the_file_it_was_asked_about ... ok
[INFO] [stdout] test handlers::highlight::tests::document_highlight_writes_the_declaration_and_reads_its_labels ... ok
[INFO] [stdout] test handlers::highlight::tests::document_highlight_declines_off_a_string ... ok
[INFO] [stdout] test handlers::implementation::tests::the_rules_exported_name_leads_to_its_def ... ok
[INFO] [stdout] test handlers::implementation::tests::the_identifier_leads_to_its_def ... ok
[INFO] [stdout] test handlers::hover::tests::hover_declines_wherever_it_would_have_to_guess ... ok
[INFO] [stdout] test handlers::lens::tests::a_bzl_file_declares_no_targets ... ok
[INFO] [stdout] test handlers::hover::tests::hover_on_a_load_path_resolves_the_file ... ok
[INFO] [stdout] test handlers::inlay::tests::a_label_naming_nothing_is_left_alone ... ok
[INFO] [stdout] test handlers::hover::tests::the_hover_range_is_the_label_without_its_quotes ... ok
[INFO] [stdout] test handlers::hover::tests::the_count_is_hedged_even_with_nothing_to_count ... ok
[INFO] [stdout] test handlers::implementation::tests::a_cursor_elsewhere_in_the_call_yields_nothing ... ok
[INFO] [stdout] test handlers::inlay::tests::an_absolute_label_says_its_package_already ... ok
[INFO] [stdout] test handlers::hover::tests::hover_on_a_declaration_counts_what_the_index_holds ... ok
[INFO] [stdout] test handlers::inlay::tests::a_relative_label_is_hinted_with_its_package ... ok
[INFO] [stdout] test handlers::definition::tests::the_origin_range_is_the_label_without_its_quotes ... ok
[INFO] [stdout] test handlers::lens::tests::every_target_offers_build ... ok
[INFO] [stdout] test handlers::references::tests::a_load_path_names_no_target ... ok
[INFO] [stdout] test handlers::rename::tests::a_label_naming_no_declaration_renames_nothing ... ok
[INFO] [stdout] test handlers::hover::tests::hover_on_a_label_says_what_it_resolves_to ... ok
[INFO] [stdout] test handlers::links::tests::an_unresolvable_string_produces_no_link ... ok
[INFO] [stdout] test handlers::lens::tests::only_a_test_target_offers_test ... ok
[INFO] [stdout] test handlers::links::tests::a_resolving_label_becomes_a_link_over_the_label_alone ... ok
[INFO] [stdout] test handlers::rename::tests::prepare_rename_selects_the_name_alone ... ok
[INFO] [stdout] test handlers::rename::tests::rename_agrees_from_either_end ... ok
[INFO] [stdout] test handlers::links::tests::a_label_inside_a_command_is_linked ... ok
[INFO] [stdout] test handlers::symbols::tests::finds_every_declaration ... ok
[INFO] [stdout] test handlers::selection::tests::each_step_contains_the_one_before_it ... ok
[INFO] [stdout] test handlers::symbols::tests::module_bazel_declares_no_targets ... ok
[INFO] [stdout] test handlers::symbols::tests::symbols_are_prefixed_like_labels ... ok
[INFO] [stdout] test handlers::symbols::tests::workspace_queries_ignore_case ... ok
[INFO] [stdout] test handlers::rename::tests::a_target_with_no_references_renames_its_declaration ... ok
[INFO] [stdout] test handlers::rename::tests::rename_rewrites_the_name_within_every_label ... ok
[INFO] [stdout] test handlers::references::tests::references_agree_from_either_end ... ok
[INFO] [stdout] test index::tests::a_buffer_speaks_for_its_file_and_bazel_for_what_no_parser_sees ... ok
[INFO] [stdout] test handlers::rename::tests::a_buffer_that_has_moved_a_site_refuses_the_rename ... ok
[INFO] [stdout] test index::tests::a_reference_spans_the_name_inside_the_label ... ok
[INFO] [stdout] test index::tests::a_targets_own_name_is_not_a_reference ... ok
[INFO] [stdout] test index::tests::a_file_update_replaces_and_removes_its_entries ... ok
[INFO] [stdout] test index::tests::a_label_inside_a_command_is_a_reference ... ok
[INFO] [stdout] test handlers::rename::tests::an_illegal_new_name_is_refused ... ok
[INFO] [stdout] test index::tests::labels_in_arguments_are_references ... ok
[INFO] [stdout] test index::tests::package_dirs ... ok
[INFO] [stdout] test index::tests::load_statements_are_not_references ... ok
[INFO] [stdout] test index::tests::labels_nested_in_calls_and_dicts_are_found ... ok
[INFO] [stdout] test index::tests::labels_hide_inside_make_variables ... ok
[INFO] [stdout] test index::tests::probe_workspace_file_update ... ignored, requires BLS_WORKSPACE
[INFO] [stdout] test label::tests::a_package_alone_names_its_last_component ... ok
[INFO] [stdout] test index::tests::patterns_are_not_recorded_and_other_repositories_are ... ok
[INFO] [stdout] test label::tests::every_label_ends_with_its_name ... ok
[INFO] [stdout] test index::tests::bazel_symlinks_are_not_followed ... ok
[INFO] [stdout] test handlers::selection::tests::one_answer_per_position ... ok
[INFO] [stdout] test label::tests::external_repositories_keep_the_name_they_wrote ... ok
[INFO] [stdout] test handlers::selection::tests::the_chain_widens_from_the_token_to_the_file ... ok
[INFO] [stdout] test handlers::semantic::tests::the_legend_covers_every_type_emitted ... ok
[INFO] [stdout] test index::tests::a_workspace_named_bazel_something_still_indexes ... ok
[INFO] [stdout] test index::tests::bazelignore_directories_are_skipped ... ok
[INFO] [stdout] test label::tests::relative_labels_take_the_enclosing_package ... ok
[INFO] [stdout] test line_index::tests::counts_utf16_units ... ok
[INFO] [stdout] test line_index::tests::clamps_past_the_end ... ok
[INFO] [stdout] test line_index::tests::a_column_inside_a_surrogate_pair_rounds_down ... ok
[INFO] [stdout] test index::tests::snapshots_are_stable_across_swaps ... ok
[INFO] [stdout] test label::tests::strings_that_are_not_labels_resolve_to_nothing ... ok
[INFO] [stdout] test line_index::tests::a_crlf_line_ends_before_its_terminator ... ok
[INFO] [stdout] test line_index::tests::round_trips_every_boundary ... ok
[INFO] [stdout] test label::tests::target_patterns_are_not_labels ... ok
[INFO] [stdout] test index::tests::the_same_label_twice_in_one_file_is_two_references ... ok
[INFO] [stdout] test label::tests::the_main_repository_may_be_named_explicitly ... ok
[INFO] [stdout] test repos::tests::a_name_the_workspace_does_not_know_is_not_an_unfetched_one ... ok
[INFO] [stdout] test watch::tests::a_burst_reaches_the_union_of_its_files ... ok
[INFO] [stdout] test repos::tests::no_mapping_says_so_rather_than_calling_every_name_unknown ... ok
[INFO] [stdout] test watch::tests::filesystem_events_coalesce_before_the_watcher_wakes ... ok
[INFO] [stdout] test repos::tests::a_fetched_repository_resolves_to_its_root ... ok
[INFO] [stdout] test watch::tests::every_bazelrc_refreshes_the_configuration_and_graph ... ok
[INFO] [stdout] test repos::tests::the_module_naming_itself_is_the_main_repository ... ok
[INFO] [stdout] test watch::tests::everything_else_costs_nothing ... ok
[INFO] [stdout] test watch::tests::file_creation_refreshes_candidates_without_refreshing_bazel ... ok
[INFO] [stdout] test watch::tests::ignored_build_files_do_not_reach_the_graph ... ok
[INFO] [stdout] test repos::tests::a_name_in_the_mapping_that_is_not_on_disk_is_unfetched ... FAILED
[INFO] [stdout] test handlers::semantic::tests::a_plain_string_is_not_a_label ... ok
[INFO] [stdout] test handlers::semantic::tests::the_delta_encoding_round_trips ... ok
[INFO] [stdout] test label::tests::absolute_labels_are_already_keys ... ok
[INFO] [stdout] test worker::tests::latest_work_replaces_a_queued_job_with_the_same_key ... ok
[INFO] [stdout] test watch::tests::what_only_bazel_reads_refreshes_only_the_graph ... ok
[INFO] [stdout] test watch::tests::imported_arbitrary_names_refresh_every_language_tier_they_belong_to ... ok
[INFO] [stdout] test watch::tests::settled_batches_preserve_the_target_file_bound ... ok
[INFO] [stdout] test watch::tests::the_convenience_symlinks_are_excluded_and_nothing_else_is ... ok
[INFO] [stdout] test watch::tests::only_a_build_file_reaches_the_target_table ... ok
[INFO] [stdout] test worker::tests::cancellation_terminates_a_tracked_process ... ok
[INFO] [stdout] test watch::tests::missing_import_targets_are_matched_after_lexical_normalization ... ok
[INFO] [stdout] test bazelrc::syntax::tests::config_names_map_decoded_bytes_to_exact_physical_spans ... ok
[INFO] [stdout] test bazelrc::syntax::tests::continuation_is_deleted_before_tokenization ... ok
[INFO] [stderr] error: test failed, to rerun pass `--bin bazel-language-server`
[INFO] [stdout] test handlers::hover::tests::a_name_outside_a_build_file_declares_no_target ... ok
[INFO] [stdout] 
[INFO] [stdout] failures:
[INFO] [stdout] 
[INFO] [stdout] ---- repos::tests::a_name_in_the_mapping_that_is_not_on_disk_is_unfetched stdout ----
[INFO] [stdout] 
[INFO] [stdout] thread 'repos::tests::a_name_in_the_mapping_that_is_not_on_disk_is_unfetched' (2676) panicked at src/repos.rs:171:9:
[INFO] [stdout] assertion `left == right` failed
[INFO] [stdout]   left: At("/tmp/bls-repos-test/external/bazel_skylib+")
[INFO] [stdout]  right: Unfetched("bazel_skylib+")
[INFO] [stdout] stack backtrace:
[INFO] [stdout]    0:     0x599f2a693271 - <<std[617be2ca0a6fd877]::sys::backtrace::BacktraceLock>::print::DisplayBacktrace as core[a373ad73a504971]::fmt::Display>::fmt
[INFO] [stdout]    1:     0x599f2a6a9d6a - core[a373ad73a504971]::fmt::write
[INFO] [stdout]    2:     0x599f2a697cfc - <alloc[2e1b2a31b91974c5]::vec::Vec<u8> as core[a373ad73a504971]::io::write::Write>::write_fmt
[INFO] [stdout]    3:     0x599f2a66bc66 - std[617be2ca0a6fd877]::panicking::default_hook::{closure#0}
[INFO] [stdout]    4:     0x599f2a68a2a9 - std[617be2ca0a6fd877]::panicking::default_hook
[INFO] [stdout]    5:     0x599f2a5f0760 - test[aada8e7e76ba119b]::test_main_inner::{closure#0}
[INFO] [stdout]    6:     0x599f2a68a462 - std[617be2ca0a6fd877]::panicking::panic_with_hook
[INFO] [stdout]    7:     0x599f2a66bd12 - std[617be2ca0a6fd877]::panicking::panic_handler::{closure#0}
[INFO] [stdout]    8:     0x599f2a6640e9 - std[617be2ca0a6fd877]::sys::backtrace::__rust_end_short_backtrace::<std[617be2ca0a6fd877]::panicking::panic_handler::{closure#0}, !>
[INFO] [stdout]    9:     0x599f2a66cb1d - __rustc[ea4f61d10b84890b]::rust_begin_unwind
[INFO] [stdout]   10:     0x599f2a6aa4cc - core[a373ad73a504971]::panicking::panic_fmt
[INFO] [stdout]   11:     0x599f2a6aa3e3 - core[a373ad73a504971]::panicking::assert_failed_inner
[INFO] [stdout]   12:     0x599f2a541e6e - core[a373ad73a504971]::panicking::assert_failed::<bazel_language_server[5e7eb07a22e171fb]::repos::Resolved, bazel_language_server[5e7eb07a22e171fb]::repos::Resolved>
[INFO] [stdout]   13:     0x599f2a59101e - <bazel_language_server[5e7eb07a22e171fb]::repos::tests::a_name_in_the_mapping_that_is_not_on_disk_is_unfetched::{closure#0} as core[a373ad73a504971]::ops::function::FnOnce<()>>::call_once
[INFO] [stdout]   14:     0x599f2a5e3bab - test[aada8e7e76ba119b]::__rust_begin_short_backtrace::<core[a373ad73a504971]::result::Result<(), alloc[2e1b2a31b91974c5]::string::String>, fn() -> core[a373ad73a504971]::result::Result<(), alloc[2e1b2a31b91974c5]::string::String>>
[INFO] [stdout]   15:     0x599f2a5f0d85 - test[aada8e7e76ba119b]::run_test::{closure#0}
[INFO] [stdout]   16:     0x599f2a5ea674 - std[617be2ca0a6fd877]::sys::backtrace::__rust_begin_short_backtrace::<test[aada8e7e76ba119b]::run_test::{closure#1}, ()>
[INFO] [stdout]   17:     0x599f2a5f3e12 - <std[617be2ca0a6fd877]::thread::lifecycle::spawn_unchecked<test[aada8e7e76ba119b]::run_test::{closure#1}, ()>::{closure#1} as core[a373ad73a504971]::ops::function::FnOnce<()>>::call_once::{shim:vtable#0}
[INFO] [stdout]   18:     0x599f2a69255f - <std[617be2ca0a6fd877]::sys::thread::unix::Thread>::new::thread_start
[INFO] [stdout]   19:     0x76744d76fdfa - <unknown>
[INFO] [stdout]   20:     0x76744d8033d4 - clone
[INFO] [stdout]   21:                0x0 - <unknown>
[INFO] [stdout] 
[INFO] [stdout] 
[INFO] [stdout] failures:
[INFO] [stdout]     repos::tests::a_name_in_the_mapping_that_is_not_on_disk_is_unfetched
[INFO] [stdout] 
[INFO] [stdout] test result: FAILED. 213 passed; 1 failed; 1 ignored; 0 measured; 0 filtered out; finished in 0.10s
[INFO] [stdout] 
[INFO] running `Command { std: "docker" "inspect" "a534e9b2b9f65513cf03ae1d8fe4272a2869b2edda53dcec9b9968b3af075e7d", kill_on_drop: false }`
[INFO] running `Command { std: "docker" "rm" "-f" "a534e9b2b9f65513cf03ae1d8fe4272a2869b2edda53dcec9b9968b3af075e7d", kill_on_drop: false }`
[INFO] [stdout] a534e9b2b9f65513cf03ae1d8fe4272a2869b2edda53dcec9b9968b3af075e7d
