[INFO] fetching crate babbel-cli 0.2.2...
[INFO] testing babbel-cli-0.2.2 against 1.100.0-beta.1+cargoflags=--release for beta-release-1.100-3
[INFO] extracting crate babbel-cli 0.2.2 into /workspace/builds/worker-7-tc2/source
[INFO] started tweaking crates.io crate babbel-cli 0.2.2
[INFO] removed 0 missing tests
[INFO] finished tweaking crates.io crate babbel-cli 0.2.2
[INFO] tweaked toml for crates.io crate babbel-cli 0.2.2 written to /workspace/builds/worker-7-tc2/source/Cargo.toml
[INFO] validating manifest of crates.io crate babbel-cli 0.2.2 on toolchain 1.100.0-beta.1
[INFO] running `Command { std: CARGO_HOME="/workspace/cargo-home" RUSTUP_HOME="/workspace/rustup-home" "/workspace/cargo-home/bin/cargo" "+1.100.0-beta.1" "metadata" "--manifest-path" "Cargo.toml" "--no-deps", kill_on_drop: false }`
[INFO] crate crates.io crate babbel-cli 0.2.2 already has a lockfile, it will not be regenerated
[INFO] running `Command { std: CARGO_HOME="/workspace/cargo-home" RUSTUP_HOME="/workspace/rustup-home" "/workspace/cargo-home/bin/cargo" "+1.100.0-beta.1" "fetch" "--manifest-path" "Cargo.toml", kill_on_drop: false }`
[INFO] [stderr] warning: `package.homepage` is redundant with `package.repository`
[INFO] [stderr]    --> Cargo.toml:445:12
[INFO] [stderr]     |
[INFO] [stderr] 445 | homepage = "https://github.com/clockworkengineer/babbel"
[INFO] [stderr]     |            ^^^^^^^^^^^^^^^^^^^^^^^^^^^^^^^^^^^^^^^^^^^^^
[INFO] [stderr] ...
[INFO] [stderr] 450 | repository = "https://github.com/clockworkengineer/babbel"
[INFO] [stderr]     |              ---------------------------------------------
[INFO] [stderr]     |
[INFO] [stderr]     = note: `cargo::redundant_homepage` is set to `warn` by default
[INFO] [stderr] help: consider removing `package.homepage`
[INFO] [stderr] warning: `babbel-cli` (manifest) generated 1 warning
[INFO] running `Command { std: "docker" "create" "-v" "/var/lib/crater-agent-workspace/builds/worker-7-tc2/source:/opt/rustwide/workdir:ro,Z" "-v" "/var/lib/crater-agent-workspace/builds/worker-7-tc2/target:/opt/rustwide/target:rw,Z" "-v" "/var/lib/crater-agent-workspace/cargo-home:/opt/rustwide/cargo-home:ro,Z" "-v" "/var/lib/crater-agent-workspace/rustup-home:/opt/rustwide/rustup-home:ro,Z" "-m" "1610612736" "--network" "none" "ghcr.io/rust-lang/crates-build-env/linux@sha256:77db811e55d90add9212f6832c23229e3de5f1c1f9905e8cb07319ea15df73ac" "sleep" "infinity", kill_on_drop: false }`
[INFO] [stdout] d32fbd9953033a67ea7760405277e4f0c35956cb744b0ac6a9287a5df1cf3d09
[INFO] running `Command { std: "docker" "start" "d32fbd9953033a67ea7760405277e4f0c35956cb744b0ac6a9287a5df1cf3d09", kill_on_drop: false }`
[INFO] running `Command { std: "docker" "inspect" "d32fbd9953033a67ea7760405277e4f0c35956cb744b0ac6a9287a5df1cf3d09", kill_on_drop: false }`
[INFO] running `Command { std: "docker" "exec" "-e" "SOURCE_DIR=/opt/rustwide/workdir" "-e" "CARGO_HOME=/opt/rustwide/cargo-home" "-e" "RUSTUP_HOME=/opt/rustwide/rustup-home" "-e" "CARGO_TARGET_DIR=/opt/rustwide/target" "-w" "/opt/rustwide/workdir" "--user" "0:0" "d32fbd9953033a67ea7760405277e4f0c35956cb744b0ac6a9287a5df1cf3d09" "/opt/rustwide/cargo-home/bin/cargo" "+1.100.0-beta.1" "metadata" "--no-deps" "--format-version=1", kill_on_drop: false }`
[INFO] running `Command { std: "docker" "inspect" "d32fbd9953033a67ea7760405277e4f0c35956cb744b0ac6a9287a5df1cf3d09", kill_on_drop: false }`
[INFO] running `Command { std: "docker" "exec" "-e" "SOURCE_DIR=/opt/rustwide/workdir" "-e" "CARGO_HOME=/opt/rustwide/cargo-home" "-e" "RUSTUP_HOME=/opt/rustwide/rustup-home" "-e" "CARGO_TARGET_DIR=/opt/rustwide/target" "-e" "CARGO_INCREMENTAL=0" "-e" "RUST_BACKTRACE=full" "-e" "RUSTFLAGS=--cap-lints=warn" "-e" "RUSTDOCFLAGS=--cap-lints=warn" "-w" "/opt/rustwide/workdir" "--user" "0:0" "d32fbd9953033a67ea7760405277e4f0c35956cb744b0ac6a9287a5df1cf3d09" "/opt/rustwide/cargo-home/bin/cargo" "+1.100.0-beta.1" "build" "--frozen" "--message-format=json" "--release", kill_on_drop: false }`
[INFO] [stderr] warning: `package.homepage` is redundant with `package.repository`
[INFO] [stderr]    --> Cargo.toml:445:12
[INFO] [stderr]     |
[INFO] [stderr] 445 | homepage = "https://github.com/clockworkengineer/babbel"
[INFO] [stderr]     |            ^^^^^^^^^^^^^^^^^^^^^^^^^^^^^^^^^^^^^^^^^^^^^
[INFO] [stderr] ...
[INFO] [stderr] 450 | repository = "https://github.com/clockworkengineer/babbel"
[INFO] [stderr]     |              ---------------------------------------------
[INFO] [stderr]     |
[INFO] [stderr]     = note: `cargo::redundant_homepage` is set to `warn` by default
[INFO] [stderr] help: consider removing `package.homepage`
[INFO] [stderr] warning: `babbel-cli` (manifest) generated 1 warning
[INFO] [stderr]    Compiling serde_core v1.0.229
[INFO] [stderr]    Compiling serde v1.0.229
[INFO] [stderr]    Compiling arrayvec v0.7.8
[INFO] [stderr]    Compiling smallvec v1.16.0
[INFO] [stderr]    Compiling dtoa v1.0.11
[INFO] [stderr]    Compiling regex-syntax v0.8.11
[INFO] [stderr]    Compiling aho-corasick v1.1.5
[INFO] [stderr]    Compiling clap_builder v4.6.6
[INFO] [stderr]    Compiling syn v2.0.119
[INFO] [stderr]    Compiling syn v3.0.4
[INFO] [stderr]    Compiling regex-automata v0.4.18
[INFO] [stderr]    Compiling thiserror-impl v1.0.69
[INFO] [stderr]    Compiling thiserror v1.0.69
[INFO] [stderr]    Compiling clap_derive v4.6.4
[INFO] [stderr]    Compiling babbel_core v0.2.2
[INFO] [stderr]    Compiling regex v1.13.1
[INFO] [stderr]    Compiling clap v4.6.6
[INFO] [stderr]    Compiling clap_complete v4.6.11
[INFO] [stderr]    Compiling babbel_json v0.2.2
[INFO] [stderr]    Compiling babbel_cbor v0.2.2
[INFO] [stderr]    Compiling babbel_parquet v0.2.2
[INFO] [stderr]    Compiling babbel_yaml v0.2.2
[INFO] [stderr]    Compiling babbel_hcl v0.2.2
[INFO] [stderr]    Compiling babbel_ron v0.2.2
[INFO] [stderr]    Compiling babbel_bson v0.2.2
[INFO] [stderr]    Compiling babbel_kdl v0.2.2
[INFO] [stderr]    Compiling babbel_toml v0.2.2
[INFO] [stderr]    Compiling babbel_xml v0.2.2
[INFO] [stderr]    Compiling babbel_bencode v0.2.2
[INFO] [stderr]    Compiling babbel_avro v0.2.2
[INFO] [stderr]    Compiling babbel_msgpack v0.2.2
[INFO] [stderr]    Compiling babbel v0.2.2
[INFO] [stderr]    Compiling babbel-cli v0.2.2 (/opt/rustwide/workdir)
[INFO] [stderr]     Finished `release` profile [optimized] target(s) in 1m 02s
[INFO] running `Command { std: "docker" "inspect" "d32fbd9953033a67ea7760405277e4f0c35956cb744b0ac6a9287a5df1cf3d09", kill_on_drop: false }`
[INFO] running `Command { std: "docker" "exec" "-e" "SOURCE_DIR=/opt/rustwide/workdir" "-e" "CARGO_HOME=/opt/rustwide/cargo-home" "-e" "RUSTUP_HOME=/opt/rustwide/rustup-home" "-e" "CARGO_TARGET_DIR=/opt/rustwide/target" "-e" "CARGO_INCREMENTAL=0" "-e" "RUST_BACKTRACE=full" "-e" "RUSTFLAGS=--cap-lints=warn" "-e" "RUSTDOCFLAGS=--cap-lints=warn" "-w" "/opt/rustwide/workdir" "--user" "0:0" "d32fbd9953033a67ea7760405277e4f0c35956cb744b0ac6a9287a5df1cf3d09" "/opt/rustwide/cargo-home/bin/cargo" "+1.100.0-beta.1" "test" "--frozen" "--no-run" "--message-format=json" "--release", kill_on_drop: false }`
[INFO] [stderr] warning: `package.homepage` is redundant with `package.repository`
[INFO] [stderr]    --> Cargo.toml:445:12
[INFO] [stderr]     |
[INFO] [stderr] 445 | homepage = "https://github.com/clockworkengineer/babbel"
[INFO] [stderr]     |            ^^^^^^^^^^^^^^^^^^^^^^^^^^^^^^^^^^^^^^^^^^^^^
[INFO] [stderr] ...
[INFO] [stderr] 450 | repository = "https://github.com/clockworkengineer/babbel"
[INFO] [stderr]     |              ---------------------------------------------
[INFO] [stderr]     |
[INFO] [stderr]     = note: `cargo::redundant_homepage` is set to `warn` by default
[INFO] [stderr] help: consider removing `package.homepage`
[INFO] [stderr] warning: `babbel-cli` (manifest) generated 1 warning
[INFO] [stderr]    Compiling babbel-cli v0.2.2 (/opt/rustwide/workdir)
[INFO] [stderr]     Finished `release` profile [optimized] target(s) in 1.10s
[INFO] running `Command { std: "docker" "inspect" "d32fbd9953033a67ea7760405277e4f0c35956cb744b0ac6a9287a5df1cf3d09", kill_on_drop: false }`
[INFO] running `Command { std: "docker" "exec" "-e" "SOURCE_DIR=/opt/rustwide/workdir" "-e" "CARGO_HOME=/opt/rustwide/cargo-home" "-e" "RUSTUP_HOME=/opt/rustwide/rustup-home" "-e" "CARGO_TARGET_DIR=/opt/rustwide/target" "-e" "CARGO_INCREMENTAL=0" "-e" "RUST_BACKTRACE=full" "-e" "RUSTFLAGS=--cap-lints=warn" "-e" "RUSTDOCFLAGS=--cap-lints=warn" "-w" "/opt/rustwide/workdir" "--user" "0:0" "d32fbd9953033a67ea7760405277e4f0c35956cb744b0ac6a9287a5df1cf3d09" "/opt/rustwide/cargo-home/bin/cargo" "+1.100.0-beta.1" "test" "--frozen" "--release", kill_on_drop: false }`
[INFO] [stderr] warning: `package.homepage` is redundant with `package.repository`
[INFO] [stderr]    --> Cargo.toml:445:12
[INFO] [stderr]     |
[INFO] [stderr] 445 | homepage = "https://github.com/clockworkengineer/babbel"
[INFO] [stderr]     |            ^^^^^^^^^^^^^^^^^^^^^^^^^^^^^^^^^^^^^^^^^^^^^
[INFO] [stderr] ...
[INFO] [stderr] 450 | repository = "https://github.com/clockworkengineer/babbel"
[INFO] [stderr]     |              ---------------------------------------------
[INFO] [stderr]     |
[INFO] [stderr]     = note: `cargo::redundant_homepage` is set to `warn` by default
[INFO] [stderr] help: consider removing `package.homepage`
[INFO] [stderr] warning: `babbel-cli` (manifest) generated 1 warning
[INFO] [stderr]     Finished `release` profile [optimized] target(s) in 0.06s
[INFO] [stdout] 
[INFO] [stderr]      Running unittests src/main.rs (/opt/rustwide/target/release/build/babbel-cli/577aaea1954e80a7/out/babbel-577aaea1954e80a7)
[INFO] [stdout] running 0 tests
[INFO] [stderr]      Running tests/cli_tests.rs (/opt/rustwide/target/release/build/babbel-cli/a3a8054bba2b4f0c/out/cli_tests-a3a8054bba2b4f0c)
[INFO] [stdout] 
[INFO] [stdout] test result: ok. 0 passed; 0 failed; 0 ignored; 0 measured; 0 filtered out; finished in 0.00s
[INFO] [stdout] 
[INFO] [stdout] 
[INFO] [stdout] running 8 tests
[INFO] [stdout] test test_cli_completions_subcommand ... FAILED
[INFO] [stdout] test test_cli_error_exit_code_without_panic ... FAILED
[INFO] [stdout] test test_cli_query_subcommand ... FAILED
[INFO] [stdout] test test_cli_diff_and_patch_subcommands ... FAILED
[INFO] [stdout] test test_cli_convert_subcommand ... FAILED
[INFO] [stdout] test test_cli_validate_subcommand ... FAILED
[INFO] [stdout] test test_cli_query_first_flag ... FAILED
[INFO] [stdout] test test_cli_version_and_help ... FAILED
[INFO] [stdout] 
[INFO] [stdout] failures:
[INFO] [stdout] 
[INFO] [stdout] ---- test_cli_completions_subcommand stdout ----
[INFO] [stdout] 
[INFO] [stdout] thread 'test_cli_completions_subcommand' (980) panicked at tests/cli_tests.rs:168:10:
[INFO] [stdout] called `Result::unwrap()` on an `Err` value: Os { code: 2, kind: NotFound, message: "No such file or directory" }
[INFO] [stderr] error: test failed, to rerun pass `--test cli_tests`
[INFO] [stdout] stack backtrace:
[INFO] [stdout]    0:     0x6128b307a6e1 - <<std[617be2ca0a6fd877]::sys::backtrace::BacktraceLock>::print::DisplayBacktrace as core[a373ad73a504971]::fmt::Display>::fmt
[INFO] [stdout]    1:     0x6128b308e97a - core[a373ad73a504971]::fmt::write
[INFO] [stdout]    2:     0x6128b307eb5c - <alloc[2e1b2a31b91974c5]::vec::Vec<u8> as core[a373ad73a504971]::io::write::Write>::write_fmt
[INFO] [stdout]    3:     0x6128b3055046 - std[617be2ca0a6fd877]::panicking::default_hook::{closure#0}
[INFO] [stdout]    4:     0x6128b3072159 - std[617be2ca0a6fd877]::panicking::default_hook
[INFO] [stdout]    5:     0x6128b300d190 - test[aada8e7e76ba119b]::test_main_inner::{closure#0}
[INFO] [stdout]    6:     0x6128b3072312 - std[617be2ca0a6fd877]::panicking::panic_with_hook
[INFO] [stdout]    7:     0x6128b30550f2 - std[617be2ca0a6fd877]::panicking::panic_handler::{closure#0}
[INFO] [stdout]    8:     0x6128b304db59 - std[617be2ca0a6fd877]::sys::backtrace::__rust_end_short_backtrace::<std[617be2ca0a6fd877]::panicking::panic_handler::{closure#0}, !>
[INFO] [stdout]    9:     0x6128b3055cfd - __rustc[ea4f61d10b84890b]::rust_begin_unwind
[INFO] [stdout]   10:     0x6128b308f0ac - core[a373ad73a504971]::panicking::panic_fmt
[INFO] [stdout]   11:     0x6128b308ee82 - core[a373ad73a504971]::result::unwrap_failed
[INFO] [stdout]   12:     0x6128b2fff758 - <cli_tests[a20edab684d3d6c7]::test_cli_completions_subcommand::{closure#0} as core[a373ad73a504971]::ops::function::FnOnce<()>>::call_once
[INFO] [stdout]   13:     0x6128b30005db - test[aada8e7e76ba119b]::__rust_begin_short_backtrace::<core[a373ad73a504971]::result::Result<(), alloc[2e1b2a31b91974c5]::string::String>, fn() -> core[a373ad73a504971]::result::Result<(), alloc[2e1b2a31b91974c5]::string::String>>
[INFO] [stdout]   14:     0x6128b300d7b5 - test[aada8e7e76ba119b]::run_test::{closure#0}
[INFO] [stdout]   15:     0x6128b30070a4 - std[617be2ca0a6fd877]::sys::backtrace::__rust_begin_short_backtrace::<test[aada8e7e76ba119b]::run_test::{closure#1}, ()>
[INFO] [stdout]   16:     0x6128b3010842 - <std[617be2ca0a6fd877]::thread::lifecycle::spawn_unchecked<test[aada8e7e76ba119b]::run_test::{closure#1}, ()>::{closure#1} as core[a373ad73a504971]::ops::function::FnOnce<()>>::call_once::{shim:vtable#0}
[INFO] [stdout]   17:     0x6128b30799ff - <std[617be2ca0a6fd877]::sys::thread::unix::Thread>::new::thread_start
[INFO] [stdout]   18:     0x72763c3fadfa - <unknown>
[INFO] [stdout]   19:     0x72763c48e3d4 - clone
[INFO] [stdout]   20:                0x0 - <unknown>
[INFO] [stdout] 
[INFO] [stdout] ---- test_cli_error_exit_code_without_panic stdout ----
[INFO] [stdout] 
[INFO] [stdout] thread 'test_cli_error_exit_code_without_panic' (983) panicked at tests/cli_tests.rs:209:10:
[INFO] [stdout] called `Result::unwrap()` on an `Err` value: Os { code: 2, kind: NotFound, message: "No such file or directory" }
[INFO] [stdout] stack backtrace:
[INFO] [stdout]    0:     0x6128b307a6e1 - <<std[617be2ca0a6fd877]::sys::backtrace::BacktraceLock>::print::DisplayBacktrace as core[a373ad73a504971]::fmt::Display>::fmt
[INFO] [stdout]    1:     0x6128b308e97a - core[a373ad73a504971]::fmt::write
[INFO] [stdout]    2:     0x6128b307eb5c - <alloc[2e1b2a31b91974c5]::vec::Vec<u8> as core[a373ad73a504971]::io::write::Write>::write_fmt
[INFO] [stdout]    3:     0x6128b3055046 - std[617be2ca0a6fd877]::panicking::default_hook::{closure#0}
[INFO] [stdout]    4:     0x6128b3072159 - std[617be2ca0a6fd877]::panicking::default_hook
[INFO] [stdout]    5:     0x6128b300d190 - test[aada8e7e76ba119b]::test_main_inner::{closure#0}
[INFO] [stdout]    6:     0x6128b3072312 - std[617be2ca0a6fd877]::panicking::panic_with_hook
[INFO] [stdout]    7:     0x6128b30550f2 - std[617be2ca0a6fd877]::panicking::panic_handler::{closure#0}
[INFO] [stdout]    8:     0x6128b304db59 - std[617be2ca0a6fd877]::sys::backtrace::__rust_end_short_backtrace::<std[617be2ca0a6fd877]::panicking::panic_handler::{closure#0}, !>
[INFO] [stdout]    9:     0x6128b3055cfd - __rustc[ea4f61d10b84890b]::rust_begin_unwind
[INFO] [stdout]   10:     0x6128b308f0ac - core[a373ad73a504971]::panicking::panic_fmt
[INFO] [stdout]   11:     0x6128b308ee82 - core[a373ad73a504971]::result::unwrap_failed
[INFO] [stdout]   12:     0x6128b30003e0 - <cli_tests[a20edab684d3d6c7]::test_cli_error_exit_code_without_panic::{closure#0} as core[a373ad73a504971]::ops::function::FnOnce<()>>::call_once
[INFO] [stdout]   13:     0x6128b30005db - test[aada8e7e76ba119b]::__rust_begin_short_backtrace::<core[a373ad73a504971]::result::Result<(), alloc[2e1b2a31b91974c5]::string::String>, fn() -> core[a373ad73a504971]::result::Result<(), alloc[2e1b2a31b91974c5]::string::String>>
[INFO] [stdout]   14:     0x6128b300d7b5 - test[aada8e7e76ba119b]::run_test::{closure#0}
[INFO] [stdout]   15:     0x6128b30070a4 - std[617be2ca0a6fd877]::sys::backtrace::__rust_begin_short_backtrace::<test[aada8e7e76ba119b]::run_test::{closure#1}, ()>
[INFO] [stdout]   16:     0x6128b3010842 - <std[617be2ca0a6fd877]::thread::lifecycle::spawn_unchecked<test[aada8e7e76ba119b]::run_test::{closure#1}, ()>::{closure#1} as core[a373ad73a504971]::ops::function::FnOnce<()>>::call_once::{shim:vtable#0}
[INFO] [stdout]   17:     0x6128b30799ff - <std[617be2ca0a6fd877]::sys::thread::unix::Thread>::new::thread_start
[INFO] [stdout]   18:     0x72763c3fadfa - <unknown>
[INFO] [stdout]   19:     0x72763c48e3d4 - clone
[INFO] [stdout]   20:                0x0 - <unknown>
[INFO] [stdout] 
[INFO] [stdout] ---- test_cli_query_subcommand stdout ----
[INFO] [stdout] 
[INFO] [stdout] thread 'test_cli_query_subcommand' (985) panicked at tests/cli_tests.rs:76:10:
[INFO] [stdout] called `Result::unwrap()` on an `Err` value: Os { code: 2, kind: NotFound, message: "No such file or directory" }
[INFO] [stdout] stack backtrace:
[INFO] [stdout]    0:     0x6128b307a6e1 - <<std[617be2ca0a6fd877]::sys::backtrace::BacktraceLock>::print::DisplayBacktrace as core[a373ad73a504971]::fmt::Display>::fmt
[INFO] [stdout]    1:     0x6128b308e97a - core[a373ad73a504971]::fmt::write
[INFO] [stdout]    2:     0x6128b307eb5c - <alloc[2e1b2a31b91974c5]::vec::Vec<u8> as core[a373ad73a504971]::io::write::Write>::write_fmt
[INFO] [stdout]    3:     0x6128b3055046 - std[617be2ca0a6fd877]::panicking::default_hook::{closure#0}
[INFO] [stdout]    4:     0x6128b3072159 - std[617be2ca0a6fd877]::panicking::default_hook
[INFO] [stdout]    5:     0x6128b300d190 - test[aada8e7e76ba119b]::test_main_inner::{closure#0}
[INFO] [stdout]    6:     0x6128b3072312 - std[617be2ca0a6fd877]::panicking::panic_with_hook
[INFO] [stdout]    7:     0x6128b30550f2 - std[617be2ca0a6fd877]::panicking::panic_handler::{closure#0}
[INFO] [stdout]    8:     0x6128b304db59 - std[617be2ca0a6fd877]::sys::backtrace::__rust_end_short_backtrace::<std[617be2ca0a6fd877]::panicking::panic_handler::{closure#0}, !>
[INFO] [stdout]    9:     0x6128b3055cfd - __rustc[ea4f61d10b84890b]::rust_begin_unwind
[INFO] [stdout]   10:     0x6128b308f0ac - core[a373ad73a504971]::panicking::panic_fmt
[INFO] [stdout]   11:     0x6128b308ee82 - core[a373ad73a504971]::result::unwrap_failed
[INFO] [stdout]   12:     0x6128b2ffe243 - <cli_tests[a20edab684d3d6c7]::test_cli_query_subcommand::{closure#0} as core[a373ad73a504971]::ops::function::FnOnce<()>>::call_once
[INFO] [stdout]   13:     0x6128b30005db - test[aada8e7e76ba119b]::__rust_begin_short_backtrace::<core[a373ad73a504971]::result::Result<(), alloc[2e1b2a31b91974c5]::string::String>, fn() -> core[a373ad73a504971]::result::Result<(), alloc[2e1b2a31b91974c5]::string::String>>
[INFO] [stdout]   14:     0x6128b300d7b5 - test[aada8e7e76ba119b]::run_test::{closure#0}
[INFO] [stdout]   15:     0x6128b30070a4 - std[617be2ca0a6fd877]::sys::backtrace::__rust_begin_short_backtrace::<test[aada8e7e76ba119b]::run_test::{closure#1}, ()>
[INFO] [stdout]   16:     0x6128b3010842 - <std[617be2ca0a6fd877]::thread::lifecycle::spawn_unchecked<test[aada8e7e76ba119b]::run_test::{closure#1}, ()>::{closure#1} as core[a373ad73a504971]::ops::function::FnOnce<()>>::call_once::{shim:vtable#0}
[INFO] [stdout]   17:     0x6128b30799ff - <std[617be2ca0a6fd877]::sys::thread::unix::Thread>::new::thread_start
[INFO] [stdout]   18:     0x72763c3fadfa - <unknown>
[INFO] [stdout]   19:     0x72763c48e3d4 - clone
[INFO] [stdout]   20:                0x0 - <unknown>
[INFO] [stdout] 
[INFO] [stdout] ---- test_cli_diff_and_patch_subcommands stdout ----
[INFO] [stdout] 
[INFO] [stdout] thread 'test_cli_diff_and_patch_subcommands' (982) panicked at tests/cli_tests.rs:106:10:
[INFO] [stdout] called `Result::unwrap()` on an `Err` value: Os { code: 2, kind: NotFound, message: "No such file or directory" }
[INFO] [stdout] stack backtrace:
[INFO] [stdout]    0:     0x6128b307a6e1 - <<std[617be2ca0a6fd877]::sys::backtrace::BacktraceLock>::print::DisplayBacktrace as core[a373ad73a504971]::fmt::Display>::fmt
[INFO] [stdout]    1:     0x6128b308e97a - core[a373ad73a504971]::fmt::write
[INFO] [stdout]    2:     0x6128b307eb5c - <alloc[2e1b2a31b91974c5]::vec::Vec<u8> as core[a373ad73a504971]::io::write::Write>::write_fmt
[INFO] [stdout]    3:     0x6128b3055046 - std[617be2ca0a6fd877]::panicking::default_hook::{closure#0}
[INFO] [stdout]    4:     0x6128b3072159 - std[617be2ca0a6fd877]::panicking::default_hook
[INFO] [stdout]    5:     0x6128b300d190 - test[aada8e7e76ba119b]::test_main_inner::{closure#0}
[INFO] [stdout]    6:     0x6128b3072312 - std[617be2ca0a6fd877]::panicking::panic_with_hook
[INFO] [stdout]    7:     0x6128b30550f2 - std[617be2ca0a6fd877]::panicking::panic_handler::{closure#0}
[INFO] [stdout]    8:     0x6128b304db59 - std[617be2ca0a6fd877]::sys::backtrace::__rust_end_short_backtrace::<std[617be2ca0a6fd877]::panicking::panic_handler::{closure#0}, !>
[INFO] [stdout]    9:     0x6128b3055cfd - __rustc[ea4f61d10b84890b]::rust_begin_unwind
[INFO] [stdout]   10:     0x6128b308f0ac - core[a373ad73a504971]::panicking::panic_fmt
[INFO] [stdout]   11:     0x6128b308ee82 - core[a373ad73a504971]::result::unwrap_failed
[INFO] [stdout]   12:     0x6128b2fffec7 - <cli_tests[a20edab684d3d6c7]::test_cli_diff_and_patch_subcommands::{closure#0} as core[a373ad73a504971]::ops::function::FnOnce<()>>::call_once
[INFO] [stdout]   13:     0x6128b30005db - test[aada8e7e76ba119b]::__rust_begin_short_backtrace::<core[a373ad73a504971]::result::Result<(), alloc[2e1b2a31b91974c5]::string::String>, fn() -> core[a373ad73a504971]::result::Result<(), alloc[2e1b2a31b91974c5]::string::String>>
[INFO] [stdout]   14:     0x6128b300d7b5 - test[aada8e7e76ba119b]::run_test::{closure#0}
[INFO] [stdout]   15:     0x6128b30070a4 - std[617be2ca0a6fd877]::sys::backtrace::__rust_begin_short_backtrace::<test[aada8e7e76ba119b]::run_test::{closure#1}, ()>
[INFO] [stdout]   16:     0x6128b3010842 - <std[617be2ca0a6fd877]::thread::lifecycle::spawn_unchecked<test[aada8e7e76ba119b]::run_test::{closure#1}, ()>::{closure#1} as core[a373ad73a504971]::ops::function::FnOnce<()>>::call_once::{shim:vtable#0}
[INFO] [stdout]   17:     0x6128b30799ff - <std[617be2ca0a6fd877]::sys::thread::unix::Thread>::new::thread_start
[INFO] [stdout]   18:     0x72763c3fadfa - <unknown>
[INFO] [stdout]   19:     0x72763c48e3d4 - clone
[INFO] [stdout]   20:                0x0 - <unknown>
[INFO] [stdout] 
[INFO] [stdout] ---- test_cli_convert_subcommand stdout ----
[INFO] [stdout] 
[INFO] [stdout] thread 'test_cli_convert_subcommand' (981) panicked at tests/cli_tests.rs:51:10:
[INFO] [stdout] called `Result::unwrap()` on an `Err` value: Os { code: 2, kind: NotFound, message: "No such file or directory" }
[INFO] [stdout] stack backtrace:
[INFO] [stdout]    0:     0x6128b307a6e1 - <<std[617be2ca0a6fd877]::sys::backtrace::BacktraceLock>::print::DisplayBacktrace as core[a373ad73a504971]::fmt::Display>::fmt
[INFO] [stdout]    1:     0x6128b308e97a - core[a373ad73a504971]::fmt::write
[INFO] [stdout]    2:     0x6128b307eb5c - <alloc[2e1b2a31b91974c5]::vec::Vec<u8> as core[a373ad73a504971]::io::write::Write>::write_fmt
[INFO] [stdout]    3:     0x6128b3055046 - std[617be2ca0a6fd877]::panicking::default_hook::{closure#0}
[INFO] [stdout]    4:     0x6128b3072159 - std[617be2ca0a6fd877]::panicking::default_hook
[INFO] [stdout]    5:     0x6128b300d190 - test[aada8e7e76ba119b]::test_main_inner::{closure#0}
[INFO] [stdout]    6:     0x6128b3072312 - std[617be2ca0a6fd877]::panicking::panic_with_hook
[INFO] [stdout]    7:     0x6128b30550f2 - std[617be2ca0a6fd877]::panicking::panic_handler::{closure#0}
[INFO] [stdout]    8:     0x6128b304db59 - std[617be2ca0a6fd877]::sys::backtrace::__rust_end_short_backtrace::<std[617be2ca0a6fd877]::panicking::panic_handler::{closure#0}, !>
[INFO] [stdout]    9:     0x6128b3055cfd - __rustc[ea4f61d10b84890b]::rust_begin_unwind
[INFO] [stdout]   10:     0x6128b308f0ac - core[a373ad73a504971]::panicking::panic_fmt
[INFO] [stdout]   11:     0x6128b308ee82 - core[a373ad73a504971]::result::unwrap_failed
[INFO] [stdout]   12:     0x6128b2ffedd7 - <cli_tests[a20edab684d3d6c7]::test_cli_convert_subcommand::{closure#0} as core[a373ad73a504971]::ops::function::FnOnce<()>>::call_once
[INFO] [stdout]   13:     0x6128b30005db - test[aada8e7e76ba119b]::__rust_begin_short_backtrace::<core[a373ad73a504971]::result::Result<(), alloc[2e1b2a31b91974c5]::string::String>, fn() -> core[a373ad73a504971]::result::Result<(), alloc[2e1b2a31b91974c5]::string::String>>
[INFO] [stdout]   14:     0x6128b300d7b5 - test[aada8e7e76ba119b]::run_test::{closure#0}
[INFO] [stdout]   15:     0x6128b30070a4 - std[617be2ca0a6fd877]::sys::backtrace::__rust_begin_short_backtrace::<test[aada8e7e76ba119b]::run_test::{closure#1}, ()>
[INFO] [stdout]   16:     0x6128b3010842 - <std[617be2ca0a6fd877]::thread::lifecycle::spawn_unchecked<test[aada8e7e76ba119b]::run_test::{closure#1}, ()>::{closure#1} as core[a373ad73a504971]::ops::function::FnOnce<()>>::call_once::{shim:vtable#0}
[INFO] [stdout]   17:     0x6128b30799ff - <std[617be2ca0a6fd877]::sys::thread::unix::Thread>::new::thread_start
[INFO] [stdout]   18:     0x72763c3fadfa - <unknown>
[INFO] [stdout]   19:     0x72763c48e3d4 - clone
[INFO] [stdout]   20:                0x0 - <unknown>
[INFO] [stdout] 
[INFO] [stdout] ---- test_cli_validate_subcommand stdout ----
[INFO] [stdout] 
[INFO] [stdout] thread 'test_cli_validate_subcommand' (986) panicked at tests/cli_tests.rs:152:10:
[INFO] [stdout] called `Result::unwrap()` on an `Err` value: Os { code: 2, kind: NotFound, message: "No such file or directory" }
[INFO] [stdout] stack backtrace:
[INFO] [stdout]    0:     0x6128b307a6e1 - <<std[617be2ca0a6fd877]::sys::backtrace::BacktraceLock>::print::DisplayBacktrace as core[a373ad73a504971]::fmt::Display>::fmt
[INFO] [stdout]    1:     0x6128b308e97a - core[a373ad73a504971]::fmt::write
[INFO] [stdout]    2:     0x6128b307eb5c - <alloc[2e1b2a31b91974c5]::vec::Vec<u8> as core[a373ad73a504971]::io::write::Write>::write_fmt
[INFO] [stdout]    3:     0x6128b3055046 - std[617be2ca0a6fd877]::panicking::default_hook::{closure#0}
[INFO] [stdout]    4:     0x6128b3072159 - std[617be2ca0a6fd877]::panicking::default_hook
[INFO] [stdout]    5:     0x6128b300d190 - test[aada8e7e76ba119b]::test_main_inner::{closure#0}
[INFO] [stdout]    6:     0x6128b3072312 - std[617be2ca0a6fd877]::panicking::panic_with_hook
[INFO] [stdout]    7:     0x6128b30550f2 - std[617be2ca0a6fd877]::panicking::panic_handler::{closure#0}
[INFO] [stdout]    8:     0x6128b304db59 - std[617be2ca0a6fd877]::sys::backtrace::__rust_end_short_backtrace::<std[617be2ca0a6fd877]::panicking::panic_handler::{closure#0}, !>
[INFO] [stdout]    9:     0x6128b3055cfd - __rustc[ea4f61d10b84890b]::rust_begin_unwind
[INFO] [stdout]   10:     0x6128b308f0ac - core[a373ad73a504971]::panicking::panic_fmt
[INFO] [stdout]   11:     0x6128b308ee82 - core[a373ad73a504971]::result::unwrap_failed
[INFO] [stdout]   12:     0x6128b2fff3cf - <cli_tests[a20edab684d3d6c7]::test_cli_validate_subcommand::{closure#0} as core[a373ad73a504971]::ops::function::FnOnce<()>>::call_once
[INFO] [stdout]   13:     0x6128b30005db - test[aada8e7e76ba119b]::__rust_begin_short_backtrace::<core[a373ad73a504971]::result::Result<(), alloc[2e1b2a31b91974c5]::string::String>, fn() -> core[a373ad73a504971]::result::Result<(), alloc[2e1b2a31b91974c5]::string::String>>
[INFO] [stdout]   14:     0x6128b300d7b5 - test[aada8e7e76ba119b]::run_test::{closure#0}
[INFO] [stdout]   15:     0x6128b30070a4 - std[617be2ca0a6fd877]::sys::backtrace::__rust_begin_short_backtrace::<test[aada8e7e76ba119b]::run_test::{closure#1}, ()>
[INFO] [stdout]   16:     0x6128b3010842 - <std[617be2ca0a6fd877]::thread::lifecycle::spawn_unchecked<test[aada8e7e76ba119b]::run_test::{closure#1}, ()>::{closure#1} as core[a373ad73a504971]::ops::function::FnOnce<()>>::call_once::{shim:vtable#0}
[INFO] [stdout]   17:     0x6128b30799ff - <std[617be2ca0a6fd877]::sys::thread::unix::Thread>::new::thread_start
[INFO] [stdout]   18:     0x72763c3fadfa - <unknown>
[INFO] [stdout]   19:     0x72763c48e3d4 - clone
[INFO] [stdout]   20:                0x0 - <unknown>
[INFO] [stdout] 
[INFO] [stdout] ---- test_cli_query_first_flag stdout ----
[INFO] [stdout] 
[INFO] [stdout] thread 'test_cli_query_first_flag' (984) panicked at tests/cli_tests.rs:191:10:
[INFO] [stdout] called `Result::unwrap()` on an `Err` value: Os { code: 2, kind: NotFound, message: "No such file or directory" }
[INFO] [stdout] stack backtrace:
[INFO] [stdout]    0:     0x6128b307a6e1 - <<std[617be2ca0a6fd877]::sys::backtrace::BacktraceLock>::print::DisplayBacktrace as core[a373ad73a504971]::fmt::Display>::fmt
[INFO] [stdout]    1:     0x6128b308e97a - core[a373ad73a504971]::fmt::write
[INFO] [stdout]    2:     0x6128b307eb5c - <alloc[2e1b2a31b91974c5]::vec::Vec<u8> as core[a373ad73a504971]::io::write::Write>::write_fmt
[INFO] [stdout]    3:     0x6128b3055046 - std[617be2ca0a6fd877]::panicking::default_hook::{closure#0}
[INFO] [stdout]    4:     0x6128b3072159 - std[617be2ca0a6fd877]::panicking::default_hook
[INFO] [stdout]    5:     0x6128b300d190 - test[aada8e7e76ba119b]::test_main_inner::{closure#0}
[INFO] [stdout]    6:     0x6128b3072312 - std[617be2ca0a6fd877]::panicking::panic_with_hook
[INFO] [stdout]    7:     0x6128b30550f2 - std[617be2ca0a6fd877]::panicking::panic_handler::{closure#0}
[INFO] [stdout]    8:     0x6128b304db59 - std[617be2ca0a6fd877]::sys::backtrace::__rust_end_short_backtrace::<std[617be2ca0a6fd877]::panicking::panic_handler::{closure#0}, !>
[INFO] [stdout]    9:     0x6128b3055cfd - __rustc[ea4f61d10b84890b]::rust_begin_unwind
[INFO] [stdout]   10:     0x6128b308f0ac - core[a373ad73a504971]::panicking::panic_fmt
[INFO] [stdout]   11:     0x6128b308ee82 - core[a373ad73a504971]::result::unwrap_failed
[INFO] [stdout]   12:     0x6128b2ffdd2d - <cli_tests[a20edab684d3d6c7]::test_cli_query_first_flag::{closure#0} as core[a373ad73a504971]::ops::function::FnOnce<()>>::call_once
[INFO] [stdout]   13:     0x6128b30005db - test[aada8e7e76ba119b]::__rust_begin_short_backtrace::<core[a373ad73a504971]::result::Result<(), alloc[2e1b2a31b91974c5]::string::String>, fn() -> core[a373ad73a504971]::result::Result<(), alloc[2e1b2a31b91974c5]::string::String>>
[INFO] [stdout]   14:     0x6128b300d7b5 - test[aada8e7e76ba119b]::run_test::{closure#0}
[INFO] [stdout]   15:     0x6128b30070a4 - std[617be2ca0a6fd877]::sys::backtrace::__rust_begin_short_backtrace::<test[aada8e7e76ba119b]::run_test::{closure#1}, ()>
[INFO] [stdout]   16:     0x6128b3010842 - <std[617be2ca0a6fd877]::thread::lifecycle::spawn_unchecked<test[aada8e7e76ba119b]::run_test::{closure#1}, ()>::{closure#1} as core[a373ad73a504971]::ops::function::FnOnce<()>>::call_once::{shim:vtable#0}
[INFO] [stdout]   17:     0x6128b30799ff - <std[617be2ca0a6fd877]::sys::thread::unix::Thread>::new::thread_start
[INFO] [stdout]   18:     0x72763c3fadfa - <unknown>
[INFO] [stdout]   19:     0x72763c48e3d4 - clone
[INFO] [stdout]   20:                0x0 - <unknown>
[INFO] [stdout] 
[INFO] [stdout] ---- test_cli_version_and_help stdout ----
[INFO] [stdout] 
[INFO] [stdout] thread 'test_cli_version_and_help' (987) panicked at tests/cli_tests.rs:22:60:
[INFO] [stdout] called `Result::unwrap()` on an `Err` value: Os { code: 2, kind: NotFound, message: "No such file or directory" }
[INFO] [stdout] stack backtrace:
[INFO] [stdout]    0:     0x6128b307a6e1 - <<std[617be2ca0a6fd877]::sys::backtrace::BacktraceLock>::print::DisplayBacktrace as core[a373ad73a504971]::fmt::Display>::fmt
[INFO] [stdout]    1:     0x6128b308e97a - core[a373ad73a504971]::fmt::write
[INFO] [stdout]    2:     0x6128b307eb5c - <alloc[2e1b2a31b91974c5]::vec::Vec<u8> as core[a373ad73a504971]::io::write::Write>::write_fmt
[INFO] [stdout]    3:     0x6128b3055046 - std[617be2ca0a6fd877]::panicking::default_hook::{closure#0}
[INFO] [stdout]    4:     0x6128b3072159 - std[617be2ca0a6fd877]::panicking::default_hook
[INFO] [stdout]    5:     0x6128b300d190 - test[aada8e7e76ba119b]::test_main_inner::{closure#0}
[INFO] [stdout]    6:     0x6128b3072312 - std[617be2ca0a6fd877]::panicking::panic_with_hook
[INFO] [stdout]    7:     0x6128b30550f2 - std[617be2ca0a6fd877]::panicking::panic_handler::{closure#0}
[INFO] [stdout]    8:     0x6128b304db59 - std[617be2ca0a6fd877]::sys::backtrace::__rust_end_short_backtrace::<std[617be2ca0a6fd877]::panicking::panic_handler::{closure#0}, !>
[INFO] [stdout]    9:     0x6128b3055cfd - __rustc[ea4f61d10b84890b]::rust_begin_unwind
[INFO] [stdout]   10:     0x6128b308f0ac - core[a373ad73a504971]::panicking::panic_fmt
[INFO] [stdout]   11:     0x6128b308ee82 - core[a373ad73a504971]::result::unwrap_failed
[INFO] [stdout]   12:     0x6128b2ffe6e8 - <cli_tests[a20edab684d3d6c7]::test_cli_version_and_help::{closure#0} as core[a373ad73a504971]::ops::function::FnOnce<()>>::call_once
[INFO] [stdout]   13:     0x6128b30005db - test[aada8e7e76ba119b]::__rust_begin_short_backtrace::<core[a373ad73a504971]::result::Result<(), alloc[2e1b2a31b91974c5]::string::String>, fn() -> core[a373ad73a504971]::result::Result<(), alloc[2e1b2a31b91974c5]::string::String>>
[INFO] [stdout]   14:     0x6128b300d7b5 - test[aada8e7e76ba119b]::run_test::{closure#0}
[INFO] [stdout]   15:     0x6128b30070a4 - std[617be2ca0a6fd877]::sys::backtrace::__rust_begin_short_backtrace::<test[aada8e7e76ba119b]::run_test::{closure#1}, ()>
[INFO] [stdout]   16:     0x6128b3010842 - <std[617be2ca0a6fd877]::thread::lifecycle::spawn_unchecked<test[aada8e7e76ba119b]::run_test::{closure#1}, ()>::{closure#1} as core[a373ad73a504971]::ops::function::FnOnce<()>>::call_once::{shim:vtable#0}
[INFO] [stdout]   17:     0x6128b30799ff - <std[617be2ca0a6fd877]::sys::thread::unix::Thread>::new::thread_start
[INFO] [stdout]   18:     0x72763c3fadfa - <unknown>
[INFO] [stdout]   19:     0x72763c48e3d4 - clone
[INFO] [stdout]   20:                0x0 - <unknown>
[INFO] [stdout] 
[INFO] [stdout] 
[INFO] [stdout] failures:
[INFO] [stdout]     test_cli_completions_subcommand
[INFO] [stdout]     test_cli_convert_subcommand
[INFO] [stdout]     test_cli_diff_and_patch_subcommands
[INFO] [stdout]     test_cli_error_exit_code_without_panic
[INFO] [stdout]     test_cli_query_first_flag
[INFO] [stdout]     test_cli_query_subcommand
[INFO] [stdout]     test_cli_validate_subcommand
[INFO] [stdout]     test_cli_version_and_help
[INFO] [stdout] 
[INFO] [stdout] test result: FAILED. 0 passed; 8 failed; 0 ignored; 0 measured; 0 filtered out; finished in 0.03s
[INFO] [stdout] 
[INFO] running `Command { std: "docker" "inspect" "d32fbd9953033a67ea7760405277e4f0c35956cb744b0ac6a9287a5df1cf3d09", kill_on_drop: false }`
[INFO] running `Command { std: "docker" "rm" "-f" "d32fbd9953033a67ea7760405277e4f0c35956cb744b0ac6a9287a5df1cf3d09", kill_on_drop: false }`
[INFO] [stdout] d32fbd9953033a67ea7760405277e4f0c35956cb744b0ac6a9287a5df1cf3d09
