[INFO] fetching crate automat 0.0.8...
[INFO] testing automat-0.0.8 against 1.100.0-beta.1+cargoflags=--release for beta-release-1.100-3
[INFO] extracting crate automat 0.0.8 into /workspace/builds/worker-0-tc2/source
[INFO] started tweaking crates.io crate automat 0.0.8
[INFO] finished tweaking crates.io crate automat 0.0.8
[INFO] tweaked toml for crates.io crate automat 0.0.8 written to /workspace/builds/worker-0-tc2/source/Cargo.toml
[INFO] validating manifest of crates.io crate automat 0.0.8 on toolchain 1.100.0-beta.1
[INFO] running `Command { std: CARGO_HOME="/workspace/cargo-home" RUSTUP_HOME="/workspace/rustup-home" "/workspace/cargo-home/bin/cargo" "+1.100.0-beta.1" "metadata" "--manifest-path" "Cargo.toml" "--no-deps", kill_on_drop: false }`
[INFO] crate crates.io crate automat 0.0.8 already has a lockfile, it will not be regenerated
[INFO] running `Command { std: CARGO_HOME="/workspace/cargo-home" RUSTUP_HOME="/workspace/rustup-home" "/workspace/cargo-home/bin/cargo" "+1.100.0-beta.1" "fetch" "--manifest-path" "Cargo.toml", kill_on_drop: false }`
[INFO] running `Command { std: "docker" "create" "-v" "/var/lib/crater-agent-workspace/builds/worker-0-tc2/source:/opt/rustwide/workdir:ro,Z" "-v" "/var/lib/crater-agent-workspace/builds/worker-0-tc2/target:/opt/rustwide/target:rw,Z" "-v" "/var/lib/crater-agent-workspace/cargo-home:/opt/rustwide/cargo-home:ro,Z" "-v" "/var/lib/crater-agent-workspace/rustup-home:/opt/rustwide/rustup-home:ro,Z" "-m" "1610612736" "--network" "none" "ghcr.io/rust-lang/crates-build-env/linux@sha256:77db811e55d90add9212f6832c23229e3de5f1c1f9905e8cb07319ea15df73ac" "sleep" "infinity", kill_on_drop: false }`
[INFO] [stdout] 8b4164f9e073a8317b0d30bd97d29c6e7272a8b166bfd422c8f8bc22c74d66c4
[INFO] running `Command { std: "docker" "start" "8b4164f9e073a8317b0d30bd97d29c6e7272a8b166bfd422c8f8bc22c74d66c4", kill_on_drop: false }`
[INFO] running `Command { std: "docker" "inspect" "8b4164f9e073a8317b0d30bd97d29c6e7272a8b166bfd422c8f8bc22c74d66c4", kill_on_drop: false }`
[INFO] running `Command { std: "docker" "exec" "-e" "SOURCE_DIR=/opt/rustwide/workdir" "-e" "CARGO_HOME=/opt/rustwide/cargo-home" "-e" "RUSTUP_HOME=/opt/rustwide/rustup-home" "-e" "CARGO_TARGET_DIR=/opt/rustwide/target" "-w" "/opt/rustwide/workdir" "--user" "0:0" "8b4164f9e073a8317b0d30bd97d29c6e7272a8b166bfd422c8f8bc22c74d66c4" "/opt/rustwide/cargo-home/bin/cargo" "+1.100.0-beta.1" "metadata" "--no-deps" "--format-version=1", kill_on_drop: false }`
[INFO] running `Command { std: "docker" "inspect" "8b4164f9e073a8317b0d30bd97d29c6e7272a8b166bfd422c8f8bc22c74d66c4", kill_on_drop: false }`
[INFO] running `Command { std: "docker" "exec" "-e" "SOURCE_DIR=/opt/rustwide/workdir" "-e" "CARGO_HOME=/opt/rustwide/cargo-home" "-e" "RUSTUP_HOME=/opt/rustwide/rustup-home" "-e" "CARGO_TARGET_DIR=/opt/rustwide/target" "-e" "CARGO_INCREMENTAL=0" "-e" "RUST_BACKTRACE=full" "-e" "RUSTFLAGS=--cap-lints=warn" "-e" "RUSTDOCFLAGS=--cap-lints=warn" "-w" "/opt/rustwide/workdir" "--user" "0:0" "8b4164f9e073a8317b0d30bd97d29c6e7272a8b166bfd422c8f8bc22c74d66c4" "/opt/rustwide/cargo-home/bin/cargo" "+1.100.0-beta.1" "build" "--frozen" "--message-format=json" "--release", kill_on_drop: false }`
[INFO] [stderr]    Compiling proc-macro2 v1.0.18
[INFO] [stderr]    Compiling unicode-xid v0.2.0
[INFO] [stderr]    Compiling version_check v0.9.2
[INFO] [stderr]    Compiling syn v1.0.31
[INFO] [stderr]    Compiling memchr v2.3.3
[INFO] [stderr]    Compiling libc v0.2.71
[INFO] [stderr]    Compiling byteorder v1.3.4
[INFO] [stderr]    Compiling bitflags v1.2.1
[INFO] [stderr]    Compiling serde v1.0.113
[INFO] [stderr]    Compiling unicode-segmentation v1.6.0
[INFO] [stderr]    Compiling unicode-width v0.1.7
[INFO] [stderr]    Compiling ryu v1.0.5
[INFO] [stderr]    Compiling ansi_term v0.11.0
[INFO] [stderr]    Compiling vec_map v0.8.2
[INFO] [stderr]    Compiling strsim v0.8.0
[INFO] [stderr]    Compiling thread_local v1.0.1
[INFO] [stderr]    Compiling textwrap v0.11.0
[INFO] [stderr]    Compiling proc-macro-error-attr v1.0.2
[INFO] [stderr]    Compiling proc-macro-error v1.0.2
[INFO] [stderr]    Compiling regex-syntax v0.6.18
[INFO] [stderr]    Compiling itoa v0.4.6
[INFO] [stderr]    Compiling regex-automata v0.1.9
[INFO] [stderr]    Compiling heck v0.3.1
[INFO] [stderr]    Compiling aho-corasick v0.7.13
[INFO] [stderr]    Compiling csv-core v0.1.10
[INFO] [stderr]    Compiling quote v1.0.7
[INFO] [stderr]    Compiling atty v0.2.14
[INFO] [stderr]    Compiling clap v2.33.1
[INFO] [stderr]    Compiling regex v1.3.9
[INFO] [stderr]    Compiling syn-mid v0.5.0
[INFO] [stderr]    Compiling bstr v0.2.13
[INFO] [stderr]    Compiling csv v1.1.3
[INFO] [stderr]    Compiling structopt-derive v0.4.7
[INFO] [stderr]    Compiling structopt v0.3.14
[INFO] [stderr]    Compiling automat v0.0.8 (/opt/rustwide/workdir)
[INFO] [stderr]     Finished `release` profile [optimized] target(s) in 27.36s
[INFO] running `Command { std: "docker" "inspect" "8b4164f9e073a8317b0d30bd97d29c6e7272a8b166bfd422c8f8bc22c74d66c4", kill_on_drop: false }`
[INFO] running `Command { std: "docker" "exec" "-e" "SOURCE_DIR=/opt/rustwide/workdir" "-e" "CARGO_HOME=/opt/rustwide/cargo-home" "-e" "RUSTUP_HOME=/opt/rustwide/rustup-home" "-e" "CARGO_TARGET_DIR=/opt/rustwide/target" "-e" "CARGO_INCREMENTAL=0" "-e" "RUST_BACKTRACE=full" "-e" "RUSTFLAGS=--cap-lints=warn" "-e" "RUSTDOCFLAGS=--cap-lints=warn" "-w" "/opt/rustwide/workdir" "--user" "0:0" "8b4164f9e073a8317b0d30bd97d29c6e7272a8b166bfd422c8f8bc22c74d66c4" "/opt/rustwide/cargo-home/bin/cargo" "+1.100.0-beta.1" "test" "--frozen" "--no-run" "--message-format=json" "--release", kill_on_drop: false }`
[INFO] [stderr]    Compiling autocfg v1.0.0
[INFO] [stderr]    Compiling getrandom v0.1.14
[INFO] [stderr]    Compiling cfg-if v0.1.10
[INFO] [stderr]    Compiling predicates-core v1.0.0
[INFO] [stderr]    Compiling doc-comment v0.3.3
[INFO] [stderr]    Compiling ppv-lite86 v0.2.8
[INFO] [stderr]    Compiling difference v2.0.0
[INFO] [stderr]    Compiling normalize-line-endings v0.3.0
[INFO] [stderr]    Compiling treeline v0.1.0
[INFO] [stderr]    Compiling wait-timeout v0.2.0
[INFO] [stderr]    Compiling remove_dir_all v0.5.3
[INFO] [stderr]    Compiling predicates-tree v1.0.0
[INFO] [stderr]    Compiling rand_core v0.5.1
[INFO] [stderr]    Compiling num-traits v0.2.12
[INFO] [stderr]    Compiling rand_chacha v0.2.2
[INFO] [stderr]    Compiling rand v0.7.3
[INFO] [stderr]    Compiling float-cmp v0.6.0
[INFO] [stderr]    Compiling predicates v1.0.4
[INFO] [stderr]    Compiling tempfile v3.1.0
[INFO] [stderr]    Compiling assert_cmd v1.0.1
[INFO] [stderr]    Compiling automat v0.0.8 (/opt/rustwide/workdir)
[INFO] [stderr]     Finished `release` profile [optimized] target(s) in 5.10s
[INFO] running `Command { std: "docker" "inspect" "8b4164f9e073a8317b0d30bd97d29c6e7272a8b166bfd422c8f8bc22c74d66c4", kill_on_drop: false }`
[INFO] running `Command { std: "docker" "exec" "-e" "SOURCE_DIR=/opt/rustwide/workdir" "-e" "CARGO_HOME=/opt/rustwide/cargo-home" "-e" "RUSTUP_HOME=/opt/rustwide/rustup-home" "-e" "CARGO_TARGET_DIR=/opt/rustwide/target" "-e" "CARGO_INCREMENTAL=0" "-e" "RUST_BACKTRACE=full" "-e" "RUSTFLAGS=--cap-lints=warn" "-e" "RUSTDOCFLAGS=--cap-lints=warn" "-w" "/opt/rustwide/workdir" "--user" "0:0" "8b4164f9e073a8317b0d30bd97d29c6e7272a8b166bfd422c8f8bc22c74d66c4" "/opt/rustwide/cargo-home/bin/cargo" "+1.100.0-beta.1" "test" "--frozen" "--release", kill_on_drop: false }`
[INFO] [stderr]     Finished `release` profile [optimized] target(s) in 0.09s
[INFO] [stderr]      Running unittests src/main.rs (/opt/rustwide/target/release/build/automat/c1a964f4254d6c45/out/atm-c1a964f4254d6c45)
[INFO] [stdout] 
[INFO] [stdout] running 16 tests
[INFO] [stdout] test cmd::filter::tests::test_compare_smaller_than_or_equal ... ok
[INFO] [stdout] test cmd::filter::tests::get_condition_parts_smaller_than ... ok
[INFO] [stdout] test cmd::filter::tests::test_compare_greater_than ... ok
[INFO] [stdout] test cmd::filter::tests::test_filter_na_values ... ok
[INFO] [stdout] test cmd::filter::tests::test_get_condition_parts_unknown_operator ... ok
[INFO] [stdout] test cmd::filter::tests::test_get_condition_parts_smaller_than_or_equal ... ok
[INFO] [stdout] test cmd::filter::tests::test_get_condition_parts_greater_than_or_equal ... ok
[INFO] [stdout] test cmd::filter::tests::test_filter_larger_than ... ok
[INFO] [stdout] test cmd::filter::tests::test_compare_smaller_than ... ok
[INFO] [stdout] test cmd::filter::tests::test_compare_equal ... ok
[INFO] [stdout] test cmd::filter::tests::test_filter_negative ... ok
[INFO] [stdout] test cmd::filter::tests::test_get_col_index_no_headers ... ok
[INFO] [stdout] test cmd::filter::tests::test_get_col_index_no_header_match ... ok
[INFO] [stdout] test cmd::filter::tests::test_get_condition_parts_greater_than ... ok
[INFO] [stdout] test cmd::filter::tests::test_compare_greater_than_or_equal ... ok
[INFO] [stderr]      Running tests/cli.rs (/opt/rustwide/target/release/build/automat/4c98f6ff14ae584c/out/cli-4c98f6ff14ae584c)
[INFO] [stdout] test cmd::filter::tests::test_get_col_index_a ... ok
[INFO] [stdout] 
[INFO] [stdout] test result: ok. 16 passed; 0 failed; 0 ignored; 0 measured; 0 filtered out; finished in 0.01s
[INFO] [stdout] 
[INFO] [stdout] 
[INFO] [stdout] running 4 tests
[INFO] [stdout] test test_filter_from_stdin ... FAILED
[INFO] [stdout] test test_filter_with_conditions ... FAILED
[INFO] [stdout] test test_filter_without_conditions ... FAILED
[INFO] [stderr] error: test failed, to rerun pass `--test cli`
[INFO] [stdout] test test_help_includes_filter ... FAILED
[INFO] [stdout] 
[INFO] [stdout] failures:
[INFO] [stdout] 
[INFO] [stdout] ---- test_filter_from_stdin stdout ----
[INFO] [stdout] Error: CargoError { cause: Some(NotFoundError { path: "/opt/rustwide/target/release/build/automat/4c98f6ff14ae584c/out/atm" }) }
[INFO] [stdout] 
[INFO] [stdout] ---- test_filter_with_conditions stdout ----
[INFO] [stdout] Error: CargoError { cause: Some(NotFoundError { path: "/opt/rustwide/target/release/build/automat/4c98f6ff14ae584c/out/atm" }) }
[INFO] [stdout] 
[INFO] [stdout] ---- test_filter_without_conditions stdout ----
[INFO] [stdout] Error: CargoError { cause: Some(NotFoundError { path: "/opt/rustwide/target/release/build/automat/4c98f6ff14ae584c/out/atm" }) }
[INFO] [stdout] 
[INFO] [stdout] ---- test_help_includes_filter stdout ----
[INFO] [stdout] Error: CargoError { cause: Some(NotFoundError { path: "/opt/rustwide/target/release/build/automat/4c98f6ff14ae584c/out/atm" }) }
[INFO] [stdout] 
[INFO] [stdout] 
[INFO] [stdout] failures:
[INFO] [stdout]     test_filter_from_stdin
[INFO] [stdout]     test_filter_with_conditions
[INFO] [stdout]     test_filter_without_conditions
[INFO] [stdout]     test_help_includes_filter
[INFO] [stdout] 
[INFO] [stdout] test result: FAILED. 0 passed; 4 failed; 0 ignored; 0 measured; 0 filtered out; finished in 0.01s
[INFO] [stdout] 
[INFO] running `Command { std: "docker" "inspect" "8b4164f9e073a8317b0d30bd97d29c6e7272a8b166bfd422c8f8bc22c74d66c4", kill_on_drop: false }`
[INFO] running `Command { std: "docker" "rm" "-f" "8b4164f9e073a8317b0d30bd97d29c6e7272a8b166bfd422c8f8bc22c74d66c4", kill_on_drop: false }`
[INFO] [stdout] 8b4164f9e073a8317b0d30bd97d29c6e7272a8b166bfd422c8f8bc22c74d66c4
