[INFO] fetching crate attr-bounds 0.1.0...
[INFO] testing attr-bounds-0.1.0 against 1.100.0-beta.1+cargoflags=--release for beta-release-1.100-3
[INFO] extracting crate attr-bounds 0.1.0 into /workspace/builds/worker-5-tc2/source
[INFO] started tweaking crates.io crate attr-bounds 0.1.0
[INFO] finished tweaking crates.io crate attr-bounds 0.1.0
[INFO] tweaked toml for crates.io crate attr-bounds 0.1.0 written to /workspace/builds/worker-5-tc2/source/Cargo.toml
[INFO] validating manifest of crates.io crate attr-bounds 0.1.0 on toolchain 1.100.0-beta.1
[INFO] running `Command { std: CARGO_HOME="/workspace/cargo-home" RUSTUP_HOME="/workspace/rustup-home" "/workspace/cargo-home/bin/cargo" "+1.100.0-beta.1" "metadata" "--manifest-path" "Cargo.toml" "--no-deps", kill_on_drop: false }`
[INFO] running `Command { std: CARGO_HOME="/workspace/cargo-home" RUSTUP_HOME="/workspace/rustup-home" "/workspace/cargo-home/bin/cargo" "+1.100.0-beta.1" "generate-lockfile" "--manifest-path" "Cargo.toml", kill_on_drop: false }`
[INFO] [stderr]     Updating crates.io index
[INFO] [stderr]      Locking 28 packages to highest compatible versions
[INFO] [stderr]       Adding syn v2.0.119 (available: v3.0.9)
[INFO] running `Command { std: CARGO_HOME="/workspace/cargo-home" RUSTUP_HOME="/workspace/rustup-home" "/workspace/cargo-home/bin/cargo" "+1.100.0-beta.1" "fetch" "--manifest-path" "Cargo.toml", kill_on_drop: false }`
[INFO] running `Command { std: "docker" "create" "-v" "/var/lib/crater-agent-workspace/builds/worker-5-tc2/source:/opt/rustwide/workdir:ro,Z" "-v" "/var/lib/crater-agent-workspace/builds/worker-5-tc2/target:/opt/rustwide/target:rw,Z" "-v" "/var/lib/crater-agent-workspace/cargo-home:/opt/rustwide/cargo-home:ro,Z" "-v" "/var/lib/crater-agent-workspace/rustup-home:/opt/rustwide/rustup-home:ro,Z" "-m" "1610612736" "--network" "none" "ghcr.io/rust-lang/crates-build-env/linux@sha256:77db811e55d90add9212f6832c23229e3de5f1c1f9905e8cb07319ea15df73ac" "sleep" "infinity", kill_on_drop: false }`
[INFO] [stdout] b1bec394b70855b4e7c6d6f45daab2ccd8d23efcb63859f2b4bd43879a460dee
[INFO] running `Command { std: "docker" "start" "b1bec394b70855b4e7c6d6f45daab2ccd8d23efcb63859f2b4bd43879a460dee", kill_on_drop: false }`
[INFO] running `Command { std: "docker" "inspect" "b1bec394b70855b4e7c6d6f45daab2ccd8d23efcb63859f2b4bd43879a460dee", kill_on_drop: false }`
[INFO] running `Command { std: "docker" "exec" "-e" "SOURCE_DIR=/opt/rustwide/workdir" "-e" "CARGO_HOME=/opt/rustwide/cargo-home" "-e" "RUSTUP_HOME=/opt/rustwide/rustup-home" "-e" "CARGO_TARGET_DIR=/opt/rustwide/target" "-w" "/opt/rustwide/workdir" "--user" "0:0" "b1bec394b70855b4e7c6d6f45daab2ccd8d23efcb63859f2b4bd43879a460dee" "/opt/rustwide/cargo-home/bin/cargo" "+1.100.0-beta.1" "metadata" "--no-deps" "--format-version=1", kill_on_drop: false }`
[INFO] running `Command { std: "docker" "inspect" "b1bec394b70855b4e7c6d6f45daab2ccd8d23efcb63859f2b4bd43879a460dee", kill_on_drop: false }`
[INFO] running `Command { std: "docker" "exec" "-e" "SOURCE_DIR=/opt/rustwide/workdir" "-e" "CARGO_HOME=/opt/rustwide/cargo-home" "-e" "RUSTUP_HOME=/opt/rustwide/rustup-home" "-e" "CARGO_TARGET_DIR=/opt/rustwide/target" "-e" "CARGO_INCREMENTAL=0" "-e" "RUST_BACKTRACE=full" "-e" "RUSTFLAGS=--cap-lints=warn" "-e" "RUSTDOCFLAGS=--cap-lints=warn" "-w" "/opt/rustwide/workdir" "--user" "0:0" "b1bec394b70855b4e7c6d6f45daab2ccd8d23efcb63859f2b4bd43879a460dee" "/opt/rustwide/cargo-home/bin/cargo" "+1.100.0-beta.1" "build" "--frozen" "--message-format=json" "--release", kill_on_drop: false }`
[INFO] [stderr]    Compiling proc-macro2 v1.0.107
[INFO] [stderr]    Compiling unicode-ident v1.0.27
[INFO] [stderr]    Compiling quote v1.0.47
[INFO] [stderr]    Compiling syn v2.0.119
[INFO] [stderr]    Compiling attr-bounds v0.1.0 (/opt/rustwide/workdir)
[INFO] [stderr]     Finished `release` profile [optimized] target(s) in 6.38s
[INFO] running `Command { std: "docker" "inspect" "b1bec394b70855b4e7c6d6f45daab2ccd8d23efcb63859f2b4bd43879a460dee", kill_on_drop: false }`
[INFO] running `Command { std: "docker" "exec" "-e" "SOURCE_DIR=/opt/rustwide/workdir" "-e" "CARGO_HOME=/opt/rustwide/cargo-home" "-e" "RUSTUP_HOME=/opt/rustwide/rustup-home" "-e" "CARGO_TARGET_DIR=/opt/rustwide/target" "-e" "CARGO_INCREMENTAL=0" "-e" "RUST_BACKTRACE=full" "-e" "RUSTFLAGS=--cap-lints=warn" "-e" "RUSTDOCFLAGS=--cap-lints=warn" "-w" "/opt/rustwide/workdir" "--user" "0:0" "b1bec394b70855b4e7c6d6f45daab2ccd8d23efcb63859f2b4bd43879a460dee" "/opt/rustwide/cargo-home/bin/cargo" "+1.100.0-beta.1" "test" "--frozen" "--no-run" "--message-format=json" "--release", kill_on_drop: false }`
[INFO] [stderr]    Compiling serde_core v1.0.229
[INFO] [stderr]    Compiling zmij v1.0.23
[INFO] [stderr]    Compiling serde v1.0.229
[INFO] [stderr]    Compiling target-tuple v1.0.2
[INFO] [stderr]    Compiling serde_json v1.0.154
[INFO] [stderr]    Compiling unicode-ident v1.0.27
[INFO] [stderr]    Compiling winnow v1.0.4
[INFO] [stderr]    Compiling toml_writer v1.1.3+spec-1.1.0
[INFO] [stderr]    Compiling memchr v2.8.3
[INFO] [stderr]    Compiling itoa v1.0.18
[INFO] [stderr]    Compiling proc-macro2 v1.0.107
[INFO] [stderr]    Compiling quote v1.0.47
[INFO] [stderr]    Compiling syn v3.0.9
[INFO] [stderr]    Compiling attr-bounds v0.1.0 (/opt/rustwide/workdir)
[INFO] [stderr]    Compiling glob v0.3.4
[INFO] [stderr]    Compiling termcolor v1.4.1
[INFO] [stderr]    Compiling toml_parser v1.1.5+spec-1.1.0
[INFO] [stderr]    Compiling syn v2.0.119
[INFO] [stderr]    Compiling serde_derive v1.0.229
[INFO] [stderr]    Compiling toml_datetime v1.1.2+spec-1.1.0
[INFO] [stderr]    Compiling serde_spanned v1.1.2
[INFO] [stderr]    Compiling toml v1.1.8+spec-1.1.0
[INFO] [stderr]    Compiling trybuild v1.0.122
[INFO] [stderr]     Finished `release` profile [optimized] target(s) in 37.40s
[INFO] running `Command { std: "docker" "inspect" "b1bec394b70855b4e7c6d6f45daab2ccd8d23efcb63859f2b4bd43879a460dee", kill_on_drop: false }`
[INFO] running `Command { std: "docker" "exec" "-e" "SOURCE_DIR=/opt/rustwide/workdir" "-e" "CARGO_HOME=/opt/rustwide/cargo-home" "-e" "RUSTUP_HOME=/opt/rustwide/rustup-home" "-e" "CARGO_TARGET_DIR=/opt/rustwide/target" "-e" "CARGO_INCREMENTAL=0" "-e" "RUST_BACKTRACE=full" "-e" "RUSTFLAGS=--cap-lints=warn" "-e" "RUSTDOCFLAGS=--cap-lints=warn" "-w" "/opt/rustwide/workdir" "--user" "0:0" "b1bec394b70855b4e7c6d6f45daab2ccd8d23efcb63859f2b4bd43879a460dee" "/opt/rustwide/cargo-home/bin/cargo" "+1.100.0-beta.1" "test" "--frozen" "--release", kill_on_drop: false }`
[INFO] [stderr]     Finished `release` profile [optimized] target(s) in 0.05s
[INFO] [stderr]      Running unittests src/lib.rs (/opt/rustwide/target/release/build/attr-bounds/2b8088980c10dc4a/out/attr_bounds-2b8088980c10dc4a)
[INFO] [stdout] 
[INFO] [stdout] running 0 tests
[INFO] [stdout] 
[INFO] [stdout] test result: ok. 0 passed; 0 failed; 0 ignored; 0 measured; 0 filtered out; finished in 0.00s
[INFO] [stdout] 
[INFO] [stderr]      Running tests/bounds.rs (/opt/rustwide/target/release/build/attr-bounds/3bfd3e53081cce9c/out/bounds-3bfd3e53081cce9c)
[INFO] [stdout] 
[INFO] [stdout] running 9 tests
[INFO] [stdout] test fn_bounds ... ok
[INFO] [stdout] test empty_bounds ... ok
[INFO] [stdout] test impl_bounds ... ok
[INFO] [stdout] test struct_bounds ... ok
[INFO] [stdout] test type_bounds ... ok
[INFO] [stdout] test assoc_fn_bounds ... ok
[INFO] [stdout] test trait_bounds ... ok
[INFO] [stdout] test union_bounds ... ok
[INFO] [stdout] test enum_bounds ... ok
[INFO] [stdout] 
[INFO] [stdout] test result: ok. 9 passed; 0 failed; 0 ignored; 0 measured; 0 filtered out; finished in 0.00s
[INFO] [stdout] 
[INFO] [stderr]      Running tests/ui.rs (/opt/rustwide/target/release/build/attr-bounds/9fe8a790b2119184/out/ui-9fe8a790b2119184)
[INFO] [stdout] 
[INFO] [stdout] running 1 test
[INFO] [stderr]    Compiling proc-macro2 v1.0.107
[INFO] [stderr]    Compiling quote v1.0.47
[INFO] [stderr]    Compiling unicode-ident v1.0.27
[INFO] [stderr]     Checking syn v2.0.119
[INFO] [stderr]    Compiling attr-bounds v0.1.0 (/opt/rustwide/workdir)
[INFO] [stderr]     Checking attr-bounds-tests v0.0.0 (/opt/rustwide/target/tests/trybuild/attr-bounds)
[INFO] [stderr]     Finished `dev` profile [unoptimized + debuginfo] target(s) in 5.96s
[INFO] [stderr] 
[INFO] [stderr] 
[INFO] [stderr] test tests/ui/inapplicable_item.rs ... ok
[INFO] [stderr] test tests/ui/syntactically_erroneous_bounds.rs ... ok
[INFO] [stdout] test ui ... FAILED
[INFO] [stdout] 
[INFO] [stdout] failures:
[INFO] [stdout] 
[INFO] [stdout] ---- ui stdout ----
[INFO] [stdout] 
[INFO] [stdout] thread 'ui' (1062) panicked at /opt/rustwide/cargo-home/registry/src/index.crates.io-1949cf8c6b5b557f/trybuild-1.0.122/src/run.rs:103:13:
[INFO] [stdout] 1 of 3 tests failed
[INFO] [stdout] stack backtrace:
[INFO] [stdout]    0:     0x5cd8f8616ba1 - <<std[617be2ca0a6fd877]::sys::backtrace::BacktraceLock>::print::DisplayBacktrace as core[a373ad73a504971]::fmt::Display>::fmt
[INFO] [stdout]    1:     0x5cd8f862ce8a - core[a373ad73a504971]::fmt::write
[INFO] [stdout]    2:     0x5cd8f861b3ec - <alloc[2e1b2a31b91974c5]::vec::Vec<u8> as core[a373ad73a504971]::io::write::Write>::write_fmt
[INFO] [stdout]    3:     0x5cd8f85f0006 - std[617be2ca0a6fd877]::panicking::default_hook::{closure#0}
[INFO] [stdout]    4:     0x5cd8f860e149 - std[617be2ca0a6fd877]::panicking::default_hook
[INFO] [stdout]    5:     0x5cd8f85a7750 - test[aada8e7e76ba119b]::test_main_inner::{closure#0}
[INFO] [stdout]    6:     0x5cd8f860e302 - std[617be2ca0a6fd877]::panicking::panic_with_hook
[INFO] [stdout]    7:     0x5cd8f85f00b2 - std[617be2ca0a6fd877]::panicking::panic_handler::{closure#0}
[INFO] [stdout]    8:     0x5cd8f85e8909 - std[617be2ca0a6fd877]::sys::backtrace::__rust_end_short_backtrace::<std[617be2ca0a6fd877]::panicking::panic_handler::{closure#0}, !>
[INFO] [stdout]    9:     0x5cd8f85f0cbd - __rustc[ea4f61d10b84890b]::rust_begin_unwind
[INFO] [stdout]   10:     0x5cd8f862d5fc - core[a373ad73a504971]::panicking::panic_fmt
[INFO] [stdout]   11:     0x5cd8f84fa67b - <trybuild[4338c63f3696d470]::Runner>::run
[INFO] [stdout]   12:     0x5cd8f84fd8f0 - <trybuild[4338c63f3696d470]::TestCases as core[a373ad73a504971]::ops::drop::Drop>::drop
[INFO] [stdout]   13:     0x5cd8f84f3e78 - ui[7320ce2008084a2]::ui
[INFO] [stdout]   14:     0x5cd8f84f4079 - <ui[7320ce2008084a2]::ui::{closure#0} as core[a373ad73a504971]::ops::function::FnOnce<()>>::call_once
[INFO] [stdout]   15:     0x5cd8f859ab9b - test[aada8e7e76ba119b]::__rust_begin_short_backtrace::<core[a373ad73a504971]::result::Result<(), alloc[2e1b2a31b91974c5]::string::String>, fn() -> core[a373ad73a504971]::result::Result<(), alloc[2e1b2a31b91974c5]::string::String>>
[INFO] [stdout]   16:     0x5cd8f85a7d75 - test[aada8e7e76ba119b]::run_test::{closure#0}
[INFO] [stdout]   17:     0x5cd8f85a1664 - std[617be2ca0a6fd877]::sys::backtrace::__rust_begin_short_backtrace::<test[aada8e7e76ba119b]::run_test::{closure#1}, ()>
[INFO] [stdout]   18:     0x5cd8f85aae02 - <std[617be2ca0a6fd877]::thread::lifecycle::spawn_unchecked<test[aada8e7e76ba119b]::run_test::{closure#1}, ()>::{closure#1} as core[a373ad73a504971]::ops::function::FnOnce<()>>::call_once::{shim:vtable#0}
[INFO] [stdout]   19:     0x5cd8f8615dff - <std[617be2ca0a6fd877]::sys::thread::unix::Thread>::new::thread_start
[INFO] [stdout]   20:     0x763a72dd1dfa - <unknown>
[INFO] [stdout]   21:     0x763a72e653d4 - clone
[INFO] [stdout]   22:                0x0 - <unknown>
[INFO] [stdout] 
[INFO] [stdout] 
[INFO] [stdout] failures:
[INFO] [stdout]     ui
[INFO] [stdout] 
[INFO] [stdout] test result: FAILED. 0 passed; 1 failed; 0 ignored; 0 measured; 0 filtered out; finished in 8.77s
[INFO] [stdout] 
[INFO] [stderr] test tests/ui/unsatisfied_bounds.rs ... mismatch
[INFO] [stderr] 
[INFO] [stderr] EXPECTED:
[INFO] [stderr] ┈┈┈┈┈┈┈┈┈┈┈┈┈┈┈┈┈┈┈┈┈┈┈┈┈┈┈┈┈┈┈┈┈┈┈┈┈┈┈┈┈┈┈┈┈┈┈┈┈┈┈┈┈┈┈┈┈┈┈┈
[INFO] [stderr] error[E0277]: the trait bound `Vec<_>: Copy` is not satisfied
[INFO] [stderr]  --> tests/ui/unsatisfied_bounds.rs:7:20
[INFO] [stderr]   |
[INFO] [stderr] 7 |     let _foo = Foo(Vec::new());
[INFO] [stderr]   |                --- ^^^^^^^^^^ the trait `Copy` is not implemented for `Vec<_>`
[INFO] [stderr]   |                |
[INFO] [stderr]   |                required by a bound introduced by this call
[INFO] [stderr]   |
[INFO] [stderr] note: required by a bound in `Foo`
[INFO] [stderr]  --> tests/ui/unsatisfied_bounds.rs:3:13
[INFO] [stderr]   |
[INFO] [stderr] 3 | #[bounds(T: Copy)]
[INFO] [stderr]   |             ^^^^ required by this bound in `Foo`
[INFO] [stderr] 4 | struct Foo<T>(T);
[INFO] [stderr]   |        --- required by a bound in this tuple struct
[INFO] [stderr] 
[INFO] [stderr] error[E0277]: the trait bound `Vec<_>: Copy` is not satisfied
[INFO] [stderr]  --> tests/ui/unsatisfied_bounds.rs:7:16
[INFO] [stderr]   |
[INFO] [stderr] 7 |     let _foo = Foo(Vec::new());
[INFO] [stderr]   |                ^^^^^^^^^^^^^^^ the trait `Copy` is not implemented for `Vec<_>`
[INFO] [stderr]   |
[INFO] [stderr] note: required by a bound in `Foo`
[INFO] [stderr]  --> tests/ui/unsatisfied_bounds.rs:3:13
[INFO] [stderr]   |
[INFO] [stderr] 3 | #[bounds(T: Copy)]
[INFO] [stderr]   |             ^^^^ required by this bound in `Foo`
[INFO] [stderr] 4 | struct Foo<T>(T);
[INFO] [stderr]   |        --- required by a bound in this struct
[INFO] [stderr] ┈┈┈┈┈┈┈┈┈┈┈┈┈┈┈┈┈┈┈┈┈┈┈┈┈┈┈┈┈┈┈┈┈┈┈┈┈┈┈┈┈┈┈┈┈┈┈┈┈┈┈┈┈┈┈┈┈┈┈┈
[INFO] [stderr] 
[INFO] [stderr] ACTUAL OUTPUT:
[INFO] [stderr] ┈┈┈┈┈┈┈┈┈┈┈┈┈┈┈┈┈┈┈┈┈┈┈┈┈┈┈┈┈┈┈┈┈┈┈┈┈┈┈┈┈┈┈┈┈┈┈┈┈┈┈┈┈┈┈┈┈┈┈┈
[INFO] [stderr] error[E0277]: the trait bound `Vec<_>: Copy` is not satisfied
[INFO] [stderr]  --> tests/ui/unsatisfied_bounds.rs:7:20
[INFO] [stderr]   |
[INFO] [stderr] 7 |     let _foo = Foo(Vec::new());
[INFO] [stderr]   |                --- ^^^^^^^^^^ the trait `Copy` is not implemented for `Vec<_>`
[INFO] [stderr]   |                |
[INFO] [stderr]   |                required by a bound introduced by this call
[INFO] [stderr]   |
[INFO] [stderr] note: required by a bound in `Foo`
[INFO] [stderr]  --> tests/ui/unsatisfied_bounds.rs:3:13
[INFO] [stderr]   |
[INFO] [stderr] 3 | #[bounds(T: Copy)]
[INFO] [stderr]   |             ^^^^ required by this bound in `Foo`
[INFO] [stderr] 4 | struct Foo<T>(T);
[INFO] [stderr]   |
[INFO] [stderr] 
[INFO] [stderr] error[E0277]: the trait bound `Vec<_>: Copy` is not satisfied
[INFO] [stderr]  --> tests/ui/unsatisfied_bounds.rs:7:16
[INFO] [stderr]   |
[INFO] [stderr] 7 |     let _foo = Foo(Vec::new());
[INFO] [stderr]   |                ^^^^^^^^^^^^^^^ the trait `Copy` is not implemented for `Vec<_>`
[INFO] [stderr]   |
[INFO] [stderr] note: required by a bound in `Foo`
[INFO] [stderr]  --> tests/ui/unsatisfied_bounds.rs:3:13
[INFO] [stderr]   |
[INFO] [stderr] 3 | #[bounds(T: Copy)]
[INFO] [stderr]   |             ^^^^ required by this bound in `Foo`
[INFO] [stderr] 4 | struct Foo<T>(T);
[INFO] [stderr]   |
[INFO] [stderr] ┈┈┈┈┈┈┈┈┈┈┈┈┈┈┈┈┈┈┈┈┈┈┈┈┈┈┈┈┈┈┈┈┈┈┈┈┈┈┈┈┈┈┈┈┈┈┈┈┈┈┈┈┈┈┈┈┈┈┈┈
[INFO] [stderr] note: If the actual output is the correct output you can bless it by rerunning
[INFO] [stderr]       your test with the environment variable TRYBUILD=overwrite
[INFO] [stderr] 
[INFO] [stderr] 
[INFO] [stderr] 
[INFO] [stderr] error: test failed, to rerun pass `--test ui`
[INFO] running `Command { std: "docker" "inspect" "b1bec394b70855b4e7c6d6f45daab2ccd8d23efcb63859f2b4bd43879a460dee", kill_on_drop: false }`
[INFO] running `Command { std: "docker" "rm" "-f" "b1bec394b70855b4e7c6d6f45daab2ccd8d23efcb63859f2b4bd43879a460dee", kill_on_drop: false }`
[INFO] [stdout] b1bec394b70855b4e7c6d6f45daab2ccd8d23efcb63859f2b4bd43879a460dee
