[INFO] fetching crate asciibar 0.1.3...
[INFO] testing asciibar-0.1.3 against 1.100.0-beta.1+cargoflags=--release for beta-release-1.100-3
[INFO] extracting crate asciibar 0.1.3 into /workspace/builds/worker-7-tc2/source
[INFO] started tweaking crates.io crate asciibar 0.1.3
[INFO] finished tweaking crates.io crate asciibar 0.1.3
[INFO] tweaked toml for crates.io crate asciibar 0.1.3 written to /workspace/builds/worker-7-tc2/source/Cargo.toml
[INFO] validating manifest of crates.io crate asciibar 0.1.3 on toolchain 1.100.0-beta.1
[INFO] running `Command { std: CARGO_HOME="/workspace/cargo-home" RUSTUP_HOME="/workspace/rustup-home" "/workspace/cargo-home/bin/cargo" "+1.100.0-beta.1" "metadata" "--manifest-path" "Cargo.toml" "--no-deps", kill_on_drop: false }`
[INFO] crate crates.io crate asciibar 0.1.3 already has a lockfile, it will not be regenerated
[INFO] running `Command { std: CARGO_HOME="/workspace/cargo-home" RUSTUP_HOME="/workspace/rustup-home" "/workspace/cargo-home/bin/cargo" "+1.100.0-beta.1" "fetch" "--manifest-path" "Cargo.toml", kill_on_drop: false }`
[INFO] [stderr] warning: `package.homepage` is redundant with `package.repository`
[INFO] [stderr]   --> Cargo.toml:17:12
[INFO] [stderr]    |
[INFO] [stderr] 17 | homepage = "https://github.com/fritzrehde/asciibar"
[INFO] [stderr]    |            ^^^^^^^^^^^^^^^^^^^^^^^^^^^^^^^^^^^^^^^^
[INFO] [stderr] ...
[INFO] [stderr] 21 | repository = "https://github.com/fritzrehde/asciibar"
[INFO] [stderr]    |              ----------------------------------------
[INFO] [stderr]    |
[INFO] [stderr]    = note: `cargo::redundant_homepage` is set to `warn` by default
[INFO] [stderr] help: consider removing `package.homepage`
[INFO] [stderr] warning: `asciibar` (manifest) generated 1 warning
[INFO] running `Command { std: "docker" "create" "-v" "/var/lib/crater-agent-workspace/builds/worker-7-tc2/source:/opt/rustwide/workdir:ro,Z" "-v" "/var/lib/crater-agent-workspace/builds/worker-7-tc2/target:/opt/rustwide/target:rw,Z" "-v" "/var/lib/crater-agent-workspace/cargo-home:/opt/rustwide/cargo-home:ro,Z" "-v" "/var/lib/crater-agent-workspace/rustup-home:/opt/rustwide/rustup-home:ro,Z" "-m" "1610612736" "--network" "none" "ghcr.io/rust-lang/crates-build-env/linux@sha256:77db811e55d90add9212f6832c23229e3de5f1c1f9905e8cb07319ea15df73ac" "sleep" "infinity", kill_on_drop: false }`
[INFO] [stdout] 46045e0b0af24780cf4e4363ce9ea0ba3956f06d35c91924d813a7a5b87c9741
[INFO] running `Command { std: "docker" "start" "46045e0b0af24780cf4e4363ce9ea0ba3956f06d35c91924d813a7a5b87c9741", kill_on_drop: false }`
[INFO] running `Command { std: "docker" "inspect" "46045e0b0af24780cf4e4363ce9ea0ba3956f06d35c91924d813a7a5b87c9741", kill_on_drop: false }`
[INFO] running `Command { std: "docker" "exec" "-e" "SOURCE_DIR=/opt/rustwide/workdir" "-e" "CARGO_HOME=/opt/rustwide/cargo-home" "-e" "RUSTUP_HOME=/opt/rustwide/rustup-home" "-e" "CARGO_TARGET_DIR=/opt/rustwide/target" "-w" "/opt/rustwide/workdir" "--user" "0:0" "46045e0b0af24780cf4e4363ce9ea0ba3956f06d35c91924d813a7a5b87c9741" "/opt/rustwide/cargo-home/bin/cargo" "+1.100.0-beta.1" "metadata" "--no-deps" "--format-version=1", kill_on_drop: false }`
[INFO] running `Command { std: "docker" "inspect" "46045e0b0af24780cf4e4363ce9ea0ba3956f06d35c91924d813a7a5b87c9741", kill_on_drop: false }`
[INFO] running `Command { std: "docker" "exec" "-e" "SOURCE_DIR=/opt/rustwide/workdir" "-e" "CARGO_HOME=/opt/rustwide/cargo-home" "-e" "RUSTUP_HOME=/opt/rustwide/rustup-home" "-e" "CARGO_TARGET_DIR=/opt/rustwide/target" "-e" "CARGO_INCREMENTAL=0" "-e" "RUST_BACKTRACE=full" "-e" "RUSTFLAGS=--cap-lints=warn" "-e" "RUSTDOCFLAGS=--cap-lints=warn" "-w" "/opt/rustwide/workdir" "--user" "0:0" "46045e0b0af24780cf4e4363ce9ea0ba3956f06d35c91924d813a7a5b87c9741" "/opt/rustwide/cargo-home/bin/cargo" "+1.100.0-beta.1" "build" "--frozen" "--message-format=json" "--release", kill_on_drop: false }`
[INFO] [stderr] warning: `package.homepage` is redundant with `package.repository`
[INFO] [stderr]   --> Cargo.toml:17:12
[INFO] [stderr]    |
[INFO] [stderr] 17 | homepage = "https://github.com/fritzrehde/asciibar"
[INFO] [stderr]    |            ^^^^^^^^^^^^^^^^^^^^^^^^^^^^^^^^^^^^^^^^
[INFO] [stderr] ...
[INFO] [stderr] 21 | repository = "https://github.com/fritzrehde/asciibar"
[INFO] [stderr]    |              ----------------------------------------
[INFO] [stderr]    |
[INFO] [stderr]    = note: `cargo::redundant_homepage` is set to `warn` by default
[INFO] [stderr] help: consider removing `package.homepage`
[INFO] [stderr] warning: `asciibar` (manifest) generated 1 warning
[INFO] [stderr]    Compiling proc-macro2 v1.0.69
[INFO] [stderr]    Compiling rustix v0.38.28
[INFO] [stderr]    Compiling unicode-ident v1.0.12
[INFO] [stderr]    Compiling bitflags v2.4.1
[INFO] [stderr]    Compiling linux-raw-sys v0.4.12
[INFO] [stderr]    Compiling anstyle v1.0.4
[INFO] [stderr]    Compiling clap_lex v0.6.0
[INFO] [stderr]    Compiling anstyle-parse v0.2.2
[INFO] [stderr]    Compiling anstream v0.6.4
[INFO] [stderr]    Compiling quote v1.0.33
[INFO] [stderr]    Compiling syn v2.0.38
[INFO] [stderr]    Compiling terminal_size v0.3.0
[INFO] [stderr]    Compiling clap_builder v4.4.7
[INFO] [stderr]    Compiling clap_derive v4.4.7
[INFO] [stderr]    Compiling clap v4.4.7
[INFO] [stderr]    Compiling asciibar v0.1.3 (/opt/rustwide/workdir)
[INFO] [stderr]     Finished `release` profile [optimized] target(s) in 8.75s
[INFO] running `Command { std: "docker" "inspect" "46045e0b0af24780cf4e4363ce9ea0ba3956f06d35c91924d813a7a5b87c9741", kill_on_drop: false }`
[INFO] running `Command { std: "docker" "exec" "-e" "SOURCE_DIR=/opt/rustwide/workdir" "-e" "CARGO_HOME=/opt/rustwide/cargo-home" "-e" "RUSTUP_HOME=/opt/rustwide/rustup-home" "-e" "CARGO_TARGET_DIR=/opt/rustwide/target" "-e" "CARGO_INCREMENTAL=0" "-e" "RUST_BACKTRACE=full" "-e" "RUSTFLAGS=--cap-lints=warn" "-e" "RUSTDOCFLAGS=--cap-lints=warn" "-w" "/opt/rustwide/workdir" "--user" "0:0" "46045e0b0af24780cf4e4363ce9ea0ba3956f06d35c91924d813a7a5b87c9741" "/opt/rustwide/cargo-home/bin/cargo" "+1.100.0-beta.1" "test" "--frozen" "--no-run" "--message-format=json" "--release", kill_on_drop: false }`
[INFO] [stderr] warning: `package.homepage` is redundant with `package.repository`
[INFO] [stderr]   --> Cargo.toml:17:12
[INFO] [stderr]    |
[INFO] [stderr] 17 | homepage = "https://github.com/fritzrehde/asciibar"
[INFO] [stderr]    |            ^^^^^^^^^^^^^^^^^^^^^^^^^^^^^^^^^^^^^^^^
[INFO] [stderr] ...
[INFO] [stderr] 21 | repository = "https://github.com/fritzrehde/asciibar"
[INFO] [stderr]    |              ----------------------------------------
[INFO] [stderr]    |
[INFO] [stderr]    = note: `cargo::redundant_homepage` is set to `warn` by default
[INFO] [stderr] help: consider removing `package.homepage`
[INFO] [stderr] warning: `asciibar` (manifest) generated 1 warning
[INFO] [stderr]    Compiling normalize-line-endings v0.3.0
[INFO] [stderr]    Compiling similar v2.3.0
[INFO] [stderr]    Compiling snapbox-macros v0.3.6
[INFO] [stderr]    Compiling snapbox v0.4.14
[INFO] [stderr]    Compiling asciibar v0.1.3 (/opt/rustwide/workdir)
[INFO] [stderr]     Finished `release` profile [optimized] target(s) in 3.16s
[INFO] running `Command { std: "docker" "inspect" "46045e0b0af24780cf4e4363ce9ea0ba3956f06d35c91924d813a7a5b87c9741", kill_on_drop: false }`
[INFO] running `Command { std: "docker" "exec" "-e" "SOURCE_DIR=/opt/rustwide/workdir" "-e" "CARGO_HOME=/opt/rustwide/cargo-home" "-e" "RUSTUP_HOME=/opt/rustwide/rustup-home" "-e" "CARGO_TARGET_DIR=/opt/rustwide/target" "-e" "CARGO_INCREMENTAL=0" "-e" "RUST_BACKTRACE=full" "-e" "RUSTFLAGS=--cap-lints=warn" "-e" "RUSTDOCFLAGS=--cap-lints=warn" "-w" "/opt/rustwide/workdir" "--user" "0:0" "46045e0b0af24780cf4e4363ce9ea0ba3956f06d35c91924d813a7a5b87c9741" "/opt/rustwide/cargo-home/bin/cargo" "+1.100.0-beta.1" "test" "--frozen" "--release", kill_on_drop: false }`
[INFO] [stderr] warning: `package.homepage` is redundant with `package.repository`
[INFO] [stderr]   --> Cargo.toml:17:12
[INFO] [stderr]    |
[INFO] [stderr] 17 | homepage = "https://github.com/fritzrehde/asciibar"
[INFO] [stderr]    |            ^^^^^^^^^^^^^^^^^^^^^^^^^^^^^^^^^^^^^^^^
[INFO] [stderr] ...
[INFO] [stderr] 21 | repository = "https://github.com/fritzrehde/asciibar"
[INFO] [stderr]    |              ----------------------------------------
[INFO] [stderr]    |
[INFO] [stderr]    = note: `cargo::redundant_homepage` is set to `warn` by default
[INFO] [stderr] help: consider removing `package.homepage`
[INFO] [stderr] warning: `asciibar` (manifest) generated 1 warning
[INFO] [stderr]     Finished `release` profile [optimized] target(s) in 0.04s
[INFO] [stderr]      Running unittests src/main.rs (/opt/rustwide/target/release/build/asciibar/5877aa11f08e335b/out/asciibar-5877aa11f08e335b)
[INFO] [stdout] 
[INFO] [stdout] running 0 tests
[INFO] [stderr]      Running tests/tests.rs (/opt/rustwide/target/release/build/asciibar/e174d090f81aba89/out/tests-e174d090f81aba89)
[INFO] [stdout] 
[INFO] [stdout] test result: ok. 0 passed; 0 failed; 0 ignored; 0 measured; 0 filtered out; finished in 0.00s
[INFO] [stdout] 
[INFO] [stdout] 
[INFO] [stdout] running 13 tests
[INFO] [stdout] test test_negative_min_max ... FAILED
[INFO] [stdout] test test_custom_half_filled ... FAILED
[INFO] [stdout] test test_border ... FAILED
[INFO] [stdout] test test_length ... FAILED
[INFO] [stdout] test test_negative_percentage ... FAILED
[INFO] [stdout] test test_default ... FAILED
[INFO] [stdout] test test_newline ... FAILED
[INFO] [stdout] test test_only_min_or_max ... FAILED
[INFO] [stdout] test test_custom ... FAILED
[INFO] [stdout] test test_no_arguments ... FAILED
[INFO] [stdout] test test_custom_without_half_filled ... FAILED
[INFO] [stdout] test test_out_of_min_max_range_percentage ... FAILED
[INFO] [stdout] test test_out_of_default_range_percentage ... FAILED
[INFO] [stdout] 
[INFO] [stdout] failures:
[INFO] [stdout] 
[INFO] [stdout] ---- test_negative_min_max stdout ----
[INFO] [stdout] 
[INFO] [stdout] thread 'test_negative_min_max' (558) panicked at tests/tests.rs:8:10:
[INFO] [stdout] Failed to spawn: No such file or directory (os error 2)
[INFO] [stdout] stack backtrace:
[INFO] [stdout]    0:     0x5cca0f0bc081 - <<std[617be2ca0a6fd877]::sys::backtrace::BacktraceLock>::print::DisplayBacktrace as core[a373ad73a504971]::fmt::Display>::fmt
[INFO] [stdout]    1:     0x5cca0f0d0bda - core[a373ad73a504971]::fmt::write
[INFO] [stdout]    2:     0x5cca0f0c0ccc - <alloc[2e1b2a31b91974c5]::vec::Vec<u8> as core[a373ad73a504971]::io::write::Write>::write_fmt
[INFO] [stdout]    3:     0x5cca0f097f66 - std[617be2ca0a6fd877]::panicking::default_hook::{closure#0}
[INFO] [stdout]    4:     0x5cca0f0b4719 - std[617be2ca0a6fd877]::panicking::default_hook
[INFO] [stdout]    5:     0x5cca0f023c60 - test[aada8e7e76ba119b]::test_main_inner::{closure#0}
[INFO] [stdout]    6:     0x5cca0f0b48d2 - std[617be2ca0a6fd877]::panicking::panic_with_hook
[INFO] [stdout]    7:     0x5cca0f098012 - std[617be2ca0a6fd877]::panicking::panic_handler::{closure#0}
[INFO] [stdout]    8:     0x5cca0f090d29 - std[617be2ca0a6fd877]::sys::backtrace::__rust_end_short_backtrace::<std[617be2ca0a6fd877]::panicking::panic_handler::{closure#0}, !>
[INFO] [stdout]    9:     0x5cca0f098c1d - __rustc[ea4f61d10b84890b]::rust_begin_unwind
[INFO] [stdout]   10:     0x5cca0f0d130c - core[a373ad73a504971]::panicking::panic_fmt
[INFO] [stdout]   11:     0x5cca0f059cb9 - <snapbox[e64a8469ac87ff65]::cmd::Command>::assert
[INFO] [stdout]   12:     0x5cca0f015df6 - tests[9ebc6f87d96278cd]::command
[INFO] [stdout]   13:     0x5cca0f016979 - <tests[9ebc6f87d96278cd]::test_negative_min_max::{closure#0} as core[a373ad73a504971]::ops::function::FnOnce<()>>::call_once
[INFO] [stdout]   14:     0x5cca0f0170ab - test[aada8e7e76ba119b]::__rust_begin_short_backtrace::<core[a373ad73a504971]::result::Result<(), alloc[2e1b2a31b91974c5]::string::String>, fn() -> core[a373ad73a504971]::result::Result<(), alloc[2e1b2a31b91974c5]::string::String>>
[INFO] [stdout]   15:     0x5cca0f024285 - test[aada8e7e76ba119b]::run_test::{closure#0}
[INFO] [stdout]   16:     0x5cca0f01db74 - std[617be2ca0a6fd877]::sys::backtrace::__rust_begin_short_backtrace::<test[aada8e7e76ba119b]::run_test::{closure#1}, ()>
[INFO] [stdout]   17:     0x5cca0f027312 - <std[617be2ca0a6fd877]::thread::lifecycle::spawn_unchecked<test[aada8e7e76ba119b]::run_test::{closure#1}, ()>::{closure#1} as core[a373ad73a504971]::ops::function::FnOnce<()>>::call_once::{shim:vtable#0}
[INFO] [stdout]   18:     0x5cca0f0bb8df - <std[617be2ca0a6fd877]::sys::thread::unix::Thread>::new::thread_start
[INFO] [stdout]   19:     0x705838b3ddfa - <unknown>
[INFO] [stdout]   20:     0x705838bd13d4 - clone
[INFO] [stdout]   21:                0x0 - <unknown>
[INFO] [stdout] 
[INFO] [stdout] ---- test_custom_half_filled stdout ----
[INFO] [stdout] 
[INFO] [stdout] thread 'test_custom_half_filled' (554) panicked at tests/tests.rs:8:10:
[INFO] [stdout] Failed to spawn: No such file or directory (os error 2)
[INFO] [stdout] stack backtrace:
[INFO] [stdout]    0:     0x5cca0f0bc081 - <<std[617be2ca0a6fd877]::sys::backtrace::BacktraceLock>::print::DisplayBacktrace as core[a373ad73a504971]::fmt::Display>::fmt
[INFO] [stdout]    1:     0x5cca0f0d0bda - core[a373ad73a504971]::fmt::write
[INFO] [stdout]    2:     0x5cca0f0c0ccc - <alloc[2e1b2a31b91974c5]::vec::Vec<u8> as core[a373ad73a504971]::io::write::Write>::write_fmt
[INFO] [stdout]    3:     0x5cca0f097f66 - std[617be2ca0a6fd877]::panicking::default_hook::{closure#0}
[INFO] [stdout]    4:     0x5cca0f0b4719 - std[617be2ca0a6fd877]::panicking::default_hook
[INFO] [stdout]    5:     0x5cca0f023c60 - test[aada8e7e76ba119b]::test_main_inner::{closure#0}
[INFO] [stdout]    6:     0x5cca0f0b48d2 - std[617be2ca0a6fd877]::panicking::panic_with_hook
[INFO] [stdout]    7:     0x5cca0f098012 - std[617be2ca0a6fd877]::panicking::panic_handler::{closure#0}
[INFO] [stdout]    8:     0x5cca0f090d29 - std[617be2ca0a6fd877]::sys::backtrace::__rust_end_short_backtrace::<std[617be2ca0a6fd877]::panicking::panic_handler::{closure#0}, !>
[INFO] [stdout]    9:     0x5cca0f098c1d - __rustc[ea4f61d10b84890b]::rust_begin_unwind
[INFO] [stdout]   10:     0x5cca0f0d130c - core[a373ad73a504971]::panicking::panic_fmt
[INFO] [stdout]   11:     0x5cca0f059cb9 - <snapbox[e64a8469ac87ff65]::cmd::Command>::assert
[INFO] [stdout]   12:     0x5cca0f015df6 - tests[9ebc6f87d96278cd]::command
[INFO] [stdout]   13:     0x5cca0f016ab6 - <tests[9ebc6f87d96278cd]::test_custom_half_filled::{closure#0} as core[a373ad73a504971]::ops::function::FnOnce<()>>::call_once
[INFO] [stdout]   14:     0x5cca0f0170ab - test[aada8e7e76ba119b]::__rust_begin_short_backtrace::<core[a373ad73a504971]::result::Result<(), alloc[2e1b2a31b91974c5]::string::String>, fn() -> core[a373ad73a504971]::result::Result<(), alloc[2e1b2a31b91974c5]::string::String>>
[INFO] [stdout]   15:     0x5cca0f024285 - test[aada8e7e76ba119b]::run_test::{closure#0}
[INFO] [stdout]   16:     0x5cca0f01db74 - std[617be2ca0a6fd877]::sys::backtrace::__rust_begin_short_backtrace::<test[aada8e7e76ba119b]::run_test::{closure#1}, ()>
[INFO] [stdout]   17:     0x5cca0f027312 - <std[617be2ca0a6fd877]::thread::lifecycle::spawn_unchecked<test[aada8e7e76ba119b]::run_test::{closure#1}, ()>::{closure#1} as core[a373ad73a504971]::ops::function::FnOnce<()>>::call_once::{shim:vtable#0}
[INFO] [stdout]   18:     0x5cca0f0bb8df - <std[617be2ca0a6fd877]::sys::thread::unix::Thread>::new::thread_start
[INFO] [stdout]   19:     0x705838b3ddfa - <unknown>
[INFO] [stdout]   20:     0x705838bd13d4 - clone
[INFO] [stdout]   21:                0x0 - <unknown>
[INFO] [stdout] 
[INFO] [stdout] ---- test_border stdout ----
[INFO] [stdout] 
[INFO] [stdout] thread 'test_border' (552) panicked at tests/tests.rs:8:10:
[INFO] [stdout] Failed to spawn: No such file or directory (os error 2)
[INFO] [stdout] stack backtrace:
[INFO] [stdout]    0:     0x5cca0f0bc081 - <<std[617be2ca0a6fd877]::sys::backtrace::BacktraceLock>::print::DisplayBacktrace as core[a373ad73a504971]::fmt::Display>::fmt
[INFO] [stdout]    1:     0x5cca0f0d0bda - core[a373ad73a504971]::fmt::write
[INFO] [stdout]    2:     0x5cca0f0c0ccc - <alloc[2e1b2a31b91974c5]::vec::Vec<u8> as core[a373ad73a504971]::io::write::Write>::write_fmt
[INFO] [stdout]    3:     0x5cca0f097f66 - std[617be2ca0a6fd877]::panicking::default_hook::{closure#0}
[INFO] [stdout]    4:     0x5cca0f0b4719 - std[617be2ca0a6fd877]::panicking::default_hook
[INFO] [stdout]    5:     0x5cca0f023c60 - test[aada8e7e76ba119b]::test_main_inner::{closure#0}
[INFO] [stdout]    6:     0x5cca0f0b48d2 - std[617be2ca0a6fd877]::panicking::panic_with_hook
[INFO] [stdout]    7:     0x5cca0f098012 - std[617be2ca0a6fd877]::panicking::panic_handler::{closure#0}
[INFO] [stdout]    8:     0x5cca0f090d29 - std[617be2ca0a6fd877]::sys::backtrace::__rust_end_short_backtrace::<std[617be2ca0a6fd877]::panicking::panic_handler::{closure#0}, !>
[INFO] [stdout]    9:     0x5cca0f098c1d - __rustc[ea4f61d10b84890b]::rust_begin_unwind
[INFO] [stdout]   10:     0x5cca0f0d130c - core[a373ad73a504971]::panicking::panic_fmt
[INFO] [stdout]   11:     0x5cca0f059cb9 - <snapbox[e64a8469ac87ff65]::cmd::Command>::assert
[INFO] [stdout]   12:     0x5cca0f015df6 - tests[9ebc6f87d96278cd]::command
[INFO] [stdout]   13:     0x5cca0f016236 - <tests[9ebc6f87d96278cd]::test_border::{closure#0} as core[a373ad73a504971]::ops::function::FnOnce<()>>::call_once
[INFO] [stdout]   14:     0x5cca0f0170ab - test[aada8e7e76ba119b]::__rust_begin_short_backtrace::<core[a373ad73a504971]::result::Result<(), alloc[2e1b2a31b91974c5]::string::String>, fn() -> core[a373ad73a504971]::result::Result<(), alloc[2e1b2a31b91974c5]::string::String>>
[INFO] [stdout]   15:     0x5cca0f024285 - test[aada8e7e76ba119b]::run_test::{closure#0}
[INFO] [stdout]   16:     0x5cca0f01db74 - std[617be2ca0a6fd877]::sys::backtrace::__rust_begin_short_backtrace::<test[aada8e7e76ba119b]::run_test::{closure#1}, ()>
[INFO] [stdout]   17:     0x5cca0f027312 - <std[617be2ca0a6fd877]::thread::lifecycle::spawn_unchecked<test[aada8e7e76ba119b]::run_test::{closure#1}, ()>::{closure#1} as core[a373ad73a504971]::ops::function::FnOnce<()>>::call_once::{shim:vtable#0}
[INFO] [stdout]   18:     0x5cca0f0bb8df - <std[617be2ca0a6fd877]::sys::thread::unix::Thread>::new::thread_start
[INFO] [stdout]   19:     0x705838b3ddfa - <unknown>
[INFO] [stdout]   20:     0x705838bd13d4 - clone
[INFO] [stdout]   21:                0x0 - <unknown>
[INFO] [stdout] 
[INFO] [stdout] ---- test_length stdout ----
[INFO] [stdout] 
[INFO] [stdout] thread 'test_length' (557) panicked at tests/tests.rs:8:10:
[INFO] [stdout] Failed to spawn: No such file or directory (os error 2)
[INFO] [stdout] stack backtrace:
[INFO] [stdout]    0:     0x5cca0f0bc081 - <<std[617be2ca0a6fd877]::sys::backtrace::BacktraceLock>::print::DisplayBacktrace as core[a373ad73a504971]::fmt::Display>::fmt
[INFO] [stdout]    1:     0x5cca0f0d0bda - core[a373ad73a504971]::fmt::write
[INFO] [stdout]    2:     0x5cca0f0c0ccc - <alloc[2e1b2a31b91974c5]::vec::Vec<u8> as core[a373ad73a504971]::io::write::Write>::write_fmt
[INFO] [stdout]    3:     0x5cca0f097f66 - std[617be2ca0a6fd877]::panicking::default_hook::{closure#0}
[INFO] [stdout]    4:     0x5cca0f0b4719 - std[617be2ca0a6fd877]::panicking::default_hook
[INFO] [stdout]    5:     0x5cca0f023c60 - test[aada8e7e76ba119b]::test_main_inner::{closure#0}
[INFO] [stdout]    6:     0x5cca0f0b48d2 - std[617be2ca0a6fd877]::panicking::panic_with_hook
[INFO] [stdout]    7:     0x5cca0f098012 - std[617be2ca0a6fd877]::panicking::panic_handler::{closure#0}
[INFO] [stdout]    8:     0x5cca0f090d29 - std[617be2ca0a6fd877]::sys::backtrace::__rust_end_short_backtrace::<std[617be2ca0a6fd877]::panicking::panic_handler::{closure#0}, !>
[INFO] [stdout]    9:     0x5cca0f098c1d - __rustc[ea4f61d10b84890b]::rust_begin_unwind
[INFO] [stdout]   10:     0x5cca0f0d130c - core[a373ad73a504971]::panicking::panic_fmt
[INFO] [stdout]   11:     0x5cca0f059cb9 - <snapbox[e64a8469ac87ff65]::cmd::Command>::assert
[INFO] [stdout]   12:     0x5cca0f015df6 - tests[9ebc6f87d96278cd]::command
[INFO] [stdout]   13:     0x5cca0f016431 - <tests[9ebc6f87d96278cd]::test_length::{closure#0} as core[a373ad73a504971]::ops::function::FnOnce<()>>::call_once
[INFO] [stdout]   14:     0x5cca0f0170ab - test[aada8e7e76ba119b]::__rust_begin_short_backtrace::<core[a373ad73a504971]::result::Result<(), alloc[2e1b2a31b91974c5]::string::String>, fn() -> core[a373ad73a504971]::result::Result<(), alloc[2e1b2a31b91974c5]::string::String>>
[INFO] [stdout]   15:     0x5cca0f024285 - test[aada8e7e76ba119b]::run_test::{closure#0}
[INFO] [stdout]   16:     0x5cca0f01db74 - std[617be2ca0a6fd877]::sys::backtrace::__rust_begin_short_backtrace::<test[aada8e7e76ba119b]::run_test::{closure#1}, ()>
[INFO] [stdout]   17:     0x5cca0f027312 - <std[617be2ca0a6fd877]::thread::lifecycle::spawn_unchecked<test[aada8e7e76ba119b]::run_test::{closure#1}, ()>::{closure#1} as core[a373ad73a504971]::ops::function::FnOnce<()>>::call_once::{shim:vtable#0}
[INFO] [stdout]   18:     0x5cca0f0bb8df - <std[617be2ca0a6fd877]::sys::thread::unix::Thread>::new::thread_start
[INFO] [stdout]   19:     0x705838b3ddfa - <unknown>
[INFO] [stdout]   20:     0x705838bd13d4 - clone
[INFO] [stdout]   21:                0x0 - <unknown>
[INFO] [stdout] 
[INFO] [stdout] ---- test_negative_percentage stdout ----
[INFO] [stdout] 
[INFO] [stdout] thread 'test_negative_percentage' (559) panicked at tests/tests.rs:8:10:
[INFO] [stdout] Failed to spawn: No such file or directory (os error 2)
[INFO] [stdout] stack backtrace:
[INFO] [stdout]    0:     0x5cca0f0bc081 - <<std[617be2ca0a6fd877]::sys::backtrace::BacktraceLock>::print::DisplayBacktrace as core[a373ad73a504971]::fmt::Display>::fmt
[INFO] [stdout]    1:     0x5cca0f0d0bda - core[a373ad73a504971]::fmt::write
[INFO] [stdout]    2:     0x5cca0f0c0ccc - <alloc[2e1b2a31b91974c5]::vec::Vec<u8> as core[a373ad73a504971]::io::write::Write>::write_fmt
[INFO] [stdout]    3:     0x5cca0f097f66 - std[617be2ca0a6fd877]::panicking::default_hook::{closure#0}
[INFO] [stdout]    4:     0x5cca0f0b4719 - std[617be2ca0a6fd877]::panicking::default_hook
[INFO] [stdout]    5:     0x5cca0f023c60 - test[aada8e7e76ba119b]::test_main_inner::{closure#0}
[INFO] [stdout]    6:     0x5cca0f0b48d2 - std[617be2ca0a6fd877]::panicking::panic_with_hook
[INFO] [stdout]    7:     0x5cca0f098012 - std[617be2ca0a6fd877]::panicking::panic_handler::{closure#0}
[INFO] [stdout]    8:     0x5cca0f090d29 - std[617be2ca0a6fd877]::sys::backtrace::__rust_end_short_backtrace::<std[617be2ca0a6fd877]::panicking::panic_handler::{closure#0}, !>
[INFO] [stdout]    9:     0x5cca0f098c1d - __rustc[ea4f61d10b84890b]::rust_begin_unwind
[INFO] [stdout]   10:     0x5cca0f0d130c - core[a373ad73a504971]::panicking::panic_fmt
[INFO] [stdout]   11:     0x5cca0f059cb9 - <snapbox[e64a8469ac87ff65]::cmd::Command>::assert
[INFO] [stdout]   12:     0x5cca0f015df6 - tests[9ebc6f87d96278cd]::command
[INFO] [stdout]   13:     0x5cca0f016bb9 - <tests[9ebc6f87d96278cd]::test_negative_percentage::{closure#0} as core[a373ad73a504971]::ops::function::FnOnce<()>>::call_once
[INFO] [stdout]   14:     0x5cca0f0170ab - test[aada8e7e76ba119b]::__rust_begin_short_backtrace::<core[a373ad73a504971]::result::Result<(), alloc[2e1b2a31b91974c5]::string::String>, fn() -> core[a373ad73a504971]::result::Result<(), alloc[2e1b2a31b91974c5]::string::String>>
[INFO] [stdout]   15:     0x5cca0f024285 - test[aada8e7e76ba119b]::run_test::{closure#0}
[INFO] [stdout]   16:     0x5cca0f01db74 - std[617be2ca0a6fd877]::sys::backtrace::__rust_begin_short_backtrace::<test[aada8e7e76ba119b]::run_test::{closure#1}, ()>
[INFO] [stdout]   17:     0x5cca0f027312 - <std[617be2ca0a6fd877]::thread::lifecycle::spawn_unchecked<test[aada8e7e76ba119b]::run_test::{closure#1}, ()>::{closure#1} as core[a373ad73a504971]::ops::function::FnOnce<()>>::call_once::{shim:vtable#0}
[INFO] [stdout]   18:     0x5cca0f0bb8df - <std[617be2ca0a6fd877]::sys::thread::unix::Thread>::new::thread_start
[INFO] [stdout]   19:     0x705838b3ddfa - <unknown>
[INFO] [stdout]   20:     0x705838bd13d4 - clone
[INFO] [stdout]   21:                0x0 - <unknown>
[INFO] [stdout] 
[INFO] [stdout] ---- test_default stdout ----
[INFO] [stdout] 
[INFO] [stdout] thread 'test_default' (556) panicked at tests/tests.rs:8:10:
[INFO] [stdout] Failed to spawn: No such file or directory (os error 2)
[INFO] [stdout] stack backtrace:
[INFO] [stdout]    0:     0x5cca0f0bc081 - <<std[617be2ca0a6fd877]::sys::backtrace::BacktraceLock>::print::DisplayBacktrace as core[a373ad73a504971]::fmt::Display>::fmt
[INFO] [stdout]    1:     0x5cca0f0d0bda - core[a373ad73a504971]::fmt::write
[INFO] [stdout]    2:     0x5cca0f0c0ccc - <alloc[2e1b2a31b91974c5]::vec::Vec<u8> as core[a373ad73a504971]::io::write::Write>::write_fmt
[INFO] [stdout]    3:     0x5cca0f097f66 - std[617be2ca0a6fd877]::panicking::default_hook::{closure#0}
[INFO] [stdout]    4:     0x5cca0f0b4719 - std[617be2ca0a6fd877]::panicking::default_hook
[INFO] [stdout]    5:     0x5cca0f023c60 - test[aada8e7e76ba119b]::test_main_inner::{closure#0}
[INFO] [stdout]    6:     0x5cca0f0b48d2 - std[617be2ca0a6fd877]::panicking::panic_with_hook
[INFO] [stdout]    7:     0x5cca0f098012 - std[617be2ca0a6fd877]::panicking::panic_handler::{closure#0}
[INFO] [stdout]    8:     0x5cca0f090d29 - std[617be2ca0a6fd877]::sys::backtrace::__rust_end_short_backtrace::<std[617be2ca0a6fd877]::panicking::panic_handler::{closure#0}, !>
[INFO] [stdout]    9:     0x5cca0f098c1d - __rustc[ea4f61d10b84890b]::rust_begin_unwind
[INFO] [stdout]   10:     0x5cca0f0d130c - core[a373ad73a504971]::panicking::panic_fmt
[INFO] [stdout]   11:     0x5cca0f059cb9 - <snapbox[e64a8469ac87ff65]::cmd::Command>::assert
[INFO] [stdout]   12:     0x5cca0f015df6 - tests[9ebc6f87d96278cd]::command
[INFO] [stdout]   13:     0x5cca0f016516 - <tests[9ebc6f87d96278cd]::test_default::{closure#0} as core[a373ad73a504971]::ops::function::FnOnce<()>>::call_once
[INFO] [stdout]   14:     0x5cca0f0170ab - test[aada8e7e76ba119b]::__rust_begin_short_backtrace::<core[a373ad73a504971]::result::Result<(), alloc[2e1b2a31b91974c5]::string::String>, fn() -> core[a373ad73a504971]::result::Result<(), alloc[2e1b2a31b91974c5]::string::String>>
[INFO] [stdout]   15:     0x5cca0f024285 - test[aada8e7e76ba119b]::run_test::{closure#0}
[INFO] [stdout]   16:     0x5cca0f01db74 - std[617be2ca0a6fd877]::sys::backtrace::__rust_begin_short_backtrace::<test[aada8e7e76ba119b]::run_test::{closure#1}, ()>
[INFO] [stdout]   17:     0x5cca0f027312 - <std[617be2ca0a6fd877]::thread::lifecycle::spawn_unchecked<test[aada8e7e76ba119b]::run_test::{closure#1}, ()>::{closure#1} as core[a373ad73a504971]::ops::function::FnOnce<()>>::call_once::{shim:vtable#0}
[INFO] [stdout]   18:     0x5cca0f0bb8df - <std[617be2ca0a6fd877]::sys::thread::unix::Thread>::new::thread_start
[INFO] [stdout]   19:     0x705838b3ddfa - <unknown>
[INFO] [stdout]   20:     0x705838bd13d4 - clone
[INFO] [stdout]   21:                0x0 - <unknown>
[INFO] [stdout] 
[INFO] [stdout] ---- test_newline stdout ----
[INFO] [stdout] 
[INFO] [stdout] thread 'test_newline' (560) panicked at tests/tests.rs:8:10:
[INFO] [stdout] Failed to spawn: No such file or directory (os error 2)
[INFO] [stdout] stack backtrace:
[INFO] [stdout]    0:     0x5cca0f0bc081 - <<std[617be2ca0a6fd877]::sys::backtrace::BacktraceLock>::print::DisplayBacktrace as core[a373ad73a504971]::fmt::Display>::fmt
[INFO] [stdout]    1:     0x5cca0f0d0bda - core[a373ad73a504971]::fmt::write
[INFO] [stdout]    2:     0x5cca0f0c0ccc - <alloc[2e1b2a31b91974c5]::vec::Vec<u8> as core[a373ad73a504971]::io::write::Write>::write_fmt
[INFO] [stdout]    3:     0x5cca0f097f66 - std[617be2ca0a6fd877]::panicking::default_hook::{closure#0}
[INFO] [stdout]    4:     0x5cca0f0b4719 - std[617be2ca0a6fd877]::panicking::default_hook
[INFO] [stdout]    5:     0x5cca0f023c60 - test[aada8e7e76ba119b]::test_main_inner::{closure#0}
[INFO] [stdout]    6:     0x5cca0f0b48d2 - std[617be2ca0a6fd877]::panicking::panic_with_hook
[INFO] [stdout]    7:     0x5cca0f098012 - std[617be2ca0a6fd877]::panicking::panic_handler::{closure#0}
[INFO] [stdout]    8:     0x5cca0f090d29 - std[617be2ca0a6fd877]::sys::backtrace::__rust_end_short_backtrace::<std[617be2ca0a6fd877]::panicking::panic_handler::{closure#0}, !>
[INFO] [stdout]    9:     0x5cca0f098c1d - __rustc[ea4f61d10b84890b]::rust_begin_unwind
[INFO] [stdout]   10:     0x5cca0f0d130c - core[a373ad73a504971]::panicking::panic_fmt
[INFO] [stdout]   11:     0x5cca0f059cb9 - <snapbox[e64a8469ac87ff65]::cmd::Command>::assert
[INFO] [stdout]   12:     0x5cca0f015df6 - tests[9ebc6f87d96278cd]::command
[INFO] [stdout]   13:     0x5cca0f016611 - <tests[9ebc6f87d96278cd]::test_newline::{closure#0} as core[a373ad73a504971]::ops::function::FnOnce<()>>::call_once
[INFO] [stdout]   14:     0x5cca0f0170ab - test[aada8e7e76ba119b]::__rust_begin_short_backtrace::<core[a373ad73a504971]::result::Result<(), alloc[2e1b2a31b91974c5]::string::String>, fn() -> core[a373ad73a504971]::result::Result<(), alloc[2e1b2a31b91974c5]::string::String>>
[INFO] [stdout]   15:     0x5cca0f024285 - test[aada8e7e76ba119b]::run_test::{closure#0}
[INFO] [stdout]   16:     0x5cca0f01db74 - std[617be2ca0a6fd877]::sys::backtrace::__rust_begin_short_backtrace::<test[aada8e7e76ba119b]::run_test::{closure#1}, ()>
[INFO] [stdout]   17:     0x5cca0f027312 - <std[617be2ca0a6fd877]::thread::lifecycle::spawn_unchecked<test[aada8e7e76ba119b]::run_test::{closure#1}, ()>::{closure#1} as core[a373ad73a504971]::ops::function::FnOnce<()>>::call_once::{shim:vtable#0}
[INFO] [stdout]   18:     0x5cca0f0bb8df - <std[617be2ca0a6fd877]::sys::thread::unix::Thread>::new::thread_start
[INFO] [stdout]   19:     0x705838b3ddfa - <unknown>
[INFO] [stdout]   20:     0x705838bd13d4 - clone
[INFO] [stdout]   21:                0x0 - <unknown>
[INFO] [stdout] 
[INFO] [stdout] ---- test_only_min_or_max stdout ----
[INFO] [stdout] 
[INFO] [stdout] thread 'test_only_min_or_max' (563) panicked at tests/tests.rs:8:10:
[INFO] [stdout] Failed to spawn: No such file or directory (os error 2)
[INFO] [stdout] stack backtrace:
[INFO] [stdout]    0:     0x5cca0f0bc081 - <<std[617be2ca0a6fd877]::sys::backtrace::BacktraceLock>::print::DisplayBacktrace as core[a373ad73a504971]::fmt::Display>::fmt
[INFO] [stdout]    1:     0x5cca0f0d0bda - core[a373ad73a504971]::fmt::write
[INFO] [stdout]    2:     0x5cca0f0c0ccc - <alloc[2e1b2a31b91974c5]::vec::Vec<u8> as core[a373ad73a504971]::io::write::Write>::write_fmt
[INFO] [stdout]    3:     0x5cca0f097f66 - std[617be2ca0a6fd877]::panicking::default_hook::{closure#0}
[INFO] [stdout]    4:     0x5cca0f0b4719 - std[617be2ca0a6fd877]::panicking::default_hook
[INFO] [stdout]    5:     0x5cca0f023c60 - test[aada8e7e76ba119b]::test_main_inner::{closure#0}
[INFO] [stdout]    6:     0x5cca0f0b48d2 - std[617be2ca0a6fd877]::panicking::panic_with_hook
[INFO] [stdout]    7:     0x5cca0f098012 - std[617be2ca0a6fd877]::panicking::panic_handler::{closure#0}
[INFO] [stdout]    8:     0x5cca0f090d29 - std[617be2ca0a6fd877]::sys::backtrace::__rust_end_short_backtrace::<std[617be2ca0a6fd877]::panicking::panic_handler::{closure#0}, !>
[INFO] [stdout]    9:     0x5cca0f098c1d - __rustc[ea4f61d10b84890b]::rust_begin_unwind
[INFO] [stdout]   10:     0x5cca0f0d130c - core[a373ad73a504971]::panicking::panic_fmt
[INFO] [stdout]   11:     0x5cca0f059cb9 - <snapbox[e64a8469ac87ff65]::cmd::Command>::assert
[INFO] [stdout]   12:     0x5cca0f015df6 - tests[9ebc6f87d96278cd]::command
[INFO] [stdout]   13:     0x5cca0f016839 - <tests[9ebc6f87d96278cd]::test_only_min_or_max::{closure#0} as core[a373ad73a504971]::ops::function::FnOnce<()>>::call_once
[INFO] [stdout]   14:     0x5cca0f0170ab - test[aada8e7e76ba119b]::__rust_begin_short_backtrace::<core[a373ad73a504971]::result::Result<(), alloc[2e1b2a31b91974c5]::string::String>, fn() -> core[a373ad73a504971]::result::Result<(), alloc[2e1b2a31b91974c5]::string::String>>
[INFO] [stdout]   15:     0x5cca0f024285 - test[aada8e7e76ba119b]::run_test::{closure#0}
[INFO] [stdout]   16:     0x5cca0f01db74 - std[617be2ca0a6fd877]::sys::backtrace::__rust_begin_short_backtrace::<test[aada8e7e76ba119b]::run_test::{closure#1}, ()>
[INFO] [stdout]   17:     0x5cca0f027312 - <std[617be2ca0a6fd877]::thread::lifecycle::spawn_unchecked<test[aada8e7e76ba119b]::run_test::{closure#1}, ()>::{closure#1} as core[a373ad73a504971]::ops::function::FnOnce<()>>::call_once::{shim:vtable#0}
[INFO] [stdout]   18:     0x5cca0f0bb8df - <std[617be2ca0a6fd877]::sys::thread::unix::Thread>::new::thread_start
[INFO] [stdout]   19:     0x705838b3ddfa - <unknown>
[INFO] [stdout]   20:     0x705838bd13d4 - clone
[INFO] [stdout]   21:                0x0 - <unknown>
[INFO] [stdout] 
[INFO] [stdout] ---- test_custom stdout ----
[INFO] [stdout] 
[INFO] [stdout] thread 'test_custom' (553) panicked at tests/tests.rs:8:10:
[INFO] [stdout] Failed to spawn: No such file or directory (os error 2)
[INFO] [stdout] stack backtrace:
[INFO] [stdout]    0:     0x5cca0f0bc081 - <<std[617be2ca0a6fd877]::sys::backtrace::BacktraceLock>::print::DisplayBacktrace as core[a373ad73a504971]::fmt::Display>::fmt
[INFO] [stdout]    1:     0x5cca0f0d0bda - core[a373ad73a504971]::fmt::write
[INFO] [stdout]    2:     0x5cca0f0c0ccc - <alloc[2e1b2a31b91974c5]::vec::Vec<u8> as core[a373ad73a504971]::io::write::Write>::write_fmt
[INFO] [stdout]    3:     0x5cca0f097f66 - std[617be2ca0a6fd877]::panicking::default_hook::{closure#0}
[INFO] [stdout]    4:     0x5cca0f0b4719 - std[617be2ca0a6fd877]::panicking::default_hook
[INFO] [stdout]    5:     0x5cca0f023c60 - test[aada8e7e76ba119b]::test_main_inner::{closure#0}
[INFO] [stdout]    6:     0x5cca0f0b48d2 - std[617be2ca0a6fd877]::panicking::panic_with_hook
[INFO] [stdout]    7:     0x5cca0f098012 - std[617be2ca0a6fd877]::panicking::panic_handler::{closure#0}
[INFO] [stdout]    8:     0x5cca0f090d29 - std[617be2ca0a6fd877]::sys::backtrace::__rust_end_short_backtrace::<std[617be2ca0a6fd877]::panicking::panic_handler::{closure#0}, !>
[INFO] [stdout]    9:     0x5cca0f098c1d - __rustc[ea4f61d10b84890b]::rust_begin_unwind
[INFO] [stdout]   10:     0x5cca0f0d130c - core[a373ad73a504971]::panicking::panic_fmt
[INFO] [stdout]   11:     0x5cca0f059cb9 - <snapbox[e64a8469ac87ff65]::cmd::Command>::assert
[INFO] [stdout]   12:     0x5cca0f015df6 - tests[9ebc6f87d96278cd]::command
[INFO] [stdout]   13:     0x5cca0f016336 - <tests[9ebc6f87d96278cd]::test_custom::{closure#0} as core[a373ad73a504971]::ops::function::FnOnce<()>>::call_once
[INFO] [stdout]   14:     0x5cca0f0170ab - test[aada8e7e76ba119b]::__rust_begin_short_backtrace::<core[a373ad73a504971]::result::Result<(), alloc[2e1b2a31b91974c5]::string::String>, fn() -> core[a373ad73a504971]::result::Result<(), alloc[2e1b2a31b91974c5]::string::String>>
[INFO] [stdout]   15:     0x5cca0f024285 - test[aada8e7e76ba119b]::run_test::{closure#0}
[INFO] [stdout]   16:     0x5cca0f01db74 - std[617be2ca0a6fd877]::sys::backtrace::__rust_begin_short_backtrace::<test[aada8e7e76ba119b]::run_test::{closure#1}, ()>
[INFO] [stdout]   17:     0x5cca0f027312 - <std[617be2ca0a6fd877]::thread::lifecycle::spawn_unchecked<test[aada8e7e76ba119b]::run_test::{closure#1}, ()>::{closure#1} as core[a373ad73a504971]::ops::function::FnOnce<()>>::call_once::{shim:vtable#0}
[INFO] [stdout]   18:     0x5cca0f0bb8df - <std[617be2ca0a6fd877]::sys::thread::unix::Thread>::new::thread_start
[INFO] [stdout]   19:     0x705838b3ddfa - <unknown>
[INFO] [stdout]   20:     0x705838bd13d4 - clone
[INFO] [stdout]   21:                0x0 - <unknown>
[INFO] [stdout] 
[INFO] [stdout] ---- test_no_arguments stdout ----
[INFO] [stdout] 
[INFO] [stdout] thread 'test_no_arguments' (562) panicked at tests/tests.rs:8:10:
[INFO] [stdout] Failed to spawn: No such file or directory (os error 2)
[INFO] [stdout] stack backtrace:
[INFO] [stdout]    0:     0x5cca0f0bc081 - <<std[617be2ca0a6fd877]::sys::backtrace::BacktraceLock>::print::DisplayBacktrace as core[a373ad73a504971]::fmt::Display>::fmt
[INFO] [stdout]    1:     0x5cca0f0d0bda - core[a373ad73a504971]::fmt::write
[INFO] [stdout]    2:     0x5cca0f0c0ccc - <alloc[2e1b2a31b91974c5]::vec::Vec<u8> as core[a373ad73a504971]::io::write::Write>::write_fmt
[INFO] [stdout]    3:     0x5cca0f097f66 - std[617be2ca0a6fd877]::panicking::default_hook::{closure#0}
[INFO] [stdout]    4:     0x5cca0f0b4719 - std[617be2ca0a6fd877]::panicking::default_hook
[INFO] [stdout]    5:     0x5cca0f023c60 - test[aada8e7e76ba119b]::test_main_inner::{closure#0}
[INFO] [stdout]    6:     0x5cca0f0b48d2 - std[617be2ca0a6fd877]::panicking::panic_with_hook
[INFO] [stdout]    7:     0x5cca0f098012 - std[617be2ca0a6fd877]::panicking::panic_handler::{closure#0}
[INFO] [stdout]    8:     0x5cca0f090d29 - std[617be2ca0a6fd877]::sys::backtrace::__rust_end_short_backtrace::<std[617be2ca0a6fd877]::panicking::panic_handler::{closure#0}, !>
[INFO] [stdout]    9:     0x5cca0f098c1d - __rustc[ea4f61d10b84890b]::rust_begin_unwind
[INFO] [stdout]   10:     0x5cca0f0d130c - core[a373ad73a504971]::panicking::panic_fmt
[INFO] [stdout]   11:     0x5cca0f059cb9 - <snapbox[e64a8469ac87ff65]::cmd::Command>::assert
[INFO] [stdout]   12:     0x5cca0f015df6 - tests[9ebc6f87d96278cd]::command
[INFO] [stdout]   13:     0x5cca0f016789 - <tests[9ebc6f87d96278cd]::test_no_arguments::{closure#0} as core[a373ad73a504971]::ops::function::FnOnce<()>>::call_once
[INFO] [stdout]   14:     0x5cca0f0170ab - test[aada8e7e76ba119b]::__rust_begin_short_backtrace::<core[a373ad73a504971]::result::Result<(), alloc[2e1b2a31b91974c5]::string::String>, fn() -> core[a373ad73a504971]::result::Result<(), alloc[2e1b2a31b91974c5]::string::String>>
[INFO] [stdout]   15:     0x5cca0f024285 - test[aada8e7e76ba119b]::run_test::{closure#0}
[INFO] [stdout]   16:     0x5cca0f01db74 - std[617be2ca0a6fd877]::sys::backtrace::__rust_begin_short_backtrace::<test[aada8e7e76ba119b]::run_test::{closure#1}, ()>
[INFO] [stdout]   17:     0x5cca0f027312 - <std[617be2ca0a6fd877]::thread::lifecycle::spawn_unchecked<test[aada8e7e76ba119b]::run_test::{closure#1}, ()>::{closure#1} as core[a373ad73a504971]::ops::function::FnOnce<()>>::call_once::{shim:vtable#0}
[INFO] [stdout]   18:     0x5cca0f0bb8df - <std[617be2ca0a6fd877]::sys::thread::unix::Thread>::new::thread_start
[INFO] [stdout]   19:     0x705838b3ddfa - <unknown>
[INFO] [stdout]   20:     0x705838bd13d4 - clone
[INFO] [stdout]   21:                0x0 - <unknown>
[INFO] [stdout] 
[INFO] [stdout] ---- test_custom_without_half_filled stdout ----
[INFO] [stdout] 
[INFO] [stdout] thread 'test_custom_without_half_filled' (555) panicked at tests/tests.rs:8:10:
[INFO] [stdout] Failed to spawn: No such file or directory (os error 2)
[INFO] [stdout] stack backtrace:
[INFO] [stdout]    0:     0x5cca0f0bc081 - <<std[617be2ca0a6fd877]::sys::backtrace::BacktraceLock>::print::DisplayBacktrace as core[a373ad73a504971]::fmt::Display>::fmt
[INFO] [stdout]    1:     0x5cca0f0d0bda - core[a373ad73a504971]::fmt::write
[INFO] [stdout]    2:     0x5cca0f0c0ccc - <alloc[2e1b2a31b91974c5]::vec::Vec<u8> as core[a373ad73a504971]::io::write::Write>::write_fmt
[INFO] [stdout]    3:     0x5cca0f097f66 - std[617be2ca0a6fd877]::panicking::default_hook::{closure#0}
[INFO] [stdout]    4:     0x5cca0f0b4719 - std[617be2ca0a6fd877]::panicking::default_hook
[INFO] [stdout]    5:     0x5cca0f023c60 - test[aada8e7e76ba119b]::test_main_inner::{closure#0}
[INFO] [stdout]    6:     0x5cca0f0b48d2 - std[617be2ca0a6fd877]::panicking::panic_with_hook
[INFO] [stdout]    7:     0x5cca0f098012 - std[617be2ca0a6fd877]::panicking::panic_handler::{closure#0}
[INFO] [stdout]    8:     0x5cca0f090d29 - std[617be2ca0a6fd877]::sys::backtrace::__rust_end_short_backtrace::<std[617be2ca0a6fd877]::panicking::panic_handler::{closure#0}, !>
[INFO] [stdout]    9:     0x5cca0f098c1d - __rustc[ea4f61d10b84890b]::rust_begin_unwind
[INFO] [stdout]   10:     0x5cca0f0d130c - core[a373ad73a504971]::panicking::panic_fmt
[INFO] [stdout]   11:     0x5cca0f059cb9 - <snapbox[e64a8469ac87ff65]::cmd::Command>::assert
[INFO] [stdout]   12:     0x5cca0f015df6 - tests[9ebc6f87d96278cd]::command
[INFO] [stdout]   13:     0x5cca0f016cf6 - <tests[9ebc6f87d96278cd]::test_custom_without_half_filled::{closure#0} as core[a373ad73a504971]::ops::function::FnOnce<()>>::call_once
[INFO] [stdout]   14:     0x5cca0f0170ab - test[aada8e7e76ba119b]::__rust_begin_short_backtrace::<core[a373ad73a504971]::result::Result<(), alloc[2e1b2a31b91974c5]::string::String>, fn() -> core[a373ad73a504971]::result::Result<(), alloc[2e1b2a31b91974c5]::string::String>>
[INFO] [stdout]   15:     0x5cca0f024285 - test[aada8e7e76ba119b]::run_test::{closure#0}
[INFO] [stdout]   16:     0x5cca0f01db74 - std[617be2ca0a6fd877]::sys::backtrace::__rust_begin_short_backtrace::<test[aada8e7e76ba119b]::run_test::{closure#1}, ()>
[INFO] [stdout]   17:     0x5cca0f027312 - <std[617be2ca0a6fd877]::thread::lifecycle::spawn_unchecked<test[aada8e7e76ba119b]::run_test::{closure#1}, ()>::{closure#1} as core[a373ad73a504971]::ops::function::FnOnce<()>>::call_once::{shim:vtable#0}
[INFO] [stdout]   18:     0x5cca0f0bb8df - <std[617be2ca0a6fd877]::sys::thread::unix::Thread>::new::thread_start
[INFO] [stdout]   19:     0x705838b3ddfa - <unknown>
[INFO] [stdout]   20:     0x705838bd13d4 - clone
[INFO] [stdout]   21:                0x0 - <unknown>
[INFO] [stdout] 
[INFO] [stdout] ---- test_out_of_min_max_range_percentage stdout ----
[INFO] [stdout] 
[INFO] [stdout] thread 'test_out_of_min_max_range_percentage' (575) panicked at tests/tests.rs:8:10:
[INFO] [stdout] Failed to spawn: No such file or directory (os error 2)
[INFO] [stdout] stack backtrace:
[INFO] [stdout]    0:     0x5cca0f0bc081 - <<std[617be2ca0a6fd877]::sys::backtrace::BacktraceLock>::print::DisplayBacktrace as core[a373ad73a504971]::fmt::Display>::fmt
[INFO] [stdout]    1:     0x5cca0f0d0bda - core[a373ad73a504971]::fmt::write
[INFO] [stdout]    2:     0x5cca0f0c0ccc - <alloc[2e1b2a31b91974c5]::vec::Vec<u8> as core[a373ad73a504971]::io::write::Write>::write_fmt
[INFO] [stdout]    3:     0x5cca0f097f66 - std[617be2ca0a6fd877]::panicking::default_hook::{closure#0}
[INFO] [stdout]    4:     0x5cca0f0b4719 - std[617be2ca0a6fd877]::panicking::default_hook
[INFO] [stdout]    5:     0x5cca0f023c60 - test[aada8e7e76ba119b]::test_main_inner::{closure#0}
[INFO] [stdout]    6:     0x5cca0f0b48d2 - std[617be2ca0a6fd877]::panicking::panic_with_hook
[INFO] [stdout]    7:     0x5cca0f098012 - std[617be2ca0a6fd877]::panicking::panic_handler::{closure#0}
[INFO] [stdout]    8:     0x5cca0f090d29 - std[617be2ca0a6fd877]::sys::backtrace::__rust_end_short_backtrace::<std[617be2ca0a6fd877]::panicking::panic_handler::{closure#0}, !>
[INFO] [stdout]    9:     0x5cca0f098c1d - __rustc[ea4f61d10b84890b]::rust_begin_unwind
[INFO] [stdout]   10:     0x5cca0f0d130c - core[a373ad73a504971]::panicking::panic_fmt
[INFO] [stdout]   11:     0x5cca0f059cb9 - <snapbox[e64a8469ac87ff65]::cmd::Command>::assert
[INFO] [stdout]   12:     0x5cca0f015df6 - tests[9ebc6f87d96278cd]::command
[INFO] [stdout]   13:     0x5cca0f016f39 - <tests[9ebc6f87d96278cd]::test_out_of_min_max_range_percentage::{closure#0} as core[a373ad73a504971]::ops::function::FnOnce<()>>::call_once
[INFO] [stdout]   14:     0x5cca0f0170ab - test[aada8e7e76ba119b]::__rust_begin_short_backtrace::<core[a373ad73a504971]::result::Result<(), alloc[2e1b2a31b91974c5]::string::String>, fn() -> core[a373ad73a504971]::result::Result<(), alloc[2e1b2a31b91974c5]::string::String>>
[INFO] [stdout]   15:     0x5cca0f024285 - test[aada8e7e76ba119b]::run_test::{closure#0}
[INFO] [stdout]   16:     0x5cca0f01db74 - std[617be2ca0a6fd877]::sys::backtrace::__rust_begin_short_backtrace::<test[aada8e7e76ba119b]::run_test::{closure#1}, ()>
[INFO] [stdout]   17:     0x5cca0f027312 - <std[617be2ca0a6fd877]::thread::lifecycle::spawn_unchecked<test[aada8e7e76ba119b]::run_test::{closure#1}, ()>::{closure#1} as core[a373ad73a504971]::ops::function::FnOnce<()>>::call_once::{shim:vtable#0}
[INFO] [stdout]   18:     0x5cca0f0bb8df - <std[617be2ca0a6fd877]::sys::thread::unix::Thread>::new::thread_start
[INFO] [stdout]   19:     0x705838b3ddfa - <unknown>
[INFO] [stdout]   20:     0x705838bd13d4 - clone
[INFO] [stdout]   21:                0x0 - <unknown>
[INFO] [stdout] 
[INFO] [stdout] ---- test_out_of_default_range_percentage stdout ----
[INFO] [stdout] 
[INFO] [stdout] thread 'test_out_of_default_range_percentage' (572) panicked at tests/tests.rs:8:10:
[INFO] [stdout] Failed to spawn: No such file or directory (os error 2)
[INFO] [stdout] stack backtrace:
[INFO] [stdout]    0:     0x5cca0f0bc081 - <<std[617be2ca0a6fd877]::sys::backtrace::BacktraceLock>::print::DisplayBacktrace as core[a373ad73a504971]::fmt::Display>::fmt
[INFO] [stdout]    1:     0x5cca0f0d0bda - core[a373ad73a504971]::fmt::write
[INFO] [stdout]    2:     0x5cca0f0c0ccc - <alloc[2e1b2a31b91974c5]::vec::Vec<u8> as core[a373ad73a504971]::io::write::Write>::write_fmt
[INFO] [stdout]    3:     0x5cca0f097f66 - std[617be2ca0a6fd877]::panicking::default_hook::{closure#0}
[INFO] [stdout]    4:     0x5cca0f0b4719 - std[617be2ca0a6fd877]::panicking::default_hook
[INFO] [stdout]    5:     0x5cca0f023c60 - test[aada8e7e76ba119b]::test_main_inner::{closure#0}
[INFO] [stdout]    6:     0x5cca0f0b48d2 - std[617be2ca0a6fd877]::panicking::panic_with_hook
[INFO] [stdout]    7:     0x5cca0f098012 - std[617be2ca0a6fd877]::panicking::panic_handler::{closure#0}
[INFO] [stdout]    8:     0x5cca0f090d29 - std[617be2ca0a6fd877]::sys::backtrace::__rust_end_short_backtrace::<std[617be2ca0a6fd877]::panicking::panic_handler::{closure#0}, !>
[INFO] [stdout]    9:     0x5cca0f098c1d - __rustc[ea4f61d10b84890b]::rust_begin_unwind
[INFO] [stdout]   10:     0x5cca0f0d130c - core[a373ad73a504971]::panicking::panic_fmt
[INFO] [stdout]   11:     0x5cca0f059cb9 - <snapbox[e64a8469ac87ff65]::cmd::Command>::assert
[INFO] [stdout]   12:     0x5cca0f015df6 - tests[9ebc6f87d96278cd]::command
[INFO] [stdout]   13:     0x5cca0f016df9 - <tests[9ebc6f87d96278cd]::test_out_of_default_range_percentage::{closure#0} as core[a373ad73a504971]::ops::function::FnOnce<()>>::call_once
[INFO] [stdout]   14:     0x5cca0f0170ab - test[aada8e7e76ba119b]::__rust_begin_short_backtrace::<core[a373ad73a504971]::result::Result<(), alloc[2e1b2a31b91974c5]::string::String>, fn() -> core[a373ad73a504971]::result::Result<(), alloc[2e1b2a31b91974c5]::string::String>>
[INFO] [stdout]   15:     0x5cca0f024285 - test[aada8e7e76ba119b]::run_test::{closure#0}
[INFO] [stdout]   16:     0x5cca0f01db74 - std[617be2ca0a6fd877]::sys::backtrace::__rust_begin_short_backtrace::<test[aada8e7e76ba119b]::run_test::{closure#1}, ()>
[INFO] [stdout]   17:     0x5cca0f027312 - <std[617be2ca0a6fd877]::thread::lifecycle::spawn_unchecked<test[aada8e7e76ba119b]::run_test::{closure#1}, ()>::{closure#1} as core[a373ad73a504971]::ops::function::FnOnce<()>>::call_once::{shim:vtable#0}
[INFO] [stdout]   18:     0x5cca0f0bb8df - <std[617be2ca0a6fd877]::sys::thread::unix::Thread>::new::thread_start
[INFO] [stdout]   19:     0x705838b3ddfa - <unknown>
[INFO] [stdout]   20:     0x705838bd13d4 - clone
[INFO] [stdout]   21:                0x0 - <unknown>
[INFO] [stdout] 
[INFO] [stdout] 
[INFO] [stdout] failures:
[INFO] [stdout]     test_border
[INFO] [stderr] error: test failed, to rerun pass `--test tests`
[INFO] [stdout]     test_custom
[INFO] [stdout]     test_custom_half_filled
[INFO] [stdout]     test_custom_without_half_filled
[INFO] [stdout]     test_default
[INFO] [stdout]     test_length
[INFO] [stdout]     test_negative_min_max
[INFO] [stdout]     test_negative_percentage
[INFO] [stdout]     test_newline
[INFO] [stdout]     test_no_arguments
[INFO] [stdout]     test_only_min_or_max
[INFO] [stdout]     test_out_of_default_range_percentage
[INFO] [stdout]     test_out_of_min_max_range_percentage
[INFO] [stdout] 
[INFO] [stdout] test result: FAILED. 0 passed; 13 failed; 0 ignored; 0 measured; 0 filtered out; finished in 0.01s
[INFO] [stdout] 
[INFO] running `Command { std: "docker" "inspect" "46045e0b0af24780cf4e4363ce9ea0ba3956f06d35c91924d813a7a5b87c9741", kill_on_drop: false }`
[INFO] running `Command { std: "docker" "rm" "-f" "46045e0b0af24780cf4e4363ce9ea0ba3956f06d35c91924d813a7a5b87c9741", kill_on_drop: false }`
[INFO] [stdout] 46045e0b0af24780cf4e4363ce9ea0ba3956f06d35c91924d813a7a5b87c9741
