[INFO] fetching crate apiel-cli 0.3.1...
[INFO] testing apiel-cli-0.3.1 against 1.100.0-beta.1+cargoflags=--release for beta-release-1.100-3
[INFO] extracting crate apiel-cli 0.3.1 into /workspace/builds/worker-0-tc2/source
[INFO] started tweaking crates.io crate apiel-cli 0.3.1
[INFO] finished tweaking crates.io crate apiel-cli 0.3.1
[INFO] tweaked toml for crates.io crate apiel-cli 0.3.1 written to /workspace/builds/worker-0-tc2/source/Cargo.toml
[INFO] validating manifest of crates.io crate apiel-cli 0.3.1 on toolchain 1.100.0-beta.1
[INFO] running `Command { std: CARGO_HOME="/workspace/cargo-home" RUSTUP_HOME="/workspace/rustup-home" "/workspace/cargo-home/bin/cargo" "+1.100.0-beta.1" "metadata" "--manifest-path" "Cargo.toml" "--no-deps", kill_on_drop: false }`
[INFO] crate crates.io crate apiel-cli 0.3.1 already has a lockfile, it will not be regenerated
[INFO] running `Command { std: CARGO_HOME="/workspace/cargo-home" RUSTUP_HOME="/workspace/rustup-home" "/workspace/cargo-home/bin/cargo" "+1.100.0-beta.1" "fetch" "--manifest-path" "Cargo.toml", kill_on_drop: false }`
[INFO] running `Command { std: "docker" "create" "-v" "/var/lib/crater-agent-workspace/builds/worker-0-tc2/source:/opt/rustwide/workdir:ro,Z" "-v" "/var/lib/crater-agent-workspace/builds/worker-0-tc2/target:/opt/rustwide/target:rw,Z" "-v" "/var/lib/crater-agent-workspace/cargo-home:/opt/rustwide/cargo-home:ro,Z" "-v" "/var/lib/crater-agent-workspace/rustup-home:/opt/rustwide/rustup-home:ro,Z" "-m" "1610612736" "--network" "none" "ghcr.io/rust-lang/crates-build-env/linux@sha256:77db811e55d90add9212f6832c23229e3de5f1c1f9905e8cb07319ea15df73ac" "sleep" "infinity", kill_on_drop: false }`
[INFO] [stdout] 13817b14a0ffa6864dd2c7c4903bb667a11b55ff462a4a06f2ee48a9fc62ba82
[INFO] running `Command { std: "docker" "start" "13817b14a0ffa6864dd2c7c4903bb667a11b55ff462a4a06f2ee48a9fc62ba82", kill_on_drop: false }`
[INFO] running `Command { std: "docker" "inspect" "13817b14a0ffa6864dd2c7c4903bb667a11b55ff462a4a06f2ee48a9fc62ba82", kill_on_drop: false }`
[INFO] running `Command { std: "docker" "exec" "-e" "SOURCE_DIR=/opt/rustwide/workdir" "-e" "CARGO_HOME=/opt/rustwide/cargo-home" "-e" "RUSTUP_HOME=/opt/rustwide/rustup-home" "-e" "CARGO_TARGET_DIR=/opt/rustwide/target" "-w" "/opt/rustwide/workdir" "--user" "0:0" "13817b14a0ffa6864dd2c7c4903bb667a11b55ff462a4a06f2ee48a9fc62ba82" "/opt/rustwide/cargo-home/bin/cargo" "+1.100.0-beta.1" "metadata" "--no-deps" "--format-version=1", kill_on_drop: false }`
[INFO] running `Command { std: "docker" "inspect" "13817b14a0ffa6864dd2c7c4903bb667a11b55ff462a4a06f2ee48a9fc62ba82", kill_on_drop: false }`
[INFO] running `Command { std: "docker" "exec" "-e" "SOURCE_DIR=/opt/rustwide/workdir" "-e" "CARGO_HOME=/opt/rustwide/cargo-home" "-e" "RUSTUP_HOME=/opt/rustwide/rustup-home" "-e" "CARGO_TARGET_DIR=/opt/rustwide/target" "-e" "CARGO_INCREMENTAL=0" "-e" "RUST_BACKTRACE=full" "-e" "RUSTFLAGS=--cap-lints=warn" "-e" "RUSTDOCFLAGS=--cap-lints=warn" "-w" "/opt/rustwide/workdir" "--user" "0:0" "13817b14a0ffa6864dd2c7c4903bb667a11b55ff462a4a06f2ee48a9fc62ba82" "/opt/rustwide/cargo-home/bin/cargo" "+1.100.0-beta.1" "build" "--frozen" "--message-format=json" "--release", kill_on_drop: false }`
[INFO] [stderr]    Compiling libc v0.2.183
[INFO] [stderr]    Compiling powerfmt v0.2.0
[INFO] [stderr]    Compiling time-core v0.1.8
[INFO] [stderr]    Compiling itoa v1.0.18
[INFO] [stderr]    Compiling num_threads v0.1.7
[INFO] [stderr]    Compiling num-conv v0.2.1
[INFO] [stderr]    Compiling memchr v2.8.0
[INFO] [stderr]    Compiling regex-syntax v0.8.10
[INFO] [stderr]    Compiling anyhow v1.0.102
[INFO] [stderr]    Compiling serde_core v1.0.228
[INFO] [stderr]    Compiling serde v1.0.228
[INFO] [stderr]    Compiling syn v2.0.117
[INFO] [stderr]    Compiling num-traits v0.2.19
[INFO] [stderr]    Compiling vergen v8.3.2
[INFO] [stderr]    Compiling indexmap v2.13.0
[INFO] [stderr]    Compiling cfg-if v1.0.4
[INFO] [stderr]    Compiling fnv v1.0.7
[INFO] [stderr]    Compiling once_cell v1.21.4
[INFO] [stderr]    Compiling zerocopy v0.8.47
[INFO] [stderr]    Compiling deranged v0.5.8
[INFO] [stderr]    Compiling hashbrown v0.16.1
[INFO] [stderr]    Compiling static_assertions v1.1.0
[INFO] [stderr]    Compiling proc-macro2 v1.0.106
[INFO] [stderr]    Compiling cactus v1.0.7
[INFO] [stderr]    Compiling unicode-width v0.2.2
[INFO] [stderr]    Compiling getopts v0.2.24
[INFO] [stderr]    Compiling tracing-core v0.1.36
[INFO] [stderr]    Compiling aho-corasick v1.1.4
[INFO] [stderr]    Compiling unicode-ident v1.0.24
[INFO] [stderr]    Compiling quote v1.0.45
[INFO] [stderr]    Compiling eyre v0.6.12
[INFO] [stderr]    Compiling getrandom v0.2.17
[INFO] [stderr]    Compiling filetime v0.2.27
[INFO] [stderr]    Compiling rand_core v0.6.4
[INFO] [stderr]    Compiling custom_derive v0.1.7
[INFO] [stderr]    Compiling indenter v0.3.4
[INFO] [stderr]    Compiling pin-project-lite v0.2.17
[INFO] [stderr]    Compiling tracing-log v0.2.0
[INFO] [stderr]    Compiling time v0.3.47
[INFO] [stderr]    Compiling conv v0.3.3
[INFO] [stderr]    Compiling thread_local v1.1.9
[INFO] [stderr]    Compiling smallvec v1.15.1
[INFO] [stderr]    Compiling nu-ansi-term v0.50.3
[INFO] [stderr]    Compiling tracing-subscriber v0.3.23
[INFO] [stderr]    Compiling regex-automata v0.4.14
[INFO] [stderr]    Compiling lrpar v0.13.10
[INFO] [stderr]    Compiling lrlex v0.13.10
[INFO] [stderr]    Compiling serde_derive v1.0.228
[INFO] [stderr]    Compiling tracing-attributes v0.1.31
[INFO] [stderr]    Compiling ppv-lite86 v0.2.21
[INFO] [stderr]    Compiling rand_chacha v0.3.1
[INFO] [stderr]    Compiling regex v1.12.3
[INFO] [stderr]    Compiling rand v0.8.5
[INFO] [stderr]    Compiling tracing v0.1.44
[INFO] [stderr]    Compiling vob v3.0.6
[INFO] [stderr]    Compiling packedvec v1.2.5
[INFO] [stderr]    Compiling bincode v1.3.3
[INFO] [stderr]    Compiling cfgrammar v0.13.10
[INFO] [stderr]    Compiling sparsevec v0.2.2
[INFO] [stderr]    Compiling lrtable v0.13.10
[INFO] [stderr]    Compiling apiel v0.3.1
[INFO] [stderr]    Compiling apiel-cli v0.3.1 (/opt/rustwide/workdir)
[INFO] [stderr]     Finished `release` profile [optimized] target(s) in 1m 04s
[INFO] [stderr] warning: the following packages contain code that will be rejected by a future version of Rust: apiel v0.3.1
[INFO] [stderr] note: to see what the problems were, use the option `--future-incompat-report`, or run `cargo report future-incompatibilities --id 1`
[INFO] running `Command { std: "docker" "inspect" "13817b14a0ffa6864dd2c7c4903bb667a11b55ff462a4a06f2ee48a9fc62ba82", kill_on_drop: false }`
[INFO] running `Command { std: "docker" "exec" "-e" "SOURCE_DIR=/opt/rustwide/workdir" "-e" "CARGO_HOME=/opt/rustwide/cargo-home" "-e" "RUSTUP_HOME=/opt/rustwide/rustup-home" "-e" "CARGO_TARGET_DIR=/opt/rustwide/target" "-e" "CARGO_INCREMENTAL=0" "-e" "RUST_BACKTRACE=full" "-e" "RUSTFLAGS=--cap-lints=warn" "-e" "RUSTDOCFLAGS=--cap-lints=warn" "-w" "/opt/rustwide/workdir" "--user" "0:0" "13817b14a0ffa6864dd2c7c4903bb667a11b55ff462a4a06f2ee48a9fc62ba82" "/opt/rustwide/cargo-home/bin/cargo" "+1.100.0-beta.1" "test" "--frozen" "--no-run" "--message-format=json" "--release", kill_on_drop: false }`
[INFO] [stderr]    Compiling regex-automata v0.4.14
[INFO] [stderr]    Compiling predicates-core v1.0.10
[INFO] [stderr]    Compiling difflib v0.4.0
[INFO] [stderr]    Compiling termtree v0.5.1
[INFO] [stderr]    Compiling anstyle v1.0.14
[INFO] [stderr]    Compiling assert_cmd v2.2.0
[INFO] [stderr]    Compiling wait-timeout v0.2.1
[INFO] [stderr]    Compiling predicates-tree v1.0.13
[INFO] [stderr]    Compiling predicates v3.1.4
[INFO] [stderr]    Compiling regex v1.12.3
[INFO] [stderr]    Compiling bstr v1.12.1
[INFO] [stderr]    Compiling cfgrammar v0.13.10
[INFO] [stderr]    Compiling lrtable v0.13.10
[INFO] [stderr]    Compiling lrpar v0.13.10
[INFO] [stderr]    Compiling lrlex v0.13.10
[INFO] [stderr]    Compiling apiel v0.3.1
[INFO] [stderr]    Compiling apiel-cli v0.3.1 (/opt/rustwide/workdir)
[INFO] [stderr]     Finished `release` profile [optimized] target(s) in 31.40s
[INFO] [stderr] warning: the following packages contain code that will be rejected by a future version of Rust: apiel v0.3.1
[INFO] [stderr] note: to see what the problems were, use the option `--future-incompat-report`, or run `cargo report future-incompatibilities --id 1`
[INFO] running `Command { std: "docker" "inspect" "13817b14a0ffa6864dd2c7c4903bb667a11b55ff462a4a06f2ee48a9fc62ba82", kill_on_drop: false }`
[INFO] running `Command { std: "docker" "exec" "-e" "SOURCE_DIR=/opt/rustwide/workdir" "-e" "CARGO_HOME=/opt/rustwide/cargo-home" "-e" "RUSTUP_HOME=/opt/rustwide/rustup-home" "-e" "CARGO_TARGET_DIR=/opt/rustwide/target" "-e" "CARGO_INCREMENTAL=0" "-e" "RUST_BACKTRACE=full" "-e" "RUSTFLAGS=--cap-lints=warn" "-e" "RUSTDOCFLAGS=--cap-lints=warn" "-w" "/opt/rustwide/workdir" "--user" "0:0" "13817b14a0ffa6864dd2c7c4903bb667a11b55ff462a4a06f2ee48a9fc62ba82" "/opt/rustwide/cargo-home/bin/cargo" "+1.100.0-beta.1" "test" "--frozen" "--release", kill_on_drop: false }`
[INFO] [stderr]     Finished `release` profile [optimized] target(s) in 0.11s
[INFO] [stderr] warning: the following packages contain code that will be rejected by a future version of Rust: apiel v0.3.1
[INFO] [stderr] note: to see what the problems were, use the option `--future-incompat-report`, or run `cargo report future-incompatibilities --id 1`
[INFO] [stderr]      Running unittests src/main.rs (/opt/rustwide/target/release/build/apiel-cli/51d54fe0bbb9a11b/out/apiel_cli-51d54fe0bbb9a11b)
[INFO] [stdout] 
[INFO] [stdout] running 3 tests
[INFO] [stdout] test tests::cli_works ... FAILED
[INFO] [stdout] test tests::format_output ... ok
[INFO] [stdout] test tests::macro_works ... ok
[INFO] [stdout] 
[INFO] [stdout] failures:
[INFO] [stdout] 
[INFO] [stdout] ---- tests::cli_works stdout ----
[INFO] [stdout] 
[INFO] [stdout] thread 'tests::cli_works' (1759) panicked at /opt/rustwide/cargo-home/registry/src/index.crates.io-1949cf8c6b5b557f/assert_cmd-2.2.0/src/cargo.rs:251:9:
[INFO] [stdout] `CARGO_BIN_EXE_apiel-cli` is unset
[INFO] [stdout] help: if this is running within a unit test, move it to an integration test to gain access to `CARGO_BIN_EXE_apiel-cli`
[INFO] [stdout] stack backtrace:
[INFO] [stdout]    0:     0x64861ae1f651 - <<std[617be2ca0a6fd877]::sys::backtrace::BacktraceLock>::print::DisplayBacktrace as core[a373ad73a504971]::fmt::Display>::fmt
[INFO] [stdout]    1:     0x64861ae3587a - core[a373ad73a504971]::fmt::write
[INFO] [stdout]    2:     0x64861ae2394c - <alloc[2e1b2a31b91974c5]::vec::Vec<u8> as core[a373ad73a504971]::io::write::Write>::write_fmt
[INFO] [stdout]    3:     0x64861adfb216 - std[617be2ca0a6fd877]::panicking::default_hook::{closure#0}
[INFO] [stdout]    4:     0x64861ae17b59 - std[617be2ca0a6fd877]::panicking::default_hook
[INFO] [stdout]    5:     0x64861ac19a90 - test[aada8e7e76ba119b]::test_main_inner::{closure#0}
[INFO] [stdout]    6:     0x64861ae17d12 - std[617be2ca0a6fd877]::panicking::panic_with_hook
[INFO] [stdout]    7:     0x64861adfb2c2 - std[617be2ca0a6fd877]::panicking::panic_handler::{closure#0}
[INFO] [stdout]    8:     0x64861adf3fd9 - std[617be2ca0a6fd877]::sys::backtrace::__rust_end_short_backtrace::<std[617be2ca0a6fd877]::panicking::panic_handler::{closure#0}, !>
[INFO] [stdout]    9:     0x64861adfbecd - __rustc[ea4f61d10b84890b]::rust_begin_unwind
[INFO] [stdout]   10:     0x64861ae3605c - core[a373ad73a504971]::panicking::panic_fmt
[INFO] [stdout]   11:     0x64861ac0c1f3 - assert_cmd[afbfb2e90f304f02]::cargo::missing_cargo_bin
[INFO] [stdout]   12:     0x64861ac0bf9b - assert_cmd[afbfb2e90f304f02]::cargo::cargo_bin_str
[INFO] [stdout]   13:     0x64861ac0a6fe - <apiel_cli[5bdedba9e7430c5]::tests::cli_works::{closure#0} as core[a373ad73a504971]::ops::function::FnOnce<()>>::call_once
[INFO] [stdout]   14:     0x64861ac0cedb - test[aada8e7e76ba119b]::__rust_begin_short_backtrace::<core[a373ad73a504971]::result::Result<(), alloc[2e1b2a31b91974c5]::string::String>, fn() -> core[a373ad73a504971]::result::Result<(), alloc[2e1b2a31b91974c5]::string::String>>
[INFO] [stdout]   15:     0x64861ac1a0b5 - test[aada8e7e76ba119b]::run_test::{closure#0}
[INFO] [stdout]   16:     0x64861ac139a4 - std[617be2ca0a6fd877]::sys::backtrace::__rust_begin_short_backtrace::<test[aada8e7e76ba119b]::run_test::{closure#1}, ()>
[INFO] [stdout]   17:     0x64861ac1d142 - <std[617be2ca0a6fd877]::thread::lifecycle::spawn_unchecked<test[aada8e7e76ba119b]::run_test::{closure#1}, ()>::{closure#1} as core[a373ad73a504971]::ops::function::FnOnce<()>>::call_once::{shim:vtable#0}
[INFO] [stdout]   18:     0x64861ae1ee7f - <std[617be2ca0a6fd877]::sys::thread::unix::Thread>::new::thread_start
[INFO] [stdout]   19:     0x75642e644dfa - <unknown>
[INFO] [stdout]   20:     0x75642e6d83d4 - clone
[INFO] [stdout]   21:                0x0 - <unknown>
[INFO] [stdout] 
[INFO] [stdout] 
[INFO] [stdout] failures:
[INFO] [stdout]     tests::cli_works
[INFO] [stdout] 
[INFO] [stdout] test result: FAILED. 2 passed; 1 failed; 0 ignored; 0 measured; 0 filtered out; finished in 0.03s
[INFO] [stdout] 
[INFO] [stderr] error: test failed, to rerun pass `--bin apiel-cli`
[INFO] running `Command { std: "docker" "inspect" "13817b14a0ffa6864dd2c7c4903bb667a11b55ff462a4a06f2ee48a9fc62ba82", kill_on_drop: false }`
[INFO] running `Command { std: "docker" "rm" "-f" "13817b14a0ffa6864dd2c7c4903bb667a11b55ff462a4a06f2ee48a9fc62ba82", kill_on_drop: false }`
[INFO] [stdout] 13817b14a0ffa6864dd2c7c4903bb667a11b55ff462a4a06f2ee48a9fc62ba82
