[INFO] fetching crate alluxio-rs 0.1.1...
[INFO] testing alluxio-rs-0.1.1 against 1.100.0-beta.1+cargoflags=--release for beta-release-1.100-3
[INFO] extracting crate alluxio-rs 0.1.1 into /workspace/builds/worker-4-tc2/source
[INFO] started tweaking crates.io crate alluxio-rs 0.1.1
[INFO] finished tweaking crates.io crate alluxio-rs 0.1.1
[INFO] tweaked toml for crates.io crate alluxio-rs 0.1.1 written to /workspace/builds/worker-4-tc2/source/Cargo.toml
[INFO] validating manifest of crates.io crate alluxio-rs 0.1.1 on toolchain 1.100.0-beta.1
[INFO] running `Command { std: CARGO_HOME="/workspace/cargo-home" RUSTUP_HOME="/workspace/rustup-home" "/workspace/cargo-home/bin/cargo" "+1.100.0-beta.1" "metadata" "--manifest-path" "Cargo.toml" "--no-deps", kill_on_drop: false }`
[INFO] crate crates.io crate alluxio-rs 0.1.1 already has a lockfile, it will not be regenerated
[INFO] running `Command { std: CARGO_HOME="/workspace/cargo-home" RUSTUP_HOME="/workspace/rustup-home" "/workspace/cargo-home/bin/cargo" "+1.100.0-beta.1" "fetch" "--manifest-path" "Cargo.toml", kill_on_drop: false }`
[INFO] running `Command { std: "docker" "create" "-v" "/var/lib/crater-agent-workspace/builds/worker-4-tc2/source:/opt/rustwide/workdir:ro,Z" "-v" "/var/lib/crater-agent-workspace/builds/worker-4-tc2/target:/opt/rustwide/target:rw,Z" "-v" "/var/lib/crater-agent-workspace/cargo-home:/opt/rustwide/cargo-home:ro,Z" "-v" "/var/lib/crater-agent-workspace/rustup-home:/opt/rustwide/rustup-home:ro,Z" "-m" "1610612736" "--network" "none" "ghcr.io/rust-lang/crates-build-env/linux@sha256:77db811e55d90add9212f6832c23229e3de5f1c1f9905e8cb07319ea15df73ac" "sleep" "infinity", kill_on_drop: false }`
[INFO] [stdout] aaa757774513d003476fa819a88e80f298ce26fa0b87fd0e9febf5ce33df160e
[INFO] running `Command { std: "docker" "start" "aaa757774513d003476fa819a88e80f298ce26fa0b87fd0e9febf5ce33df160e", kill_on_drop: false }`
[INFO] running `Command { std: "docker" "inspect" "aaa757774513d003476fa819a88e80f298ce26fa0b87fd0e9febf5ce33df160e", kill_on_drop: false }`
[INFO] running `Command { std: "docker" "exec" "-e" "SOURCE_DIR=/opt/rustwide/workdir" "-e" "CARGO_HOME=/opt/rustwide/cargo-home" "-e" "RUSTUP_HOME=/opt/rustwide/rustup-home" "-e" "CARGO_TARGET_DIR=/opt/rustwide/target" "-w" "/opt/rustwide/workdir" "--user" "0:0" "aaa757774513d003476fa819a88e80f298ce26fa0b87fd0e9febf5ce33df160e" "/opt/rustwide/cargo-home/bin/cargo" "+1.100.0-beta.1" "metadata" "--no-deps" "--format-version=1", kill_on_drop: false }`
[INFO] running `Command { std: "docker" "inspect" "aaa757774513d003476fa819a88e80f298ce26fa0b87fd0e9febf5ce33df160e", kill_on_drop: false }`
[INFO] running `Command { std: "docker" "exec" "-e" "SOURCE_DIR=/opt/rustwide/workdir" "-e" "CARGO_HOME=/opt/rustwide/cargo-home" "-e" "RUSTUP_HOME=/opt/rustwide/rustup-home" "-e" "CARGO_TARGET_DIR=/opt/rustwide/target" "-e" "CARGO_INCREMENTAL=0" "-e" "RUST_BACKTRACE=full" "-e" "RUSTFLAGS=--cap-lints=warn" "-e" "RUSTDOCFLAGS=--cap-lints=warn" "-w" "/opt/rustwide/workdir" "--user" "0:0" "aaa757774513d003476fa819a88e80f298ce26fa0b87fd0e9febf5ce33df160e" "/opt/rustwide/cargo-home/bin/cargo" "+1.100.0-beta.1" "build" "--frozen" "--message-format=json" "--release", kill_on_drop: false }`
[INFO] [stderr]    Compiling syn v2.0.39
[INFO] [stderr]    Compiling libc v0.2.150
[INFO] [stderr]    Compiling futures-core v0.3.29
[INFO] [stderr]    Compiling lock_api v0.4.11
[INFO] [stderr]    Compiling parking_lot_core v0.9.9
[INFO] [stderr]    Compiling futures-sink v0.3.29
[INFO] [stderr]    Compiling futures-channel v0.3.29
[INFO] [stderr]    Compiling futures-task v0.3.29
[INFO] [stderr]    Compiling futures-util v0.3.29
[INFO] [stderr]    Compiling memchr v2.6.4
[INFO] [stderr]    Compiling futures-io v0.3.29
[INFO] [stderr]    Compiling tracing-core v0.1.32
[INFO] [stderr]    Compiling openssl v0.10.59
[INFO] [stderr]    Compiling http v0.2.9
[INFO] [stderr]    Compiling bitflags v2.4.1
[INFO] [stderr]    Compiling httparse v1.8.0
[INFO] [stderr]    Compiling serde v1.0.192
[INFO] [stderr]    Compiling cc v1.0.83
[INFO] [stderr]    Compiling native-tls v0.2.11
[INFO] [stderr]    Compiling tracing v0.1.40
[INFO] [stderr]    Compiling num_cpus v1.16.0
[INFO] [stderr]    Compiling signal-hook-registry v1.4.1
[INFO] [stderr]    Compiling parking_lot v0.12.1
[INFO] [stderr]    Compiling mio v0.8.9
[INFO] [stderr]    Compiling socket2 v0.5.5
[INFO] [stderr]    Compiling log v0.4.20
[INFO] [stderr]    Compiling openssl-sys v0.9.95
[INFO] [stderr]    Compiling openssl-probe v0.1.5
[INFO] [stderr]    Compiling try-lock v0.2.4
[INFO] [stderr]    Compiling want v0.3.1
[INFO] [stderr]    Compiling http-body v0.4.5
[INFO] [stderr]    Compiling socket2 v0.4.10
[INFO] [stderr]    Compiling unicode-normalization v0.1.22
[INFO] [stderr]    Compiling tower-service v0.3.2
[INFO] [stderr]    Compiling httpdate v1.0.3
[INFO] [stderr]    Compiling unicode-bidi v0.3.13
[INFO] [stderr]    Compiling serde_json v1.0.108
[INFO] [stderr]    Compiling encoding_rs v0.8.33
[INFO] [stderr]    Compiling base64 v0.21.5
[INFO] [stderr]    Compiling ipnet v2.9.0
[INFO] [stderr]    Compiling idna v0.4.0
[INFO] [stderr]    Compiling url-escape v0.1.1
[INFO] [stderr]    Compiling url v2.4.1
[INFO] [stderr]    Compiling futures-macro v0.3.29
[INFO] [stderr]    Compiling tokio-macros v2.1.0
[INFO] [stderr]    Compiling openssl-macros v0.1.1
[INFO] [stderr]    Compiling serde_derive v1.0.192
[INFO] [stderr]    Compiling thiserror-impl v1.0.50
[INFO] [stderr]    Compiling tokio v1.33.0
[INFO] [stderr]    Compiling thiserror v1.0.50
[INFO] [stderr]    Compiling futures-executor v0.3.29
[INFO] [stderr]    Compiling futures v0.3.29
[INFO] [stderr]    Compiling tokio-util v0.7.10
[INFO] [stderr]    Compiling tokio-native-tls v0.3.1
[INFO] [stderr]    Compiling serde_urlencoded v0.7.1
[INFO] [stderr]    Compiling h2 v0.3.21
[INFO] [stderr]    Compiling hyper v0.14.27
[INFO] [stderr]    Compiling hyper-tls v0.5.0
[INFO] [stderr]    Compiling reqwest v0.11.22
[INFO] [stderr]    Compiling alluxio-rs v0.1.1 (/opt/rustwide/workdir)
[INFO] [stdout] error[E0277]: the trait bound `!: Default` is not satisfied
[INFO] [stdout]    --> src/client.rs:114:14
[INFO] [stdout]     |
[INFO] [stdout] 114 |         self.post([STREAMS_PREFIX, &id.to_string(), CLOSE].join("/"), HashMap::new(), serde_json::Value::Null).await?;
[INFO] [stdout]     |              ^^^^ the trait `Default` is not implemented for `!`
[INFO] [stdout]     |
[INFO] [stdout]     = note: this error might have been caused by changes to Rust's type-inference algorithm (see issue #148922 <https://github.com/rust-lang/rust/issues/148922> for more information)
[INFO] [stdout]     = help: you might have intended to use the type `()` here instead
[INFO] [stdout] note: required by a bound in `client::Client::post`
[INFO] [stdout]    --> src/client.rs:71:74
[INFO] [stdout]     |
[INFO] [stdout]  41 | impl Client {
[INFO] [stdout] ...
[INFO] [stdout]  71 |     pub(crate) async fn post<I: Serialize, O: DeserializeOwned + Debug + Default>(
[INFO] [stdout]     |                                                                          ^^^^^^^ required by this bound in `Client::post`
[INFO] [stdout] 
[INFO] [stdout] 
[INFO] [stdout] error[E0277]: the trait bound `!: DeserializeOwned` is not satisfied
[INFO] [stdout]    --> src/client.rs:114:14
[INFO] [stdout]     |
[INFO] [stdout] 114 |         self.post([STREAMS_PREFIX, &id.to_string(), CLOSE].join("/"), HashMap::new(), serde_json::Value::Null).await?;
[INFO] [stdout]     |              ^^^^ the trait `for<'de> Deserialize<'de>` is not implemented for `!`
[INFO] [stdout]     |
[INFO] [stdout]     = help: the following other types implement trait `Deserialize<'de>`:
[INFO] [stdout]               &'a Path
[INFO] [stdout]               &'a [u8]
[INFO] [stdout]               &'a str
[INFO] [stdout]               ()
[INFO] [stdout]               (T0, T1)
[INFO] [stdout]               (T0, T1, T2)
[INFO] [stdout]               (T0, T1, T2, T3)
[INFO] [stdout]               (T0, T1, T2, T3, T4)
[INFO] [stdout]             and 152 others
[INFO] [stdout]     = note: this error might have been caused by changes to Rust's type-inference algorithm (see issue #148922 <https://github.com/rust-lang/rust/issues/148922> for more information)
[INFO] [stdout]     = help: you might have intended to use the type `()` here instead
[INFO] [stdout]     = note: required for `!` to implement `DeserializeOwned`
[INFO] [stdout] note: required by a bound in `client::Client::post`
[INFO] [stdout]    --> src/client.rs:71:47
[INFO] [stdout]     |
[INFO] [stdout]  41 | impl Client {
[INFO] [stdout] ...
[INFO] [stdout]  71 |     pub(crate) async fn post<I: Serialize, O: DeserializeOwned + Debug + Default>(
[INFO] [stdout]     |                                               ^^^^^^^^^^^^^^^^ required by this bound in `Client::post`
[INFO] [stdout] 
[INFO] [stdout] 
[INFO] [stdout] error[E0277]: the trait bound `!: Default` is not satisfied
[INFO] [stdout]   --> src/paths.rs:10:14
[INFO] [stdout]    |
[INFO] [stdout] 10 |         self.post([PATHS_PREFIX, path, CREATE_DIRECTORY].join("/"), HashMap::new(), options).await?;
[INFO] [stdout]    |              ^^^^ the trait `Default` is not implemented for `!`
[INFO] [stdout]    |
[INFO] [stdout]    = note: this error might have been caused by changes to Rust's type-inference algorithm (see issue #148922 <https://github.com/rust-lang/rust/issues/148922> for more information)
[INFO] [stdout]    = help: you might have intended to use the type `()` here instead
[INFO] [stdout] note: required by a bound in `client::Client::post`
[INFO] [stdout]   --> src/client.rs:71:74
[INFO] [stdout]    |
[INFO] [stdout] 41 | impl Client {
[INFO] [stdout] ...
[INFO] [stdout] 71 |     pub(crate) async fn post<I: Serialize, O: DeserializeOwned + Debug + Default>(
[INFO] [stdout]    |                                                                          ^^^^^^^ required by this bound in `Client::post`
[INFO] [stdout] 
[INFO] [stdout] 
[INFO] [stdout] error[E0277]: the trait bound `!: DeserializeOwned` is not satisfied
[INFO] [stdout]   --> src/paths.rs:10:14
[INFO] [stdout]    |
[INFO] [stdout] 10 |         self.post([PATHS_PREFIX, path, CREATE_DIRECTORY].join("/"), HashMap::new(), options).await?;
[INFO] [stdout]    |              ^^^^ the trait `for<'de> Deserialize<'de>` is not implemented for `!`
[INFO] [stdout]    |
[INFO] [stdout]    = help: the following other types implement trait `Deserialize<'de>`:
[INFO] [stdout]              &'a Path
[INFO] [stdout]              &'a [u8]
[INFO] [stdout]              &'a str
[INFO] [stdout]              ()
[INFO] [stdout]              (T0, T1)
[INFO] [stdout]              (T0, T1, T2)
[INFO] [stdout]              (T0, T1, T2, T3)
[INFO] [stdout]              (T0, T1, T2, T3, T4)
[INFO] [stdout]            and 152 others
[INFO] [stdout]    = note: this error might have been caused by changes to Rust's type-inference algorithm (see issue #148922 <https://github.com/rust-lang/rust/issues/148922> for more information)
[INFO] [stdout]    = help: you might have intended to use the type `()` here instead
[INFO] [stdout]    = note: required for `!` to implement `DeserializeOwned`
[INFO] [stdout] note: required by a bound in `client::Client::post`
[INFO] [stdout]   --> src/client.rs:71:47
[INFO] [stdout]    |
[INFO] [stdout] 41 | impl Client {
[INFO] [stdout] ...
[INFO] [stdout] 71 |     pub(crate) async fn post<I: Serialize, O: DeserializeOwned + Debug + Default>(
[INFO] [stdout]    |                                               ^^^^^^^^^^^^^^^^ required by this bound in `Client::post`
[INFO] [stdout] 
[INFO] [stdout] 
[INFO] [stdout] error[E0277]: the trait bound `!: Default` is not satisfied
[INFO] [stdout]   --> src/paths.rs:20:14
[INFO] [stdout]    |
[INFO] [stdout] 20 |         self.post([PATHS_PREFIX, path, DELETE].join("/"), HashMap::new(), options).await?;
[INFO] [stdout]    |              ^^^^ the trait `Default` is not implemented for `!`
[INFO] [stdout]    |
[INFO] [stdout]    = note: this error might have been caused by changes to Rust's type-inference algorithm (see issue #148922 <https://github.com/rust-lang/rust/issues/148922> for more information)
[INFO] [stdout]    = help: you might have intended to use the type `()` here instead
[INFO] [stdout] note: required by a bound in `client::Client::post`
[INFO] [stdout]   --> src/client.rs:71:74
[INFO] [stdout]    |
[INFO] [stdout] 41 | impl Client {
[INFO] [stdout] ...
[INFO] [stdout] 71 |     pub(crate) async fn post<I: Serialize, O: DeserializeOwned + Debug + Default>(
[INFO] [stdout]    |                                                                          ^^^^^^^ required by this bound in `Client::post`
[INFO] [stdout] 
[INFO] [stdout] 
[INFO] [stdout] error[E0277]: the trait bound `!: DeserializeOwned` is not satisfied
[INFO] [stdout]   --> src/paths.rs:20:14
[INFO] [stdout]    |
[INFO] [stdout] 20 |         self.post([PATHS_PREFIX, path, DELETE].join("/"), HashMap::new(), options).await?;
[INFO] [stdout]    |              ^^^^ the trait `for<'de> Deserialize<'de>` is not implemented for `!`
[INFO] [stdout]    |
[INFO] [stdout]    = help: the following other types implement trait `Deserialize<'de>`:
[INFO] [stdout]              &'a Path
[INFO] [stdout]              &'a [u8]
[INFO] [stdout]              &'a str
[INFO] [stdout]              ()
[INFO] [stdout]              (T0, T1)
[INFO] [stdout]              (T0, T1, T2)
[INFO] [stdout]              (T0, T1, T2, T3)
[INFO] [stdout]              (T0, T1, T2, T3, T4)
[INFO] [stdout]            and 152 others
[INFO] [stdout]    = note: this error might have been caused by changes to Rust's type-inference algorithm (see issue #148922 <https://github.com/rust-lang/rust/issues/148922> for more information)
[INFO] [stdout]    = help: you might have intended to use the type `()` here instead
[INFO] [stdout]    = note: required for `!` to implement `DeserializeOwned`
[INFO] [stdout] note: required by a bound in `client::Client::post`
[INFO] [stdout]   --> src/client.rs:71:47
[INFO] [stdout]    |
[INFO] [stdout] 41 | impl Client {
[INFO] [stdout] ...
[INFO] [stdout] 71 |     pub(crate) async fn post<I: Serialize, O: DeserializeOwned + Debug + Default>(
[INFO] [stdout]    |                                               ^^^^^^^^^^^^^^^^ required by this bound in `Client::post`
[INFO] [stdout] 
[INFO] [stdout] 
[INFO] [stdout] error[E0277]: the trait bound `!: Default` is not satisfied
[INFO] [stdout]   --> src/paths.rs:30:14
[INFO] [stdout]    |
[INFO] [stdout] 30 |         self.post([PATHS_PREFIX, path, FREE].join("/"), HashMap::new(), options).await?;
[INFO] [stdout]    |              ^^^^ the trait `Default` is not implemented for `!`
[INFO] [stdout]    |
[INFO] [stdout]    = note: this error might have been caused by changes to Rust's type-inference algorithm (see issue #148922 <https://github.com/rust-lang/rust/issues/148922> for more information)
[INFO] [stdout]    = help: you might have intended to use the type `()` here instead
[INFO] [stdout] note: required by a bound in `client::Client::post`
[INFO] [stdout]   --> src/client.rs:71:74
[INFO] [stdout]    |
[INFO] [stdout] 41 | impl Client {
[INFO] [stdout] ...
[INFO] [stdout] 71 |     pub(crate) async fn post<I: Serialize, O: DeserializeOwned + Debug + Default>(
[INFO] [stdout]    |                                                                          ^^^^^^^ required by this bound in `Client::post`
[INFO] [stdout] 
[INFO] [stdout] 
[INFO] [stdout] error[E0277]: the trait bound `!: DeserializeOwned` is not satisfied
[INFO] [stdout]   --> src/paths.rs:30:14
[INFO] [stdout]    |
[INFO] [stdout] 30 |         self.post([PATHS_PREFIX, path, FREE].join("/"), HashMap::new(), options).await?;
[INFO] [stdout]    |              ^^^^ the trait `for<'de> Deserialize<'de>` is not implemented for `!`
[INFO] [stdout]    |
[INFO] [stdout]    = help: the following other types implement trait `Deserialize<'de>`:
[INFO] [stdout]              &'a Path
[INFO] [stdout]              &'a [u8]
[INFO] [stdout]              &'a str
[INFO] [stdout]              ()
[INFO] [stdout]              (T0, T1)
[INFO] [stdout]              (T0, T1, T2)
[INFO] [stdout]              (T0, T1, T2, T3)
[INFO] [stdout]              (T0, T1, T2, T3, T4)
[INFO] [stdout]            and 152 others
[INFO] [stdout]    = note: this error might have been caused by changes to Rust's type-inference algorithm (see issue #148922 <https://github.com/rust-lang/rust/issues/148922> for more information)
[INFO] [stdout]    = help: you might have intended to use the type `()` here instead
[INFO] [stdout]    = note: required for `!` to implement `DeserializeOwned`
[INFO] [stdout] note: required by a bound in `client::Client::post`
[INFO] [stdout]   --> src/client.rs:71:47
[INFO] [stdout]    |
[INFO] [stdout] 41 | impl Client {
[INFO] [stdout] ...
[INFO] [stdout] 71 |     pub(crate) async fn post<I: Serialize, O: DeserializeOwned + Debug + Default>(
[INFO] [stdout]    |                                               ^^^^^^^^^^^^^^^^ required by this bound in `Client::post`
[INFO] [stdout] 
[INFO] [stdout] 
[INFO] [stdout] error[E0277]: the trait bound `!: Default` is not satisfied
[INFO] [stdout]   --> src/paths.rs:47:14
[INFO] [stdout]    |
[INFO] [stdout] 47 |         self.post([PATHS_PREFIX, path, MOUNT].join("/"), params, options).await?;
[INFO] [stdout]    |              ^^^^ the trait `Default` is not implemented for `!`
[INFO] [stdout]    |
[INFO] [stdout]    = note: this error might have been caused by changes to Rust's type-inference algorithm (see issue #148922 <https://github.com/rust-lang/rust/issues/148922> for more information)
[INFO] [stdout]    = help: you might have intended to use the type `()` here instead
[INFO] [stdout] note: required by a bound in `client::Client::post`
[INFO] [stdout]   --> src/client.rs:71:74
[INFO] [stdout]    |
[INFO] [stdout] 41 | impl Client {
[INFO] [stdout] ...
[INFO] [stdout] 71 |     pub(crate) async fn post<I: Serialize, O: DeserializeOwned + Debug + Default>(
[INFO] [stdout]    |                                                                          ^^^^^^^ required by this bound in `Client::post`
[INFO] [stdout] 
[INFO] [stdout] 
[INFO] [stdout] error[E0277]: the trait bound `!: DeserializeOwned` is not satisfied
[INFO] [stdout]   --> src/paths.rs:47:14
[INFO] [stdout]    |
[INFO] [stdout] 47 |         self.post([PATHS_PREFIX, path, MOUNT].join("/"), params, options).await?;
[INFO] [stdout]    |              ^^^^ the trait `for<'de> Deserialize<'de>` is not implemented for `!`
[INFO] [stdout]    |
[INFO] [stdout]    = help: the following other types implement trait `Deserialize<'de>`:
[INFO] [stdout]              &'a Path
[INFO] [stdout]              &'a [u8]
[INFO] [stdout]              &'a str
[INFO] [stdout]              ()
[INFO] [stdout]              (T0, T1)
[INFO] [stdout]              (T0, T1, T2)
[INFO] [stdout]              (T0, T1, T2, T3)
[INFO] [stdout]              (T0, T1, T2, T3, T4)
[INFO] [stdout]            and 152 others
[INFO] [stdout]    = note: this error might have been caused by changes to Rust's type-inference algorithm (see issue #148922 <https://github.com/rust-lang/rust/issues/148922> for more information)
[INFO] [stdout]    = help: you might have intended to use the type `()` here instead
[INFO] [stdout]    = note: required for `!` to implement `DeserializeOwned`
[INFO] [stdout] note: required by a bound in `client::Client::post`
[INFO] [stdout]   --> src/client.rs:71:47
[INFO] [stdout]    |
[INFO] [stdout] 41 | impl Client {
[INFO] [stdout] ...
[INFO] [stdout] 71 |     pub(crate) async fn post<I: Serialize, O: DeserializeOwned + Debug + Default>(
[INFO] [stdout]    |                                               ^^^^^^^^^^^^^^^^ required by this bound in `Client::post`
[INFO] [stdout] 
[INFO] [stdout] 
[INFO] [stdout] error[E0277]: the trait bound `!: Default` is not satisfied
[INFO] [stdout]   --> src/paths.rs:59:14
[INFO] [stdout]    |
[INFO] [stdout] 59 |         self.post([PATHS_PREFIX, path, RENAME].join("/"), params, options).await?;
[INFO] [stdout]    |              ^^^^ the trait `Default` is not implemented for `!`
[INFO] [stdout]    |
[INFO] [stdout]    = note: this error might have been caused by changes to Rust's type-inference algorithm (see issue #148922 <https://github.com/rust-lang/rust/issues/148922> for more information)
[INFO] [stdout]    = help: you might have intended to use the type `()` here instead
[INFO] [stdout] note: required by a bound in `client::Client::post`
[INFO] [stdout]   --> src/client.rs:71:74
[INFO] [stdout]    |
[INFO] [stdout] 41 | impl Client {
[INFO] [stdout] ...
[INFO] [stdout] 71 |     pub(crate) async fn post<I: Serialize, O: DeserializeOwned + Debug + Default>(
[INFO] [stdout]    |                                                                          ^^^^^^^ required by this bound in `Client::post`
[INFO] [stdout] 
[INFO] [stdout] 
[INFO] [stdout] error[E0277]: the trait bound `!: DeserializeOwned` is not satisfied
[INFO] [stdout]   --> src/paths.rs:59:14
[INFO] [stdout]    |
[INFO] [stdout] 59 |         self.post([PATHS_PREFIX, path, RENAME].join("/"), params, options).await?;
[INFO] [stdout]    |              ^^^^ the trait `for<'de> Deserialize<'de>` is not implemented for `!`
[INFO] [stdout]    |
[INFO] [stdout]    = help: the following other types implement trait `Deserialize<'de>`:
[INFO] [stdout]              &'a Path
[INFO] [stdout]              &'a [u8]
[INFO] [stdout]              &'a str
[INFO] [stdout]              ()
[INFO] [stdout]              (T0, T1)
[INFO] [stdout]              (T0, T1, T2)
[INFO] [stdout]              (T0, T1, T2, T3)
[INFO] [stdout]              (T0, T1, T2, T3, T4)
[INFO] [stdout]            and 152 others
[INFO] [stdout]    = note: this error might have been caused by changes to Rust's type-inference algorithm (see issue #148922 <https://github.com/rust-lang/rust/issues/148922> for more information)
[INFO] [stdout]    = help: you might have intended to use the type `()` here instead
[INFO] [stdout]    = note: required for `!` to implement `DeserializeOwned`
[INFO] [stdout] note: required by a bound in `client::Client::post`
[INFO] [stdout]   --> src/client.rs:71:47
[INFO] [stdout]    |
[INFO] [stdout] 41 | impl Client {
[INFO] [stdout] ...
[INFO] [stdout] 71 |     pub(crate) async fn post<I: Serialize, O: DeserializeOwned + Debug + Default>(
[INFO] [stdout]    |                                               ^^^^^^^^^^^^^^^^ required by this bound in `Client::post`
[INFO] [stdout] 
[INFO] [stdout] 
[INFO] [stdout] error[E0277]: the trait bound `!: Default` is not satisfied
[INFO] [stdout]   --> src/paths.rs:64:14
[INFO] [stdout]    |
[INFO] [stdout] 64 |         self.post([PATHS_PREFIX, path, SET_ATTRIBUTE].join("/"), HashMap::new(), options).await?;
[INFO] [stdout]    |              ^^^^ the trait `Default` is not implemented for `!`
[INFO] [stdout]    |
[INFO] [stdout]    = note: this error might have been caused by changes to Rust's type-inference algorithm (see issue #148922 <https://github.com/rust-lang/rust/issues/148922> for more information)
[INFO] [stdout]    = help: you might have intended to use the type `()` here instead
[INFO] [stdout] note: required by a bound in `client::Client::post`
[INFO] [stdout]   --> src/client.rs:71:74
[INFO] [stdout]    |
[INFO] [stdout] 41 | impl Client {
[INFO] [stdout] ...
[INFO] [stdout] 71 |     pub(crate) async fn post<I: Serialize, O: DeserializeOwned + Debug + Default>(
[INFO] [stdout]    |                                                                          ^^^^^^^ required by this bound in `Client::post`
[INFO] [stdout] 
[INFO] [stdout] 
[INFO] [stdout] error[E0277]: the trait bound `!: DeserializeOwned` is not satisfied
[INFO] [stdout]   --> src/paths.rs:64:14
[INFO] [stdout]    |
[INFO] [stdout] 64 |         self.post([PATHS_PREFIX, path, SET_ATTRIBUTE].join("/"), HashMap::new(), options).await?;
[INFO] [stdout]    |              ^^^^ the trait `for<'de> Deserialize<'de>` is not implemented for `!`
[INFO] [stdout]    |
[INFO] [stdout]    = help: the following other types implement trait `Deserialize<'de>`:
[INFO] [stdout]              &'a Path
[INFO] [stdout]              &'a [u8]
[INFO] [stdout]              &'a str
[INFO] [stdout]              ()
[INFO] [stdout]              (T0, T1)
[INFO] [stdout]              (T0, T1, T2)
[INFO] [stdout]              (T0, T1, T2, T3)
[INFO] [stdout]              (T0, T1, T2, T3, T4)
[INFO] [stdout]            and 152 others
[INFO] [stdout]    = note: this error might have been caused by changes to Rust's type-inference algorithm (see issue #148922 <https://github.com/rust-lang/rust/issues/148922> for more information)
[INFO] [stdout]    = help: you might have intended to use the type `()` here instead
[INFO] [stdout]    = note: required for `!` to implement `DeserializeOwned`
[INFO] [stdout] note: required by a bound in `client::Client::post`
[INFO] [stdout]   --> src/client.rs:71:47
[INFO] [stdout]    |
[INFO] [stdout] 41 | impl Client {
[INFO] [stdout] ...
[INFO] [stdout] 71 |     pub(crate) async fn post<I: Serialize, O: DeserializeOwned + Debug + Default>(
[INFO] [stdout]    |                                               ^^^^^^^^^^^^^^^^ required by this bound in `Client::post`
[INFO] [stdout] 
[INFO] [stdout] 
[INFO] [stdout] error[E0277]: the trait bound `!: Default` is not satisfied
[INFO] [stdout]   --> src/paths.rs:69:14
[INFO] [stdout]    |
[INFO] [stdout] 69 |         self.post([PATHS_PREFIX, path, UNMOUNT].join("/"), HashMap::new(), options).await?;
[INFO] [stdout]    |              ^^^^ the trait `Default` is not implemented for `!`
[INFO] [stdout]    |
[INFO] [stdout]    = note: this error might have been caused by changes to Rust's type-inference algorithm (see issue #148922 <https://github.com/rust-lang/rust/issues/148922> for more information)
[INFO] [stdout]    = help: you might have intended to use the type `()` here instead
[INFO] [stdout] note: required by a bound in `client::Client::post`
[INFO] [stdout]   --> src/client.rs:71:74
[INFO] [stdout]    |
[INFO] [stdout] 41 | impl Client {
[INFO] [stdout] ...
[INFO] [stdout] 71 |     pub(crate) async fn post<I: Serialize, O: DeserializeOwned + Debug + Default>(
[INFO] [stdout]    |                                                                          ^^^^^^^ required by this bound in `Client::post`
[INFO] [stdout] 
[INFO] [stdout] 
[INFO] [stdout] error[E0277]: the trait bound `!: DeserializeOwned` is not satisfied
[INFO] [stdout]   --> src/paths.rs:69:14
[INFO] [stdout]    |
[INFO] [stdout] 69 |         self.post([PATHS_PREFIX, path, UNMOUNT].join("/"), HashMap::new(), options).await?;
[INFO] [stdout]    |              ^^^^ the trait `for<'de> Deserialize<'de>` is not implemented for `!`
[INFO] [stdout]    |
[INFO] [stdout]    = help: the following other types implement trait `Deserialize<'de>`:
[INFO] [stdout]              &'a Path
[INFO] [stdout]              &'a [u8]
[INFO] [stdout]              &'a str
[INFO] [stdout]              ()
[INFO] [stdout]              (T0, T1)
[INFO] [stdout]              (T0, T1, T2)
[INFO] [stdout]              (T0, T1, T2, T3)
[INFO] [stdout]              (T0, T1, T2, T3, T4)
[INFO] [stdout]            and 152 others
[INFO] [stdout]    = note: this error might have been caused by changes to Rust's type-inference algorithm (see issue #148922 <https://github.com/rust-lang/rust/issues/148922> for more information)
[INFO] [stdout]    = help: you might have intended to use the type `()` here instead
[INFO] [stdout]    = note: required for `!` to implement `DeserializeOwned`
[INFO] [stdout] note: required by a bound in `client::Client::post`
[INFO] [stdout]   --> src/client.rs:71:47
[INFO] [stdout]    |
[INFO] [stdout] 41 | impl Client {
[INFO] [stdout] ...
[INFO] [stdout] 71 |     pub(crate) async fn post<I: Serialize, O: DeserializeOwned + Debug + Default>(
[INFO] [stdout]    |                                               ^^^^^^^^^^^^^^^^ required by this bound in `Client::post`
[INFO] [stdout] 
[INFO] [stdout] 
[INFO] [stdout] For more information about this error, try `rustc --explain E0277`.
[INFO] [stdout] 
[INFO] [stderr] error: could not compile `alluxio-rs` (lib) due to 16 previous errors
[INFO] [stderr] warning: build failed, waiting for other jobs to finish...
[INFO] running `Command { std: "docker" "inspect" "aaa757774513d003476fa819a88e80f298ce26fa0b87fd0e9febf5ce33df160e", kill_on_drop: false }`
[INFO] running `Command { std: "docker" "rm" "-f" "aaa757774513d003476fa819a88e80f298ce26fa0b87fd0e9febf5ce33df160e", kill_on_drop: false }`
[INFO] [stdout] aaa757774513d003476fa819a88e80f298ce26fa0b87fd0e9febf5ce33df160e
