[INFO] fetching crate ahecha_cli 0.0.1...
[INFO] testing ahecha_cli-0.0.1 against 1.99.0-beta.8+cargoflags=--release for beta-release-1.100-3
[INFO] extracting crate ahecha_cli 0.0.1 into /workspace/builds/worker-6-tc1/source
[INFO] started tweaking crates.io crate ahecha_cli 0.0.1
[INFO] finished tweaking crates.io crate ahecha_cli 0.0.1
[INFO] tweaked toml for crates.io crate ahecha_cli 0.0.1 written to /workspace/builds/worker-6-tc1/source/Cargo.toml
[INFO] validating manifest of crates.io crate ahecha_cli 0.0.1 on toolchain 1.99.0-beta.8
[INFO] running `Command { std: CARGO_HOME="/workspace/cargo-home" RUSTUP_HOME="/workspace/rustup-home" "/workspace/cargo-home/bin/cargo" "+1.99.0-beta.8" "metadata" "--manifest-path" "Cargo.toml" "--no-deps", kill_on_drop: false }`
[INFO] crate crates.io crate ahecha_cli 0.0.1 already has a lockfile, it will not be regenerated
[INFO] running `Command { std: CARGO_HOME="/workspace/cargo-home" RUSTUP_HOME="/workspace/rustup-home" "/workspace/cargo-home/bin/cargo" "+1.99.0-beta.8" "fetch" "--manifest-path" "Cargo.toml", kill_on_drop: false }`
[INFO] [stderr]  Downloading crates ...
[INFO] [stderr]   Downloaded quote v1.0.20
[INFO] [stderr]   Downloaded once_cell v1.13.0
[INFO] [stderr]   Downloaded either v1.7.0
[INFO] [stderr]   Downloaded rustls-pemfile v1.0.0
[INFO] [stderr]   Downloaded crossbeam-queue v0.3.6
[INFO] [stderr]   Downloaded sqlx-rt v0.6.0
[INFO] [stderr]   Downloaded unicode-ident v1.0.2
[INFO] [stderr]   Downloaded proc-macro2 v1.0.41
[INFO] [stderr]   Downloaded sqlx-macros v0.6.0
[INFO] [stderr]   Downloaded redox_syscall v0.2.15
[INFO] [stderr]   Downloaded hashlink v0.8.0
[INFO] [stderr]   Downloaded anyhow v1.0.58
[INFO] [stderr]   Downloaded serde_derive v1.0.140
[INFO] [stderr]   Downloaded bytes v1.2.0
[INFO] [stderr]   Downloaded serde v1.0.140
[INFO] [stderr]   Downloaded syn v1.0.98
[INFO] [stderr]   Downloaded sqlx v0.6.0
[INFO] [stderr]   Downloaded serde_json v1.0.82
[INFO] [stderr]   Downloaded sqlx-core v0.6.0
[INFO] [stderr]   Downloaded webpki-roots v0.22.4
[INFO] [stderr]   Downloaded rustls v0.20.6
[INFO] running `Command { std: "docker" "create" "-v" "/var/lib/crater-agent-workspace/builds/worker-6-tc1/source:/opt/rustwide/workdir:ro,Z" "-v" "/var/lib/crater-agent-workspace/builds/worker-6-tc1/target:/opt/rustwide/target:rw,Z" "-v" "/var/lib/crater-agent-workspace/cargo-home:/opt/rustwide/cargo-home:ro,Z" "-v" "/var/lib/crater-agent-workspace/rustup-home:/opt/rustwide/rustup-home:ro,Z" "-m" "1610612736" "--network" "none" "ghcr.io/rust-lang/crates-build-env/linux@sha256:77db811e55d90add9212f6832c23229e3de5f1c1f9905e8cb07319ea15df73ac" "sleep" "infinity", kill_on_drop: false }`
[INFO] [stdout] 19ba02ca7a52c781e0c5988508d4b30d27a0932c4372313f2652a1f0f6549015
[INFO] running `Command { std: "docker" "start" "19ba02ca7a52c781e0c5988508d4b30d27a0932c4372313f2652a1f0f6549015", kill_on_drop: false }`
[INFO] running `Command { std: "docker" "inspect" "19ba02ca7a52c781e0c5988508d4b30d27a0932c4372313f2652a1f0f6549015", kill_on_drop: false }`
[INFO] running `Command { std: "docker" "exec" "-e" "SOURCE_DIR=/opt/rustwide/workdir" "-e" "CARGO_HOME=/opt/rustwide/cargo-home" "-e" "RUSTUP_HOME=/opt/rustwide/rustup-home" "-e" "CARGO_TARGET_DIR=/opt/rustwide/target" "-w" "/opt/rustwide/workdir" "--user" "0:0" "19ba02ca7a52c781e0c5988508d4b30d27a0932c4372313f2652a1f0f6549015" "/opt/rustwide/cargo-home/bin/cargo" "+1.99.0-beta.8" "metadata" "--no-deps" "--format-version=1", kill_on_drop: false }`
[INFO] running `Command { std: "docker" "inspect" "19ba02ca7a52c781e0c5988508d4b30d27a0932c4372313f2652a1f0f6549015", kill_on_drop: false }`
[INFO] running `Command { std: "docker" "exec" "-e" "SOURCE_DIR=/opt/rustwide/workdir" "-e" "CARGO_HOME=/opt/rustwide/cargo-home" "-e" "RUSTUP_HOME=/opt/rustwide/rustup-home" "-e" "CARGO_TARGET_DIR=/opt/rustwide/target" "-e" "CARGO_INCREMENTAL=0" "-e" "RUST_BACKTRACE=full" "-e" "RUSTFLAGS=--cap-lints=warn" "-e" "RUSTDOCFLAGS=--cap-lints=warn" "-w" "/opt/rustwide/workdir" "--user" "0:0" "19ba02ca7a52c781e0c5988508d4b30d27a0932c4372313f2652a1f0f6549015" "/opt/rustwide/cargo-home/bin/cargo" "+1.99.0-beta.8" "build" "--frozen" "--message-format=json" "--release", kill_on_drop: false }`
[INFO] [stderr]    Compiling libc v0.2.126
[INFO] [stderr]    Compiling typenum v1.15.0
[INFO] [stderr]    Compiling proc-macro2 v1.0.41
[INFO] [stderr]    Compiling memchr v2.5.0
[INFO] [stderr]    Compiling unicode-ident v1.0.2
[INFO] [stderr]    Compiling quote v1.0.20
[INFO] [stderr]    Compiling log v0.4.17
[INFO] [stderr]    Compiling syn v1.0.98
[INFO] [stderr]    Compiling once_cell v1.13.0
[INFO] [stderr]    Compiling lock_api v0.4.7
[INFO] [stderr]    Compiling generic-array v0.14.5
[INFO] [stderr]    Compiling ring v0.16.20
[INFO] [stderr]    Compiling ahash v0.7.6
[INFO] [stderr]    Compiling rustls v0.20.6
[INFO] [stderr]    Compiling parking_lot_core v0.8.5
[INFO] [stderr]    Compiling num-traits v0.2.15
[INFO] [stderr]    Compiling serde v1.0.140
[INFO] [stderr]    Compiling serde_derive v1.0.140
[INFO] [stderr]    Compiling crossbeam-utils v0.8.11
[INFO] [stderr]    Compiling subtle v2.4.1
[INFO] [stderr]    Compiling futures-core v0.3.21
[INFO] [stderr]    Compiling indexmap v1.9.1
[INFO] [stderr]    Compiling tokio v1.20.1
[INFO] [stderr]    Compiling tinyvec_macros v0.1.0
[INFO] [stderr]    Compiling crossbeam-queue v0.3.6
[INFO] [stderr]    Compiling pin-project-lite v0.2.9
[INFO] [stderr]    Compiling serde_json v1.0.82
[INFO] [stderr]    Compiling futures-channel v0.3.21
[INFO] [stderr]    Compiling tinyvec v1.6.0
[INFO] [stderr]    Compiling bytes v1.2.0
[INFO] [stderr]    Compiling instant v0.1.12
[INFO] [stderr]    Compiling smallvec v1.9.0
[INFO] [stderr]    Compiling matches v0.1.9
[INFO] [stderr]    Compiling scopeguard v1.1.0
[INFO] [stderr]    Compiling unicode-bidi v0.3.8
[INFO] [stderr]    Compiling futures-task v0.3.21
[INFO] [stderr]    Compiling cpufeatures v0.2.2
[INFO] [stderr]    Compiling either v1.7.0
[INFO] [stderr]    Compiling getrandom v0.2.7
[INFO] [stderr]    Compiling socket2 v0.4.4
[INFO] [stderr]    Compiling num_cpus v1.13.1
[INFO] [stderr]    Compiling mio v0.8.4
[INFO] [stderr]    Compiling unicode-normalization v0.1.21
[INFO] [stderr]    Compiling rand_core v0.6.3
[INFO] [stderr]    Compiling hashbrown v0.12.3
[INFO] [stderr]    Compiling futures-sink v0.3.21
[INFO] [stderr]    Compiling percent-encoding v2.1.0
[INFO] [stderr]    Compiling ppv-lite86 v0.2.16
[INFO] [stderr]    Compiling block-buffer v0.10.2
[INFO] [stderr]    Compiling crypto-common v0.1.6
[INFO] [stderr]    Compiling form_urlencoded v1.0.1
[INFO] [stderr]    Compiling digest v0.10.3
[INFO] [stderr]    Compiling nom v7.1.1
[INFO] [stderr]    Compiling idna v0.2.3
[INFO] [stderr]    Compiling parking_lot v0.11.2
[INFO] [stderr]    Compiling hmac v0.12.1
[INFO] [stderr]    Compiling rand_chacha v0.3.1
[INFO] [stderr]    Compiling itertools v0.10.3
[INFO] [stderr]    Compiling dirs-sys v0.3.7
[INFO] [stderr]    Compiling futures-util v0.3.21
[INFO] [stderr]    Compiling itoa v1.0.2
[INFO] [stderr]    Compiling base64 v0.13.0
[INFO] [stderr]    Compiling paste v1.0.7
[INFO] [stderr]    Compiling ryu v1.0.10
[INFO] [stderr]    Compiling rustls-pemfile v1.0.0
[INFO] [stderr]    Compiling url v2.2.2
[INFO] [stderr]    Compiling atoi v1.0.0
[INFO] [stderr]    Compiling rand v0.8.5
[INFO] [stderr]    Compiling dirs v4.0.0
[INFO] [stderr]    Compiling futures-intrusive v0.4.0
[INFO] [stderr]    Compiling hkdf v0.12.3
[INFO] [stderr]    Compiling md-5 v0.10.1
[INFO] [stderr]    Compiling sha-1 v0.10.0
[INFO] [stderr]    Compiling sha2 v0.10.2
[INFO] [stderr]    Compiling hashlink v0.8.0
[INFO] [stderr]    Compiling webpki v0.22.0
[INFO] [stderr]    Compiling sct v0.7.0
[INFO] [stderr]    Compiling sqlformat v0.1.8
[INFO] [stderr]    Compiling stringprep v0.1.2
[INFO] [stderr]    Compiling byteorder v1.4.3
[INFO] [stderr]    Compiling event-listener v2.5.2
[INFO] [stderr]    Compiling unicode-segmentation v1.9.0
[INFO] [stderr]    Compiling bitflags v1.3.2
[INFO] [stderr]    Compiling webpki-roots v0.22.4
[INFO] [stderr]    Compiling whoami v1.2.1
[INFO] [stderr]    Compiling heck v0.4.0
[INFO] [stderr]    Compiling dotenv v0.15.0
[INFO] [stderr]    Compiling anyhow v1.0.58
[INFO] [stderr]    Compiling tokio-macros v1.8.0
[INFO] [stderr]    Compiling thiserror-impl v1.0.31
[INFO] [stderr]    Compiling tokio-rustls v0.23.4
[INFO] [stderr]    Compiling tokio-stream v0.1.9
[INFO] [stderr]    Compiling sqlx-rt v0.6.0
[INFO] [stderr]    Compiling thiserror v1.0.31
[INFO] [stderr]    Compiling sqlx-core v0.6.0
[INFO] [stderr]    Compiling sqlx-macros v0.6.0
[INFO] [stderr]    Compiling sqlx v0.6.0
[INFO] [stderr]    Compiling ahecha_cli v0.0.1 (/opt/rustwide/workdir)
[INFO] [stderr]     Finished `release` profile [optimized] target(s) in 54.61s
[INFO] [stderr] warning: the following packages contain code that will be rejected by a future version of Rust: sqlx-core v0.6.0
[INFO] [stderr] note: to see what the problems were, use the option `--future-incompat-report`, or run `cargo report future-incompatibilities --id 4`
[INFO] running `Command { std: "docker" "inspect" "19ba02ca7a52c781e0c5988508d4b30d27a0932c4372313f2652a1f0f6549015", kill_on_drop: false }`
[INFO] running `Command { std: "docker" "exec" "-e" "SOURCE_DIR=/opt/rustwide/workdir" "-e" "CARGO_HOME=/opt/rustwide/cargo-home" "-e" "RUSTUP_HOME=/opt/rustwide/rustup-home" "-e" "CARGO_TARGET_DIR=/opt/rustwide/target" "-e" "CARGO_INCREMENTAL=0" "-e" "RUST_BACKTRACE=full" "-e" "RUSTFLAGS=--cap-lints=warn" "-e" "RUSTDOCFLAGS=--cap-lints=warn" "-w" "/opt/rustwide/workdir" "--user" "0:0" "19ba02ca7a52c781e0c5988508d4b30d27a0932c4372313f2652a1f0f6549015" "/opt/rustwide/cargo-home/bin/cargo" "+1.99.0-beta.8" "test" "--frozen" "--no-run" "--message-format=json" "--release", kill_on_drop: false }`
[INFO] [stderr]    Compiling ahecha_cli v0.0.1 (/opt/rustwide/workdir)
[INFO] [stderr]     Finished `release` profile [optimized] target(s) in 2.83s
[INFO] [stderr] warning: the following packages contain code that will be rejected by a future version of Rust: sqlx-core v0.6.0
[INFO] [stderr] note: to see what the problems were, use the option `--future-incompat-report`, or run `cargo report future-incompatibilities --id 4`
[INFO] running `Command { std: "docker" "inspect" "19ba02ca7a52c781e0c5988508d4b30d27a0932c4372313f2652a1f0f6549015", kill_on_drop: false }`
[INFO] running `Command { std: "docker" "exec" "-e" "SOURCE_DIR=/opt/rustwide/workdir" "-e" "CARGO_HOME=/opt/rustwide/cargo-home" "-e" "RUSTUP_HOME=/opt/rustwide/rustup-home" "-e" "CARGO_TARGET_DIR=/opt/rustwide/target" "-e" "CARGO_INCREMENTAL=0" "-e" "RUST_BACKTRACE=full" "-e" "RUSTFLAGS=--cap-lints=warn" "-e" "RUSTDOCFLAGS=--cap-lints=warn" "-w" "/opt/rustwide/workdir" "--user" "0:0" "19ba02ca7a52c781e0c5988508d4b30d27a0932c4372313f2652a1f0f6549015" "/opt/rustwide/cargo-home/bin/cargo" "+1.99.0-beta.8" "test" "--frozen" "--release", kill_on_drop: false }`
[INFO] [stderr]     Finished `release` profile [optimized] target(s) in 0.14s
[INFO] [stderr] warning: the following packages contain code that will be rejected by a future version of Rust: sqlx-core v0.6.0
[INFO] [stderr] note: to see what the problems were, use the option `--future-incompat-report`, or run `cargo report future-incompatibilities --id 4`
[INFO] [stderr]      Running unittests src/lib.rs (/opt/rustwide/target/release/deps/ahecha_cli-24048a191083f2d7)
[INFO] [stdout] 
[INFO] [stdout] running 6 tests
[INFO] [stdout] test config::test::test_merge_config ... ok
[INFO] [stdout] test config::test::test_merge_only_existing_tables_config ... ok
[INFO] [stdout] test config::test::test_load_columns ... FAILED
[INFO] [stdout] test config::test::test_load_primary_key ... FAILED
[INFO] [stdout] test config::test::test_load_constraints ... FAILED
[INFO] [stdout] test config::test::test_load_config ... FAILED
[INFO] [stdout] 
[INFO] [stdout] failures:
[INFO] [stdout] 
[INFO] [stdout] ---- config::test::test_load_columns stdout ----
[INFO] [stdout] 
[INFO] [stdout] thread 'config::test::test_load_columns' (3168) panicked at src/config.rs:70:40:
[INFO] [stdout] Could not parse records.json: Error("missing field `is_nullable`", line: 7, column: 7)
[INFO] [stdout] stack backtrace:
[INFO] [stdout]    0:     0x587562199d11 - <<std[70759c8f55707aa4]::sys::backtrace::BacktraceLock>::print::DisplayBacktrace as core[df12db4294e9bfd3]::fmt::Display>::fmt
[INFO] [stdout]    1:     0x5875621adfca - core[df12db4294e9bfd3]::fmt::write
[INFO] [stdout]    2:     0x58756219e1ac - <alloc[2182bb758b4b3781]::vec::Vec<u8> as core[df12db4294e9bfd3]::io::write::Write>::write_fmt
[INFO] [stdout]    3:     0x587562175fe6 - std[70759c8f55707aa4]::panicking::default_hook::{closure#0}
[INFO] [stdout]    4:     0x587562192159 - std[70759c8f55707aa4]::panicking::default_hook
[INFO] [stdout]    5:     0x58756212a680 - test[9d35eded1c95d3be]::test_main_inner::<test[9d35eded1c95d3be]::test_main_static::{closure#0}>::{closure#0}
[INFO] [stdout]    6:     0x587562192312 - std[70759c8f55707aa4]::panicking::panic_with_hook
[INFO] [stdout]    7:     0x587562176092 - std[70759c8f55707aa4]::panicking::panic_handler::{closure#0}
[INFO] [stdout]    8:     0x58756216ec89 - std[70759c8f55707aa4]::sys::backtrace::__rust_end_short_backtrace::<std[70759c8f55707aa4]::panicking::panic_handler::{closure#0}, !>
[INFO] [stdout]    9:     0x587562176c8d - __rustc[8fa7c3cbc660c2b3]::rust_begin_unwind
[INFO] [stdout]   10:     0x5875621ae6fc - core[df12db4294e9bfd3]::panicking::panic_fmt
[INFO] [stdout]   11:     0x5875621ae4d2 - core[df12db4294e9bfd3]::result::unwrap_failed
[INFO] [stdout]   12:     0x587562119be2 - ahecha_cli[896962a8c1cd0f4c]::config::get_config
[INFO] [stdout]   13:     0x58756211b8be - ahecha_cli[896962a8c1cd0f4c]::config::test::test_load_columns
[INFO] [stdout]   14:     0x5875621187a9 - <ahecha_cli[896962a8c1cd0f4c]::config::test::test_load_columns::{closure#0} as core[df12db4294e9bfd3]::ops::function::FnOnce<()>>::call_once
[INFO] [stdout]   15:     0x58756211d96b - test[9d35eded1c95d3be]::__rust_begin_short_backtrace::<core[df12db4294e9bfd3]::result::Result<(), alloc[2182bb758b4b3781]::string::String>, fn() -> core[df12db4294e9bfd3]::result::Result<(), alloc[2182bb758b4b3781]::string::String>>
[INFO] [stdout]   16:     0x58756212afd5 - test[9d35eded1c95d3be]::run_test::{closure#0}
[INFO] [stdout]   17:     0x587562124894 - std[70759c8f55707aa4]::sys::backtrace::__rust_begin_short_backtrace::<test[9d35eded1c95d3be]::run_test::{closure#1}, ()>
[INFO] [stdout]   18:     0x58756212e132 - <std[70759c8f55707aa4]::thread::lifecycle::spawn_unchecked<test[9d35eded1c95d3be]::run_test::{closure#1}, ()>::{closure#1} as core[df12db4294e9bfd3]::ops::function::FnOnce<()>>::call_once::{shim:vtable#0}
[INFO] [stdout]   19:     0x5875621992c9 - <std[70759c8f55707aa4]::sys::thread::unix::Thread>::new::thread_start
[INFO] [stdout]   20:     0x751cde196dfa - <unknown>
[INFO] [stdout]   21:     0x751cde22a3d4 - clone
[INFO] [stdout]   22:                0x0 - <unknown>
[INFO] [stdout] 
[INFO] [stdout] ---- config::test::test_load_primary_key stdout ----
[INFO] [stdout] 
[INFO] [stdout] thread 'config::test::test_load_primary_key' (3171) panicked at src/config.rs:70:40:
[INFO] [stdout] Could not parse records.json: Error("missing field `is_nullable`", line: 7, column: 7)
[INFO] [stdout] stack backtrace:
[INFO] [stdout]    0:     0x587562199d11 - <<std[70759c8f55707aa4]::sys::backtrace::BacktraceLock>::print::DisplayBacktrace as core[df12db4294e9bfd3]::fmt::Display>::fmt
[INFO] [stdout]    1:     0x5875621adfca - core[df12db4294e9bfd3]::fmt::write
[INFO] [stdout]    2:     0x58756219e1ac - <alloc[2182bb758b4b3781]::vec::Vec<u8> as core[df12db4294e9bfd3]::io::write::Write>::write_fmt
[INFO] [stdout]    3:     0x587562175fe6 - std[70759c8f55707aa4]::panicking::default_hook::{closure#0}
[INFO] [stdout]    4:     0x587562192159 - std[70759c8f55707aa4]::panicking::default_hook
[INFO] [stdout]    5:     0x58756212a680 - test[9d35eded1c95d3be]::test_main_inner::<test[9d35eded1c95d3be]::test_main_static::{closure#0}>::{closure#0}
[INFO] [stdout]    6:     0x587562192312 - std[70759c8f55707aa4]::panicking::panic_with_hook
[INFO] [stdout]    7:     0x587562176092 - std[70759c8f55707aa4]::panicking::panic_handler::{closure#0}
[INFO] [stdout]    8:     0x58756216ec89 - std[70759c8f55707aa4]::sys::backtrace::__rust_end_short_backtrace::<std[70759c8f55707aa4]::panicking::panic_handler::{closure#0}, !>
[INFO] [stdout]    9:     0x587562176c8d - __rustc[8fa7c3cbc660c2b3]::rust_begin_unwind
[INFO] [stdout]   10:     0x5875621ae6fc - core[df12db4294e9bfd3]::panicking::panic_fmt
[INFO] [stdout]   11:     0x5875621ae4d2 - core[df12db4294e9bfd3]::result::unwrap_failed
[INFO] [stdout]   12:     0x587562119be2 - ahecha_cli[896962a8c1cd0f4c]::config::get_config
[INFO] [stdout]   13:     0x58756211c92a - ahecha_cli[896962a8c1cd0f4c]::config::test::test_load_primary_key
[INFO] [stdout]   14:     0x587562118809 - <ahecha_cli[896962a8c1cd0f4c]::config::test::test_load_primary_key::{closure#0} as core[df12db4294e9bfd3]::ops::function::FnOnce<()>>::call_once
[INFO] [stdout]   15:     0x58756211d96b - test[9d35eded1c95d3be]::__rust_begin_short_backtrace::<core[df12db4294e9bfd3]::result::Result<(), alloc[2182bb758b4b3781]::string::String>, fn() -> core[df12db4294e9bfd3]::result::Result<(), alloc[2182bb758b4b3781]::string::String>>
[INFO] [stdout]   16:     0x58756212afd5 - test[9d35eded1c95d3be]::run_test::{closure#0}
[INFO] [stdout]   17:     0x587562124894 - std[70759c8f55707aa4]::sys::backtrace::__rust_begin_short_backtrace::<test[9d35eded1c95d3be]::run_test::{closure#1}, ()>
[INFO] [stdout]   18:     0x58756212e132 - <std[70759c8f55707aa4]::thread::lifecycle::spawn_unchecked<test[9d35eded1c95d3be]::run_test::{closure#1}, ()>::{closure#1} as core[df12db4294e9bfd3]::ops::function::FnOnce<()>>::call_once::{shim:vtable#0}
[INFO] [stdout]   19:     0x5875621992c9 - <std[70759c8f55707aa4]::sys::thread::unix::Thread>::new::thread_start
[INFO] [stdout]   20:     0x751cde196dfa - <unknown>
[INFO] [stdout]   21:     0x751cde22a3d4 - clone
[INFO] [stdout]   22:                0x0 - <unknown>
[INFO] [stdout] 
[INFO] [stdout] ---- config::test::test_load_constraints stdout ----
[INFO] [stdout] 
[INFO] [stdout] thread 'config::test::test_load_constraints' (3170) panicked at src/config.rs:70:40:
[INFO] [stdout] Could not parse records.json: Error("missing field `is_nullable`", line: 7, column: 7)
[INFO] [stdout] stack backtrace:
[INFO] [stdout]    0:     0x587562199d11 - <<std[70759c8f55707aa4]::sys::backtrace::BacktraceLock>::print::DisplayBacktrace as core[df12db4294e9bfd3]::fmt::Display>::fmt
[INFO] [stdout]    1:     0x5875621adfca - core[df12db4294e9bfd3]::fmt::write
[INFO] [stdout]    2:     0x58756219e1ac - <alloc[2182bb758b4b3781]::vec::Vec<u8> as core[df12db4294e9bfd3]::io::write::Write>::write_fmt
[INFO] [stdout]    3:     0x587562175fe6 - std[70759c8f55707aa4]::panicking::default_hook::{closure#0}
[INFO] [stdout]    4:     0x587562192159 - std[70759c8f55707aa4]::panicking::default_hook
[INFO] [stdout]    5:     0x58756212a680 - test[9d35eded1c95d3be]::test_main_inner::<test[9d35eded1c95d3be]::test_main_static::{closure#0}>::{closure#0}
[INFO] [stdout]    6:     0x587562192312 - std[70759c8f55707aa4]::panicking::panic_with_hook
[INFO] [stdout]    7:     0x587562176092 - std[70759c8f55707aa4]::panicking::panic_handler::{closure#0}
[INFO] [stdout]    8:     0x58756216ec89 - std[70759c8f55707aa4]::sys::backtrace::__rust_end_short_backtrace::<std[70759c8f55707aa4]::panicking::panic_handler::{closure#0}, !>
[INFO] [stdout]    9:     0x587562176c8d - __rustc[8fa7c3cbc660c2b3]::rust_begin_unwind
[INFO] [stdout]   10:     0x5875621ae6fc - core[df12db4294e9bfd3]::panicking::panic_fmt
[INFO] [stdout]   11:     0x5875621ae4d2 - core[df12db4294e9bfd3]::result::unwrap_failed
[INFO] [stdout]   12:     0x587562119be2 - ahecha_cli[896962a8c1cd0f4c]::config::get_config
[INFO] [stdout]   13:     0x58756211c6ea - ahecha_cli[896962a8c1cd0f4c]::config::test::test_load_constraints
[INFO] [stdout]   14:     0x5875621187e9 - <ahecha_cli[896962a8c1cd0f4c]::config::test::test_load_constraints::{closure#0} as core[df12db4294e9bfd3]::ops::function::FnOnce<()>>::call_once
[INFO] [stdout]   15:     0x58756211d96b - test[9d35eded1c95d3be]::__rust_begin_short_backtrace::<core[df12db4294e9bfd3]::result::Result<(), alloc[2182bb758b4b3781]::string::String>, fn() -> core[df12db4294e9bfd3]::result::Result<(), alloc[2182bb758b4b3781]::string::String>>
[INFO] [stdout]   16:     0x58756212afd5 - test[9d35eded1c95d3be]::run_test::{closure#0}
[INFO] [stdout]   17:     0x587562124894 - std[70759c8f55707aa4]::sys::backtrace::__rust_begin_short_backtrace::<test[9d35eded1c95d3be]::run_test::{closure#1}, ()>
[INFO] [stdout]   18:     0x58756212e132 - <std[70759c8f55707aa4]::thread::lifecycle::spawn_unchecked<test[9d35eded1c95d3be]::run_test::{closure#1}, ()>::{closure#1} as core[df12db4294e9bfd3]::ops::function::FnOnce<()>>::call_once::{shim:vtable#0}
[INFO] [stdout]   19:     0x5875621992c9 - <std[70759c8f55707aa4]::sys::thread::unix::Thread>::new::thread_start
[INFO] [stdout]   20:     0x751cde196dfa - <unknown>
[INFO] [stdout]   21:     0x751cde22a3d4 - clone
[INFO] [stdout]   22:                0x0 - <unknown>
[INFO] [stdout] 
[INFO] [stdout] ---- config::test::test_load_config stdout ----
[INFO] [stdout] 
[INFO] [stdout] thread 'config::test::test_load_config' (3169) panicked at src/config.rs:70:40:
[INFO] [stdout] Could not parse records.json: Error("missing field `is_nullable`", line: 7, column: 7)
[INFO] [stdout] stack backtrace:
[INFO] [stdout]    0:     0x587562199d11 - <<std[70759c8f55707aa4]::sys::backtrace::BacktraceLock>::print::DisplayBacktrace as core[df12db4294e9bfd3]::fmt::Display>::fmt
[INFO] [stdout]    1:     0x5875621adfca - core[df12db4294e9bfd3]::fmt::write
[INFO] [stdout]    2:     0x58756219e1ac - <alloc[2182bb758b4b3781]::vec::Vec<u8> as core[df12db4294e9bfd3]::io::write::Write>::write_fmt
[INFO] [stdout]    3:     0x587562175fe6 - std[70759c8f55707aa4]::panicking::default_hook::{closure#0}
[INFO] [stdout]    4:     0x587562192159 - std[70759c8f55707aa4]::panicking::default_hook
[INFO] [stdout]    5:     0x58756212a680 - test[9d35eded1c95d3be]::test_main_inner::<test[9d35eded1c95d3be]::test_main_static::{closure#0}>::{closure#0}
[INFO] [stdout]    6:     0x587562192312 - std[70759c8f55707aa4]::panicking::panic_with_hook
[INFO] [stdout]    7:     0x587562176092 - std[70759c8f55707aa4]::panicking::panic_handler::{closure#0}
[INFO] [stdout]    8:     0x58756216ec89 - std[70759c8f55707aa4]::sys::backtrace::__rust_end_short_backtrace::<std[70759c8f55707aa4]::panicking::panic_handler::{closure#0}, !>
[INFO] [stdout]    9:     0x587562176c8d - __rustc[8fa7c3cbc660c2b3]::rust_begin_unwind
[INFO] [stdout]   10:     0x5875621ae6fc - core[df12db4294e9bfd3]::panicking::panic_fmt
[INFO] [stdout]   11:     0x5875621ae4d2 - core[df12db4294e9bfd3]::result::unwrap_failed
[INFO] [stdout]   12:     0x587562119be2 - ahecha_cli[896962a8c1cd0f4c]::config::get_config
[INFO] [stdout]   13:     0x58756211b825 - ahecha_cli[896962a8c1cd0f4c]::config::test::test_load_config
[INFO] [stdout]   14:     0x587562118789 - <ahecha_cli[896962a8c1cd0f4c]::config::test::test_load_config::{closure#0} as core[df12db4294e9bfd3]::ops::function::FnOnce<()>>::call_once
[INFO] [stdout]   15:     0x58756211d96b - test[9d35eded1c95d3be]::__rust_begin_short_backtrace::<core[df12db4294e9bfd3]::result::Result<(), alloc[2182bb758b4b3781]::string::String>, fn() -> core[df12db4294e9bfd3]::result::Result<(), alloc[2182bb758b4b3781]::string::String>>
[INFO] [stdout]   16:     0x58756212afd5 - test[9d35eded1c95d3be]::run_test::{closure#0}
[INFO] [stdout]   17:     0x587562124894 - std[70759c8f55707aa4]::sys::backtrace::__rust_begin_short_backtrace::<test[9d35eded1c95d3be]::run_test::{closure#1}, ()>
[INFO] [stdout]   18:     0x58756212e132 - <std[70759c8f55707aa4]::thread::lifecycle::spawn_unchecked<test[9d35eded1c95d3be]::run_test::{closure#1}, ()>::{closure#1} as core[df12db4294e9bfd3]::ops::function::FnOnce<()>>::call_once::{shim:vtable#0}
[INFO] [stdout]   19:     0x5875621992c9 - <std[70759c8f55707aa4]::sys::thread::unix::Thread>::new::thread_start
[INFO] [stdout]   20:     0x751cde196dfa - <unknown>
[INFO] [stdout]   21:     0x751cde22a3d4 - clone
[INFO] [stdout]   22:                0x0 - <unknown>
[INFO] [stdout] 
[INFO] [stdout] 
[INFO] [stdout] failures:
[INFO] [stdout]     config::test::test_load_columns
[INFO] [stdout]     config::test::test_load_config
[INFO] [stdout]     config::test::test_load_constraints
[INFO] [stdout]     config::test::test_load_primary_key
[INFO] [stdout] 
[INFO] [stdout] test result: FAILED. 2 passed; 4 failed; 0 ignored; 0 measured; 0 filtered out; finished in 0.00s
[INFO] [stdout] 
[INFO] [stderr] error: test failed, to rerun pass `--lib`
[INFO] running `Command { std: "docker" "inspect" "19ba02ca7a52c781e0c5988508d4b30d27a0932c4372313f2652a1f0f6549015", kill_on_drop: false }`
[INFO] running `Command { std: "docker" "rm" "-f" "19ba02ca7a52c781e0c5988508d4b30d27a0932c4372313f2652a1f0f6549015", kill_on_drop: false }`
[INFO] [stdout] 19ba02ca7a52c781e0c5988508d4b30d27a0932c4372313f2652a1f0f6549015
