[INFO] fetching crate agentlink-cli 0.0.2...
[INFO] testing agentlink-cli-0.0.2 against 1.100.0-beta.1+cargoflags=--release for beta-release-1.100-3
[INFO] extracting crate agentlink-cli 0.0.2 into /workspace/builds/worker-2-tc2/source
[INFO] started tweaking crates.io crate agentlink-cli 0.0.2
[INFO] removed 0 missing tests
[INFO] finished tweaking crates.io crate agentlink-cli 0.0.2
[INFO] tweaked toml for crates.io crate agentlink-cli 0.0.2 written to /workspace/builds/worker-2-tc2/source/Cargo.toml
[INFO] validating manifest of crates.io crate agentlink-cli 0.0.2 on toolchain 1.100.0-beta.1
[INFO] running `Command { std: CARGO_HOME="/workspace/cargo-home" RUSTUP_HOME="/workspace/rustup-home" "/workspace/cargo-home/bin/cargo" "+1.100.0-beta.1" "metadata" "--manifest-path" "Cargo.toml" "--no-deps", kill_on_drop: false }`
[INFO] crate crates.io crate agentlink-cli 0.0.2 already has a lockfile, it will not be regenerated
[INFO] running `Command { std: CARGO_HOME="/workspace/cargo-home" RUSTUP_HOME="/workspace/rustup-home" "/workspace/cargo-home/bin/cargo" "+1.100.0-beta.1" "fetch" "--manifest-path" "Cargo.toml", kill_on_drop: false }`
[INFO] [stderr] warning: `package.homepage` is redundant with `package.repository`
[INFO] [stderr]   --> Cargo.toml:56:12
[INFO] [stderr]    |
[INFO] [stderr] 56 | homepage = "https://github.com/fialhosoft/agentlink"
[INFO] [stderr]    |            ^^^^^^^^^^^^^^^^^^^^^^^^^^^^^^^^^^^^^^^^^
[INFO] [stderr] ...
[INFO] [stderr] 61 | repository = "https://github.com/fialhosoft/agentlink"
[INFO] [stderr]    |              -----------------------------------------
[INFO] [stderr]    |
[INFO] [stderr]    = note: `cargo::redundant_homepage` is set to `warn` by default
[INFO] [stderr] help: consider removing `package.homepage`
[INFO] [stderr] warning: `agentlink-cli` (manifest) generated 1 warning
[INFO] running `Command { std: "docker" "create" "-v" "/var/lib/crater-agent-workspace/builds/worker-2-tc2/source:/opt/rustwide/workdir:ro,Z" "-v" "/var/lib/crater-agent-workspace/builds/worker-2-tc2/target:/opt/rustwide/target:rw,Z" "-v" "/var/lib/crater-agent-workspace/cargo-home:/opt/rustwide/cargo-home:ro,Z" "-v" "/var/lib/crater-agent-workspace/rustup-home:/opt/rustwide/rustup-home:ro,Z" "-m" "1610612736" "--network" "none" "ghcr.io/rust-lang/crates-build-env/linux@sha256:77db811e55d90add9212f6832c23229e3de5f1c1f9905e8cb07319ea15df73ac" "sleep" "infinity", kill_on_drop: false }`
[INFO] [stdout] 7616293619fe88fc0adc70ef1dd5aec95789d6619cb0f029d46f3d6eeccf5394
[INFO] running `Command { std: "docker" "start" "7616293619fe88fc0adc70ef1dd5aec95789d6619cb0f029d46f3d6eeccf5394", kill_on_drop: false }`
[INFO] running `Command { std: "docker" "inspect" "7616293619fe88fc0adc70ef1dd5aec95789d6619cb0f029d46f3d6eeccf5394", kill_on_drop: false }`
[INFO] running `Command { std: "docker" "exec" "-e" "SOURCE_DIR=/opt/rustwide/workdir" "-e" "CARGO_HOME=/opt/rustwide/cargo-home" "-e" "RUSTUP_HOME=/opt/rustwide/rustup-home" "-e" "CARGO_TARGET_DIR=/opt/rustwide/target" "-w" "/opt/rustwide/workdir" "--user" "0:0" "7616293619fe88fc0adc70ef1dd5aec95789d6619cb0f029d46f3d6eeccf5394" "/opt/rustwide/cargo-home/bin/cargo" "+1.100.0-beta.1" "metadata" "--no-deps" "--format-version=1", kill_on_drop: false }`
[INFO] running `Command { std: "docker" "inspect" "7616293619fe88fc0adc70ef1dd5aec95789d6619cb0f029d46f3d6eeccf5394", kill_on_drop: false }`
[INFO] running `Command { std: "docker" "exec" "-e" "SOURCE_DIR=/opt/rustwide/workdir" "-e" "CARGO_HOME=/opt/rustwide/cargo-home" "-e" "RUSTUP_HOME=/opt/rustwide/rustup-home" "-e" "CARGO_TARGET_DIR=/opt/rustwide/target" "-e" "CARGO_INCREMENTAL=0" "-e" "RUST_BACKTRACE=full" "-e" "RUSTFLAGS=--cap-lints=warn" "-e" "RUSTDOCFLAGS=--cap-lints=warn" "-w" "/opt/rustwide/workdir" "--user" "0:0" "7616293619fe88fc0adc70ef1dd5aec95789d6619cb0f029d46f3d6eeccf5394" "/opt/rustwide/cargo-home/bin/cargo" "+1.100.0-beta.1" "build" "--frozen" "--message-format=json" "--release", kill_on_drop: false }`
[INFO] [stderr] warning: `package.homepage` is redundant with `package.repository`
[INFO] [stderr]   --> Cargo.toml:56:12
[INFO] [stderr]    |
[INFO] [stderr] 56 | homepage = "https://github.com/fialhosoft/agentlink"
[INFO] [stderr]    |            ^^^^^^^^^^^^^^^^^^^^^^^^^^^^^^^^^^^^^^^^^
[INFO] [stderr] ...
[INFO] [stderr] 61 | repository = "https://github.com/fialhosoft/agentlink"
[INFO] [stderr]    |              -----------------------------------------
[INFO] [stderr]    |
[INFO] [stderr]    = note: `cargo::redundant_homepage` is set to `warn` by default
[INFO] [stderr] help: consider removing `package.homepage`
[INFO] [stderr] warning: `agentlink-cli` (manifest) generated 1 warning
[INFO] [stderr]    Compiling proc-macro2 v1.0.107
[INFO] [stderr]    Compiling quote v1.0.47
[INFO] [stderr]    Compiling serde_core v1.0.229
[INFO] [stderr]    Compiling libc v0.2.189
[INFO] [stderr]    Compiling serde v1.0.229
[INFO] [stderr]    Compiling thiserror v2.0.19
[INFO] [stderr]    Compiling winnow v1.0.4
[INFO] [stderr]    Compiling toml_writer v1.1.2+spec-1.1.0
[INFO] [stderr]    Compiling agentlink-domain v0.0.2
[INFO] [stderr]    Compiling winnow v0.7.15
[INFO] [stderr]    Compiling anyhow v1.0.104
[INFO] [stderr]    Compiling shell-words v1.1.1
[INFO] [stderr]    Compiling clap_builder v4.6.5
[INFO] [stderr]    Compiling toml_parser v1.1.3+spec-1.1.0
[INFO] [stderr]    Compiling syn v3.0.3
[INFO] [stderr]    Compiling console v0.16.4
[INFO] [stderr]    Compiling dialoguer v0.12.0
[INFO] [stderr]    Compiling serde_spanned v1.1.1
[INFO] [stderr]    Compiling toml_datetime v0.7.5+spec-1.1.0
[INFO] [stderr]    Compiling toml v0.9.12+spec-1.1.0
[INFO] [stderr]    Compiling thiserror-impl v2.0.19
[INFO] [stderr]    Compiling serde_derive v1.0.229
[INFO] [stderr]    Compiling clap_derive v4.6.4
[INFO] [stderr]    Compiling clap v4.6.5
[INFO] [stderr]    Compiling agentlink-fs v0.0.2
[INFO] [stderr]    Compiling agentlink-cli v0.0.2 (/opt/rustwide/workdir)
[INFO] [stderr]     Finished `release` profile [optimized] target(s) in 23.38s
[INFO] running `Command { std: "docker" "inspect" "7616293619fe88fc0adc70ef1dd5aec95789d6619cb0f029d46f3d6eeccf5394", kill_on_drop: false }`
[INFO] running `Command { std: "docker" "exec" "-e" "SOURCE_DIR=/opt/rustwide/workdir" "-e" "CARGO_HOME=/opt/rustwide/cargo-home" "-e" "RUSTUP_HOME=/opt/rustwide/rustup-home" "-e" "CARGO_TARGET_DIR=/opt/rustwide/target" "-e" "CARGO_INCREMENTAL=0" "-e" "RUST_BACKTRACE=full" "-e" "RUSTFLAGS=--cap-lints=warn" "-e" "RUSTDOCFLAGS=--cap-lints=warn" "-w" "/opt/rustwide/workdir" "--user" "0:0" "7616293619fe88fc0adc70ef1dd5aec95789d6619cb0f029d46f3d6eeccf5394" "/opt/rustwide/cargo-home/bin/cargo" "+1.100.0-beta.1" "test" "--frozen" "--no-run" "--message-format=json" "--release", kill_on_drop: false }`
[INFO] [stderr] warning: `package.homepage` is redundant with `package.repository`
[INFO] [stderr]   --> Cargo.toml:56:12
[INFO] [stderr]    |
[INFO] [stderr] 56 | homepage = "https://github.com/fialhosoft/agentlink"
[INFO] [stderr]    |            ^^^^^^^^^^^^^^^^^^^^^^^^^^^^^^^^^^^^^^^^^
[INFO] [stderr] ...
[INFO] [stderr] 61 | repository = "https://github.com/fialhosoft/agentlink"
[INFO] [stderr]    |              -----------------------------------------
[INFO] [stderr]    |
[INFO] [stderr]    = note: `cargo::redundant_homepage` is set to `warn` by default
[INFO] [stderr] help: consider removing `package.homepage`
[INFO] [stderr] warning: `agentlink-cli` (manifest) generated 1 warning
[INFO] [stderr]    Compiling agentlink-domain v0.0.2
[INFO] [stderr]    Compiling rustix v1.1.4
[INFO] [stderr]    Compiling getrandom v0.4.3
[INFO] [stderr]    Compiling linux-raw-sys v0.12.1
[INFO] [stderr]    Compiling bitflags v2.13.1
[INFO] [stderr]    Compiling fastrand v2.5.0
[INFO] [stderr]    Compiling once_cell v1.21.4
[INFO] [stderr]    Compiling agentlink-fs v0.0.2
[INFO] [stderr]    Compiling agentlink-cli v0.0.2 (/opt/rustwide/workdir)
[INFO] [stderr]    Compiling tempfile v3.27.0
[INFO] [stderr]     Finished `release` profile [optimized] target(s) in 9.02s
[INFO] running `Command { std: "docker" "inspect" "7616293619fe88fc0adc70ef1dd5aec95789d6619cb0f029d46f3d6eeccf5394", kill_on_drop: false }`
[INFO] running `Command { std: "docker" "exec" "-e" "SOURCE_DIR=/opt/rustwide/workdir" "-e" "CARGO_HOME=/opt/rustwide/cargo-home" "-e" "RUSTUP_HOME=/opt/rustwide/rustup-home" "-e" "CARGO_TARGET_DIR=/opt/rustwide/target" "-e" "CARGO_INCREMENTAL=0" "-e" "RUST_BACKTRACE=full" "-e" "RUSTFLAGS=--cap-lints=warn" "-e" "RUSTDOCFLAGS=--cap-lints=warn" "-w" "/opt/rustwide/workdir" "--user" "0:0" "7616293619fe88fc0adc70ef1dd5aec95789d6619cb0f029d46f3d6eeccf5394" "/opt/rustwide/cargo-home/bin/cargo" "+1.100.0-beta.1" "test" "--frozen" "--release", kill_on_drop: false }`
[INFO] [stderr] warning: `package.homepage` is redundant with `package.repository`
[INFO] [stderr]   --> Cargo.toml:56:12
[INFO] [stderr]    |
[INFO] [stderr] 56 | homepage = "https://github.com/fialhosoft/agentlink"
[INFO] [stderr]    |            ^^^^^^^^^^^^^^^^^^^^^^^^^^^^^^^^^^^^^^^^^
[INFO] [stderr] ...
[INFO] [stderr] 61 | repository = "https://github.com/fialhosoft/agentlink"
[INFO] [stderr]    |              -----------------------------------------
[INFO] [stderr]    |
[INFO] [stderr]    = note: `cargo::redundant_homepage` is set to `warn` by default
[INFO] [stderr] help: consider removing `package.homepage`
[INFO] [stderr] warning: `agentlink-cli` (manifest) generated 1 warning
[INFO] [stderr]     Finished `release` profile [optimized] target(s) in 0.08s
[INFO] [stderr]      Running unittests src/main.rs (/opt/rustwide/target/release/build/agentlink-cli/e94ab116740cc1a5/out/agentlink-e94ab116740cc1a5)
[INFO] [stdout] 
[INFO] [stdout] running 8 tests
[INFO] [stdout] test ui::tests::never_choice_emits_no_escape_sequences ... ok
[INFO] [stdout] test app::tests::falls_back_to_the_starting_directory_outside_any_repository ... ok
[INFO] [stdout] test tests::cli_definition_is_valid ... ok
[INFO] [stdout] test ui::tests::pad_never_truncates ... ok
[INFO] [stdout] test app::tests::agentlink_marker_wins_over_an_outer_git_repository ... ok
[INFO] [stdout] test commands::tests::a_clean_plan_exits_zero ... ok
[INFO] [stdout] test app::tests::falls_back_to_the_git_root ... ok
[INFO] [stdout] test ui::tests::always_choice_wraps_in_ansi ... ok
[INFO] [stdout] 
[INFO] [stdout] test result: ok. 8 passed; 0 failed; 0 ignored; 0 measured; 0 filtered out; finished in 0.03s
[INFO] [stdout] 
[INFO] [stderr]      Running tests/end_to_end.rs (/opt/rustwide/target/release/build/agentlink-cli/489596398dcfc42b/out/end_to_end-489596398dcfc42b)
[INFO] [stdout] 
[INFO] [stdout] running 17 tests
[INFO] [stdout] test providers_lists_the_capability_matrix ... FAILED
[INFO] [stdout] test commands_refuse_to_run_before_init ... FAILED
[INFO] [stdout] test dry_run_writes_nothing ... FAILED
[INFO] [stdout] test clean_removes_only_what_agentlink_created ... FAILED
[INFO] [stdout] test an_unknown_provider_is_refused_with_the_valid_names ... FAILED
[INFO] [stdout] test doctor_reports_a_healthy_workspace ... FAILED
[INFO] [stdout] test an_invalid_local_manifest_fails_loudly_rather_than_being_ignored ... FAILED
[INFO] [stdout] test apply_is_idempotent ... FAILED
[INFO] [stdout] test narrowing_the_provider_list_retires_what_agentlink_created ... FAILED
[INFO] [stdout] test an_explicit_provider_list_creates_nothing_for_the_others ... FAILED
[INFO] [stdout] test the_gitignore_block_covers_every_materialised_path ... FAILED
[INFO] [stdout] test a_deselected_path_the_user_replaced_by_hand_is_never_removed ... FAILED
[INFO] [stdout] test a_hand_written_file_is_never_replaced ... FAILED
[INFO] [stdout] test init_never_seeds_over_content_waiting_to_be_adopted ... FAILED
[INFO] [stdout] test a_workspace_local_manifest_adds_an_agent_without_a_release ... FAILED
[INFO] [stdout] test status_check_signals_pending_work_for_ci ... FAILED
[INFO] [stdout] test adopt_moves_content_canonically_and_serves_every_agent_in_one_pass ... FAILED
[INFO] [stdout] 
[INFO] [stdout] failures:
[INFO] [stdout] 
[INFO] [stdout] ---- providers_lists_the_capability_matrix stdout ----
[INFO] [stdout] 
[INFO] [stdout] thread 'providers_lists_the_capability_matrix' (1224) panicked at tests/end_to_end.rs:36:10:
[INFO] [stdout] agentlink should be built before integration tests run: Os { code: 2, kind: NotFound, message: "No such file or directory" }
[INFO] [stdout] stack backtrace:
[INFO] [stdout]    0:     0x5ffec3fd9251 - <<std[617be2ca0a6fd877]::sys::backtrace::BacktraceLock>::print::DisplayBacktrace as core[a373ad73a504971]::fmt::Display>::fmt
[INFO] [stdout]    1:     0x5ffec3fed5ba - core[a373ad73a504971]::fmt::write
[INFO] [stdout]    2:     0x5ffec3fdd6cc - <alloc[2e1b2a31b91974c5]::vec::Vec<u8> as core[a373ad73a504971]::io::write::Write>::write_fmt
[INFO] [stdout]    3:     0x5ffec3fb3a16 - std[617be2ca0a6fd877]::panicking::default_hook::{closure#0}
[INFO] [stdout]    4:     0x5ffec3fd0ac9 - std[617be2ca0a6fd877]::panicking::default_hook
[INFO] [stdout]    5:     0x5ffec3f6bbb0 - test[aada8e7e76ba119b]::test_main_inner::{closure#0}
[INFO] [stdout]    6:     0x5ffec3fd0c82 - std[617be2ca0a6fd877]::panicking::panic_with_hook
[INFO] [stdout]    7:     0x5ffec3fb3ac2 - std[617be2ca0a6fd877]::panicking::panic_handler::{closure#0}
[INFO] [stdout]    8:     0x5ffec3fac529 - std[617be2ca0a6fd877]::sys::backtrace::__rust_end_short_backtrace::<std[617be2ca0a6fd877]::panicking::panic_handler::{closure#0}, !>
[INFO] [stdout]    9:     0x5ffec3fb46cd - __rustc[ea4f61d10b84890b]::rust_begin_unwind
[INFO] [stdout]   10:     0x5ffec3fedcec - core[a373ad73a504971]::panicking::panic_fmt
[INFO] [stdout]   11:     0x5ffec3fedac2 - core[a373ad73a504971]::result::unwrap_failed
[INFO] [stdout]   12:     0x5ffec3f5791d - end_to_end[e7cd58e9bfbc384d]::run
[INFO] [stdout]   13:     0x5ffec3f591a8 - <end_to_end[e7cd58e9bfbc384d]::providers_lists_the_capability_matrix::{closure#0} as core[a373ad73a504971]::ops::function::FnOnce<()>>::call_once
[INFO] [stdout]   14:     0x5ffec3f5effb - test[aada8e7e76ba119b]::__rust_begin_short_backtrace::<core[a373ad73a504971]::result::Result<(), alloc[2e1b2a31b91974c5]::string::String>, fn() -> core[a373ad73a504971]::result::Result<(), alloc[2e1b2a31b91974c5]::string::String>>
[INFO] [stdout]   15:     0x5ffec3f6c1d5 - test[aada8e7e76ba119b]::run_test::{closure#0}
[INFO] [stdout]   16:     0x5ffec3f65ac4 - std[617be2ca0a6fd877]::sys::backtrace::__rust_begin_short_backtrace::<test[aada8e7e76ba119b]::run_test::{closure#1}, ()>
[INFO] [stdout]   17:     0x5ffec3f6f262 - <std[617be2ca0a6fd877]::thread::lifecycle::spawn_unchecked<test[aada8e7e76ba119b]::run_test::{closure#1}, ()>::{closure#1} as core[a373ad73a504971]::ops::function::FnOnce<()>>::call_once::{shim:vtable#0}
[INFO] [stdout]   18:     0x5ffec3fd856f - <std[617be2ca0a6fd877]::sys::thread::unix::Thread>::new::thread_start
[INFO] [stdout]   19:     0x746927507dfa - <unknown>
[INFO] [stdout]   20:     0x74692759b3d4 - clone
[INFO] [stdout]   21:                0x0 - <unknown>
[INFO] [stdout] 
[INFO] [stdout] ---- commands_refuse_to_run_before_init stdout ----
[INFO] [stdout] 
[INFO] [stdout] thread 'commands_refuse_to_run_before_init' (1218) panicked at tests/end_to_end.rs:36:10:
[INFO] [stdout] agentlink should be built before integration tests run: Os { code: 2, kind: NotFound, message: "No such file or directory" }
[INFO] [stdout] stack backtrace:
[INFO] [stdout]    0:     0x5ffec3fd9251 - <<std[617be2ca0a6fd877]::sys::backtrace::BacktraceLock>::print::DisplayBacktrace as core[a373ad73a504971]::fmt::Display>::fmt
[INFO] [stdout]    1:     0x5ffec3fed5ba - core[a373ad73a504971]::fmt::write
[INFO] [stdout]    2:     0x5ffec3fdd6cc - <alloc[2e1b2a31b91974c5]::vec::Vec<u8> as core[a373ad73a504971]::io::write::Write>::write_fmt
[INFO] [stdout]    3:     0x5ffec3fb3a16 - std[617be2ca0a6fd877]::panicking::default_hook::{closure#0}
[INFO] [stdout]    4:     0x5ffec3fd0ac9 - std[617be2ca0a6fd877]::panicking::default_hook
[INFO] [stdout]    5:     0x5ffec3f6bbb0 - test[aada8e7e76ba119b]::test_main_inner::{closure#0}
[INFO] [stdout]    6:     0x5ffec3fd0c82 - std[617be2ca0a6fd877]::panicking::panic_with_hook
[INFO] [stdout]    7:     0x5ffec3fb3ac2 - std[617be2ca0a6fd877]::panicking::panic_handler::{closure#0}
[INFO] [stdout]    8:     0x5ffec3fac529 - std[617be2ca0a6fd877]::sys::backtrace::__rust_end_short_backtrace::<std[617be2ca0a6fd877]::panicking::panic_handler::{closure#0}, !>
[INFO] [stdout]    9:     0x5ffec3fb46cd - __rustc[ea4f61d10b84890b]::rust_begin_unwind
[INFO] [stdout]   10:     0x5ffec3fedcec - core[a373ad73a504971]::panicking::panic_fmt
[INFO] [stdout]   11:     0x5ffec3fedac2 - core[a373ad73a504971]::result::unwrap_failed
[INFO] [stdout]   12:     0x5ffec3f5791d - end_to_end[e7cd58e9bfbc384d]::run
[INFO] [stdout]   13:     0x5ffec3f58971 - <end_to_end[e7cd58e9bfbc384d]::commands_refuse_to_run_before_init::{closure#0} as core[a373ad73a504971]::ops::function::FnOnce<()>>::call_once
[INFO] [stdout]   14:     0x5ffec3f5effb - test[aada8e7e76ba119b]::__rust_begin_short_backtrace::<core[a373ad73a504971]::result::Result<(), alloc[2e1b2a31b91974c5]::string::String>, fn() -> core[a373ad73a504971]::result::Result<(), alloc[2e1b2a31b91974c5]::string::String>>
[INFO] [stdout]   15:     0x5ffec3f6c1d5 - test[aada8e7e76ba119b]::run_test::{closure#0}
[INFO] [stdout]   16:     0x5ffec3f65ac4 - std[617be2ca0a6fd877]::sys::backtrace::__rust_begin_short_backtrace::<test[aada8e7e76ba119b]::run_test::{closure#1}, ()>
[INFO] [stdout]   17:     0x5ffec3f6f262 - <std[617be2ca0a6fd877]::thread::lifecycle::spawn_unchecked<test[aada8e7e76ba119b]::run_test::{closure#1}, ()>::{closure#1} as core[a373ad73a504971]::ops::function::FnOnce<()>>::call_once::{shim:vtable#0}
[INFO] [stdout]   18:     0x5ffec3fd856f - <std[617be2ca0a6fd877]::sys::thread::unix::Thread>::new::thread_start
[INFO] [stdout]   19:     0x746927507dfa - <unknown>
[INFO] [stdout]   20:     0x74692759b3d4 - clone
[INFO] [stdout]   21:                0x0 - <unknown>
[INFO] [stdout] 
[INFO] [stdout] ---- dry_run_writes_nothing stdout ----
[INFO] [stdout] 
[INFO] [stdout] thread 'dry_run_writes_nothing' (1221) panicked at tests/end_to_end.rs:36:10:
[INFO] [stdout] agentlink should be built before integration tests run: Os { code: 2, kind: NotFound, message: "No such file or directory" }
[INFO] [stdout] stack backtrace:
[INFO] [stdout]    0:     0x5ffec3fd9251 - <<std[617be2ca0a6fd877]::sys::backtrace::BacktraceLock>::print::DisplayBacktrace as core[a373ad73a504971]::fmt::Display>::fmt
[INFO] [stdout]    1:     0x5ffec3fed5ba - core[a373ad73a504971]::fmt::write
[INFO] [stdout]    2:     0x5ffec3fdd6cc - <alloc[2e1b2a31b91974c5]::vec::Vec<u8> as core[a373ad73a504971]::io::write::Write>::write_fmt
[INFO] [stdout]    3:     0x5ffec3fb3a16 - std[617be2ca0a6fd877]::panicking::default_hook::{closure#0}
[INFO] [stdout]    4:     0x5ffec3fd0ac9 - std[617be2ca0a6fd877]::panicking::default_hook
[INFO] [stdout]    5:     0x5ffec3f6bbb0 - test[aada8e7e76ba119b]::test_main_inner::{closure#0}
[INFO] [stdout]    6:     0x5ffec3fd0c82 - std[617be2ca0a6fd877]::panicking::panic_with_hook
[INFO] [stdout]    7:     0x5ffec3fb3ac2 - std[617be2ca0a6fd877]::panicking::panic_handler::{closure#0}
[INFO] [stdout]    8:     0x5ffec3fac529 - std[617be2ca0a6fd877]::sys::backtrace::__rust_end_short_backtrace::<std[617be2ca0a6fd877]::panicking::panic_handler::{closure#0}, !>
[INFO] [stdout]    9:     0x5ffec3fb46cd - __rustc[ea4f61d10b84890b]::rust_begin_unwind
[INFO] [stdout]   10:     0x5ffec3fedcec - core[a373ad73a504971]::panicking::panic_fmt
[INFO] [stdout]   11:     0x5ffec3fedac2 - core[a373ad73a504971]::result::unwrap_failed
[INFO] [stdout]   12:     0x5ffec3f5791d - end_to_end[e7cd58e9bfbc384d]::run
[INFO] [stdout]   13:     0x5ffec3f58628 - <end_to_end[e7cd58e9bfbc384d]::dry_run_writes_nothing::{closure#0} as core[a373ad73a504971]::ops::function::FnOnce<()>>::call_once
[INFO] [stdout]   14:     0x5ffec3f5effb - test[aada8e7e76ba119b]::__rust_begin_short_backtrace::<core[a373ad73a504971]::result::Result<(), alloc[2e1b2a31b91974c5]::string::String>, fn() -> core[a373ad73a504971]::result::Result<(), alloc[2e1b2a31b91974c5]::string::String>>
[INFO] [stdout]   15:     0x5ffec3f6c1d5 - test[aada8e7e76ba119b]::run_test::{closure#0}
[INFO] [stdout]   16:     0x5ffec3f65ac4 - std[617be2ca0a6fd877]::sys::backtrace::__rust_begin_short_backtrace::<test[aada8e7e76ba119b]::run_test::{closure#1}, ()>
[INFO] [stdout]   17:     0x5ffec3f6f262 - <std[617be2ca0a6fd877]::thread::lifecycle::spawn_unchecked<test[aada8e7e76ba119b]::run_test::{closure#1}, ()>::{closure#1} as core[a373ad73a504971]::ops::function::FnOnce<()>>::call_once::{shim:vtable#0}
[INFO] [stdout]   18:     0x5ffec3fd856f - <std[617be2ca0a6fd877]::sys::thread::unix::Thread>::new::thread_start
[INFO] [stdout]   19:     0x746927507dfa - <unknown>
[INFO] [stdout]   20:     0x74692759b3d4 - clone
[INFO] [stdout]   21:                0x0 - <unknown>
[INFO] [stdout] 
[INFO] [stdout] ---- clean_removes_only_what_agentlink_created stdout ----
[INFO] [stdout] 
[INFO] [stdout] thread 'clean_removes_only_what_agentlink_created' (1217) panicked at tests/end_to_end.rs:36:10:
[INFO] [stdout] agentlink should be built before integration tests run: Os { code: 2, kind: NotFound, message: "No such file or directory" }
[INFO] [stdout] stack backtrace:
[INFO] [stdout]    0:     0x5ffec3fd9251 - <<std[617be2ca0a6fd877]::sys::backtrace::BacktraceLock>::print::DisplayBacktrace as core[a373ad73a504971]::fmt::Display>::fmt
[INFO] [stdout]    1:     0x5ffec3fed5ba - core[a373ad73a504971]::fmt::write
[INFO] [stdout]    2:     0x5ffec3fdd6cc - <alloc[2e1b2a31b91974c5]::vec::Vec<u8> as core[a373ad73a504971]::io::write::Write>::write_fmt
[INFO] [stdout]    3:     0x5ffec3fb3a16 - std[617be2ca0a6fd877]::panicking::default_hook::{closure#0}
[INFO] [stdout]    4:     0x5ffec3fd0ac9 - std[617be2ca0a6fd877]::panicking::default_hook
[INFO] [stdout]    5:     0x5ffec3f6bbb0 - test[aada8e7e76ba119b]::test_main_inner::{closure#0}
[INFO] [stdout]    6:     0x5ffec3fd0c82 - std[617be2ca0a6fd877]::panicking::panic_with_hook
[INFO] [stdout]    7:     0x5ffec3fb3ac2 - std[617be2ca0a6fd877]::panicking::panic_handler::{closure#0}
[INFO] [stdout]    8:     0x5ffec3fac529 - std[617be2ca0a6fd877]::sys::backtrace::__rust_end_short_backtrace::<std[617be2ca0a6fd877]::panicking::panic_handler::{closure#0}, !>
[INFO] [stdout]    9:     0x5ffec3fb46cd - __rustc[ea4f61d10b84890b]::rust_begin_unwind
[INFO] [stdout]   10:     0x5ffec3fedcec - core[a373ad73a504971]::panicking::panic_fmt
[INFO] [stdout]   11:     0x5ffec3fedac2 - core[a373ad73a504971]::result::unwrap_failed
[INFO] [stdout]   12:     0x5ffec3f5791d - end_to_end[e7cd58e9bfbc384d]::run
[INFO] [stdout]   13:     0x5ffec3f596d4 - <end_to_end[e7cd58e9bfbc384d]::clean_removes_only_what_agentlink_created::{closure#0} as core[a373ad73a504971]::ops::function::FnOnce<()>>::call_once
[INFO] [stdout]   14:     0x5ffec3f5effb - test[aada8e7e76ba119b]::__rust_begin_short_backtrace::<core[a373ad73a504971]::result::Result<(), alloc[2e1b2a31b91974c5]::string::String>, fn() -> core[a373ad73a504971]::result::Result<(), alloc[2e1b2a31b91974c5]::string::String>>
[INFO] [stdout]   15:     0x5ffec3f6c1d5 - test[aada8e7e76ba119b]::run_test::{closure#0}
[INFO] [stdout]   16:     0x5ffec3f65ac4 - std[617be2ca0a6fd877]::sys::backtrace::__rust_begin_short_backtrace::<test[aada8e7e76ba119b]::run_test::{closure#1}, ()>
[INFO] [stdout]   17:     0x5ffec3f6f262 - <std[617be2ca0a6fd877]::thread::lifecycle::spawn_unchecked<test[aada8e7e76ba119b]::run_test::{closure#1}, ()>::{closure#1} as core[a373ad73a504971]::ops::function::FnOnce<()>>::call_once::{shim:vtable#0}
[INFO] [stdout]   18:     0x5ffec3fd856f - <std[617be2ca0a6fd877]::sys::thread::unix::Thread>::new::thread_start
[INFO] [stdout]   19:     0x746927507dfa - <unknown>
[INFO] [stdout]   20:     0x74692759b3d4 - clone
[INFO] [stdout]   21:                0x0 - <unknown>
[INFO] [stdout] 
[INFO] [stdout] ---- an_unknown_provider_is_refused_with_the_valid_names stdout ----
[INFO] [stdout] 
[INFO] [stdout] thread 'an_unknown_provider_is_refused_with_the_valid_names' (1215) panicked at tests/end_to_end.rs:36:10:
[INFO] [stdout] agentlink should be built before integration tests run: Os { code: 2, kind: NotFound, message: "No such file or directory" }
[INFO] [stdout] stack backtrace:
[INFO] [stdout]    0:     0x5ffec3fd9251 - <<std[617be2ca0a6fd877]::sys::backtrace::BacktraceLock>::print::DisplayBacktrace as core[a373ad73a504971]::fmt::Display>::fmt
[INFO] [stdout]    1:     0x5ffec3fed5ba - core[a373ad73a504971]::fmt::write
[INFO] [stdout]    2:     0x5ffec3fdd6cc - <alloc[2e1b2a31b91974c5]::vec::Vec<u8> as core[a373ad73a504971]::io::write::Write>::write_fmt
[INFO] [stdout]    3:     0x5ffec3fb3a16 - std[617be2ca0a6fd877]::panicking::default_hook::{closure#0}
[INFO] [stdout]    4:     0x5ffec3fd0ac9 - std[617be2ca0a6fd877]::panicking::default_hook
[INFO] [stdout]    5:     0x5ffec3f6bbb0 - test[aada8e7e76ba119b]::test_main_inner::{closure#0}
[INFO] [stdout]    6:     0x5ffec3fd0c82 - std[617be2ca0a6fd877]::panicking::panic_with_hook
[INFO] [stdout]    7:     0x5ffec3fb3ac2 - std[617be2ca0a6fd877]::panicking::panic_handler::{closure#0}
[INFO] [stdout]    8:     0x5ffec3fac529 - std[617be2ca0a6fd877]::sys::backtrace::__rust_end_short_backtrace::<std[617be2ca0a6fd877]::panicking::panic_handler::{closure#0}, !>
[INFO] [stdout]    9:     0x5ffec3fb46cd - __rustc[ea4f61d10b84890b]::rust_begin_unwind
[INFO] [stdout]   10:     0x5ffec3fedcec - core[a373ad73a504971]::panicking::panic_fmt
[INFO] [stdout]   11:     0x5ffec3fedac2 - core[a373ad73a504971]::result::unwrap_failed
[INFO] [stdout]   12:     0x5ffec3f5791d - end_to_end[e7cd58e9bfbc384d]::run
[INFO] [stdout]   13:     0x5ffec3f5a138 - <end_to_end[e7cd58e9bfbc384d]::an_unknown_provider_is_refused_with_the_valid_names::{closure#0} as core[a373ad73a504971]::ops::function::FnOnce<()>>::call_once
[INFO] [stdout]   14:     0x5ffec3f5effb - test[aada8e7e76ba119b]::__rust_begin_short_backtrace::<core[a373ad73a504971]::result::Result<(), alloc[2e1b2a31b91974c5]::string::String>, fn() -> core[a373ad73a504971]::result::Result<(), alloc[2e1b2a31b91974c5]::string::String>>
[INFO] [stdout]   15:     0x5ffec3f6c1d5 - test[aada8e7e76ba119b]::run_test::{closure#0}
[INFO] [stdout]   16:     0x5ffec3f65ac4 - std[617be2ca0a6fd877]::sys::backtrace::__rust_begin_short_backtrace::<test[aada8e7e76ba119b]::run_test::{closure#1}, ()>
[INFO] [stdout]   17:     0x5ffec3f6f262 - <std[617be2ca0a6fd877]::thread::lifecycle::spawn_unchecked<test[aada8e7e76ba119b]::run_test::{closure#1}, ()>::{closure#1} as core[a373ad73a504971]::ops::function::FnOnce<()>>::call_once::{shim:vtable#0}
[INFO] [stdout]   18:     0x5ffec3fd856f - <std[617be2ca0a6fd877]::sys::thread::unix::Thread>::new::thread_start
[INFO] [stdout]   19:     0x746927507dfa - <unknown>
[INFO] [stdout]   20:     0x74692759b3d4 - clone
[INFO] [stdout]   21:                0x0 - <unknown>
[INFO] [stdout] 
[INFO] [stdout] ---- doctor_reports_a_healthy_workspace stdout ----
[INFO] [stdout] 
[INFO] [stdout] thread 'doctor_reports_a_healthy_workspace' (1219) panicked at tests/end_to_end.rs:36:10:
[INFO] [stdout] agentlink should be built before integration tests run: Os { code: 2, kind: NotFound, message: "No such file or directory" }
[INFO] [stdout] stack backtrace:
[INFO] [stdout]    0:     0x5ffec3fd9251 - <<std[617be2ca0a6fd877]::sys::backtrace::BacktraceLock>::print::DisplayBacktrace as core[a373ad73a504971]::fmt::Display>::fmt
[INFO] [stdout]    1:     0x5ffec3fed5ba - core[a373ad73a504971]::fmt::write
[INFO] [stdout]    2:     0x5ffec3fdd6cc - <alloc[2e1b2a31b91974c5]::vec::Vec<u8> as core[a373ad73a504971]::io::write::Write>::write_fmt
[INFO] [stdout]    3:     0x5ffec3fb3a16 - std[617be2ca0a6fd877]::panicking::default_hook::{closure#0}
[INFO] [stdout]    4:     0x5ffec3fd0ac9 - std[617be2ca0a6fd877]::panicking::default_hook
[INFO] [stdout]    5:     0x5ffec3f6bbb0 - test[aada8e7e76ba119b]::test_main_inner::{closure#0}
[INFO] [stdout]    6:     0x5ffec3fd0c82 - std[617be2ca0a6fd877]::panicking::panic_with_hook
[INFO] [stdout]    7:     0x5ffec3fb3ac2 - std[617be2ca0a6fd877]::panicking::panic_handler::{closure#0}
[INFO] [stdout]    8:     0x5ffec3fac529 - std[617be2ca0a6fd877]::sys::backtrace::__rust_end_short_backtrace::<std[617be2ca0a6fd877]::panicking::panic_handler::{closure#0}, !>
[INFO] [stdout]    9:     0x5ffec3fb46cd - __rustc[ea4f61d10b84890b]::rust_begin_unwind
[INFO] [stdout]   10:     0x5ffec3fedcec - core[a373ad73a504971]::panicking::panic_fmt
[INFO] [stdout]   11:     0x5ffec3fedac2 - core[a373ad73a504971]::result::unwrap_failed
[INFO] [stdout]   12:     0x5ffec3f5791d - end_to_end[e7cd58e9bfbc384d]::run
[INFO] [stdout]   13:     0x5ffec3f58abd - <end_to_end[e7cd58e9bfbc384d]::doctor_reports_a_healthy_workspace::{closure#0} as core[a373ad73a504971]::ops::function::FnOnce<()>>::call_once
[INFO] [stdout]   14:     0x5ffec3f5effb - test[aada8e7e76ba119b]::__rust_begin_short_backtrace::<core[a373ad73a504971]::result::Result<(), alloc[2e1b2a31b91974c5]::string::String>, fn() -> core[a373ad73a504971]::result::Result<(), alloc[2e1b2a31b91974c5]::string::String>>
[INFO] [stdout]   15:     0x5ffec3f6c1d5 - test[aada8e7e76ba119b]::run_test::{closure#0}
[INFO] [stdout]   16:     0x5ffec3f65ac4 - std[617be2ca0a6fd877]::sys::backtrace::__rust_begin_short_backtrace::<test[aada8e7e76ba119b]::run_test::{closure#1}, ()>
[INFO] [stdout]   17:     0x5ffec3f6f262 - <std[617be2ca0a6fd877]::thread::lifecycle::spawn_unchecked<test[aada8e7e76ba119b]::run_test::{closure#1}, ()>::{closure#1} as core[a373ad73a504971]::ops::function::FnOnce<()>>::call_once::{shim:vtable#0}
[INFO] [stdout]   18:     0x5ffec3fd856f - <std[617be2ca0a6fd877]::sys::thread::unix::Thread>::new::thread_start
[INFO] [stdout]   19:     0x746927507dfa - <unknown>
[INFO] [stdout]   20:     0x74692759b3d4 - clone
[INFO] [stdout]   21:                0x0 - <unknown>
[INFO] [stdout] 
[INFO] [stdout] ---- an_invalid_local_manifest_fails_loudly_rather_than_being_ignored stdout ----
[INFO] [stdout] 
[INFO] [stdout] thread 'an_invalid_local_manifest_fails_loudly_rather_than_being_ignored' (1214) panicked at tests/end_to_end.rs:36:10:
[INFO] [stdout] agentlink should be built before integration tests run: Os { code: 2, kind: NotFound, message: "No such file or directory" }
[INFO] [stdout] stack backtrace:
[INFO] [stdout]    0:     0x5ffec3fd9251 - <<std[617be2ca0a6fd877]::sys::backtrace::BacktraceLock>::print::DisplayBacktrace as core[a373ad73a504971]::fmt::Display>::fmt
[INFO] [stdout]    1:     0x5ffec3fed5ba - core[a373ad73a504971]::fmt::write
[INFO] [stdout]    2:     0x5ffec3fdd6cc - <alloc[2e1b2a31b91974c5]::vec::Vec<u8> as core[a373ad73a504971]::io::write::Write>::write_fmt
[INFO] [stdout]    3:     0x5ffec3fb3a16 - std[617be2ca0a6fd877]::panicking::default_hook::{closure#0}
[INFO] [stdout]    4:     0x5ffec3fd0ac9 - std[617be2ca0a6fd877]::panicking::default_hook
[INFO] [stdout]    5:     0x5ffec3f6bbb0 - test[aada8e7e76ba119b]::test_main_inner::{closure#0}
[INFO] [stdout]    6:     0x5ffec3fd0c82 - std[617be2ca0a6fd877]::panicking::panic_with_hook
[INFO] [stdout]    7:     0x5ffec3fb3ac2 - std[617be2ca0a6fd877]::panicking::panic_handler::{closure#0}
[INFO] [stdout]    8:     0x5ffec3fac529 - std[617be2ca0a6fd877]::sys::backtrace::__rust_end_short_backtrace::<std[617be2ca0a6fd877]::panicking::panic_handler::{closure#0}, !>
[INFO] [stdout]    9:     0x5ffec3fb46cd - __rustc[ea4f61d10b84890b]::rust_begin_unwind
[INFO] [stdout]   10:     0x5ffec3fedcec - core[a373ad73a504971]::panicking::panic_fmt
[INFO] [stdout]   11:     0x5ffec3fedac2 - core[a373ad73a504971]::result::unwrap_failed
[INFO] [stdout]   12:     0x5ffec3f5791d - end_to_end[e7cd58e9bfbc384d]::run
[INFO] [stdout]   13:     0x5ffec3f5bf21 - <end_to_end[e7cd58e9bfbc384d]::an_invalid_local_manifest_fails_loudly_rather_than_being_ignored::{closure#0} as core[a373ad73a504971]::ops::function::FnOnce<()>>::call_once
[INFO] [stdout]   14:     0x5ffec3f5effb - test[aada8e7e76ba119b]::__rust_begin_short_backtrace::<core[a373ad73a504971]::result::Result<(), alloc[2e1b2a31b91974c5]::string::String>, fn() -> core[a373ad73a504971]::result::Result<(), alloc[2e1b2a31b91974c5]::string::String>>
[INFO] [stdout]   15:     0x5ffec3f6c1d5 - test[aada8e7e76ba119b]::run_test::{closure#0}
[INFO] [stdout]   16:     0x5ffec3f65ac4 - std[617be2ca0a6fd877]::sys::backtrace::__rust_begin_short_backtrace::<test[aada8e7e76ba119b]::run_test::{closure#1}, ()>
[INFO] [stdout]   17:     0x5ffec3f6f262 - <std[617be2ca0a6fd877]::thread::lifecycle::spawn_unchecked<test[aada8e7e76ba119b]::run_test::{closure#1}, ()>::{closure#1} as core[a373ad73a504971]::ops::function::FnOnce<()>>::call_once::{shim:vtable#0}
[INFO] [stdout]   18:     0x5ffec3fd856f - <std[617be2ca0a6fd877]::sys::thread::unix::Thread>::new::thread_start
[INFO] [stdout]   19:     0x746927507dfa - <unknown>
[INFO] [stdout]   20:     0x74692759b3d4 - clone
[INFO] [stdout]   21:                0x0 - <unknown>
[INFO] [stdout] 
[INFO] [stdout] ---- apply_is_idempotent stdout ----
[INFO] [stdout] 
[INFO] [stdout] thread 'apply_is_idempotent' (1216) panicked at tests/end_to_end.rs:36:10:
[INFO] [stdout] agentlink should be built before integration tests run: Os { code: 2, kind: NotFound, message: "No such file or directory" }
[INFO] [stdout] stack backtrace:
[INFO] [stdout]    0:     0x5ffec3fd9251 - <<std[617be2ca0a6fd877]::sys::backtrace::BacktraceLock>::print::DisplayBacktrace as core[a373ad73a504971]::fmt::Display>::fmt
[INFO] [stdout]    1:     0x5ffec3fed5ba - core[a373ad73a504971]::fmt::write
[INFO] [stdout]    2:     0x5ffec3fdd6cc - <alloc[2e1b2a31b91974c5]::vec::Vec<u8> as core[a373ad73a504971]::io::write::Write>::write_fmt
[INFO] [stdout]    3:     0x5ffec3fb3a16 - std[617be2ca0a6fd877]::panicking::default_hook::{closure#0}
[INFO] [stdout]    4:     0x5ffec3fd0ac9 - std[617be2ca0a6fd877]::panicking::default_hook
[INFO] [stdout]    5:     0x5ffec3f6bbb0 - test[aada8e7e76ba119b]::test_main_inner::{closure#0}
[INFO] [stdout]    6:     0x5ffec3fd0c82 - std[617be2ca0a6fd877]::panicking::panic_with_hook
[INFO] [stdout]    7:     0x5ffec3fb3ac2 - std[617be2ca0a6fd877]::panicking::panic_handler::{closure#0}
[INFO] [stdout]    8:     0x5ffec3fac529 - std[617be2ca0a6fd877]::sys::backtrace::__rust_end_short_backtrace::<std[617be2ca0a6fd877]::panicking::panic_handler::{closure#0}, !>
[INFO] [stdout]    9:     0x5ffec3fb46cd - __rustc[ea4f61d10b84890b]::rust_begin_unwind
[INFO] [stdout]   10:     0x5ffec3fedcec - core[a373ad73a504971]::panicking::panic_fmt
[INFO] [stdout]   11:     0x5ffec3fedac2 - core[a373ad73a504971]::result::unwrap_failed
[INFO] [stdout]   12:     0x5ffec3f5791d - end_to_end[e7cd58e9bfbc384d]::run
[INFO] [stdout]   13:     0x5ffec3f583ad - <end_to_end[e7cd58e9bfbc384d]::apply_is_idempotent::{closure#0} as core[a373ad73a504971]::ops::function::FnOnce<()>>::call_once
[INFO] [stdout]   14:     0x5ffec3f5effb - test[aada8e7e76ba119b]::__rust_begin_short_backtrace::<core[a373ad73a504971]::result::Result<(), alloc[2e1b2a31b91974c5]::string::String>, fn() -> core[a373ad73a504971]::result::Result<(), alloc[2e1b2a31b91974c5]::string::String>>
[INFO] [stdout]   15:     0x5ffec3f6c1d5 - test[aada8e7e76ba119b]::run_test::{closure#0}
[INFO] [stdout]   16:     0x5ffec3f65ac4 - std[617be2ca0a6fd877]::sys::backtrace::__rust_begin_short_backtrace::<test[aada8e7e76ba119b]::run_test::{closure#1}, ()>
[INFO] [stdout]   17:     0x5ffec3f6f262 - <std[617be2ca0a6fd877]::thread::lifecycle::spawn_unchecked<test[aada8e7e76ba119b]::run_test::{closure#1}, ()>::{closure#1} as core[a373ad73a504971]::ops::function::FnOnce<()>>::call_once::{shim:vtable#0}
[INFO] [stdout]   18:     0x5ffec3fd856f - <std[617be2ca0a6fd877]::sys::thread::unix::Thread>::new::thread_start
[INFO] [stdout]   19:     0x746927507dfa - <unknown>
[INFO] [stdout]   20:     0x74692759b3d4 - clone
[INFO] [stdout]   21:                0x0 - <unknown>
[INFO] [stdout] 
[INFO] [stdout] ---- narrowing_the_provider_list_retires_what_agentlink_created stdout ----
[INFO] [stdout] 
[INFO] [stdout] thread 'narrowing_the_provider_list_retires_what_agentlink_created' (1223) panicked at tests/end_to_end.rs:36:10:
[INFO] [stdout] agentlink should be built before integration tests run: Os { code: 2, kind: NotFound, message: "No such file or directory" }
[INFO] [stdout] stack backtrace:
[INFO] [stdout]    0:     0x5ffec3fd9251 - <<std[617be2ca0a6fd877]::sys::backtrace::BacktraceLock>::print::DisplayBacktrace as core[a373ad73a504971]::fmt::Display>::fmt
[INFO] [stdout]    1:     0x5ffec3fed5ba - core[a373ad73a504971]::fmt::write
[INFO] [stdout]    2:     0x5ffec3fdd6cc - <alloc[2e1b2a31b91974c5]::vec::Vec<u8> as core[a373ad73a504971]::io::write::Write>::write_fmt
[INFO] [stdout]    3:     0x5ffec3fb3a16 - std[617be2ca0a6fd877]::panicking::default_hook::{closure#0}
[INFO] [stdout]    4:     0x5ffec3fd0ac9 - std[617be2ca0a6fd877]::panicking::default_hook
[INFO] [stdout]    5:     0x5ffec3f6bbb0 - test[aada8e7e76ba119b]::test_main_inner::{closure#0}
[INFO] [stdout]    6:     0x5ffec3fd0c82 - std[617be2ca0a6fd877]::panicking::panic_with_hook
[INFO] [stdout]    7:     0x5ffec3fb3ac2 - std[617be2ca0a6fd877]::panicking::panic_handler::{closure#0}
[INFO] [stdout]    8:     0x5ffec3fac529 - std[617be2ca0a6fd877]::sys::backtrace::__rust_end_short_backtrace::<std[617be2ca0a6fd877]::panicking::panic_handler::{closure#0}, !>
[INFO] [stdout]    9:     0x5ffec3fb46cd - __rustc[ea4f61d10b84890b]::rust_begin_unwind
[INFO] [stdout]   10:     0x5ffec3fedcec - core[a373ad73a504971]::panicking::panic_fmt
[INFO] [stdout]   11:     0x5ffec3fedac2 - core[a373ad73a504971]::result::unwrap_failed
[INFO] [stdout]   12:     0x5ffec3f5791d - end_to_end[e7cd58e9bfbc384d]::run
[INFO] [stdout]   13:     0x5ffec3f5b0e4 - <end_to_end[e7cd58e9bfbc384d]::narrowing_the_provider_list_retires_what_agentlink_created::{closure#0} as core[a373ad73a504971]::ops::function::FnOnce<()>>::call_once
[INFO] [stdout]   14:     0x5ffec3f5effb - test[aada8e7e76ba119b]::__rust_begin_short_backtrace::<core[a373ad73a504971]::result::Result<(), alloc[2e1b2a31b91974c5]::string::String>, fn() -> core[a373ad73a504971]::result::Result<(), alloc[2e1b2a31b91974c5]::string::String>>
[INFO] [stdout]   15:     0x5ffec3f6c1d5 - test[aada8e7e76ba119b]::run_test::{closure#0}
[INFO] [stdout]   16:     0x5ffec3f65ac4 - std[617be2ca0a6fd877]::sys::backtrace::__rust_begin_short_backtrace::<test[aada8e7e76ba119b]::run_test::{closure#1}, ()>
[INFO] [stdout]   17:     0x5ffec3f6f262 - <std[617be2ca0a6fd877]::thread::lifecycle::spawn_unchecked<test[aada8e7e76ba119b]::run_test::{closure#1}, ()>::{closure#1} as core[a373ad73a504971]::ops::function::FnOnce<()>>::call_once::{shim:vtable#0}
[INFO] [stdout]   18:     0x5ffec3fd856f - <std[617be2ca0a6fd877]::sys::thread::unix::Thread>::new::thread_start
[INFO] [stdout]   19:     0x746927507dfa - <unknown>
[INFO] [stdout]   20:     0x74692759b3d4 - clone
[INFO] [stdout]   21:                0x0 - <unknown>
[INFO] [stdout] 
[INFO] [stdout] ---- an_explicit_provider_list_creates_nothing_for_the_others stdout ----
[INFO] [stdout] 
[INFO] [stdout] thread 'an_explicit_provider_list_creates_nothing_for_the_others' (1213) panicked at tests/end_to_end.rs:36:10:
[INFO] [stdout] agentlink should be built before integration tests run: Os { code: 2, kind: NotFound, message: "No such file or directory" }
[INFO] [stdout] stack backtrace:
[INFO] [stdout]    0:     0x5ffec3fd9251 - <<std[617be2ca0a6fd877]::sys::backtrace::BacktraceLock>::print::DisplayBacktrace as core[a373ad73a504971]::fmt::Display>::fmt
[INFO] [stdout]    1:     0x5ffec3fed5ba - core[a373ad73a504971]::fmt::write
[INFO] [stdout]    2:     0x5ffec3fdd6cc - <alloc[2e1b2a31b91974c5]::vec::Vec<u8> as core[a373ad73a504971]::io::write::Write>::write_fmt
[INFO] [stdout]    3:     0x5ffec3fb3a16 - std[617be2ca0a6fd877]::panicking::default_hook::{closure#0}
[INFO] [stdout]    4:     0x5ffec3fd0ac9 - std[617be2ca0a6fd877]::panicking::default_hook
[INFO] [stdout]    5:     0x5ffec3f6bbb0 - test[aada8e7e76ba119b]::test_main_inner::{closure#0}
[INFO] [stdout]    6:     0x5ffec3fd0c82 - std[617be2ca0a6fd877]::panicking::panic_with_hook
[INFO] [stdout]    7:     0x5ffec3fb3ac2 - std[617be2ca0a6fd877]::panicking::panic_handler::{closure#0}
[INFO] [stdout]    8:     0x5ffec3fac529 - std[617be2ca0a6fd877]::sys::backtrace::__rust_end_short_backtrace::<std[617be2ca0a6fd877]::panicking::panic_handler::{closure#0}, !>
[INFO] [stdout]    9:     0x5ffec3fb46cd - __rustc[ea4f61d10b84890b]::rust_begin_unwind
[INFO] [stdout]   10:     0x5ffec3fedcec - core[a373ad73a504971]::panicking::panic_fmt
[INFO] [stdout]   11:     0x5ffec3fedac2 - core[a373ad73a504971]::result::unwrap_failed
[INFO] [stdout]   12:     0x5ffec3f5791d - end_to_end[e7cd58e9bfbc384d]::run
[INFO] [stdout]   13:     0x5ffec3f5a705 - <end_to_end[e7cd58e9bfbc384d]::an_explicit_provider_list_creates_nothing_for_the_others::{closure#0} as core[a373ad73a504971]::ops::function::FnOnce<()>>::call_once
[INFO] [stdout]   14:     0x5ffec3f5effb - test[aada8e7e76ba119b]::__rust_begin_short_backtrace::<core[a373ad73a504971]::result::Result<(), alloc[2e1b2a31b91974c5]::string::String>, fn() -> core[a373ad73a504971]::result::Result<(), alloc[2e1b2a31b91974c5]::string::String>>
[INFO] [stdout]   15:     0x5ffec3f6c1d5 - test[aada8e7e76ba119b]::run_test::{closure#0}
[INFO] [stdout]   16:     0x5ffec3f65ac4 - std[617be2ca0a6fd877]::sys::backtrace::__rust_begin_short_backtrace::<test[aada8e7e76ba119b]::run_test::{closure#1}, ()>
[INFO] [stdout]   17:     0x5ffec3f6f262 - <std[617be2ca0a6fd877]::thread::lifecycle::spawn_unchecked<test[aada8e7e76ba119b]::run_test::{closure#1}, ()>::{closure#1} as core[a373ad73a504971]::ops::function::FnOnce<()>>::call_once::{shim:vtable#0}
[INFO] [stdout]   18:     0x5ffec3fd856f - <std[617be2ca0a6fd877]::sys::thread::unix::Thread>::new::thread_start
[INFO] [stdout]   19:     0x746927507dfa - <unknown>
[INFO] [stdout]   20:     0x74692759b3d4 - clone
[INFO] [stdout]   21:                0x0 - <unknown>
[INFO] [stdout] 
[INFO] [stdout] ---- the_gitignore_block_covers_every_materialised_path stdout ----
[INFO] [stdout] 
[INFO] [stdout] thread 'the_gitignore_block_covers_every_materialised_path' (1239) panicked at tests/end_to_end.rs:36:10:
[INFO] [stdout] agentlink should be built before integration tests run: Os { code: 2, kind: NotFound, message: "No such file or directory" }
[INFO] [stdout] stack backtrace:
[INFO] [stdout]    0:     0x5ffec3fd9251 - <<std[617be2ca0a6fd877]::sys::backtrace::BacktraceLock>::print::DisplayBacktrace as core[a373ad73a504971]::fmt::Display>::fmt
[INFO] [stdout]    1:     0x5ffec3fed5ba - core[a373ad73a504971]::fmt::write
[INFO] [stdout]    2:     0x5ffec3fdd6cc - <alloc[2e1b2a31b91974c5]::vec::Vec<u8> as core[a373ad73a504971]::io::write::Write>::write_fmt
[INFO] [stdout]    3:     0x5ffec3fb3a16 - std[617be2ca0a6fd877]::panicking::default_hook::{closure#0}
[INFO] [stdout]    4:     0x5ffec3fd0ac9 - std[617be2ca0a6fd877]::panicking::default_hook
[INFO] [stdout]    5:     0x5ffec3f6bbb0 - test[aada8e7e76ba119b]::test_main_inner::{closure#0}
[INFO] [stdout]    6:     0x5ffec3fd0c82 - std[617be2ca0a6fd877]::panicking::panic_with_hook
[INFO] [stdout]    7:     0x5ffec3fb3ac2 - std[617be2ca0a6fd877]::panicking::panic_handler::{closure#0}
[INFO] [stdout]    8:     0x5ffec3fac529 - std[617be2ca0a6fd877]::sys::backtrace::__rust_end_short_backtrace::<std[617be2ca0a6fd877]::panicking::panic_handler::{closure#0}, !>
[INFO] [stdout]    9:     0x5ffec3fb46cd - __rustc[ea4f61d10b84890b]::rust_begin_unwind
[INFO] [stdout]   10:     0x5ffec3fedcec - core[a373ad73a504971]::panicking::panic_fmt
[INFO] [stdout]   11:     0x5ffec3fedac2 - core[a373ad73a504971]::result::unwrap_failed
[INFO] [stdout]   12:     0x5ffec3f5791d - end_to_end[e7cd58e9bfbc384d]::run
[INFO] [stdout]   13:     0x5ffec3f59c82 - <end_to_end[e7cd58e9bfbc384d]::the_gitignore_block_covers_every_materialised_path::{closure#0} as core[a373ad73a504971]::ops::function::FnOnce<()>>::call_once
[INFO] [stdout]   14:     0x5ffec3f5effb - test[aada8e7e76ba119b]::__rust_begin_short_backtrace::<core[a373ad73a504971]::result::Result<(), alloc[2e1b2a31b91974c5]::string::String>, fn() -> core[a373ad73a504971]::result::Result<(), alloc[2e1b2a31b91974c5]::string::String>>
[INFO] [stdout]   15:     0x5ffec3f6c1d5 - test[aada8e7e76ba119b]::run_test::{closure#0}
[INFO] [stdout]   16:     0x5ffec3f65ac4 - std[617be2ca0a6fd877]::sys::backtrace::__rust_begin_short_backtrace::<test[aada8e7e76ba119b]::run_test::{closure#1}, ()>
[INFO] [stdout]   17:     0x5ffec3f6f262 - <std[617be2ca0a6fd877]::thread::lifecycle::spawn_unchecked<test[aada8e7e76ba119b]::run_test::{closure#1}, ()>::{closure#1} as core[a373ad73a504971]::ops::function::FnOnce<()>>::call_once::{shim:vtable#0}
[INFO] [stdout]   18:     0x5ffec3fd856f - <std[617be2ca0a6fd877]::sys::thread::unix::Thread>::new::thread_start
[INFO] [stdout]   19:     0x746927507dfa - <unknown>
[INFO] [stdout]   20:     0x74692759b3d4 - clone
[INFO] [stdout]   21:                0x0 - <unknown>
[INFO] [stdout] 
[INFO] [stdout] ---- a_deselected_path_the_user_replaced_by_hand_is_never_removed stdout ----
[INFO] [stdout] 
[INFO] [stdout] thread 'a_deselected_path_the_user_replaced_by_hand_is_never_removed' (1209) panicked at tests/end_to_end.rs:36:10:
[INFO] [stdout] agentlink should be built before integration tests run: Os { code: 2, kind: NotFound, message: "No such file or directory" }
[INFO] [stdout] stack backtrace:
[INFO] [stdout]    0:     0x5ffec3fd9251 - <<std[617be2ca0a6fd877]::sys::backtrace::BacktraceLock>::print::DisplayBacktrace as core[a373ad73a504971]::fmt::Display>::fmt
[INFO] [stdout]    1:     0x5ffec3fed5ba - core[a373ad73a504971]::fmt::write
[INFO] [stdout]    2:     0x5ffec3fdd6cc - <alloc[2e1b2a31b91974c5]::vec::Vec<u8> as core[a373ad73a504971]::io::write::Write>::write_fmt
[INFO] [stdout]    3:     0x5ffec3fb3a16 - std[617be2ca0a6fd877]::panicking::default_hook::{closure#0}
[INFO] [stdout]    4:     0x5ffec3fd0ac9 - std[617be2ca0a6fd877]::panicking::default_hook
[INFO] [stdout]    5:     0x5ffec3f6bbb0 - test[aada8e7e76ba119b]::test_main_inner::{closure#0}
[INFO] [stdout]    6:     0x5ffec3fd0c82 - std[617be2ca0a6fd877]::panicking::panic_with_hook
[INFO] [stdout]    7:     0x5ffec3fb3ac2 - std[617be2ca0a6fd877]::panicking::panic_handler::{closure#0}
[INFO] [stdout]    8:     0x5ffec3fac529 - std[617be2ca0a6fd877]::sys::backtrace::__rust_end_short_backtrace::<std[617be2ca0a6fd877]::panicking::panic_handler::{closure#0}, !>
[INFO] [stdout]    9:     0x5ffec3fb46cd - __rustc[ea4f61d10b84890b]::rust_begin_unwind
[INFO] [stdout]   10:     0x5ffec3fedcec - core[a373ad73a504971]::panicking::panic_fmt
[INFO] [stdout]   11:     0x5ffec3fedac2 - core[a373ad73a504971]::result::unwrap_failed
[INFO] [stdout]   12:     0x5ffec3f5791d - end_to_end[e7cd58e9bfbc384d]::run
[INFO] [stdout]   13:     0x5ffec3f5b9c3 - <end_to_end[e7cd58e9bfbc384d]::a_deselected_path_the_user_replaced_by_hand_is_never_removed::{closure#0} as core[a373ad73a504971]::ops::function::FnOnce<()>>::call_once
[INFO] [stdout]   14:     0x5ffec3f5effb - test[aada8e7e76ba119b]::__rust_begin_short_backtrace::<core[a373ad73a504971]::result::Result<(), alloc[2e1b2a31b91974c5]::string::String>, fn() -> core[a373ad73a504971]::result::Result<(), alloc[2e1b2a31b91974c5]::string::String>>
[INFO] [stdout]   15:     0x5ffec3f6c1d5 - test[aada8e7e76ba119b]::run_test::{closure#0}
[INFO] [stdout]   16:     0x5ffec3f65ac4 - std[617be2ca0a6fd877]::sys::backtrace::__rust_begin_short_backtrace::<test[aada8e7e76ba119b]::run_test::{closure#1}, ()>
[INFO] [stdout]   17:     0x5ffec3f6f262 - <std[617be2ca0a6fd877]::thread::lifecycle::spawn_unchecked<test[aada8e7e76ba119b]::run_test::{closure#1}, ()>::{closure#1} as core[a373ad73a504971]::ops::function::FnOnce<()>>::call_once::{shim:vtable#0}
[INFO] [stdout]   18:     0x5ffec3fd856f - <std[617be2ca0a6fd877]::sys::thread::unix::Thread>::new::thread_start
[INFO] [stdout]   19:     0x746927507dfa - <unknown>
[INFO] [stdout]   20:     0x74692759b3d4 - clone
[INFO] [stdout]   21:                0x0 - <unknown>
[INFO] [stdout] 
[INFO] [stdout] ---- a_hand_written_file_is_never_replaced stdout ----
[INFO] [stdout] 
[INFO] [stdout] thread 'a_hand_written_file_is_never_replaced' (1210) panicked at tests/end_to_end.rs:36:10:
[INFO] [stdout] agentlink should be built before integration tests run: Os { code: 2, kind: NotFound, message: "No such file or directory" }
[INFO] [stdout] stack backtrace:
[INFO] [stdout]    0:     0x5ffec3fd9251 - <<std[617be2ca0a6fd877]::sys::backtrace::BacktraceLock>::print::DisplayBacktrace as core[a373ad73a504971]::fmt::Display>::fmt
[INFO] [stdout]    1:     0x5ffec3fed5ba - core[a373ad73a504971]::fmt::write
[INFO] [stdout]    2:     0x5ffec3fdd6cc - <alloc[2e1b2a31b91974c5]::vec::Vec<u8> as core[a373ad73a504971]::io::write::Write>::write_fmt
[INFO] [stdout]    3:     0x5ffec3fb3a16 - std[617be2ca0a6fd877]::panicking::default_hook::{closure#0}
[INFO] [stdout]    4:     0x5ffec3fd0ac9 - std[617be2ca0a6fd877]::panicking::default_hook
[INFO] [stdout]    5:     0x5ffec3f6bbb0 - test[aada8e7e76ba119b]::test_main_inner::{closure#0}
[INFO] [stdout]    6:     0x5ffec3fd0c82 - std[617be2ca0a6fd877]::panicking::panic_with_hook
[INFO] [stdout]    7:     0x5ffec3fb3ac2 - std[617be2ca0a6fd877]::panicking::panic_handler::{closure#0}
[INFO] [stdout]    8:     0x5ffec3fac529 - std[617be2ca0a6fd877]::sys::backtrace::__rust_end_short_backtrace::<std[617be2ca0a6fd877]::panicking::panic_handler::{closure#0}, !>
[INFO] [stdout]    9:     0x5ffec3fb46cd - __rustc[ea4f61d10b84890b]::rust_begin_unwind
[INFO] [stdout]   10:     0x5ffec3fedcec - core[a373ad73a504971]::panicking::panic_fmt
[INFO] [stdout]   11:     0x5ffec3fedac2 - core[a373ad73a504971]::result::unwrap_failed
[INFO] [stdout]   12:     0x5ffec3f5791d - end_to_end[e7cd58e9bfbc384d]::run
[INFO] [stdout]   13:     0x5ffec3f58d8a - <end_to_end[e7cd58e9bfbc384d]::a_hand_written_file_is_never_replaced::{closure#0} as core[a373ad73a504971]::ops::function::FnOnce<()>>::call_once
[INFO] [stdout]   14:     0x5ffec3f5effb - test[aada8e7e76ba119b]::__rust_begin_short_backtrace::<core[a373ad73a504971]::result::Result<(), alloc[2e1b2a31b91974c5]::string::String>, fn() -> core[a373ad73a504971]::result::Result<(), alloc[2e1b2a31b91974c5]::string::String>>
[INFO] [stdout]   15:     0x5ffec3f6c1d5 - test[aada8e7e76ba119b]::run_test::{closure#0}
[INFO] [stdout]   16:     0x5ffec3f65ac4 - std[617be2ca0a6fd877]::sys::backtrace::__rust_begin_short_backtrace::<test[aada8e7e76ba119b]::run_test::{closure#1}, ()>
[INFO] [stdout]   17:     0x5ffec3f6f262 - <std[617be2ca0a6fd877]::thread::lifecycle::spawn_unchecked<test[aada8e7e76ba119b]::run_test::{closure#1}, ()>::{closure#1} as core[a373ad73a504971]::ops::function::FnOnce<()>>::call_once::{shim:vtable#0}
[INFO] [stdout]   18:     0x5ffec3fd856f - <std[617be2ca0a6fd877]::sys::thread::unix::Thread>::new::thread_start
[INFO] [stdout]   19:     0x746927507dfa - <unknown>
[INFO] [stdout]   20:     0x74692759b3d4 - clone
[INFO] [stdout]   21:                0x0 - <unknown>
[INFO] [stdout] 
[INFO] [stdout] ---- init_never_seeds_over_content_waiting_to_be_adopted stdout ----
[INFO] [stdout] 
[INFO] [stdout] thread 'init_never_seeds_over_content_waiting_to_be_adopted' (1222) panicked at tests/end_to_end.rs:36:10:
[INFO] [stdout] agentlink should be built before integration tests run: Os { code: 2, kind: NotFound, message: "No such file or directory" }
[INFO] [stdout] stack backtrace:
[INFO] [stdout]    0:     0x5ffec3fd9251 - <<std[617be2ca0a6fd877]::sys::backtrace::BacktraceLock>::print::DisplayBacktrace as core[a373ad73a504971]::fmt::Display>::fmt
[INFO] [stdout]    1:     0x5ffec3fed5ba - core[a373ad73a504971]::fmt::write
[INFO] [stdout]    2:     0x5ffec3fdd6cc - <alloc[2e1b2a31b91974c5]::vec::Vec<u8> as core[a373ad73a504971]::io::write::Write>::write_fmt
[INFO] [stdout]    3:     0x5ffec3fb3a16 - std[617be2ca0a6fd877]::panicking::default_hook::{closure#0}
[INFO] [stdout]    4:     0x5ffec3fd0ac9 - std[617be2ca0a6fd877]::panicking::default_hook
[INFO] [stdout]    5:     0x5ffec3f6bbb0 - test[aada8e7e76ba119b]::test_main_inner::{closure#0}
[INFO] [stdout]    6:     0x5ffec3fd0c82 - std[617be2ca0a6fd877]::panicking::panic_with_hook
[INFO] [stdout]    7:     0x5ffec3fb3ac2 - std[617be2ca0a6fd877]::panicking::panic_handler::{closure#0}
[INFO] [stdout]    8:     0x5ffec3fac529 - std[617be2ca0a6fd877]::sys::backtrace::__rust_end_short_backtrace::<std[617be2ca0a6fd877]::panicking::panic_handler::{closure#0}, !>
[INFO] [stdout]    9:     0x5ffec3fb46cd - __rustc[ea4f61d10b84890b]::rust_begin_unwind
[INFO] [stdout]   10:     0x5ffec3fedcec - core[a373ad73a504971]::panicking::panic_fmt
[INFO] [stdout]   11:     0x5ffec3fedac2 - core[a373ad73a504971]::result::unwrap_failed
[INFO] [stdout]   12:     0x5ffec3f5791d - end_to_end[e7cd58e9bfbc384d]::run
[INFO] [stdout]   13:     0x5ffec3f5a33f - <end_to_end[e7cd58e9bfbc384d]::init_never_seeds_over_content_waiting_to_be_adopted::{closure#0} as core[a373ad73a504971]::ops::function::FnOnce<()>>::call_once
[INFO] [stdout]   14:     0x5ffec3f5effb - test[aada8e7e76ba119b]::__rust_begin_short_backtrace::<core[a373ad73a504971]::result::Result<(), alloc[2e1b2a31b91974c5]::string::String>, fn() -> core[a373ad73a504971]::result::Result<(), alloc[2e1b2a31b91974c5]::string::String>>
[INFO] [stdout]   15:     0x5ffec3f6c1d5 - test[aada8e7e76ba119b]::run_test::{closure#0}
[INFO] [stdout]   16:     0x5ffec3f65ac4 - std[617be2ca0a6fd877]::sys::backtrace::__rust_begin_short_backtrace::<test[aada8e7e76ba119b]::run_test::{closure#1}, ()>
[INFO] [stdout]   17:     0x5ffec3f6f262 - <std[617be2ca0a6fd877]::thread::lifecycle::spawn_unchecked<test[aada8e7e76ba119b]::run_test::{closure#1}, ()>::{closure#1} as core[a373ad73a504971]::ops::function::FnOnce<()>>::call_once::{shim:vtable#0}
[INFO] [stdout]   18:     0x5ffec3fd856f - <std[617be2ca0a6fd877]::sys::thread::unix::Thread>::new::thread_start
[INFO] [stdout]   19:     0x746927507dfa - <unknown>
[INFO] [stdout]   20:     0x74692759b3d4 - clone
[INFO] [stdout]   21:                0x0 - <unknown>
[INFO] [stdout] 
[INFO] [stdout] ---- a_workspace_local_manifest_adds_an_agent_without_a_release stdout ----
[INFO] [stdout] 
[INFO] [stdout] thread 'a_workspace_local_manifest_adds_an_agent_without_a_release' (1211) panicked at tests/end_to_end.rs:36:10:
[INFO] [stdout] agentlink should be built before integration tests run: Os { code: 2, kind: NotFound, message: "No such file or directory" }
[INFO] [stdout] stack backtrace:
[INFO] [stdout]    0:     0x5ffec3fd9251 - <<std[617be2ca0a6fd877]::sys::backtrace::BacktraceLock>::print::DisplayBacktrace as core[a373ad73a504971]::fmt::Display>::fmt
[INFO] [stdout]    1:     0x5ffec3fed5ba - core[a373ad73a504971]::fmt::write
[INFO] [stdout]    2:     0x5ffec3fdd6cc - <alloc[2e1b2a31b91974c5]::vec::Vec<u8> as core[a373ad73a504971]::io::write::Write>::write_fmt
[INFO] [stdout]    3:     0x5ffec3fb3a16 - std[617be2ca0a6fd877]::panicking::default_hook::{closure#0}
[INFO] [stdout]    4:     0x5ffec3fd0ac9 - std[617be2ca0a6fd877]::panicking::default_hook
[INFO] [stdout]    5:     0x5ffec3f6bbb0 - test[aada8e7e76ba119b]::test_main_inner::{closure#0}
[INFO] [stdout]    6:     0x5ffec3fd0c82 - std[617be2ca0a6fd877]::panicking::panic_with_hook
[INFO] [stdout]    7:     0x5ffec3fb3ac2 - std[617be2ca0a6fd877]::panicking::panic_handler::{closure#0}
[INFO] [stdout]    8:     0x5ffec3fac529 - std[617be2ca0a6fd877]::sys::backtrace::__rust_end_short_backtrace::<std[617be2ca0a6fd877]::panicking::panic_handler::{closure#0}, !>
[INFO] [stdout]    9:     0x5ffec3fb46cd - __rustc[ea4f61d10b84890b]::rust_begin_unwind
[INFO] [stdout]   10:     0x5ffec3fedcec - core[a373ad73a504971]::panicking::panic_fmt
[INFO] [stdout]   11:     0x5ffec3fedac2 - core[a373ad73a504971]::result::unwrap_failed
[INFO] [stdout]   12:     0x5ffec3f5791d - end_to_end[e7cd58e9bfbc384d]::run
[INFO] [stdout]   13:     0x5ffec3f5ace1 - <end_to_end[e7cd58e9bfbc384d]::a_workspace_local_manifest_adds_an_agent_without_a_release::{closure#0} as core[a373ad73a504971]::ops::function::FnOnce<()>>::call_once
[INFO] [stdout]   14:     0x5ffec3f5effb - test[aada8e7e76ba119b]::__rust_begin_short_backtrace::<core[a373ad73a504971]::result::Result<(), alloc[2e1b2a31b91974c5]::string::String>, fn() -> core[a373ad73a504971]::result::Result<(), alloc[2e1b2a31b91974c5]::string::String>>
[INFO] [stdout]   15:     0x5ffec3f6c1d5 - test[aada8e7e76ba119b]::run_test::{closure#0}
[INFO] [stdout]   16:     0x5ffec3f65ac4 - std[617be2ca0a6fd877]::sys::backtrace::__rust_begin_short_backtrace::<test[aada8e7e76ba119b]::run_test::{closure#1}, ()>
[INFO] [stdout]   17:     0x5ffec3f6f262 - <std[617be2ca0a6fd877]::thread::lifecycle::spawn_unchecked<test[aada8e7e76ba119b]::run_test::{closure#1}, ()>::{closure#1} as core[a373ad73a504971]::ops::function::FnOnce<()>>::call_once::{shim:vtable#0}
[INFO] [stdout]   18:     0x5ffec3fd856f - <std[617be2ca0a6fd877]::sys::thread::unix::Thread>::new::thread_start
[INFO] [stdout]   19:     0x746927507dfa - <unknown>
[INFO] [stdout]   20:     0x74692759b3d4 - clone
[INFO] [stdout]   21:                0x0 - <unknown>
[INFO] [stdout] 
[INFO] [stdout] ---- status_check_signals_pending_work_for_ci stdout ----
[INFO] [stdout] 
[INFO] [stdout] thread 'status_check_signals_pending_work_for_ci' (1226) panicked at tests/end_to_end.rs:36:10:
[INFO] [stdout] agentlink should be built before integration tests run: Os { code: 2, kind: NotFound, message: "No such file or directory" }
[INFO] [stdout] stack backtrace:
[INFO] [stdout]    0:     0x5ffec3fd9251 - <<std[617be2ca0a6fd877]::sys::backtrace::BacktraceLock>::print::DisplayBacktrace as core[a373ad73a504971]::fmt::Display>::fmt
[INFO] [stdout]    1:     0x5ffec3fed5ba - core[a373ad73a504971]::fmt::write
[INFO] [stdout]    2:     0x5ffec3fdd6cc - <alloc[2e1b2a31b91974c5]::vec::Vec<u8> as core[a373ad73a504971]::io::write::Write>::write_fmt
[INFO] [stdout]    3:     0x5ffec3fb3a16 - std[617be2ca0a6fd877]::panicking::default_hook::{closure#0}
[INFO] [stdout]    4:     0x5ffec3fd0ac9 - std[617be2ca0a6fd877]::panicking::default_hook
[INFO] [stdout]    5:     0x5ffec3f6bbb0 - test[aada8e7e76ba119b]::test_main_inner::{closure#0}
[INFO] [stdout]    6:     0x5ffec3fd0c82 - std[617be2ca0a6fd877]::panicking::panic_with_hook
[INFO] [stdout]    7:     0x5ffec3fb3ac2 - std[617be2ca0a6fd877]::panicking::panic_handler::{closure#0}
[INFO] [stdout]    8:     0x5ffec3fac529 - std[617be2ca0a6fd877]::sys::backtrace::__rust_end_short_backtrace::<std[617be2ca0a6fd877]::panicking::panic_handler::{closure#0}, !>
[INFO] [stdout]    9:     0x5ffec3fb46cd - __rustc[ea4f61d10b84890b]::rust_begin_unwind
[INFO] [stdout]   10:     0x5ffec3fedcec - core[a373ad73a504971]::panicking::panic_fmt
[INFO] [stdout]   11:     0x5ffec3fedac2 - core[a373ad73a504971]::result::unwrap_failed
[INFO] [stdout]   12:     0x5ffec3f5791d - end_to_end[e7cd58e9bfbc384d]::run
[INFO] [stdout]   13:     0x5ffec3f594ad - <end_to_end[e7cd58e9bfbc384d]::status_check_signals_pending_work_for_ci::{closure#0} as core[a373ad73a504971]::ops::function::FnOnce<()>>::call_once
[INFO] [stdout]   14:     0x5ffec3f5effb - test[aada8e7e76ba119b]::__rust_begin_short_backtrace::<core[a373ad73a504971]::result::Result<(), alloc[2e1b2a31b91974c5]::string::String>, fn() -> core[a373ad73a504971]::result::Result<(), alloc[2e1b2a31b91974c5]::string::String>>
[INFO] [stdout]   15:     0x5ffec3f6c1d5 - test[aada8e7e76ba119b]::run_test::{closure#0}
[INFO] [stdout]   16:     0x5ffec3f65ac4 - std[617be2ca0a6fd877]::sys::backtrace::__rust_begin_short_backtrace::<test[aada8e7e76ba119b]::run_test::{closure#1}, ()>
[INFO] [stdout]   17:     0x5ffec3f6f262 - <std[617be2ca0a6fd877]::thread::lifecycle::spawn_unchecked<test[aada8e7e76ba119b]::run_test::{closure#1}, ()>::{closure#1} as core[a373ad73a504971]::ops::function::FnOnce<()>>::call_once::{shim:vtable#0}
[INFO] [stdout]   18:     0x5ffec3fd856f - <std[617be2ca0a6fd877]::sys::thread::unix::Thread>::new::thread_start
[INFO] [stdout]   19:     0x746927507dfa - <unknown>
[INFO] [stdout]   20:     0x74692759b3d4 - clone
[INFO] [stdout]   21:                0x0 - <unknown>
[INFO] [stdout] 
[INFO] [stdout] ---- adopt_moves_content_canonically_and_serves_every_agent_in_one_pass stdout ----
[INFO] [stdout] 
[INFO] [stdout] thread 'adopt_moves_content_canonically_and_serves_every_agent_in_one_pass' (1212) panicked at tests/end_to_end.rs:36:10:
[INFO] [stdout] agentlink should be built before integration tests run: Os { code: 2, kind: NotFound, message: "No such file or directory" }
[INFO] [stderr] error: test failed, to rerun pass `--test end_to_end`
[INFO] [stdout] stack backtrace:
[INFO] [stdout]    0:     0x5ffec3fd9251 - <<std[617be2ca0a6fd877]::sys::backtrace::BacktraceLock>::print::DisplayBacktrace as core[a373ad73a504971]::fmt::Display>::fmt
[INFO] [stdout]    1:     0x5ffec3fed5ba - core[a373ad73a504971]::fmt::write
[INFO] [stdout]    2:     0x5ffec3fdd6cc - <alloc[2e1b2a31b91974c5]::vec::Vec<u8> as core[a373ad73a504971]::io::write::Write>::write_fmt
[INFO] [stdout]    3:     0x5ffec3fb3a16 - std[617be2ca0a6fd877]::panicking::default_hook::{closure#0}
[INFO] [stdout]    4:     0x5ffec3fd0ac9 - std[617be2ca0a6fd877]::panicking::default_hook
[INFO] [stdout]    5:     0x5ffec3f6bbb0 - test[aada8e7e76ba119b]::test_main_inner::{closure#0}
[INFO] [stdout]    6:     0x5ffec3fd0c82 - std[617be2ca0a6fd877]::panicking::panic_with_hook
[INFO] [stdout]    7:     0x5ffec3fb3ac2 - std[617be2ca0a6fd877]::panicking::panic_handler::{closure#0}
[INFO] [stdout]    8:     0x5ffec3fac529 - std[617be2ca0a6fd877]::sys::backtrace::__rust_end_short_backtrace::<std[617be2ca0a6fd877]::panicking::panic_handler::{closure#0}, !>
[INFO] [stdout]    9:     0x5ffec3fb46cd - __rustc[ea4f61d10b84890b]::rust_begin_unwind
[INFO] [stdout]   10:     0x5ffec3fedcec - core[a373ad73a504971]::panicking::panic_fmt
[INFO] [stdout]   11:     0x5ffec3fedac2 - core[a373ad73a504971]::result::unwrap_failed
[INFO] [stdout]   12:     0x5ffec3f5791d - end_to_end[e7cd58e9bfbc384d]::run
[INFO] [stdout]   13:     0x5ffec3f5c205 - <end_to_end[e7cd58e9bfbc384d]::adopt_moves_content_canonically_and_serves_every_agent_in_one_pass::{closure#0} as core[a373ad73a504971]::ops::function::FnOnce<()>>::call_once
[INFO] [stdout]   14:     0x5ffec3f5effb - test[aada8e7e76ba119b]::__rust_begin_short_backtrace::<core[a373ad73a504971]::result::Result<(), alloc[2e1b2a31b91974c5]::string::String>, fn() -> core[a373ad73a504971]::result::Result<(), alloc[2e1b2a31b91974c5]::string::String>>
[INFO] [stdout]   15:     0x5ffec3f6c1d5 - test[aada8e7e76ba119b]::run_test::{closure#0}
[INFO] [stdout]   16:     0x5ffec3f65ac4 - std[617be2ca0a6fd877]::sys::backtrace::__rust_begin_short_backtrace::<test[aada8e7e76ba119b]::run_test::{closure#1}, ()>
[INFO] [stdout]   17:     0x5ffec3f6f262 - <std[617be2ca0a6fd877]::thread::lifecycle::spawn_unchecked<test[aada8e7e76ba119b]::run_test::{closure#1}, ()>::{closure#1} as core[a373ad73a504971]::ops::function::FnOnce<()>>::call_once::{shim:vtable#0}
[INFO] [stdout]   18:     0x5ffec3fd856f - <std[617be2ca0a6fd877]::sys::thread::unix::Thread>::new::thread_start
[INFO] [stdout]   19:     0x746927507dfa - <unknown>
[INFO] [stdout]   20:     0x74692759b3d4 - clone
[INFO] [stdout]   21:                0x0 - <unknown>
[INFO] [stdout] 
[INFO] [stdout] 
[INFO] [stdout] failures:
[INFO] [stdout]     a_deselected_path_the_user_replaced_by_hand_is_never_removed
[INFO] [stdout]     a_hand_written_file_is_never_replaced
[INFO] [stdout]     a_workspace_local_manifest_adds_an_agent_without_a_release
[INFO] [stdout]     adopt_moves_content_canonically_and_serves_every_agent_in_one_pass
[INFO] [stdout]     an_explicit_provider_list_creates_nothing_for_the_others
[INFO] [stdout]     an_invalid_local_manifest_fails_loudly_rather_than_being_ignored
[INFO] [stdout]     an_unknown_provider_is_refused_with_the_valid_names
[INFO] [stdout]     apply_is_idempotent
[INFO] [stdout]     clean_removes_only_what_agentlink_created
[INFO] [stdout]     commands_refuse_to_run_before_init
[INFO] [stdout]     doctor_reports_a_healthy_workspace
[INFO] [stdout]     dry_run_writes_nothing
[INFO] [stdout]     init_never_seeds_over_content_waiting_to_be_adopted
[INFO] [stdout]     narrowing_the_provider_list_retires_what_agentlink_created
[INFO] [stdout]     providers_lists_the_capability_matrix
[INFO] [stdout]     status_check_signals_pending_work_for_ci
[INFO] [stdout]     the_gitignore_block_covers_every_materialised_path
[INFO] [stdout] 
[INFO] [stdout] test result: FAILED. 0 passed; 17 failed; 0 ignored; 0 measured; 0 filtered out; finished in 0.02s
[INFO] [stdout] 
[INFO] running `Command { std: "docker" "inspect" "7616293619fe88fc0adc70ef1dd5aec95789d6619cb0f029d46f3d6eeccf5394", kill_on_drop: false }`
[INFO] running `Command { std: "docker" "rm" "-f" "7616293619fe88fc0adc70ef1dd5aec95789d6619cb0f029d46f3d6eeccf5394", kill_on_drop: false }`
[INFO] [stdout] 7616293619fe88fc0adc70ef1dd5aec95789d6619cb0f029d46f3d6eeccf5394
