[INFO] cloning repository https://github.com/zerothabhishek/mandela-rust
[INFO] running `Command { std: "git" "-c" "credential.helper=" "-c" "credential.helper=/workspace/cargo-home/bin/git-credential-null" "clone" "--bare" "https://github.com/zerothabhishek/mandela-rust" "/workspace/cache/git-repos/https%3A%2F%2Fgithub.com%2Fzerothabhishek%2Fmandela-rust", kill_on_drop: false }`
[INFO] [stderr] Cloning into bare repository '/workspace/cache/git-repos/https%3A%2F%2Fgithub.com%2Fzerothabhishek%2Fmandela-rust'...
[INFO] running `Command { std: "git" "rev-parse" "HEAD", kill_on_drop: false }`
[INFO] [stdout] fec62ff93c514dd9ad547accefcac01f9b5c996a
[INFO] testing zerothabhishek/mandela-rust against 1.99.0-beta.8+cargoflags=--release for beta-release-1.100-3
[INFO] running `Command { std: "git" "clone" "/workspace/cache/git-repos/https%3A%2F%2Fgithub.com%2Fzerothabhishek%2Fmandela-rust" "/workspace/builds/worker-7-tc1/source", kill_on_drop: false }`
[INFO] [stderr] Cloning into '/workspace/builds/worker-7-tc1/source'...
[INFO] [stderr] done.
[INFO] started tweaking git repo https://github.com/zerothabhishek/mandela-rust
[INFO] finished tweaking git repo https://github.com/zerothabhishek/mandela-rust
[INFO] tweaked toml for git repo https://github.com/zerothabhishek/mandela-rust written to /workspace/builds/worker-7-tc1/source/Cargo.toml
[INFO] validating manifest of git repo https://github.com/zerothabhishek/mandela-rust on toolchain 1.99.0-beta.8
[INFO] running `Command { std: CARGO_HOME="/workspace/cargo-home" RUSTUP_HOME="/workspace/rustup-home" "/workspace/cargo-home/bin/cargo" "+1.99.0-beta.8" "metadata" "--manifest-path" "Cargo.toml" "--no-deps", kill_on_drop: false }`
[INFO] crate git repo https://github.com/zerothabhishek/mandela-rust already has a lockfile, it will not be regenerated
[INFO] running `Command { std: CARGO_HOME="/workspace/cargo-home" RUSTUP_HOME="/workspace/rustup-home" "/workspace/cargo-home/bin/cargo" "+1.99.0-beta.8" "fetch" "--manifest-path" "Cargo.toml", kill_on_drop: false }`
[INFO] [stderr]     Updating crates.io index
[INFO] [stderr]  Downloading crates ...
[INFO] [stderr]   Downloaded unicode-bidi v0.3.15
[INFO] [stderr]   Downloaded tungstenite v0.21.0
[INFO] [stderr]   Downloaded redox_syscall v0.4.1
[INFO] [stderr]   Downloaded is_terminal_polyfill v1.70.0
[INFO] [stderr]   Downloaded colorchoice v1.0.1
[INFO] [stderr]   Downloaded anstyle-query v1.1.0
[INFO] [stderr]   Downloaded thiserror-impl v1.0.57
[INFO] [stderr]   Downloaded cpufeatures v0.2.12
[INFO] [stderr]   Downloaded windows-targets v0.52.4
[INFO] [stderr]   Downloaded crossbeam v0.8.4
[INFO] [stderr]   Downloaded anstyle v1.0.7
[INFO] [stderr]   Downloaded dtoa v0.4.8
[INFO] [stderr]   Downloaded clap_lex v0.7.1
[INFO] [stderr]   Downloaded itoa v0.4.8
[INFO] [stderr]   Downloaded sha1 v0.6.1
[INFO] [stderr]   Downloaded thiserror v1.0.57
[INFO] [stderr]   Downloaded futures-sink v0.3.30
[INFO] [stderr]   Downloaded r2d2_redis v0.14.0
[INFO] [stderr]   Downloaded crossbeam-queue v0.3.11
[INFO] [stderr]   Downloaded anstyle-wincon v3.0.3
[INFO] [stderr]   Downloaded itoa v1.0.10
[INFO] [stderr]   Downloaded tokio-macros v2.2.0
[INFO] [stderr]   Downloaded parking_lot_core v0.9.9
[INFO] [stderr]   Downloaded async-trait v0.1.79
[INFO] [stderr]   Downloaded clap_derive v4.5.5
[INFO] [stderr]   Downloaded anstyle-parse v0.2.4
[INFO] [stderr]   Downloaded url v2.5.0
[INFO] [stderr]   Downloaded quote v1.0.35
[INFO] [stderr]   Downloaded lock_api v0.4.11
[INFO] [stderr]   Downloaded ryu v1.0.17
[INFO] [stderr]   Downloaded r2d2 v0.8.10
[INFO] [stderr]   Downloaded scheduled-thread-pool v0.2.7
[INFO] [stderr]   Downloaded anstream v0.6.14
[INFO] [stderr]   Downloaded unicode-ident v1.0.12
[INFO] [stderr]   Downloaded typenum v1.17.0
[INFO] [stderr]   Downloaded data-encoding v2.5.0
[INFO] [stderr]   Downloaded tokio-tungstenite v0.21.0
[INFO] [stderr]   Downloaded crossbeam-utils v0.8.19
[INFO] [stderr]   Downloaded crossbeam-deque v0.8.5
[INFO] [stderr]   Downloaded clap v4.5.7
[INFO] [stderr]   Downloaded proc-macro2 v1.0.78
[INFO] [stderr]   Downloaded getrandom v0.2.12
[INFO] [stderr]   Downloaded socket2 v0.5.6
[INFO] [stderr]   Downloaded miniz_oxide v0.7.2
[INFO] [stderr]   Downloaded cc v1.0.90
[INFO] [stderr]   Downloaded serde_derive v1.0.198
[INFO] [stderr]   Downloaded unicode-normalization v0.1.23
[INFO] [stderr]   Downloaded backtrace v0.3.70
[INFO] [stderr]   Downloaded memchr v2.7.1
[INFO] [stderr]   Downloaded serde v1.0.198
[INFO] [stderr]   Downloaded tokio-util v0.7.10
[INFO] [stderr]   Downloaded crossbeam-channel v0.5.12
[INFO] [stderr]   Downloaded http v1.0.0
[INFO] [stderr]   Downloaded mio v0.8.11
[INFO] [stderr]   Downloaded serde_json v1.0.116
[INFO] [stderr]   Downloaded redis v0.20.2
[INFO] [stderr]   Downloaded clap_builder v4.5.7
[INFO] [stderr]   Downloaded redis v0.25.3
[INFO] [stderr]   Downloaded gimli v0.28.1
[INFO] [stderr]   Downloaded syn v2.0.51
[INFO] [stderr]   Downloaded object v0.32.2
[INFO] [stderr]   Downloaded windows_x86_64_gnullvm v0.52.4
[INFO] [stderr]   Downloaded windows_aarch64_gnullvm v0.52.4
[INFO] [stderr]   Downloaded libc v0.2.153
[INFO] [stderr]   Downloaded tokio v1.36.0
[INFO] [stderr]   Downloaded windows_x86_64_msvc v0.52.4
[INFO] [stderr]   Downloaded windows_x86_64_gnu v0.52.4
[INFO] [stderr]   Downloaded windows_aarch64_msvc v0.52.4
[INFO] [stderr]   Downloaded windows_i686_gnu v0.52.4
[INFO] [stderr]   Downloaded windows_i686_msvc v0.52.4
[INFO] running `Command { std: "docker" "create" "-v" "/var/lib/crater-agent-workspace/builds/worker-7-tc1/source:/opt/rustwide/workdir:ro,Z" "-v" "/var/lib/crater-agent-workspace/builds/worker-7-tc1/target:/opt/rustwide/target:rw,Z" "-v" "/var/lib/crater-agent-workspace/cargo-home:/opt/rustwide/cargo-home:ro,Z" "-v" "/var/lib/crater-agent-workspace/rustup-home:/opt/rustwide/rustup-home:ro,Z" "-m" "1610612736" "--network" "none" "ghcr.io/rust-lang/crates-build-env/linux@sha256:77db811e55d90add9212f6832c23229e3de5f1c1f9905e8cb07319ea15df73ac" "sleep" "infinity", kill_on_drop: false }`
[INFO] [stdout] e633a3baf2c3f474ba72bca8fb11ec2cbb3162965d52a4c5f7d0935e933ca15a
[INFO] running `Command { std: "docker" "start" "e633a3baf2c3f474ba72bca8fb11ec2cbb3162965d52a4c5f7d0935e933ca15a", kill_on_drop: false }`
[INFO] running `Command { std: "docker" "inspect" "e633a3baf2c3f474ba72bca8fb11ec2cbb3162965d52a4c5f7d0935e933ca15a", kill_on_drop: false }`
[INFO] running `Command { std: "docker" "exec" "-e" "SOURCE_DIR=/opt/rustwide/workdir" "-e" "CARGO_HOME=/opt/rustwide/cargo-home" "-e" "RUSTUP_HOME=/opt/rustwide/rustup-home" "-e" "CARGO_TARGET_DIR=/opt/rustwide/target" "-w" "/opt/rustwide/workdir" "--user" "0:0" "e633a3baf2c3f474ba72bca8fb11ec2cbb3162965d52a4c5f7d0935e933ca15a" "/opt/rustwide/cargo-home/bin/cargo" "+1.99.0-beta.8" "metadata" "--no-deps" "--format-version=1", kill_on_drop: false }`
[INFO] running `Command { std: "docker" "inspect" "e633a3baf2c3f474ba72bca8fb11ec2cbb3162965d52a4c5f7d0935e933ca15a", kill_on_drop: false }`
[INFO] running `Command { std: "docker" "exec" "-e" "SOURCE_DIR=/opt/rustwide/workdir" "-e" "CARGO_HOME=/opt/rustwide/cargo-home" "-e" "RUSTUP_HOME=/opt/rustwide/rustup-home" "-e" "CARGO_TARGET_DIR=/opt/rustwide/target" "-e" "CARGO_INCREMENTAL=0" "-e" "RUST_BACKTRACE=full" "-e" "RUSTFLAGS=--cap-lints=warn" "-e" "RUSTDOCFLAGS=--cap-lints=warn" "-w" "/opt/rustwide/workdir" "--user" "0:0" "e633a3baf2c3f474ba72bca8fb11ec2cbb3162965d52a4c5f7d0935e933ca15a" "/opt/rustwide/cargo-home/bin/cargo" "+1.99.0-beta.8" "build" "--frozen" "--message-format=json" "--release", kill_on_drop: false }`
[INFO] [stderr]    Compiling proc-macro2 v1.0.78
[INFO] [stderr]    Compiling libc v0.2.153
[INFO] [stderr]    Compiling unicode-ident v1.0.12
[INFO] [stderr]    Compiling autocfg v1.1.0
[INFO] [stderr]    Compiling cfg-if v1.0.0
[INFO] [stderr]    Compiling parking_lot_core v0.9.9
[INFO] [stderr]    Compiling smallvec v1.13.2
[INFO] [stderr]    Compiling scopeguard v1.2.0
[INFO] [stderr]    Compiling pin-project-lite v0.2.13
[INFO] [stderr]    Compiling typenum v1.17.0
[INFO] [stderr]    Compiling version_check v0.9.4
[INFO] [stderr]    Compiling bytes v1.5.0
[INFO] [stderr]    Compiling tinyvec_macros v0.1.1
[INFO] [stderr]    Compiling tinyvec v1.6.0
[INFO] [stderr]    Compiling percent-encoding v2.3.1
[INFO] [stderr]    Compiling lock_api v0.4.11
[INFO] [stderr]    Compiling generic-array v0.14.7
[INFO] [stderr]    Compiling unicode-bidi v0.3.15
[INFO] [stderr]    Compiling futures-sink v0.3.30
[INFO] [stderr]    Compiling once_cell v1.19.0
[INFO] [stderr]    Compiling futures-core v0.3.30
[INFO] [stderr]    Compiling quote v1.0.35
[INFO] [stderr]    Compiling crossbeam-utils v0.8.19
[INFO] [stderr]    Compiling tracing-core v0.1.32
[INFO] [stderr]    Compiling syn v2.0.51
[INFO] [stderr]    Compiling mio v0.8.11
[INFO] [stderr]    Compiling socket2 v0.5.6
[INFO] [stderr]    Compiling num_cpus v1.16.0
[INFO] [stderr]    Compiling parking_lot v0.12.1
[INFO] [stderr]    Compiling unicode-normalization v0.1.23
[INFO] [stderr]    Compiling signal-hook-registry v1.4.1
[INFO] [stderr]    Compiling idna v0.5.0
[INFO] [stderr]    Compiling form_urlencoded v1.2.1
[INFO] [stderr]    Compiling tracing v0.1.40
[INFO] [stderr]    Compiling getrandom v0.2.12
[INFO] [stderr]    Compiling slab v0.4.9
[INFO] [stderr]    Compiling url v2.5.0
[INFO] [stderr]    Compiling async-trait v0.1.79
[INFO] [stderr]    Compiling itoa v1.0.10
[INFO] [stderr]    Compiling rand_core v0.6.4
[INFO] [stderr]    Compiling thiserror v1.0.57
[INFO] [stderr]    Compiling log v0.4.20
[INFO] [stderr]    Compiling httparse v1.8.0
[INFO] [stderr]    Compiling crypto-common v0.1.6
[INFO] [stderr]    Compiling block-buffer v0.10.4
[INFO] [stderr]    Compiling utf8parse v0.2.2
[INFO] [stderr]    Compiling ppv-lite86 v0.2.17
[INFO] [stderr]    Compiling memchr v2.7.1
[INFO] [stderr]    Compiling sha1_smol v1.0.0
[INFO] [stderr]    Compiling anstyle-parse v0.2.4
[INFO] [stderr]    Compiling digest v0.10.7
[INFO] [stderr]    Compiling pin-utils v0.1.0
[INFO] [stderr]    Compiling futures-task v0.3.30
[INFO] [stderr]    Compiling rand_chacha v0.3.1
[INFO] [stderr]    Compiling fnv v1.0.7
[INFO] [stderr]    Compiling colorchoice v1.0.1
[INFO] [stderr]    Compiling anstyle v1.0.7
[INFO] [stderr]    Compiling cpufeatures v0.2.12
[INFO] [stderr]    Compiling is_terminal_polyfill v1.70.0
[INFO] [stderr]    Compiling anstyle-query v1.1.0
[INFO] [stderr]    Compiling serde v1.0.198
[INFO] [stderr]    Compiling sha1 v0.10.6
[INFO] [stderr]    Compiling rand v0.8.5
[INFO] [stderr]    Compiling anstream v0.6.14
[INFO] [stderr]    Compiling http v1.0.0
[INFO] [stderr]    Compiling sha1 v0.6.1
[INFO] [stderr]    Compiling crossbeam-epoch v0.9.18
[INFO] [stderr]    Compiling scheduled-thread-pool v0.2.7
[INFO] [stderr]    Compiling data-encoding v2.5.0
[INFO] [stderr]    Compiling heck v0.5.0
[INFO] [stderr]    Compiling dtoa v0.4.8
[INFO] [stderr]    Compiling strsim v0.11.1
[INFO] [stderr]    Compiling itoa v0.4.8
[INFO] [stderr]    Compiling utf-8 v0.7.6
[INFO] [stderr]    Compiling serde_json v1.0.116
[INFO] [stderr]    Compiling byteorder v1.5.0
[INFO] [stderr]    Compiling ryu v1.0.17
[INFO] [stderr]    Compiling clap_lex v0.7.1
[INFO] [stderr]    Compiling clap_builder v4.5.7
[INFO] [stderr]    Compiling crossbeam-deque v0.8.5
[INFO] [stderr]    Compiling r2d2 v0.8.10
[INFO] [stderr]    Compiling crossbeam-queue v0.3.11
[INFO] [stderr]    Compiling crossbeam-channel v0.5.12
[INFO] [stderr]    Compiling dotenvy v0.15.7
[INFO] [stderr]    Compiling tokio-macros v2.2.0
[INFO] [stderr]    Compiling thiserror-impl v1.0.57
[INFO] [stderr]    Compiling tokio v1.36.0
[INFO] [stderr]    Compiling futures-macro v0.3.30
[INFO] [stderr]    Compiling serde_derive v1.0.198
[INFO] [stderr]    Compiling clap_derive v4.5.5
[INFO] [stderr]    Compiling crossbeam v0.8.4
[INFO] [stderr]    Compiling lazy_static v1.4.0
[INFO] [stderr]    Compiling futures-util v0.3.30
[INFO] [stderr]    Compiling tungstenite v0.21.0
[INFO] [stderr]    Compiling clap v4.5.7
[INFO] [stderr]    Compiling tokio-util v0.7.10
[INFO] [stderr]    Compiling tokio-tungstenite v0.21.0
[INFO] [stderr]    Compiling combine v4.6.6
[INFO] [stderr]    Compiling redis v0.20.2
[INFO] [stderr]    Compiling redis v0.25.3
[INFO] [stderr]    Compiling r2d2_redis v0.14.0
[INFO] [stderr]    Compiling mandela-rs v0.1.0 (/opt/rustwide/workdir)
[INFO] [stderr]     Finished `release` profile [optimized] target(s) in 2m 14s
[INFO] [stderr] warning: the following packages contain code that will be rejected by a future version of Rust: redis v0.20.2, redis v0.25.3
[INFO] [stderr] note: to see what the problems were, use the option `--future-incompat-report`, or run `cargo report future-incompatibilities --id 2`
[INFO] running `Command { std: "docker" "inspect" "e633a3baf2c3f474ba72bca8fb11ec2cbb3162965d52a4c5f7d0935e933ca15a", kill_on_drop: false }`
[INFO] running `Command { std: "docker" "exec" "-e" "SOURCE_DIR=/opt/rustwide/workdir" "-e" "CARGO_HOME=/opt/rustwide/cargo-home" "-e" "RUSTUP_HOME=/opt/rustwide/rustup-home" "-e" "CARGO_TARGET_DIR=/opt/rustwide/target" "-e" "CARGO_INCREMENTAL=0" "-e" "RUST_BACKTRACE=full" "-e" "RUSTFLAGS=--cap-lints=warn" "-e" "RUSTDOCFLAGS=--cap-lints=warn" "-w" "/opt/rustwide/workdir" "--user" "0:0" "e633a3baf2c3f474ba72bca8fb11ec2cbb3162965d52a4c5f7d0935e933ca15a" "/opt/rustwide/cargo-home/bin/cargo" "+1.99.0-beta.8" "test" "--frozen" "--no-run" "--message-format=json" "--release", kill_on_drop: false }`
[INFO] [stderr]    Compiling mandela-rs v0.1.0 (/opt/rustwide/workdir)
[INFO] [stderr]     Finished `release` profile [optimized] target(s) in 18.51s
[INFO] [stderr] warning: the following packages contain code that will be rejected by a future version of Rust: redis v0.20.2, redis v0.25.3
[INFO] [stderr] note: to see what the problems were, use the option `--future-incompat-report`, or run `cargo report future-incompatibilities --id 2`
[INFO] running `Command { std: "docker" "inspect" "e633a3baf2c3f474ba72bca8fb11ec2cbb3162965d52a4c5f7d0935e933ca15a", kill_on_drop: false }`
[INFO] running `Command { std: "docker" "exec" "-e" "SOURCE_DIR=/opt/rustwide/workdir" "-e" "CARGO_HOME=/opt/rustwide/cargo-home" "-e" "RUSTUP_HOME=/opt/rustwide/rustup-home" "-e" "CARGO_TARGET_DIR=/opt/rustwide/target" "-e" "CARGO_INCREMENTAL=0" "-e" "RUST_BACKTRACE=full" "-e" "RUSTFLAGS=--cap-lints=warn" "-e" "RUSTDOCFLAGS=--cap-lints=warn" "-w" "/opt/rustwide/workdir" "--user" "0:0" "e633a3baf2c3f474ba72bca8fb11ec2cbb3162965d52a4c5f7d0935e933ca15a" "/opt/rustwide/cargo-home/bin/cargo" "+1.99.0-beta.8" "test" "--frozen" "--release", kill_on_drop: false }`
[INFO] [stderr]     Finished `release` profile [optimized] target(s) in 0.13s
[INFO] [stderr] warning: the following packages contain code that will be rejected by a future version of Rust: redis v0.20.2, redis v0.25.3
[INFO] [stderr] note: to see what the problems were, use the option `--future-incompat-report`, or run `cargo report future-incompatibilities --id 2`
[INFO] [stderr]      Running unittests src/lib.rs (/opt/rustwide/target/release/deps/mandela_rs-147a3822d9371ce3)
[INFO] [stdout] 
[INFO] [stdout] running 1 test
[INFO] [stdout] test channel::tests::build_channel_test ... ok
[INFO] [stdout] 
[INFO] [stdout] test result: ok. 1 passed; 0 failed; 0 ignored; 0 measured; 0 filtered out; finished in 0.00s
[INFO] [stdout] 
[INFO] [stderr]      Running unittests src/bin/client.rs (/opt/rustwide/target/release/deps/client-17be85a8cc56e691)
[INFO] [stdout] 
[INFO] [stderr]      Running unittests src/bin/client2.rs (/opt/rustwide/target/release/deps/client2-cc43dcf7bc21a422)
[INFO] [stdout] running 0 tests
[INFO] [stdout] 
[INFO] [stdout] test result: ok. 0 passed; 0 failed; 0 ignored; 0 measured; 0 filtered out; finished in 0.00s
[INFO] [stdout] 
[INFO] [stderr]      Running unittests src/bin/mandela-server.rs (/opt/rustwide/target/release/deps/mandela_server-f96b991b1fbb7797)
[INFO] [stdout] 
[INFO] [stdout] running 0 tests
[INFO] [stdout] 
[INFO] [stdout] test result: ok. 0 passed; 0 failed; 0 ignored; 0 measured; 0 filtered out; finished in 0.00s
[INFO] [stdout] 
[INFO] [stdout] 
[INFO] [stderr]      Running tests/test-data-msgs.rs (/opt/rustwide/target/release/deps/test_data_msgs-cf62a3bb256e92f9)
[INFO] [stdout] running 0 tests
[INFO] [stdout] 
[INFO] [stdout] test result: ok. 0 passed; 0 failed; 0 ignored; 0 measured; 0 filtered out; finished in 0.00s
[INFO] [stdout] 
[INFO] [stderr]      Running tests/test-server-start.rs (/opt/rustwide/target/release/deps/test_server_start-d7167f5b42fc4d27)
[INFO] [stdout] 
[INFO] [stdout] running 0 tests
[INFO] [stdout] 
[INFO] [stdout] test result: ok. 0 passed; 0 failed; 0 ignored; 0 measured; 0 filtered out; finished in 0.00s
[INFO] [stdout] 
[INFO] [stdout] 
[INFO] [stdout] running 1 test
[INFO] [stdout] test test_server_start ... FAILED
[INFO] [stdout] 
[INFO] [stdout] failures:
[INFO] [stdout] 
[INFO] [stdout] ---- test_server_start stdout ----
[INFO] [stdout] 
[INFO] [stdout] thread 'test_server_start' (2067) panicked at src/lib.rs:72:23:
[INFO] [stdout] Failed to load ENV: Io(Custom { kind: NotFound, error: "path not found" })
[INFO] [stdout] stack backtrace:
[INFO] [stdout]    0:     0x5f0fc001d271 - <<std[70759c8f55707aa4]::sys::backtrace::BacktraceLock>::print::DisplayBacktrace as core[df12db4294e9bfd3]::fmt::Display>::fmt
[INFO] [stdout]    1:     0x5f0fc003363a - core[df12db4294e9bfd3]::fmt::write
[INFO] [stdout]    2:     0x5f0fc002207c - <alloc[2182bb758b4b3781]::vec::Vec<u8> as core[df12db4294e9bfd3]::io::write::Write>::write_fmt
[INFO] [stdout]    3:     0x5f0fbfff7e66 - std[70759c8f55707aa4]::panicking::default_hook::{closure#0}
[INFO] [stdout]    4:     0x5f0fc0015059 - std[70759c8f55707aa4]::panicking::default_hook
[INFO] [stdout]    5:     0x5f0fbff28b30 - test[9d35eded1c95d3be]::test_main_inner::<test[9d35eded1c95d3be]::test_main_static::{closure#0}>::{closure#0}
[INFO] [stdout]    6:     0x5f0fc0015382 - std[70759c8f55707aa4]::panicking::panic_with_hook
[INFO] [stdout]    7:     0x5f0fbfff7f12 - std[70759c8f55707aa4]::panicking::panic_handler::{closure#0}
[INFO] [stdout]    8:     0x5f0fbfff0979 - std[70759c8f55707aa4]::sys::backtrace::__rust_end_short_backtrace::<std[70759c8f55707aa4]::panicking::panic_handler::{closure#0}, !>
[INFO] [stdout]    9:     0x5f0fbfff8d9d - __rustc[8fa7c3cbc660c2b3]::rust_begin_unwind
[INFO] [stdout]   10:     0x5f0fc0033d9c - core[df12db4294e9bfd3]::panicking::panic_fmt
[INFO] [stdout]   11:     0x5f0fc0033b72 - core[df12db4294e9bfd3]::result::unwrap_failed
[INFO] [stdout]   12:     0x5f0fbfeed0cf - mandela_rs[d5ebd41e74ca0a7b]::mandela_start::{closure#0}
[INFO] [stdout]   13:     0x5f0fbfef8ba8 - <tokio[56613f1f75731cd8]::runtime::task::harness::Harness<mandela_rs[d5ebd41e74ca0a7b]::mandela_start::{closure#0}, alloc[2182bb758b4b3781]::sync::Arc<tokio[56613f1f75731cd8]::runtime::scheduler::current_thread::Handle>>>::poll
[INFO] [stdout]   14:     0x5f0fbff15c8b - <tokio[56613f1f75731cd8]::runtime::scheduler::current_thread::CoreGuard>::block_on::<core[df12db4294e9bfd3]::pin::Pin<&mut core[df12db4294e9bfd3]::pin::Pin<&mut dyn core[df12db4294e9bfd3]::future::future::Future<Output = ()>>>>
[INFO] [stdout]   15:     0x5f0fbff19155 - tokio[56613f1f75731cd8]::runtime::context::runtime::enter_runtime::<<tokio[56613f1f75731cd8]::runtime::scheduler::current_thread::CurrentThread>::block_on<core[df12db4294e9bfd3]::pin::Pin<&mut dyn core[df12db4294e9bfd3]::future::future::Future<Output = ()>>>::{closure#0}, ()>
[INFO] [stdout]   16:     0x5f0fbff19ddf - <test_server_start[d057474c2125f1c4]::test_server_start::{closure#0} as core[df12db4294e9bfd3]::ops::function::FnOnce<()>>::call_once
[INFO] [stdout]   17:     0x5f0fbff1be1b - test[9d35eded1c95d3be]::__rust_begin_short_backtrace::<core[df12db4294e9bfd3]::result::Result<(), alloc[2182bb758b4b3781]::string::String>, fn() -> core[df12db4294e9bfd3]::result::Result<(), alloc[2182bb758b4b3781]::string::String>>
[INFO] [stdout]   18:     0x5f0fbff29485 - test[9d35eded1c95d3be]::run_test::{closure#0}
[INFO] [stdout]   19:     0x5f0fbff22d44 - std[70759c8f55707aa4]::sys::backtrace::__rust_begin_short_backtrace::<test[9d35eded1c95d3be]::run_test::{closure#1}, ()>
[INFO] [stdout]   20:     0x5f0fbff2c5e2 - <std[70759c8f55707aa4]::thread::lifecycle::spawn_unchecked<test[9d35eded1c95d3be]::run_test::{closure#1}, ()>::{closure#1} as core[df12db4294e9bfd3]::ops::function::FnOnce<()>>::call_once::{shim:vtable#0}
[INFO] [stdout]   21:     0x5f0fc001c619 - <std[70759c8f55707aa4]::sys::thread::unix::Thread>::new::thread_start
[INFO] [stdout]   22:     0x70e6928eddfa - <unknown>
[INFO] [stdout]   23:     0x70e6929813d4 - clone
[INFO] [stdout]   24:                0x0 - <unknown>
[INFO] [stdout] [Test] server_started: false
[INFO] [stdout] 
[INFO] [stdout] thread 'test_server_start' (2067) panicked at tests/test-server-start.rs:40:5:
[INFO] [stdout] assertion failed: server_started
[INFO] [stdout] stack backtrace:
[INFO] [stdout]    0:     0x5f0fc001d271 - <<std[70759c8f55707aa4]::sys::backtrace::BacktraceLock>::print::DisplayBacktrace as core[df12db4294e9bfd3]::fmt::Display>::fmt
[INFO] [stdout]    1:     0x5f0fc003363a - core[df12db4294e9bfd3]::fmt::write
[INFO] [stdout]    2:     0x5f0fc002207c - <alloc[2182bb758b4b3781]::vec::Vec<u8> as core[df12db4294e9bfd3]::io::write::Write>::write_fmt
[INFO] [stdout]    3:     0x5f0fbfff7e66 - std[70759c8f55707aa4]::panicking::default_hook::{closure#0}
[INFO] [stdout]    4:     0x5f0fc0015059 - std[70759c8f55707aa4]::panicking::default_hook
[INFO] [stdout]    5:     0x5f0fbff28b30 - test[9d35eded1c95d3be]::test_main_inner::<test[9d35eded1c95d3be]::test_main_static::{closure#0}>::{closure#0}
[INFO] [stdout]    6:     0x5f0fc0015382 - std[70759c8f55707aa4]::panicking::panic_with_hook
[INFO] [stdout]    7:     0x5f0fbfff7f44 - std[70759c8f55707aa4]::panicking::panic_handler::{closure#0}
[INFO] [stdout]    8:     0x5f0fbfff0979 - std[70759c8f55707aa4]::sys::backtrace::__rust_end_short_backtrace::<std[70759c8f55707aa4]::panicking::panic_handler::{closure#0}, !>
[INFO] [stdout]    9:     0x5f0fbfff8d9d - __rustc[8fa7c3cbc660c2b3]::rust_begin_unwind
[INFO] [stdout]   10:     0x5f0fc0033d9c - core[df12db4294e9bfd3]::panicking::panic_fmt
[INFO] [stdout]   11:     0x5f0fc0033d62 - core[df12db4294e9bfd3]::panicking::panic
[INFO] [stdout]   12:     0x5f0fbff1984c - test_server_start[d057474c2125f1c4]::test_server_start::{closure#0}
[INFO] [stdout]   13:     0x5f0fbff15b88 - <tokio[56613f1f75731cd8]::runtime::scheduler::current_thread::CoreGuard>::block_on::<core[df12db4294e9bfd3]::pin::Pin<&mut core[df12db4294e9bfd3]::pin::Pin<&mut dyn core[df12db4294e9bfd3]::future::future::Future<Output = ()>>>>
[INFO] [stdout]   14:     0x5f0fbff19155 - tokio[56613f1f75731cd8]::runtime::context::runtime::enter_runtime::<<tokio[56613f1f75731cd8]::runtime::scheduler::current_thread::CurrentThread>::block_on<core[df12db4294e9bfd3]::pin::Pin<&mut dyn core[df12db4294e9bfd3]::future::future::Future<Output = ()>>>::{closure#0}, ()>
[INFO] [stdout]   15:     0x5f0fbff19ddf - <test_server_start[d057474c2125f1c4]::test_server_start::{closure#0} as core[df12db4294e9bfd3]::ops::function::FnOnce<()>>::call_once
[INFO] [stdout]   16:     0x5f0fbff1be1b - test[9d35eded1c95d3be]::__rust_begin_short_backtrace::<core[df12db4294e9bfd3]::result::Result<(), alloc[2182bb758b4b3781]::string::String>, fn() -> core[df12db4294e9bfd3]::result::Result<(), alloc[2182bb758b4b3781]::string::String>>
[INFO] [stdout]   17:     0x5f0fbff29485 - test[9d35eded1c95d3be]::run_test::{closure#0}
[INFO] [stdout]   18:     0x5f0fbff22d44 - std[70759c8f55707aa4]::sys::backtrace::__rust_begin_short_backtrace::<test[9d35eded1c95d3be]::run_test::{closure#1}, ()>
[INFO] [stdout]   19:     0x5f0fbff2c5e2 - <std[70759c8f55707aa4]::thread::lifecycle::spawn_unchecked<test[9d35eded1c95d3be]::run_test::{closure#1}, ()>::{closure#1} as core[df12db4294e9bfd3]::ops::function::FnOnce<()>>::call_once::{shim:vtable#0}
[INFO] [stdout]   20:     0x5f0fc001c619 - <std[70759c8f55707aa4]::sys::thread::unix::Thread>::new::thread_start
[INFO] [stdout]   21:     0x70e6928eddfa - <unknown>
[INFO] [stdout]   22:     0x70e6929813d4 - clone
[INFO] [stdout]   23:                0x0 - <unknown>
[INFO] [stdout] 
[INFO] [stdout] 
[INFO] [stdout] failures:
[INFO] [stdout]     test_server_start
[INFO] [stdout] 
[INFO] [stdout] test result: FAILED. 0 passed; 1 failed; 0 ignored; 0 measured; 0 filtered out; finished in 0.10s
[INFO] [stdout] 
[INFO] [stderr] error: test failed, to rerun pass `--test test-server-start`
[INFO] running `Command { std: "docker" "inspect" "e633a3baf2c3f474ba72bca8fb11ec2cbb3162965d52a4c5f7d0935e933ca15a", kill_on_drop: false }`
[INFO] running `Command { std: "docker" "rm" "-f" "e633a3baf2c3f474ba72bca8fb11ec2cbb3162965d52a4c5f7d0935e933ca15a", kill_on_drop: false }`
[INFO] [stdout] e633a3baf2c3f474ba72bca8fb11ec2cbb3162965d52a4c5f7d0935e933ca15a
