[INFO] cloning repository https://github.com/yuhatata/rusty-book-manager
[INFO] running `Command { std: "git" "-c" "credential.helper=" "-c" "credential.helper=/workspace/cargo-home/bin/git-credential-null" "clone" "--bare" "https://github.com/yuhatata/rusty-book-manager" "/workspace/cache/git-repos/https%3A%2F%2Fgithub.com%2Fyuhatata%2Frusty-book-manager", kill_on_drop: false }`
[INFO] [stderr] Cloning into bare repository '/workspace/cache/git-repos/https%3A%2F%2Fgithub.com%2Fyuhatata%2Frusty-book-manager'...
[INFO] running `Command { std: "git" "rev-parse" "HEAD", kill_on_drop: false }`
[INFO] [stdout] 034f5e1cc1e02a671657ef0bf9c079b14be320b1
[INFO] testing yuhatata/rusty-book-manager against 1.99.0-beta.8+cargoflags=--release for beta-release-1.100-3
[INFO] running `Command { std: "git" "clone" "/workspace/cache/git-repos/https%3A%2F%2Fgithub.com%2Fyuhatata%2Frusty-book-manager" "/workspace/builds/worker-1-tc1/source", kill_on_drop: false }`
[INFO] [stderr] Cloning into '/workspace/builds/worker-1-tc1/source'...
[INFO] [stderr] done.
[INFO] removed /workspace/builds/worker-1-tc1/source/rust-toolchain.toml
[INFO] started tweaking git repo https://github.com/yuhatata/rusty-book-manager
[INFO] finished tweaking git repo https://github.com/yuhatata/rusty-book-manager
[INFO] tweaked toml for git repo https://github.com/yuhatata/rusty-book-manager written to /workspace/builds/worker-1-tc1/source/Cargo.toml
[INFO] validating manifest of git repo https://github.com/yuhatata/rusty-book-manager on toolchain 1.99.0-beta.8
[INFO] running `Command { std: CARGO_HOME="/workspace/cargo-home" RUSTUP_HOME="/workspace/rustup-home" "/workspace/cargo-home/bin/cargo" "+1.99.0-beta.8" "metadata" "--manifest-path" "Cargo.toml" "--no-deps", kill_on_drop: false }`
[INFO] crate git repo https://github.com/yuhatata/rusty-book-manager already has a lockfile, it will not be regenerated
[INFO] running `Command { std: CARGO_HOME="/workspace/cargo-home" RUSTUP_HOME="/workspace/rustup-home" "/workspace/cargo-home/bin/cargo" "+1.99.0-beta.8" "fetch" "--manifest-path" "Cargo.toml", kill_on_drop: false }`
[INFO] [stderr]     Updating crates.io index
[INFO] [stderr]  Downloading crates ...
[INFO] [stderr]   Downloaded tokio-macros v2.5.0
[INFO] [stderr]   Downloaded redox_syscall v0.5.9
[INFO] [stderr]   Downloaded smallvec v1.14.0
[INFO] [stderr]   Downloaded unicode-ident v1.0.17
[INFO] [stderr]   Downloaded litemap v0.7.5
[INFO] [stderr]   Downloaded once_cell v1.20.3
[INFO] [stderr]   Downloaded windows-link v0.1.0
[INFO] [stderr]   Downloaded tracing-attributes v0.1.28
[INFO] [stderr]   Downloaded log v0.4.26
[INFO] [stderr]   Downloaded either v1.14.0
[INFO] [stderr]   Downloaded miniz_oxide v0.8.5
[INFO] [stderr]   Downloaded bytes v1.10.0
[INFO] [stderr]   Downloaded uuid v1.15.1
[INFO] [stderr]   Downloaded serde v1.0.218
[INFO] [stderr]   Downloaded serde_derive v1.0.218
[INFO] [stderr]   Downloaded whoami v1.5.2
[INFO] [stderr]   Downloaded unicode-properties v0.1.3
[INFO] [stderr]   Downloaded serde_json v1.0.139
[INFO] [stderr]   Downloaded libm v0.2.11
[INFO] [stderr]   Downloaded cc v1.2.15
[INFO] [stderr]   Downloaded chrono v0.4.40
[INFO] [stderr]   Downloaded libc v0.2.170
[INFO] [stderr]   Downloaded rsa v0.9.7
[INFO] [stderr]   Downloaded tempfile v3.17.1
[INFO] [stderr]   Downloaded wit-bindgen-rt v0.33.0
[INFO] [stderr]   Downloaded wasi v0.13.3+wasi-0.2.2
[INFO] [stderr]   Downloaded getrandom v0.3.1
[INFO] [stderr]   Downloaded hyper v1.6.0
[INFO] [stderr]   Downloaded http v1.2.0
[INFO] [stderr]   Downloaded serde_path_to_error v0.1.16
[INFO] [stderr]   Downloaded hyper-util v0.1.10
[INFO] [stderr]   Downloaded anyhow v1.0.96
[INFO] [stderr]   Downloaded async-trait v0.1.86
[INFO] running `Command { std: "docker" "create" "-v" "/var/lib/crater-agent-workspace/builds/worker-1-tc1/source:/opt/rustwide/workdir:ro,Z" "-v" "/var/lib/crater-agent-workspace/builds/worker-1-tc1/target:/opt/rustwide/target:rw,Z" "-v" "/var/lib/crater-agent-workspace/cargo-home:/opt/rustwide/cargo-home:ro,Z" "-v" "/var/lib/crater-agent-workspace/rustup-home:/opt/rustwide/rustup-home:ro,Z" "-m" "1610612736" "--network" "none" "ghcr.io/rust-lang/crates-build-env/linux@sha256:77db811e55d90add9212f6832c23229e3de5f1c1f9905e8cb07319ea15df73ac" "sleep" "infinity", kill_on_drop: false }`
[INFO] [stdout] d87b45740252fcf38297aaa7130a055a063e5f29d6889b595caac48824586c20
[INFO] running `Command { std: "docker" "start" "d87b45740252fcf38297aaa7130a055a063e5f29d6889b595caac48824586c20", kill_on_drop: false }`
[INFO] running `Command { std: "docker" "inspect" "d87b45740252fcf38297aaa7130a055a063e5f29d6889b595caac48824586c20", kill_on_drop: false }`
[INFO] running `Command { std: "docker" "exec" "-e" "SOURCE_DIR=/opt/rustwide/workdir" "-e" "CARGO_HOME=/opt/rustwide/cargo-home" "-e" "RUSTUP_HOME=/opt/rustwide/rustup-home" "-e" "CARGO_TARGET_DIR=/opt/rustwide/target" "-w" "/opt/rustwide/workdir" "--user" "0:0" "d87b45740252fcf38297aaa7130a055a063e5f29d6889b595caac48824586c20" "/opt/rustwide/cargo-home/bin/cargo" "+1.99.0-beta.8" "metadata" "--no-deps" "--format-version=1", kill_on_drop: false }`
[INFO] running `Command { std: "docker" "inspect" "d87b45740252fcf38297aaa7130a055a063e5f29d6889b595caac48824586c20", kill_on_drop: false }`
[INFO] running `Command { std: "docker" "exec" "-e" "SOURCE_DIR=/opt/rustwide/workdir" "-e" "CARGO_HOME=/opt/rustwide/cargo-home" "-e" "RUSTUP_HOME=/opt/rustwide/rustup-home" "-e" "CARGO_TARGET_DIR=/opt/rustwide/target" "-e" "CARGO_INCREMENTAL=0" "-e" "RUST_BACKTRACE=full" "-e" "RUSTFLAGS=--cap-lints=warn" "-e" "RUSTDOCFLAGS=--cap-lints=warn" "-w" "/opt/rustwide/workdir" "--user" "0:0" "d87b45740252fcf38297aaa7130a055a063e5f29d6889b595caac48824586c20" "/opt/rustwide/cargo-home/bin/cargo" "+1.99.0-beta.8" "build" "--frozen" "--message-format=json" "--release", kill_on_drop: false }`
[INFO] [stderr]    Compiling proc-macro2 v1.0.93
[INFO] [stderr]    Compiling unicode-ident v1.0.17
[INFO] [stderr]    Compiling libc v0.2.170
[INFO] [stderr]    Compiling autocfg v1.4.0
[INFO] [stderr]    Compiling typenum v1.18.0
[INFO] [stderr]    Compiling serde v1.0.218
[INFO] [stderr]    Compiling stable_deref_trait v1.2.0
[INFO] [stderr]    Compiling smallvec v1.14.0
[INFO] [stderr]    Compiling bytes v1.10.0
[INFO] [stderr]    Compiling itoa v1.0.14
[INFO] [stderr]    Compiling futures-core v0.3.31
[INFO] [stderr]    Compiling ahash v0.8.11
[INFO] [stderr]    Compiling crossbeam-utils v0.8.21
[INFO] [stderr]    Compiling memchr v2.7.4
[INFO] [stderr]    Compiling litemap v0.7.5
[INFO] [stderr]    Compiling writeable v0.5.5
[INFO] [stderr]    Compiling serde_json v1.0.139
[INFO] [stderr]    Compiling once_cell v1.20.3
[INFO] [stderr]    Compiling icu_locid_transform_data v1.5.0
[INFO] [stderr]    Compiling futures-sink v0.3.31
[INFO] [stderr]    Compiling icu_properties_data v1.5.0
[INFO] [stderr]    Compiling futures-io v0.3.31
[INFO] [stderr]    Compiling subtle v2.6.1
[INFO] [stderr]    Compiling lock_api v0.4.12
[INFO] [stderr]    Compiling slab v0.4.9
[INFO] [stderr]    Compiling num-traits v0.2.19
[INFO] [stderr]    Compiling icu_normalizer_data v1.5.0
[INFO] [stderr]    Compiling write16 v1.0.0
[INFO] [stderr]    Compiling utf16_iter v1.0.5
[INFO] [stderr]    Compiling utf8_iter v1.0.4
[INFO] [stderr]    Compiling pin-project-lite v0.2.16
[INFO] [stderr]    Compiling tracing-core v0.1.33
[INFO] [stderr]    Compiling futures-util v0.3.31
[INFO] [stderr]    Compiling quote v1.0.38
[INFO] [stderr]    Compiling log v0.4.26
[INFO] [stderr]    Compiling getrandom v0.2.15
[INFO] [stderr]    Compiling parking_lot_core v0.9.10
[INFO] [stderr]    Compiling socket2 v0.5.8
[INFO] [stderr]    Compiling signal-hook-registry v1.4.2
[INFO] [stderr]    Compiling syn v2.0.98
[INFO] [stderr]    Compiling generic-array v0.14.7
[INFO] [stderr]    Compiling mio v1.0.3
[INFO] [stderr]    Compiling parking_lot v0.12.3
[INFO] [stderr]    Compiling allocator-api2 v0.2.21
[INFO] [stderr]    Compiling nom v7.1.3
[INFO] [stderr]    Compiling rand_core v0.6.4
[INFO] [stderr]    Compiling http v1.2.0
[INFO] [stderr]    Compiling form_urlencoded v1.2.1
[INFO] [stderr]    Compiling tinyvec v1.8.1
[INFO] [stderr]    Compiling tokio v1.43.0
[INFO] [stderr]    Compiling futures-channel v0.3.31
[INFO] [stderr]    Compiling crypto-common v0.1.6
[INFO] [stderr]    Compiling block-buffer v0.10.4
[INFO] [stderr]    Compiling thiserror v1.0.69
[INFO] [stderr]    Compiling digest v0.10.7
[INFO] [stderr]    Compiling ryu v1.0.19
[INFO] [stderr]    Compiling hashbrown v0.15.2
[INFO] [stderr]    Compiling cpufeatures v0.2.17
[INFO] [stderr]    Compiling futures-task v0.3.31
[INFO] [stderr]    Compiling iana-time-zone v0.1.61
[INFO] [stderr]    Compiling rustix v0.38.44
[INFO] [stderr]    Compiling getrandom v0.3.1
[INFO] [stderr]    Compiling bitflags v2.8.0
[INFO] [stderr]    Compiling chrono v0.4.40
[INFO] [stderr]    Compiling crossbeam-queue v0.3.12
[INFO] [stderr]    Compiling unicode-normalization v0.1.24
[INFO] [stderr]    Compiling sha2 v0.10.8
[INFO] [stderr]    Compiling hmac v0.12.1
[INFO] [stderr]    Compiling futures-intrusive v0.5.0
[INFO] [stderr]    Compiling atoi v2.0.0
[INFO] [stderr]    Compiling httparse v1.10.0
[INFO] [stderr]    Compiling uuid v1.15.1
[INFO] [stderr]    Compiling syn v1.0.109
[INFO] [stderr]    Compiling unicode-properties v0.1.3
[INFO] [stderr]    Compiling linux-raw-sys v0.4.15
[INFO] [stderr]    Compiling unicode-bidi v0.3.18
[INFO] [stderr]    Compiling indexmap v2.7.1
[INFO] [stderr]    Compiling http-body v1.0.1
[INFO] [stderr]    Compiling hkdf v0.12.4
[INFO] [stderr]    Compiling md-5 v0.10.6
[INFO] [stderr]    Compiling tower-service v0.3.3
[INFO] [stderr]    Compiling unicode-segmentation v1.12.0
[INFO] [stderr]    Compiling stringprep v0.1.5
[INFO] [stderr]    Compiling home v0.5.11
[INFO] [stderr]    Compiling whoami v1.5.2
[INFO] [stderr]    Compiling fastrand v2.3.0
[INFO] [stderr]    Compiling rustversion v1.0.19
[INFO] [stderr]    Compiling heck v0.4.1
[INFO] [stderr]    Compiling sqlformat v0.2.6
[INFO] [stderr]    Compiling tower-layer v0.3.3
[INFO] [stderr]    Compiling sync_wrapper v1.0.2
[INFO] [stderr]    Compiling http-body-util v0.1.2
[INFO] [stderr]    Compiling anyhow v1.0.96
[INFO] [stderr]    Compiling base64 v0.21.7
[INFO] [stderr]    Compiling matchit v0.7.3
[INFO] [stderr]    Compiling shared v0.1.0 (/opt/rustwide/workdir/shared)
[INFO] [stderr]    Compiling adapter v0.1.0 (/opt/rustwide/workdir/adapter)
[INFO] [stderr]    Compiling registry v0.1.0 (/opt/rustwide/workdir/registry)
[INFO] [stderr]    Compiling api v0.1.0 (/opt/rustwide/workdir/api)
[INFO] [stderr]    Compiling synstructure v0.13.1
[INFO] [stderr]    Compiling tempfile v3.17.1
[INFO] [stderr]    Compiling tokio-stream v0.1.17
[INFO] [stderr]    Compiling zerofrom-derive v0.1.6
[INFO] [stderr]    Compiling yoke-derive v0.7.5
[INFO] [stderr]    Compiling zerovec-derive v0.10.3
[INFO] [stderr]    Compiling displaydoc v0.2.5
[INFO] [stderr]    Compiling icu_provider_macros v1.5.0
[INFO] [stderr]    Compiling zerocopy-derive v0.7.35
[INFO] [stderr]    Compiling serde_derive v1.0.218
[INFO] [stderr]    Compiling tracing-attributes v0.1.28
[INFO] [stderr]    Compiling thiserror-impl v1.0.69
[INFO] [stderr]    Compiling tokio-macros v2.5.0
[INFO] [stderr]    Compiling async-trait v0.1.86
[INFO] [stderr]    Compiling axum-macros v0.4.2
[INFO] [stderr]    Compiling zerocopy v0.7.35
[INFO] [stderr]    Compiling tracing v0.1.41
[INFO] [stderr]    Compiling zerofrom v0.1.6
[INFO] [stderr]    Compiling ppv-lite86 v0.2.20
[INFO] [stderr]    Compiling yoke v0.7.5
[INFO] [stderr]    Compiling axum-core v0.4.5
[INFO] [stderr]    Compiling zerovec v0.10.4
[INFO] [stderr]    Compiling hashbrown v0.14.5
[INFO] [stderr]    Compiling rand_chacha v0.3.1
[INFO] [stderr]    Compiling rand v0.8.5
[INFO] [stderr]    Compiling hashlink v0.8.4
[INFO] [stderr]    Compiling tinystr v0.7.6
[INFO] [stderr]    Compiling icu_collections v1.5.0
[INFO] [stderr]    Compiling icu_locid v1.5.0
[INFO] [stderr]    Compiling icu_provider v1.5.0
[INFO] [stderr]    Compiling icu_locid_transform v1.5.0
[INFO] [stderr]    Compiling icu_properties v1.5.1
[INFO] [stderr]    Compiling either v1.14.0
[INFO] [stderr]    Compiling icu_normalizer v1.5.0
[INFO] [stderr]    Compiling serde_urlencoded v0.7.1
[INFO] [stderr]    Compiling serde_path_to_error v0.1.16
[INFO] [stderr]    Compiling hyper v1.6.0
[INFO] [stderr]    Compiling tower v0.5.2
[INFO] [stderr]    Compiling idna_adapter v1.2.0
[INFO] [stderr]    Compiling idna v1.0.3
[INFO] [stderr]    Compiling url v2.5.4
[INFO] [stderr]    Compiling sqlx-core v0.7.4
[INFO] [stderr]    Compiling hyper-util v0.1.10
[INFO] [stderr]    Compiling axum v0.7.9
[INFO] [stderr]    Compiling sqlx-postgres v0.7.4
[INFO] [stderr]    Compiling sqlx-macros-core v0.7.4
[INFO] [stderr]    Compiling sqlx-macros v0.7.4
[INFO] [stderr]    Compiling sqlx v0.7.4
[INFO] [stderr]    Compiling rusty-book-manager v0.1.0 (/opt/rustwide/workdir)
[INFO] [stderr]     Finished `release` profile [optimized] target(s) in 56.28s
[INFO] [stderr] warning: the following packages contain code that will be rejected by a future version of Rust: sqlx-postgres v0.7.4
[INFO] [stderr] note: to see what the problems were, use the option `--future-incompat-report`, or run `cargo report future-incompatibilities --id 2`
[INFO] running `Command { std: "docker" "inspect" "d87b45740252fcf38297aaa7130a055a063e5f29d6889b595caac48824586c20", kill_on_drop: false }`
[INFO] running `Command { std: "docker" "exec" "-e" "SOURCE_DIR=/opt/rustwide/workdir" "-e" "CARGO_HOME=/opt/rustwide/cargo-home" "-e" "RUSTUP_HOME=/opt/rustwide/rustup-home" "-e" "CARGO_TARGET_DIR=/opt/rustwide/target" "-e" "CARGO_INCREMENTAL=0" "-e" "RUST_BACKTRACE=full" "-e" "RUSTFLAGS=--cap-lints=warn" "-e" "RUSTDOCFLAGS=--cap-lints=warn" "-w" "/opt/rustwide/workdir" "--user" "0:0" "d87b45740252fcf38297aaa7130a055a063e5f29d6889b595caac48824586c20" "/opt/rustwide/cargo-home/bin/cargo" "+1.99.0-beta.8" "test" "--frozen" "--no-run" "--message-format=json" "--release", kill_on_drop: false }`
[INFO] [stderr]    Compiling rusty-book-manager v0.1.0 (/opt/rustwide/workdir)
[INFO] [stderr]     Finished `release` profile [optimized] target(s) in 2.09s
[INFO] [stderr] warning: the following packages contain code that will be rejected by a future version of Rust: sqlx-postgres v0.7.4
[INFO] [stderr] note: to see what the problems were, use the option `--future-incompat-report`, or run `cargo report future-incompatibilities --id 2`
[INFO] running `Command { std: "docker" "inspect" "d87b45740252fcf38297aaa7130a055a063e5f29d6889b595caac48824586c20", kill_on_drop: false }`
[INFO] running `Command { std: "docker" "exec" "-e" "SOURCE_DIR=/opt/rustwide/workdir" "-e" "CARGO_HOME=/opt/rustwide/cargo-home" "-e" "RUSTUP_HOME=/opt/rustwide/rustup-home" "-e" "CARGO_TARGET_DIR=/opt/rustwide/target" "-e" "CARGO_INCREMENTAL=0" "-e" "RUST_BACKTRACE=full" "-e" "RUSTFLAGS=--cap-lints=warn" "-e" "RUSTDOCFLAGS=--cap-lints=warn" "-w" "/opt/rustwide/workdir" "--user" "0:0" "d87b45740252fcf38297aaa7130a055a063e5f29d6889b595caac48824586c20" "/opt/rustwide/cargo-home/bin/cargo" "+1.99.0-beta.8" "test" "--frozen" "--release", kill_on_drop: false }`
[INFO] [stderr]     Finished `release` profile [optimized] target(s) in 0.16s
[INFO] [stderr] warning: the following packages contain code that will be rejected by a future version of Rust: sqlx-postgres v0.7.4
[INFO] [stderr] note: to see what the problems were, use the option `--future-incompat-report`, or run `cargo report future-incompatibilities --id 2`
[INFO] [stderr]      Running unittests src/bin/app.rs (/opt/rustwide/target/release/deps/app-3ed85bf86fa5b8f8)
[INFO] [stdout] 
[INFO] [stdout] running 2 tests
[INFO] [stdout] test health_check_works ... ok
[INFO] [stdout] test health_check_db_works ... FAILED
[INFO] [stdout] 
[INFO] [stdout] failures:
[INFO] [stdout] 
[INFO] [stdout] ---- health_check_db_works stdout ----
[INFO] [stdout] 
[INFO] [stdout] thread 'health_check_db_works' (3473) panicked at /opt/rustwide/cargo-home/registry/src/index.crates.io-1949cf8c6b5b557f/sqlx-postgres-0.7.4/src/testing/mod.rs:81:44:
[INFO] [stdout] DATABASE_URL must be set: EnvVar(NotPresent)
[INFO] [stdout] stack backtrace:
[INFO] [stdout]    0:     0x618289fc9cf1 - <<std[70759c8f55707aa4]::sys::backtrace::BacktraceLock>::print::DisplayBacktrace as core[df12db4294e9bfd3]::fmt::Display>::fmt
[INFO] [stdout]    1:     0x618289fe10aa - core[df12db4294e9bfd3]::fmt::write
[INFO] [stdout]    2:     0x618289fce71c - <alloc[2182bb758b4b3781]::vec::Vec<u8> as core[df12db4294e9bfd3]::io::write::Write>::write_fmt
[INFO] [stdout]    3:     0x618289fa4d76 - std[70759c8f55707aa4]::panicking::default_hook::{closure#0}
[INFO] [stdout]    4:     0x618289fc1b09 - std[70759c8f55707aa4]::panicking::default_hook
[INFO] [stdout]    5:     0x618289e6edc0 - test[9d35eded1c95d3be]::test_main_inner::<test[9d35eded1c95d3be]::test_main_static::{closure#0}>::{closure#0}
[INFO] [stdout]    6:     0x618289fc1e32 - std[70759c8f55707aa4]::panicking::panic_with_hook
[INFO] [stdout]    7:     0x618289fa4e22 - std[70759c8f55707aa4]::panicking::panic_handler::{closure#0}
[INFO] [stdout]    8:     0x618289f9d889 - std[70759c8f55707aa4]::sys::backtrace::__rust_end_short_backtrace::<std[70759c8f55707aa4]::panicking::panic_handler::{closure#0}, !>
[INFO] [stdout]    9:     0x618289fa5cad - __rustc[8fa7c3cbc660c2b3]::rust_begin_unwind
[INFO] [stdout]   10:     0x618289fe180c - core[df12db4294e9bfd3]::panicking::panic_fmt
[INFO] [stdout]   11:     0x618289fe15e2 - core[df12db4294e9bfd3]::result::unwrap_failed
[INFO] [stdout]   12:     0x618289efdd19 - <sqlx_postgres[84ec85306a898bdf]::database::Postgres as sqlx_core[fc5cf06205e4dc58]::testing::TestSupport>::test_context::{closure#0}
[INFO] [stdout]   13:     0x618289e1fc00 - sqlx_core[fc5cf06205e4dc58]::testing::run_test::<sqlx_postgres[84ec85306a898bdf]::database::Postgres, sqlx_core[fc5cf06205e4dc58]::testing::run_test_with_pool<sqlx_postgres[84ec85306a898bdf]::database::Postgres, fn(sqlx_core[fc5cf06205e4dc58]::pool::Pool<sqlx_postgres[84ec85306a898bdf]::database::Postgres>) -> app[8996839b5ec21d97]::health_check_db_works::health_check_db_works::{closure#0}, app[8996839b5ec21d97]::health_check_db_works::health_check_db_works::{closure#0}>::{closure#0}, sqlx_core[fc5cf06205e4dc58]::testing::run_test_with_pool<sqlx_postgres[84ec85306a898bdf]::database::Postgres, fn(sqlx_core[fc5cf06205e4dc58]::pool::Pool<sqlx_postgres[84ec85306a898bdf]::database::Postgres>) -> app[8996839b5ec21d97]::health_check_db_works::health_check_db_works::{closure#0}, app[8996839b5ec21d97]::health_check_db_works::health_check_db_works::{closure#0}>::{closure#0}::{closure#0}>::{closure#0}
[INFO] [stdout]   14:     0x618289e5acde - <tokio[4d797e7da86f5a]::runtime::scheduler::current_thread::Context>::enter::<core[df12db4294e9bfd3]::task::poll::Poll<()>, <tokio[4d797e7da86f5a]::runtime::scheduler::current_thread::CoreGuard>::block_on<core[df12db4294e9bfd3]::pin::Pin<&mut sqlx_core[fc5cf06205e4dc58]::testing::run_test<sqlx_postgres[84ec85306a898bdf]::database::Postgres, sqlx_core[fc5cf06205e4dc58]::testing::run_test_with_pool<sqlx_postgres[84ec85306a898bdf]::database::Postgres, fn(sqlx_core[fc5cf06205e4dc58]::pool::Pool<sqlx_postgres[84ec85306a898bdf]::database::Postgres>) -> app[8996839b5ec21d97]::health_check_db_works::health_check_db_works::{closure#0}, app[8996839b5ec21d97]::health_check_db_works::health_check_db_works::{closure#0}>::{closure#0}, sqlx_core[fc5cf06205e4dc58]::testing::run_test_with_pool<sqlx_postgres[84ec85306a898bdf]::database::Postgres, fn(sqlx_core[fc5cf06205e4dc58]::pool::Pool<sqlx_postgres[84ec85306a898bdf]::database::Postgres>) -> app[8996839b5ec21d97]::health_check_db_works::health_check_db_works::{closure#0}, app[8996839b5ec21d97]::health_check_db_works::health_check_db_works::{closure#0}>::{closure#0}::{closure#0}>::{closure#0}>>::{closure#0}::{closure#0}>
[INFO] [stdout]   15:     0x618289e5e8e2 - <tokio[4d797e7da86f5a]::runtime::context::scoped::Scoped<tokio[4d797e7da86f5a]::runtime::scheduler::Context>>::set::<<tokio[4d797e7da86f5a]::runtime::scheduler::current_thread::CoreGuard>::enter<<tokio[4d797e7da86f5a]::runtime::scheduler::current_thread::CoreGuard>::block_on<core[df12db4294e9bfd3]::pin::Pin<&mut sqlx_core[fc5cf06205e4dc58]::testing::run_test<sqlx_postgres[84ec85306a898bdf]::database::Postgres, sqlx_core[fc5cf06205e4dc58]::testing::run_test_with_pool<sqlx_postgres[84ec85306a898bdf]::database::Postgres, fn(sqlx_core[fc5cf06205e4dc58]::pool::Pool<sqlx_postgres[84ec85306a898bdf]::database::Postgres>) -> app[8996839b5ec21d97]::health_check_db_works::health_check_db_works::{closure#0}, app[8996839b5ec21d97]::health_check_db_works::health_check_db_works::{closure#0}>::{closure#0}, sqlx_core[fc5cf06205e4dc58]::testing::run_test_with_pool<sqlx_postgres[84ec85306a898bdf]::database::Postgres, fn(sqlx_core[fc5cf06205e4dc58]::pool::Pool<sqlx_postgres[84ec85306a898bdf]::database::Postgres>) -> app[8996839b5ec21d97]::health_check_db_works::health_check_db_works::{closure#0}, app[8996839b5ec21d97]::health_check_db_works::health_check_db_works::{closure#0}>::{closure#0}::{closure#0}>::{closure#0}>>::{closure#0}, core[df12db4294e9bfd3]::option::Option<()>>::{closure#0}, (alloc[2182bb758b4b3781]::boxed::Box<tokio[4d797e7da86f5a]::runtime::scheduler::current_thread::Core>, core[df12db4294e9bfd3]::option::Option<()>)>
[INFO] [stdout]   16:     0x618289e5b517 - <tokio[4d797e7da86f5a]::runtime::scheduler::current_thread::CoreGuard>::block_on::<core[df12db4294e9bfd3]::pin::Pin<&mut sqlx_core[fc5cf06205e4dc58]::testing::run_test<sqlx_postgres[84ec85306a898bdf]::database::Postgres, sqlx_core[fc5cf06205e4dc58]::testing::run_test_with_pool<sqlx_postgres[84ec85306a898bdf]::database::Postgres, fn(sqlx_core[fc5cf06205e4dc58]::pool::Pool<sqlx_postgres[84ec85306a898bdf]::database::Postgres>) -> app[8996839b5ec21d97]::health_check_db_works::health_check_db_works::{closure#0}, app[8996839b5ec21d97]::health_check_db_works::health_check_db_works::{closure#0}>::{closure#0}, sqlx_core[fc5cf06205e4dc58]::testing::run_test_with_pool<sqlx_postgres[84ec85306a898bdf]::database::Postgres, fn(sqlx_core[fc5cf06205e4dc58]::pool::Pool<sqlx_postgres[84ec85306a898bdf]::database::Postgres>) -> app[8996839b5ec21d97]::health_check_db_works::health_check_db_works::{closure#0}, app[8996839b5ec21d97]::health_check_db_works::health_check_db_works::{closure#0}>::{closure#0}::{closure#0}>::{closure#0}>>
[INFO] [stdout]   17:     0x618289e4ee80 - tokio[4d797e7da86f5a]::runtime::context::runtime::enter_runtime::<<tokio[4d797e7da86f5a]::runtime::scheduler::current_thread::CurrentThread>::block_on<sqlx_core[fc5cf06205e4dc58]::testing::run_test<sqlx_postgres[84ec85306a898bdf]::database::Postgres, sqlx_core[fc5cf06205e4dc58]::testing::run_test_with_pool<sqlx_postgres[84ec85306a898bdf]::database::Postgres, fn(sqlx_core[fc5cf06205e4dc58]::pool::Pool<sqlx_postgres[84ec85306a898bdf]::database::Postgres>) -> app[8996839b5ec21d97]::health_check_db_works::health_check_db_works::{closure#0}, app[8996839b5ec21d97]::health_check_db_works::health_check_db_works::{closure#0}>::{closure#0}, sqlx_core[fc5cf06205e4dc58]::testing::run_test_with_pool<sqlx_postgres[84ec85306a898bdf]::database::Postgres, fn(sqlx_core[fc5cf06205e4dc58]::pool::Pool<sqlx_postgres[84ec85306a898bdf]::database::Postgres>) -> app[8996839b5ec21d97]::health_check_db_works::health_check_db_works::{closure#0}, app[8996839b5ec21d97]::health_check_db_works::health_check_db_works::{closure#0}>::{closure#0}::{closure#0}>::{closure#0}>::{closure#0}, ()>
[INFO] [stdout]   18:     0x618289e56c2d - <tokio[4d797e7da86f5a]::runtime::runtime::Runtime>::block_on::<sqlx_core[fc5cf06205e4dc58]::testing::run_test<sqlx_postgres[84ec85306a898bdf]::database::Postgres, sqlx_core[fc5cf06205e4dc58]::testing::run_test_with_pool<sqlx_postgres[84ec85306a898bdf]::database::Postgres, fn(sqlx_core[fc5cf06205e4dc58]::pool::Pool<sqlx_postgres[84ec85306a898bdf]::database::Postgres>) -> app[8996839b5ec21d97]::health_check_db_works::health_check_db_works::{closure#0}, app[8996839b5ec21d97]::health_check_db_works::health_check_db_works::{closure#0}>::{closure#0}, sqlx_core[fc5cf06205e4dc58]::testing::run_test_with_pool<sqlx_postgres[84ec85306a898bdf]::database::Postgres, fn(sqlx_core[fc5cf06205e4dc58]::pool::Pool<sqlx_postgres[84ec85306a898bdf]::database::Postgres>) -> app[8996839b5ec21d97]::health_check_db_works::health_check_db_works::{closure#0}, app[8996839b5ec21d97]::health_check_db_works::health_check_db_works::{closure#0}>::{closure#0}::{closure#0}>::{closure#0}>
[INFO] [stdout]   19:     0x618289e53f09 - <app[8996839b5ec21d97]::health_check_db_works::{closure#0} as core[df12db4294e9bfd3]::ops::function::FnOnce<()>>::call_once
[INFO] [stdout]   20:     0x618289e620ab - test[9d35eded1c95d3be]::__rust_begin_short_backtrace::<core[df12db4294e9bfd3]::result::Result<(), alloc[2182bb758b4b3781]::string::String>, fn() -> core[df12db4294e9bfd3]::result::Result<(), alloc[2182bb758b4b3781]::string::String>>
[INFO] [stdout]   21:     0x618289e6f715 - test[9d35eded1c95d3be]::run_test::{closure#0}
[INFO] [stdout]   22:     0x618289e68fd4 - std[70759c8f55707aa4]::sys::backtrace::__rust_begin_short_backtrace::<test[9d35eded1c95d3be]::run_test::{closure#1}, ()>
[INFO] [stdout]   23:     0x618289e72872 - <std[70759c8f55707aa4]::thread::lifecycle::spawn_unchecked<test[9d35eded1c95d3be]::run_test::{closure#1}, ()>::{closure#1} as core[df12db4294e9bfd3]::ops::function::FnOnce<()>>::call_once::{shim:vtable#0}
[INFO] [stdout]   24:     0x618289fc9219 - <std[70759c8f55707aa4]::sys::thread::unix::Thread>::new::thread_start
[INFO] [stdout]   25:     0x78b63f461dfa - <unknown>
[INFO] [stdout]   26:     0x78b63f4f53d4 - clone
[INFO] [stdout]   27:                0x0 - <unknown>
[INFO] [stdout] 
[INFO] [stdout] 
[INFO] [stdout] failures:
[INFO] [stdout]     health_check_db_works
[INFO] [stdout] 
[INFO] [stdout] test result: FAILED. 1 passed; 1 failed; 0 ignored; 0 measured; 0 filtered out; finished in 0.00s
[INFO] [stdout] 
[INFO] [stderr] error: test failed, to rerun pass `--bin app`
[INFO] running `Command { std: "docker" "inspect" "d87b45740252fcf38297aaa7130a055a063e5f29d6889b595caac48824586c20", kill_on_drop: false }`
[INFO] running `Command { std: "docker" "rm" "-f" "d87b45740252fcf38297aaa7130a055a063e5f29d6889b595caac48824586c20", kill_on_drop: false }`
[INFO] [stdout] d87b45740252fcf38297aaa7130a055a063e5f29d6889b595caac48824586c20
