[INFO] cloning repository https://github.com/yuchi0531/Hotarun
[INFO] running `Command { std: "git" "-c" "credential.helper=" "-c" "credential.helper=/workspace/cargo-home/bin/git-credential-null" "clone" "--bare" "https://github.com/yuchi0531/Hotarun" "/workspace/cache/git-repos/https%3A%2F%2Fgithub.com%2Fyuchi0531%2FHotarun", kill_on_drop: false }`
[INFO] [stderr] Cloning into bare repository '/workspace/cache/git-repos/https%3A%2F%2Fgithub.com%2Fyuchi0531%2FHotarun'...
[INFO] running `Command { std: "git" "rev-parse" "HEAD", kill_on_drop: false }`
[INFO] [stdout] f0d4568ce3e4c6bdbcfe0beb02f22817ed45c7c0
[INFO] testing yuchi0531/Hotarun against 1.100.0-beta.1+cargoflags=--release for beta-release-1.100-3
[INFO] running `Command { std: "git" "clone" "/workspace/cache/git-repos/https%3A%2F%2Fgithub.com%2Fyuchi0531%2FHotarun" "/workspace/builds/worker-5-tc2/source", kill_on_drop: false }`
[INFO] [stderr] Cloning into '/workspace/builds/worker-5-tc2/source'...
[INFO] [stderr] done.
[INFO] started tweaking git repo https://github.com/yuchi0531/Hotarun
[INFO] finished tweaking git repo https://github.com/yuchi0531/Hotarun
[INFO] tweaked toml for git repo https://github.com/yuchi0531/Hotarun written to /workspace/builds/worker-5-tc2/source/Cargo.toml
[INFO] validating manifest of git repo https://github.com/yuchi0531/Hotarun on toolchain 1.100.0-beta.1
[INFO] running `Command { std: CARGO_HOME="/workspace/cargo-home" RUSTUP_HOME="/workspace/rustup-home" "/workspace/cargo-home/bin/cargo" "+1.100.0-beta.1" "metadata" "--manifest-path" "Cargo.toml" "--no-deps", kill_on_drop: false }`
[INFO] crate git repo https://github.com/yuchi0531/Hotarun already has a lockfile, it will not be regenerated
[INFO] running `Command { std: CARGO_HOME="/workspace/cargo-home" RUSTUP_HOME="/workspace/rustup-home" "/workspace/cargo-home/bin/cargo" "+1.100.0-beta.1" "fetch" "--manifest-path" "Cargo.toml", kill_on_drop: false }`
[INFO] running `Command { std: "docker" "create" "-v" "/var/lib/crater-agent-workspace/builds/worker-5-tc2/source:/opt/rustwide/workdir:ro,Z" "-v" "/var/lib/crater-agent-workspace/builds/worker-5-tc2/target:/opt/rustwide/target:rw,Z" "-v" "/var/lib/crater-agent-workspace/cargo-home:/opt/rustwide/cargo-home:ro,Z" "-v" "/var/lib/crater-agent-workspace/rustup-home:/opt/rustwide/rustup-home:ro,Z" "-m" "1610612736" "--network" "none" "ghcr.io/rust-lang/crates-build-env/linux@sha256:77db811e55d90add9212f6832c23229e3de5f1c1f9905e8cb07319ea15df73ac" "sleep" "infinity", kill_on_drop: false }`
[INFO] [stdout] 455bd354865e7eda9b8427d06c7b5dc2a1b449c7296651c085593cc88cf0f127
[INFO] running `Command { std: "docker" "start" "455bd354865e7eda9b8427d06c7b5dc2a1b449c7296651c085593cc88cf0f127", kill_on_drop: false }`
[INFO] running `Command { std: "docker" "inspect" "455bd354865e7eda9b8427d06c7b5dc2a1b449c7296651c085593cc88cf0f127", kill_on_drop: false }`
[INFO] running `Command { std: "docker" "exec" "-e" "SOURCE_DIR=/opt/rustwide/workdir" "-e" "CARGO_HOME=/opt/rustwide/cargo-home" "-e" "RUSTUP_HOME=/opt/rustwide/rustup-home" "-e" "CARGO_TARGET_DIR=/opt/rustwide/target" "-w" "/opt/rustwide/workdir" "--user" "0:0" "455bd354865e7eda9b8427d06c7b5dc2a1b449c7296651c085593cc88cf0f127" "/opt/rustwide/cargo-home/bin/cargo" "+1.100.0-beta.1" "metadata" "--no-deps" "--format-version=1", kill_on_drop: false }`
[INFO] running `Command { std: "docker" "inspect" "455bd354865e7eda9b8427d06c7b5dc2a1b449c7296651c085593cc88cf0f127", kill_on_drop: false }`
[INFO] running `Command { std: "docker" "exec" "-e" "SOURCE_DIR=/opt/rustwide/workdir" "-e" "CARGO_HOME=/opt/rustwide/cargo-home" "-e" "RUSTUP_HOME=/opt/rustwide/rustup-home" "-e" "CARGO_TARGET_DIR=/opt/rustwide/target" "-e" "CARGO_INCREMENTAL=0" "-e" "RUST_BACKTRACE=full" "-e" "RUSTFLAGS=--cap-lints=warn" "-e" "RUSTDOCFLAGS=--cap-lints=warn" "-w" "/opt/rustwide/workdir" "--user" "0:0" "455bd354865e7eda9b8427d06c7b5dc2a1b449c7296651c085593cc88cf0f127" "/opt/rustwide/cargo-home/bin/cargo" "+1.100.0-beta.1" "build" "--frozen" "--message-format=json" "--release", kill_on_drop: false }`
[INFO] [stderr]    Compiling syn v3.0.5
[INFO] [stderr]    Compiling serde_core v1.0.229
[INFO] [stderr]    Compiling futures-core v0.3.34
[INFO] [stderr]    Compiling syn v2.0.119
[INFO] [stderr]    Compiling log v0.4.34
[INFO] [stderr]    Compiling smallvec v1.16.0
[INFO] [stderr]    Compiling sync_wrapper v1.0.2
[INFO] [stderr]    Compiling mio v1.2.3
[INFO] [stderr]    Compiling futures-task v0.3.34
[INFO] [stderr]    Compiling serde_json v1.0.151
[INFO] [stderr]    Compiling slab v0.4.12
[INFO] [stderr]    Compiling memchr v2.8.3
[INFO] [stderr]    Compiling indexmap v2.14.2
[INFO] [stderr]    Compiling matchers v0.2.0
[INFO] [stderr]    Compiling matchit v0.8.4
[INFO] [stderr]    Compiling unsafe-libyaml v0.2.11
[INFO] [stderr]    Compiling futures-channel v0.3.34
[INFO] [stderr]    Compiling http-body-util v0.1.5
[INFO] [stderr]    Compiling tracing-log v0.2.0
[INFO] [stderr]    Compiling futures-util v0.3.34
[INFO] [stderr]    Compiling tokio-macros v2.7.2
[INFO] [stderr]    Compiling serde_derive v1.0.229
[INFO] [stderr]    Compiling serde_path_to_error v0.1.20
[INFO] [stderr]    Compiling tokio v1.53.1
[INFO] [stderr]    Compiling tracing-attributes v0.1.31
[INFO] [stderr]    Compiling tracing v0.1.44
[INFO] [stderr]    Compiling serde v1.0.229
[INFO] [stderr]    Compiling axum-core v0.5.6
[INFO] [stderr]    Compiling tracing-subscriber v0.3.23
[INFO] [stderr]    Compiling serde_urlencoded v0.7.1
[INFO] [stderr]    Compiling serde_yaml v0.9.34+deprecated
[INFO] [stderr]    Compiling hyper v1.11.1
[INFO] [stderr]    Compiling tower v0.5.3
[INFO] [stderr]    Compiling hyper-util v0.1.20
[INFO] [stderr]    Compiling axum v0.8.9
[INFO] [stderr]    Compiling hotarun v0.0.3 (/opt/rustwide/workdir)
[INFO] [stderr]     Finished `release` profile [optimized] target(s) in 1m 00s
[INFO] running `Command { std: "docker" "inspect" "455bd354865e7eda9b8427d06c7b5dc2a1b449c7296651c085593cc88cf0f127", kill_on_drop: false }`
[INFO] running `Command { std: "docker" "exec" "-e" "SOURCE_DIR=/opt/rustwide/workdir" "-e" "CARGO_HOME=/opt/rustwide/cargo-home" "-e" "RUSTUP_HOME=/opt/rustwide/rustup-home" "-e" "CARGO_TARGET_DIR=/opt/rustwide/target" "-e" "CARGO_INCREMENTAL=0" "-e" "RUST_BACKTRACE=full" "-e" "RUSTFLAGS=--cap-lints=warn" "-e" "RUSTDOCFLAGS=--cap-lints=warn" "-w" "/opt/rustwide/workdir" "--user" "0:0" "455bd354865e7eda9b8427d06c7b5dc2a1b449c7296651c085593cc88cf0f127" "/opt/rustwide/cargo-home/bin/cargo" "+1.100.0-beta.1" "test" "--frozen" "--no-run" "--message-format=json" "--release", kill_on_drop: false }`
[INFO] [stderr]    Compiling hotarun v0.0.3 (/opt/rustwide/workdir)
[INFO] [stderr]     Finished `release` profile [optimized] target(s) in 34.63s
[INFO] running `Command { std: "docker" "inspect" "455bd354865e7eda9b8427d06c7b5dc2a1b449c7296651c085593cc88cf0f127", kill_on_drop: false }`
[INFO] running `Command { std: "docker" "exec" "-e" "SOURCE_DIR=/opt/rustwide/workdir" "-e" "CARGO_HOME=/opt/rustwide/cargo-home" "-e" "RUSTUP_HOME=/opt/rustwide/rustup-home" "-e" "CARGO_TARGET_DIR=/opt/rustwide/target" "-e" "CARGO_INCREMENTAL=0" "-e" "RUST_BACKTRACE=full" "-e" "RUSTFLAGS=--cap-lints=warn" "-e" "RUSTDOCFLAGS=--cap-lints=warn" "-w" "/opt/rustwide/workdir" "--user" "0:0" "455bd354865e7eda9b8427d06c7b5dc2a1b449c7296651c085593cc88cf0f127" "/opt/rustwide/cargo-home/bin/cargo" "+1.100.0-beta.1" "test" "--frozen" "--release", kill_on_drop: false }`
[INFO] [stderr]     Finished `release` profile [optimized] target(s) in 0.09s
[INFO] [stderr]      Running unittests src/lib.rs (/opt/rustwide/target/release/build/hotarun/555fb2dbf2a70e91/out/hotarun-555fb2dbf2a70e91)
[INFO] [stdout] 
[INFO] [stdout] running 103 tests
[INFO] [stdout] test config::server_tests::duplicate_channel_identity_is_reported_without_yaml_precedence ... ok
[INFO] [stdout] test config::server_tests::service_item_components_reject_negative_large_and_arithmetic_collisions ... ok
[INFO] [stdout] test routes::api::tests::service_filters_support_nested_channel_fields ... ok
[INFO] [stdout] test routes::api::tests::service_items_skip_invalid_components_and_never_saturate_ids ... ok
[INFO] [stdout] test routes::api::tests::channel_lookup_uses_type_and_channel_pair ... ok
[INFO] [stdout] test routes::stream::tests::bs4k_type_and_missing_channel_are_not_cross_matched ... ok
[INFO] [stdout] test routes::api::tests::duplicate_service_item_id_is_not_selected ... ok
[INFO] [stdout] test routes::stream::tests::channel_type_parses_case_insensitive ... ok
[INFO] [stdout] test routes::api::tests::version_response_uses_package_version ... ok
[INFO] [stdout] test routes::api::tests::service_id_is_not_service_id_alone ... ok
[INFO] [stdout] test routes::stream::tests::pat_and_pmt_select_only_target_service_pids ... ok
[INFO] [stdout] test routes::stream::tests::priority_missing_or_invalid_is_zero ... ok
[INFO] [stdout] test routes::stream::tests::decode_defaults_to_on_and_rejects_invalid ... ok
[INFO] [stdout] test routes::stream::tests::generated_pat_packet_has_payload_only_layout ... ok
[INFO] [stdout] test routes::stream::tests::invalid_service_id_is_rejected_before_tuner_acquisition ... ok
[INFO] [stdout] test routes::stream::tests::rewritten_pat_is_standalone_even_when_source_is_section_two ... ok
[INFO] [stdout] test config::server_tests::server_config_validates_ranges_and_cidr ... ok
[INFO] [stdout] test routes::tests::checks_origin_against_request_host ... ok
[INFO] [stdout] test routes::stream::tests::split_pat_is_repacketized_without_other_services ... ok
[INFO] [stdout] test routes::tests::configured_unix_listener_rejects_requests_without_peer_credentials ... ok
[INFO] [stdout] test routes::tests::unix_peer_credentials_are_required_and_match_owner_or_group ... ok
[INFO] [stdout] test routes::stream::tests::service_psi_pusi_zero_discards_an_incomplete_section ... ok
[INFO] [stdout] test routes::stream::tests::split_pat_and_pmt_sections_make_service_stream_ready ... ok
[INFO] [stdout] test routes::ui::tests::configuration_save_reports_results_and_has_one_restart_control ... ok
[INFO] [stdout] test routes::ui::tests::ui_exposes_logs_and_restart_actions_without_html_injection ... ok
[INFO] [stdout] test routes::ui::tests::ui_initial_html_loads_script_and_script_starts_rendering ... ok
[INFO] [stdout] test routes::ui::tests::ui_renders_values_as_text_and_exposes_save_actions_without_scan_controls ... ok
[INFO] [stdout] test scan::tests::bs4k_collects_complete_multi_section_nit_and_multiple_sdt_services ... ok
[INFO] [stdout] test scan::tests::bs4k_detection_rejects_other_nit_and_incomplete_mmtp ... ok
[INFO] [stdout] test scan::tests::bs4k_detection_requires_actual_nit_plt_and_sdt_and_assembles_fragments ... ok
[INFO] [stdout] test scan::tests::cs_legacy_cs_prefix_is_treated_as_nd_alias ... ok
[INFO] [stdout] test scan::tests::merge_rejects_service_item_collisions_before_save ... ok
[INFO] [stdout] test scan::tests::non_refresh_keeps_only_selected_targets_and_current_scan_mode ... ok
[INFO] [stdout] test scan::tests::psi_assembler_handles_adaptation_fields_continuations_and_multiple_sections ... ok
[INFO] [stdout] test scan::tests::psi_pusi_zero_discards_truncated_previous_section ... ok
[INFO] [stdout] test scan::tests::refresh_false_replaces_disabled_target_with_detected_service ... ok
[INFO] [stdout] test scan::tests::bs4k_reassembles_interleaved_packet_ids_using_mmtp_sequence_not_tlv_context ... ok
[INFO] [stdout] test scan::tests::cancellation_after_final_detection_cannot_commit_or_complete ... ok
[INFO] [stdout] test scan::tests::scan_commit_reloads_manual_channel_changes_after_waiting_for_put_lock ... ok
[INFO] [stdout] test scan::tests::scan_mode_changes_between_logical_channel_and_service_entries ... ok
[INFO] [stdout] test scan::tests::scan_ranges_match_specification ... ok
[INFO] [stdout] test scan::tests::a_timed_out_scan_channel_releases_the_tuner_for_the_next_channel ... FAILED
[INFO] [stdout] test scan::tests::channel_deadline_is_shared_by_multiple_tuner_attempts ... ok
[INFO] [stdout] test scan::tests::service_refresh_keeps_one_logical_channel_with_all_services ... ok
[INFO] [stdout] test scan::tests::tlv_detection_preserves_existing_name ... ok
[INFO] [stdout] test scan::tests::ts_detection_aggregates_two_services_and_reads_actual_nit_table ... ok
[INFO] [stdout] test scan::tests::ts_detection_reads_pat_and_preserves_names ... ok
[INFO] [stdout] test scan::tests::ts_detection_reads_sdt_service_type_and_name ... ok
[INFO] [stdout] test scan::tests::ts_scan_buffer_resynchronizes_chunks_that_start_inside_a_packet ... ok
[INFO] [stdout] test scan::tests::ts_scan_does_not_accept_pat_until_actual_nit_and_sdt_arrive ... ok
[INFO] [stdout] test scan::tests::ts_scan_service_type_filter_reselects_primary_when_old_primary_is_excluded ... ok
[INFO] [stdout] test scan::tests::ts_scan_without_explicit_filter_preserves_allowed_old_primary_and_name ... ok
[INFO] [stdout] test tuner::channel::tests::mapped_tuner_uses_tuner_channels ... ok
[INFO] [stdout] test tuner::channel::tests::unmapped_tuner_falls_back_to_logical ... ok
[INFO] [stdout] test tuner::command::tests::build_respects_quotes ... ok
[INFO] [stdout] test tuner::command::tests::build_splits_without_shell ... ok
[INFO] [stdout] test tuner::command::tests::channel_is_replaced_after_resolve ... ok
[INFO] [stdout] test tuner::command::tests::empty_command_is_error ... ok
[INFO] [stdout] test tuner::command::tests::passthrough_has_no_expansion ... ok
[INFO] [stdout] test tuner::command::tests::unknown_vars_become_empty ... ok
[INFO] [stdout] test routes::stream::tests::bs4k_decode_zero_bypasses_configured_decoder ... FAILED
[INFO] [stdout] test routes::stream::tests::bs4k_service_returns_same_tlv_without_ts_pid_filter ... FAILED
[INFO] [stdout] test routes::stream::tests::bs4k_channel_passthrough_keeps_tlv_bytes_and_resolves_physical_channel ... FAILED
[INFO] [stdout] test routes::stream::tests::bs4k_decoder_is_a_per_request_pipe_without_shell_expansion ... FAILED
[INFO] [stdout] test routes::stream::tests::bs4k_priority_takeover_releases_old_physical_channel ... FAILED
[INFO] [stdout] test tuner::manager::tests::fault_closes_existing_subscriber ... ok
[INFO] [stdout] test routes::stream::tests::same_bs4k_physical_channel_shares_one_tuner_process ... FAILED
[INFO] [stdout] test tuner::manager::tests::new_marks_missing_command_disabled ... ok
[INFO] [stdout] test routes::stream::tests::decoder_registry_shutdown_ends_body_without_stdin_eof ... FAILED
[INFO] [stdout] test routes::stream::tests::decoder_spawn_failure_releases_tuner_lease ... ok
[INFO] [stdout] test tuner::manager::tests::physical_channel_prefers_tuner_channels ... ok
[INFO] [stdout] test routes::stream::tests::decoder_exit_after_headers_is_a_clean_eof_without_lease_leak ... FAILED
[INFO] [stdout] test scan::tests::cancellation_before_read_select_registration_wakes_scan_immediately ... FAILED
[INFO] [stdout] test scan::tests::scan_lease_drop_after_expired_release_deadline_releases_once ... FAILED
[INFO] [stdout] test tuner::manager::tests::service_channel_uses_logical_target_and_mapping_wins_legacy_extension ... ok
[INFO] [stdout] test scan::tests::scan_lease_release_competes_with_stream_acquire_without_stopping_use ... FAILED
[INFO] [stdout] test scan::tests::scan_release_keeps_a_shared_http_process_alive ... FAILED
[INFO] [stdout] test scan::tests::scan_release_reclaims_a_single_tuner_before_the_next_target ... FAILED
[INFO] [stdout] test tuner::manager::tests::acquire_same_channel_shares ... FAILED
[INFO] [stdout] test tuner::manager::tests::stop_all_rejects_later_starts ... ok
[INFO] [stdout] test tuner::manager::tests::busy_and_spawn_failure_are_separate_errors ... FAILED
[INFO] [stdout] test tuner::manager::tests::fanout_overflow_is_counted_and_closes_subscriber ... FAILED
[INFO] [stdout] test tuner::manager::tests::fanout_two_subscribers_share_one_process ... FAILED
[INFO] [stdout] test tuner::manager::tests::higher_priority_request_takes_over_lower_priority_stream ... FAILED
[INFO] [stdout] test tuner::manager::tests::three_failures_become_fault ... ok
[INFO] [stdout] test tuner::manager::tests::release_hint_and_stop_if_idle_cleanup_without_leak ... FAILED
[INFO] [stdout] test tuner::manager::tests::poll_exit_respawns_on_clean_exit_with_demand ... FAILED
[INFO] [stdout] test tuner::manager::tests::final_release_keeps_process_for_three_second_grace_and_reuses_it ... FAILED
[INFO] [stdout] test tuner::manager::tests::poll_exit_does_not_respawn_after_release_during_wait ... FAILED
[INFO] [stdout] test tuner::process::tests::dvbv5_only_is_immediate_kill ... ok
[INFO] [stdout] test tuner::state::tests::only_idle_accepts_and_fault_needs_restart ... ok
[INFO] [stdout] test tuner::state::tests::state_strings_roundtrip ... ok
[INFO] [stdout] test tuner::process::tests::decoder_shutdown_serializes_drain_and_late_registration ... FAILED
[INFO] [stdout] test tuner::manager::tests::respawn_keeps_all_existing_subscribers ... FAILED
[INFO] [stdout] test scan::tests::overall_scan_timeout_waits_for_scanner_cleanup_before_reuse ... FAILED
[INFO] [stdout] test tuner::manager::tests::respawned_process_keeps_the_original_lease_generation ... FAILED
[INFO] [stdout] test tuner::manager::tests::shutdown_cannot_leave_a_racing_start_streaming ... ok
[INFO] [stdout] test tuner::manager::tests::sharing_candidate_only_for_same_phys_streaming ... FAILED
[INFO] [stdout] test tuner::manager::tests::stale_pump_chunks_are_not_delivered_after_takeover ... FAILED
[INFO] [stdout] test tuner::manager::tests::start_stop_with_sleep ... FAILED
[INFO] [stdout] test tuner::manager::tests::stop_all_stops_every_slot ... FAILED
[INFO] [stdout] test tuner::manager::tests::stop_if_idle_does_not_stop_a_concurrent_acquire ... FAILED
[INFO] [stdout] test tuner::manager::tests::subscription_rejects_a_stale_process_generation ... FAILED
[INFO] [stdout] 
[INFO] [stdout] failures:
[INFO] [stdout] 
[INFO] [stdout] ---- scan::tests::a_timed_out_scan_channel_releases_the_tuner_for_the_next_channel stdout ----
[INFO] [stdout] 
[INFO] [stdout] thread 'scan::tests::a_timed_out_scan_channel_releases_the_tuner_for_the_next_channel' (1117) panicked at src/scan.rs:2429:9:
[INFO] [stdout] next channel could not reuse tuner: Err("tuner is busy")
[INFO] [stdout] stack backtrace:
[INFO] [stdout]    0:     0x6475f9970041 - <<std[617be2ca0a6fd877]::sys::backtrace::BacktraceLock>::print::DisplayBacktrace as core[a373ad73a504971]::fmt::Display>::fmt
[INFO] [stdout]    1:     0x6475f9986d2a - core[a373ad73a504971]::fmt::write
[INFO] [stdout]    2:     0x6475f997492c - <alloc[2e1b2a31b91974c5]::vec::Vec<u8> as core[a373ad73a504971]::io::write::Write>::write_fmt
[INFO] [stdout]    3:     0x6475f9949ec6 - std[617be2ca0a6fd877]::panicking::default_hook::{closure#0}
[INFO] [stdout]    4:     0x6475f9967649 - std[617be2ca0a6fd877]::panicking::default_hook
[INFO] [stdout]    5:     0x6475f98afd10 - test[aada8e7e76ba119b]::test_main_inner::{closure#0}
[INFO] [stdout]    6:     0x6475f9967972 - std[617be2ca0a6fd877]::panicking::panic_with_hook
[INFO] [stdout]    7:     0x6475f9949f72 - std[617be2ca0a6fd877]::panicking::panic_handler::{closure#0}
[INFO] [stdout]    8:     0x6475f9942949 - std[617be2ca0a6fd877]::sys::backtrace::__rust_end_short_backtrace::<std[617be2ca0a6fd877]::panicking::panic_handler::{closure#0}, !>
[INFO] [stdout]    9:     0x6475f994ac6d - __rustc[ea4f61d10b84890b]::rust_begin_unwind
[INFO] [stdout]   10:     0x6475f99874cc - core[a373ad73a504971]::panicking::panic_fmt
[INFO] [stdout]   11:     0x6475f96fc5ee - hotarun[251e7e7a12e1ee24]::scan::tests::a_timed_out_scan_channel_releases_the_tuner_for_the_next_channel::{closure#0}
[INFO] [stdout]   12:     0x6475f9789873 - <tokio[54214f7e12147634]::runtime::scheduler::current_thread::Context>::enter::<core[a373ad73a504971]::task::poll::Poll<()>, <tokio[54214f7e12147634]::runtime::scheduler::current_thread::CoreGuard>::block_on<core[a373ad73a504971]::pin::Pin<&mut core[a373ad73a504971]::pin::Pin<&mut dyn core[a373ad73a504971]::future::future::Future<Output = ()>>>>::{closure#0}::{closure#0}>
[INFO] [stdout]   13:     0x6475f973897c - <tokio[54214f7e12147634]::runtime::context::scoped::Scoped<tokio[54214f7e12147634]::runtime::scheduler::Context>>::set::<<tokio[54214f7e12147634]::runtime::scheduler::current_thread::CoreGuard>::enter<<tokio[54214f7e12147634]::runtime::scheduler::current_thread::CoreGuard>::block_on<core[a373ad73a504971]::pin::Pin<&mut core[a373ad73a504971]::pin::Pin<&mut dyn core[a373ad73a504971]::future::future::Future<Output = ()>>>>::{closure#0}, core[a373ad73a504971]::option::Option<()>>::{closure#0}, (alloc[2e1b2a31b91974c5]::boxed::Box<tokio[54214f7e12147634]::runtime::scheduler::current_thread::Core>, core[a373ad73a504971]::option::Option<()>)>
[INFO] [stdout]   14:     0x6475f978813d - <tokio[54214f7e12147634]::runtime::scheduler::current_thread::CurrentThread>::block_on::<core[a373ad73a504971]::pin::Pin<&mut dyn core[a373ad73a504971]::future::future::Future<Output = ()>>>
[INFO] [stdout]   15:     0x6475f9831592 - <tokio[54214f7e12147634]::runtime::runtime::Runtime>::block_on::<core[a373ad73a504971]::pin::Pin<&mut dyn core[a373ad73a504971]::future::future::Future<Output = ()>>>
[INFO] [stdout]   16:     0x6475f970b4ee - <hotarun[251e7e7a12e1ee24]::scan::tests::a_timed_out_scan_channel_releases_the_tuner_for_the_next_channel::{closure#0} as core[a373ad73a504971]::ops::function::FnOnce<()>>::call_once
[INFO] [stdout]   17:     0x6475f98a315b - test[aada8e7e76ba119b]::__rust_begin_short_backtrace::<core[a373ad73a504971]::result::Result<(), alloc[2e1b2a31b91974c5]::string::String>, fn() -> core[a373ad73a504971]::result::Result<(), alloc[2e1b2a31b91974c5]::string::String>>
[INFO] [stdout]   18:     0x6475f98b0335 - test[aada8e7e76ba119b]::run_test::{closure#0}
[INFO] [stdout]   19:     0x6475f98a9c24 - std[617be2ca0a6fd877]::sys::backtrace::__rust_begin_short_backtrace::<test[aada8e7e76ba119b]::run_test::{closure#1}, ()>
[INFO] [stdout]   20:     0x6475f98b33c2 - <std[617be2ca0a6fd877]::thread::lifecycle::spawn_unchecked<test[aada8e7e76ba119b]::run_test::{closure#1}, ()>::{closure#1} as core[a373ad73a504971]::ops::function::FnOnce<()>>::call_once::{shim:vtable#0}
[INFO] [stdout]   21:     0x6475f996f31f - <std[617be2ca0a6fd877]::sys::thread::unix::Thread>::new::thread_start
[INFO] [stdout]   22:     0x717d32fb4dfa - <unknown>
[INFO] [stdout]   23:     0x717d330483d4 - clone
[INFO] [stdout]   24:                0x0 - <unknown>
[INFO] [stdout] 
[INFO] [stdout] ---- routes::stream::tests::bs4k_decode_zero_bypasses_configured_decoder stdout ----
[INFO] [stdout] 
[INFO] [stdout] thread 'routes::stream::tests::bs4k_decode_zero_bypasses_configured_decoder' (1082) panicked at src/routes/stream.rs:1319:10:
[INFO] [stdout] called `Result::unwrap()` on an `Err` value: ApiError { code: 500, reason: "failed to start tuner: tuner 0 spawn failed: No such file or directory (os error 2)", errors: [] }
[INFO] [stdout] stack backtrace:
[INFO] [stdout]    0:     0x6475f9970041 - <<std[617be2ca0a6fd877]::sys::backtrace::BacktraceLock>::print::DisplayBacktrace as core[a373ad73a504971]::fmt::Display>::fmt
[INFO] [stdout]    1:     0x6475f9986d2a - core[a373ad73a504971]::fmt::write
[INFO] [stdout]    2:     0x6475f997492c - <alloc[2e1b2a31b91974c5]::vec::Vec<u8> as core[a373ad73a504971]::io::write::Write>::write_fmt
[INFO] [stdout]    3:     0x6475f9949ec6 - std[617be2ca0a6fd877]::panicking::default_hook::{closure#0}
[INFO] [stdout]    4:     0x6475f9967649 - std[617be2ca0a6fd877]::panicking::default_hook
[INFO] [stdout]    5:     0x6475f98afd10 - test[aada8e7e76ba119b]::test_main_inner::{closure#0}
[INFO] [stdout]    6:     0x6475f9967972 - std[617be2ca0a6fd877]::panicking::panic_with_hook
[INFO] [stdout]    7:     0x6475f9949f72 - std[617be2ca0a6fd877]::panicking::panic_handler::{closure#0}
[INFO] [stdout]    8:     0x6475f9942949 - std[617be2ca0a6fd877]::sys::backtrace::__rust_end_short_backtrace::<std[617be2ca0a6fd877]::panicking::panic_handler::{closure#0}, !>
[INFO] [stdout]    9:     0x6475f994ac6d - __rustc[ea4f61d10b84890b]::rust_begin_unwind
[INFO] [stdout]   10:     0x6475f99874cc - core[a373ad73a504971]::panicking::panic_fmt
[INFO] [stdout]   11:     0x6475f99872a2 - core[a373ad73a504971]::result::unwrap_failed
[INFO] [stdout]   12:     0x6475f972b976 - hotarun[251e7e7a12e1ee24]::routes::stream::tests::bs4k_decode_zero_bypasses_configured_decoder::{closure#0}
[INFO] [stdout]   13:     0x6475f9789873 - <tokio[54214f7e12147634]::runtime::scheduler::current_thread::Context>::enter::<core[a373ad73a504971]::task::poll::Poll<()>, <tokio[54214f7e12147634]::runtime::scheduler::current_thread::CoreGuard>::block_on<core[a373ad73a504971]::pin::Pin<&mut core[a373ad73a504971]::pin::Pin<&mut dyn core[a373ad73a504971]::future::future::Future<Output = ()>>>>::{closure#0}::{closure#0}>
[INFO] [stdout]   14:     0x6475f973897c - <tokio[54214f7e12147634]::runtime::context::scoped::Scoped<tokio[54214f7e12147634]::runtime::scheduler::Context>>::set::<<tokio[54214f7e12147634]::runtime::scheduler::current_thread::CoreGuard>::enter<<tokio[54214f7e12147634]::runtime::scheduler::current_thread::CoreGuard>::block_on<core[a373ad73a504971]::pin::Pin<&mut core[a373ad73a504971]::pin::Pin<&mut dyn core[a373ad73a504971]::future::future::Future<Output = ()>>>>::{closure#0}, core[a373ad73a504971]::option::Option<()>>::{closure#0}, (alloc[2e1b2a31b91974c5]::boxed::Box<tokio[54214f7e12147634]::runtime::scheduler::current_thread::Core>, core[a373ad73a504971]::option::Option<()>)>
[INFO] [stdout]   15:     0x6475f978813d - <tokio[54214f7e12147634]::runtime::scheduler::current_thread::CurrentThread>::block_on::<core[a373ad73a504971]::pin::Pin<&mut dyn core[a373ad73a504971]::future::future::Future<Output = ()>>>
[INFO] [stdout]   16:     0x6475f9831592 - <tokio[54214f7e12147634]::runtime::runtime::Runtime>::block_on::<core[a373ad73a504971]::pin::Pin<&mut dyn core[a373ad73a504971]::future::future::Future<Output = ()>>>
[INFO] [stdout]   17:     0x6475f9735c8e - <hotarun[251e7e7a12e1ee24]::routes::stream::tests::bs4k_decode_zero_bypasses_configured_decoder::{closure#0} as core[a373ad73a504971]::ops::function::FnOnce<()>>::call_once
[INFO] [stdout]   18:     0x6475f98a315b - test[aada8e7e76ba119b]::__rust_begin_short_backtrace::<core[a373ad73a504971]::result::Result<(), alloc[2e1b2a31b91974c5]::string::String>, fn() -> core[a373ad73a504971]::result::Result<(), alloc[2e1b2a31b91974c5]::string::String>>
[INFO] [stdout]   19:     0x6475f98b0335 - test[aada8e7e76ba119b]::run_test::{closure#0}
[INFO] [stdout]   20:     0x6475f98a9c24 - std[617be2ca0a6fd877]::sys::backtrace::__rust_begin_short_backtrace::<test[aada8e7e76ba119b]::run_test::{closure#1}, ()>
[INFO] [stdout]   21:     0x6475f98b33c2 - <std[617be2ca0a6fd877]::thread::lifecycle::spawn_unchecked<test[aada8e7e76ba119b]::run_test::{closure#1}, ()>::{closure#1} as core[a373ad73a504971]::ops::function::FnOnce<()>>::call_once::{shim:vtable#0}
[INFO] [stdout]   22:     0x6475f996f31f - <std[617be2ca0a6fd877]::sys::thread::unix::Thread>::new::thread_start
[INFO] [stdout]   23:     0x717d32fb4dfa - <unknown>
[INFO] [stdout]   24:     0x717d330483d4 - clone
[INFO] [stdout]   25:                0x0 - <unknown>
[INFO] [stdout] 
[INFO] [stdout] ---- routes::stream::tests::bs4k_service_returns_same_tlv_without_ts_pid_filter stdout ----
[INFO] [stdout] 
[INFO] [stdout] thread 'routes::stream::tests::bs4k_service_returns_same_tlv_without_ts_pid_filter' (1085) panicked at src/routes/stream.rs:1338:10:
[INFO] [stdout] called `Result::unwrap()` on an `Err` value: ApiError { code: 500, reason: "failed to start tuner: tuner 0 spawn failed: No such file or directory (os error 2)", errors: [] }
[INFO] [stdout] stack backtrace:
[INFO] [stdout]    0:     0x6475f9970041 - <<std[617be2ca0a6fd877]::sys::backtrace::BacktraceLock>::print::DisplayBacktrace as core[a373ad73a504971]::fmt::Display>::fmt
[INFO] [stdout]    1:     0x6475f9986d2a - core[a373ad73a504971]::fmt::write
[INFO] [stdout]    2:     0x6475f997492c - <alloc[2e1b2a31b91974c5]::vec::Vec<u8> as core[a373ad73a504971]::io::write::Write>::write_fmt
[INFO] [stdout]    3:     0x6475f9949ec6 - std[617be2ca0a6fd877]::panicking::default_hook::{closure#0}
[INFO] [stdout]    4:     0x6475f9967649 - std[617be2ca0a6fd877]::panicking::default_hook
[INFO] [stdout]    5:     0x6475f98afd10 - test[aada8e7e76ba119b]::test_main_inner::{closure#0}
[INFO] [stdout]    6:     0x6475f9967972 - std[617be2ca0a6fd877]::panicking::panic_with_hook
[INFO] [stdout]    7:     0x6475f9949f72 - std[617be2ca0a6fd877]::panicking::panic_handler::{closure#0}
[INFO] [stdout]    8:     0x6475f9942949 - std[617be2ca0a6fd877]::sys::backtrace::__rust_end_short_backtrace::<std[617be2ca0a6fd877]::panicking::panic_handler::{closure#0}, !>
[INFO] [stdout]    9:     0x6475f994ac6d - __rustc[ea4f61d10b84890b]::rust_begin_unwind
[INFO] [stdout]   10:     0x6475f99874cc - core[a373ad73a504971]::panicking::panic_fmt
[INFO] [stdout]   11:     0x6475f99872a2 - core[a373ad73a504971]::result::unwrap_failed
[INFO] [stdout]   12:     0x6475f972c0a7 - hotarun[251e7e7a12e1ee24]::routes::stream::tests::bs4k_service_returns_same_tlv_without_ts_pid_filter::{closure#0}
[INFO] [stdout]   13:     0x6475f9789873 - <tokio[54214f7e12147634]::runtime::scheduler::current_thread::Context>::enter::<core[a373ad73a504971]::task::poll::Poll<()>, <tokio[54214f7e12147634]::runtime::scheduler::current_thread::CoreGuard>::block_on<core[a373ad73a504971]::pin::Pin<&mut core[a373ad73a504971]::pin::Pin<&mut dyn core[a373ad73a504971]::future::future::Future<Output = ()>>>>::{closure#0}::{closure#0}>
[INFO] [stdout]   14:     0x6475f973897c - <tokio[54214f7e12147634]::runtime::context::scoped::Scoped<tokio[54214f7e12147634]::runtime::scheduler::Context>>::set::<<tokio[54214f7e12147634]::runtime::scheduler::current_thread::CoreGuard>::enter<<tokio[54214f7e12147634]::runtime::scheduler::current_thread::CoreGuard>::block_on<core[a373ad73a504971]::pin::Pin<&mut core[a373ad73a504971]::pin::Pin<&mut dyn core[a373ad73a504971]::future::future::Future<Output = ()>>>>::{closure#0}, core[a373ad73a504971]::option::Option<()>>::{closure#0}, (alloc[2e1b2a31b91974c5]::boxed::Box<tokio[54214f7e12147634]::runtime::scheduler::current_thread::Core>, core[a373ad73a504971]::option::Option<()>)>
[INFO] [stdout]   15:     0x6475f978813d - <tokio[54214f7e12147634]::runtime::scheduler::current_thread::CurrentThread>::block_on::<core[a373ad73a504971]::pin::Pin<&mut dyn core[a373ad73a504971]::future::future::Future<Output = ()>>>
[INFO] [stdout]   16:     0x6475f9831592 - <tokio[54214f7e12147634]::runtime::runtime::Runtime>::block_on::<core[a373ad73a504971]::pin::Pin<&mut dyn core[a373ad73a504971]::future::future::Future<Output = ()>>>
[INFO] [stdout]   17:     0x6475f973673e - <hotarun[251e7e7a12e1ee24]::routes::stream::tests::bs4k_service_returns_same_tlv_without_ts_pid_filter::{closure#0} as core[a373ad73a504971]::ops::function::FnOnce<()>>::call_once
[INFO] [stdout]   18:     0x6475f98a315b - test[aada8e7e76ba119b]::__rust_begin_short_backtrace::<core[a373ad73a504971]::result::Result<(), alloc[2e1b2a31b91974c5]::string::String>, fn() -> core[a373ad73a504971]::result::Result<(), alloc[2e1b2a31b91974c5]::string::String>>
[INFO] [stdout]   19:     0x6475f98b0335 - test[aada8e7e76ba119b]::run_test::{closure#0}
[INFO] [stdout]   20:     0x6475f98a9c24 - std[617be2ca0a6fd877]::sys::backtrace::__rust_begin_short_backtrace::<test[aada8e7e76ba119b]::run_test::{closure#1}, ()>
[INFO] [stdout]   21:     0x6475f98b33c2 - <std[617be2ca0a6fd877]::thread::lifecycle::spawn_unchecked<test[aada8e7e76ba119b]::run_test::{closure#1}, ()>::{closure#1} as core[a373ad73a504971]::ops::function::FnOnce<()>>::call_once::{shim:vtable#0}
[INFO] [stdout]   22:     0x6475f996f31f - <std[617be2ca0a6fd877]::sys::thread::unix::Thread>::new::thread_start
[INFO] [stdout]   23:     0x717d32fb4dfa - <unknown>
[INFO] [stdout]   24:     0x717d330483d4 - clone
[INFO] [stdout]   25:                0x0 - <unknown>
[INFO] [stdout] 
[INFO] [stdout] ---- routes::stream::tests::bs4k_channel_passthrough_keeps_tlv_bytes_and_resolves_physical_channel stdout ----
[INFO] [stdout] 
[INFO] [stdout] thread 'routes::stream::tests::bs4k_channel_passthrough_keeps_tlv_bytes_and_resolves_physical_channel' (1081) panicked at src/routes/stream.rs:1276:10:
[INFO] [stdout] called `Result::unwrap()` on an `Err` value: ApiError { code: 500, reason: "failed to start tuner: tuner 0 spawn failed: No such file or directory (os error 2)", errors: [] }
[INFO] [stdout] stack backtrace:
[INFO] [stdout]    0:     0x6475f9970041 - <<std[617be2ca0a6fd877]::sys::backtrace::BacktraceLock>::print::DisplayBacktrace as core[a373ad73a504971]::fmt::Display>::fmt
[INFO] [stdout]    1:     0x6475f9986d2a - core[a373ad73a504971]::fmt::write
[INFO] [stdout]    2:     0x6475f997492c - <alloc[2e1b2a31b91974c5]::vec::Vec<u8> as core[a373ad73a504971]::io::write::Write>::write_fmt
[INFO] [stdout]    3:     0x6475f9949ec6 - std[617be2ca0a6fd877]::panicking::default_hook::{closure#0}
[INFO] [stdout]    4:     0x6475f9967649 - std[617be2ca0a6fd877]::panicking::default_hook
[INFO] [stdout]    5:     0x6475f98afd10 - test[aada8e7e76ba119b]::test_main_inner::{closure#0}
[INFO] [stdout]    6:     0x6475f9967972 - std[617be2ca0a6fd877]::panicking::panic_with_hook
[INFO] [stdout]    7:     0x6475f9949f72 - std[617be2ca0a6fd877]::panicking::panic_handler::{closure#0}
[INFO] [stdout]    8:     0x6475f9942949 - std[617be2ca0a6fd877]::sys::backtrace::__rust_end_short_backtrace::<std[617be2ca0a6fd877]::panicking::panic_handler::{closure#0}, !>
[INFO] [stdout]    9:     0x6475f994ac6d - __rustc[ea4f61d10b84890b]::rust_begin_unwind
[INFO] [stdout]   10:     0x6475f99874cc - core[a373ad73a504971]::panicking::panic_fmt
[INFO] [stdout]   11:     0x6475f99872a2 - core[a373ad73a504971]::result::unwrap_failed
[INFO] [stdout]   12:     0x6475f9732fda - hotarun[251e7e7a12e1ee24]::routes::stream::tests::bs4k_channel_passthrough_keeps_tlv_bytes_and_resolves_physical_channel::{closure#0}
[INFO] [stdout]   13:     0x6475f9789873 - <tokio[54214f7e12147634]::runtime::scheduler::current_thread::Context>::enter::<core[a373ad73a504971]::task::poll::Poll<()>, <tokio[54214f7e12147634]::runtime::scheduler::current_thread::CoreGuard>::block_on<core[a373ad73a504971]::pin::Pin<&mut core[a373ad73a504971]::pin::Pin<&mut dyn core[a373ad73a504971]::future::future::Future<Output = ()>>>>::{closure#0}::{closure#0}>
[INFO] [stdout]   14:     0x6475f973897c - <tokio[54214f7e12147634]::runtime::context::scoped::Scoped<tokio[54214f7e12147634]::runtime::scheduler::Context>>::set::<<tokio[54214f7e12147634]::runtime::scheduler::current_thread::CoreGuard>::enter<<tokio[54214f7e12147634]::runtime::scheduler::current_thread::CoreGuard>::block_on<core[a373ad73a504971]::pin::Pin<&mut core[a373ad73a504971]::pin::Pin<&mut dyn core[a373ad73a504971]::future::future::Future<Output = ()>>>>::{closure#0}, core[a373ad73a504971]::option::Option<()>>::{closure#0}, (alloc[2e1b2a31b91974c5]::boxed::Box<tokio[54214f7e12147634]::runtime::scheduler::current_thread::Core>, core[a373ad73a504971]::option::Option<()>)>
[INFO] [stdout]   15:     0x6475f978813d - <tokio[54214f7e12147634]::runtime::scheduler::current_thread::CurrentThread>::block_on::<core[a373ad73a504971]::pin::Pin<&mut dyn core[a373ad73a504971]::future::future::Future<Output = ()>>>
[INFO] [stdout]   16:     0x6475f9831592 - <tokio[54214f7e12147634]::runtime::runtime::Runtime>::block_on::<core[a373ad73a504971]::pin::Pin<&mut dyn core[a373ad73a504971]::future::future::Future<Output = ()>>>
[INFO] [stdout]   17:     0x6475f97386ae - <hotarun[251e7e7a12e1ee24]::routes::stream::tests::bs4k_channel_passthrough_keeps_tlv_bytes_and_resolves_physical_channel::{closure#0} as core[a373ad73a504971]::ops::function::FnOnce<()>>::call_once
[INFO] [stdout]   18:     0x6475f98a315b - test[aada8e7e76ba119b]::__rust_begin_short_backtrace::<core[a373ad73a504971]::result::Result<(), alloc[2e1b2a31b91974c5]::string::String>, fn() -> core[a373ad73a504971]::result::Result<(), alloc[2e1b2a31b91974c5]::string::String>>
[INFO] [stdout]   19:     0x6475f98b0335 - test[aada8e7e76ba119b]::run_test::{closure#0}
[INFO] [stdout]   20:     0x6475f98a9c24 - std[617be2ca0a6fd877]::sys::backtrace::__rust_begin_short_backtrace::<test[aada8e7e76ba119b]::run_test::{closure#1}, ()>
[INFO] [stdout]   21:     0x6475f98b33c2 - <std[617be2ca0a6fd877]::thread::lifecycle::spawn_unchecked<test[aada8e7e76ba119b]::run_test::{closure#1}, ()>::{closure#1} as core[a373ad73a504971]::ops::function::FnOnce<()>>::call_once::{shim:vtable#0}
[INFO] [stdout]   22:     0x6475f996f31f - <std[617be2ca0a6fd877]::sys::thread::unix::Thread>::new::thread_start
[INFO] [stdout]   23:     0x717d32fb4dfa - <unknown>
[INFO] [stdout]   24:     0x717d330483d4 - clone
[INFO] [stdout]   25:                0x0 - <unknown>
[INFO] [stdout] 
[INFO] [stdout] ---- routes::stream::tests::bs4k_decoder_is_a_per_request_pipe_without_shell_expansion stdout ----
[INFO] [stdout] 
[INFO] [stdout] thread 'routes::stream::tests::bs4k_decoder_is_a_per_request_pipe_without_shell_expansion' (1083) panicked at src/routes/stream.rs:1299:10:
[INFO] [stdout] called `Result::unwrap()` on an `Err` value: ApiError { code: 500, reason: "failed to start tuner: tuner 0 spawn failed: No such file or directory (os error 2)", errors: [] }
[INFO] [stdout] stack backtrace:
[INFO] [stdout]    0:     0x6475f9970041 - <<std[617be2ca0a6fd877]::sys::backtrace::BacktraceLock>::print::DisplayBacktrace as core[a373ad73a504971]::fmt::Display>::fmt
[INFO] [stdout]    1:     0x6475f9986d2a - core[a373ad73a504971]::fmt::write
[INFO] [stdout]    2:     0x6475f997492c - <alloc[2e1b2a31b91974c5]::vec::Vec<u8> as core[a373ad73a504971]::io::write::Write>::write_fmt
[INFO] [stdout]    3:     0x6475f9949ec6 - std[617be2ca0a6fd877]::panicking::default_hook::{closure#0}
[INFO] [stdout]    4:     0x6475f9967649 - std[617be2ca0a6fd877]::panicking::default_hook
[INFO] [stdout]    5:     0x6475f98afd10 - test[aada8e7e76ba119b]::test_main_inner::{closure#0}
[INFO] [stdout]    6:     0x6475f9967972 - std[617be2ca0a6fd877]::panicking::panic_with_hook
[INFO] [stdout]    7:     0x6475f9949f72 - std[617be2ca0a6fd877]::panicking::panic_handler::{closure#0}
[INFO] [stdout]    8:     0x6475f9942949 - std[617be2ca0a6fd877]::sys::backtrace::__rust_end_short_backtrace::<std[617be2ca0a6fd877]::panicking::panic_handler::{closure#0}, !>
[INFO] [stdout]    9:     0x6475f994ac6d - __rustc[ea4f61d10b84890b]::rust_begin_unwind
[INFO] [stdout]   10:     0x6475f99874cc - core[a373ad73a504971]::panicking::panic_fmt
[INFO] [stdout]   11:     0x6475f99872a2 - core[a373ad73a504971]::result::unwrap_failed
[INFO] [stdout]   12:     0x6475f97319eb - hotarun[251e7e7a12e1ee24]::routes::stream::tests::bs4k_decoder_is_a_per_request_pipe_without_shell_expansion::{closure#0}
[INFO] [stdout]   13:     0x6475f9789873 - <tokio[54214f7e12147634]::runtime::scheduler::current_thread::Context>::enter::<core[a373ad73a504971]::task::poll::Poll<()>, <tokio[54214f7e12147634]::runtime::scheduler::current_thread::CoreGuard>::block_on<core[a373ad73a504971]::pin::Pin<&mut core[a373ad73a504971]::pin::Pin<&mut dyn core[a373ad73a504971]::future::future::Future<Output = ()>>>>::{closure#0}::{closure#0}>
[INFO] [stdout]   14:     0x6475f973897c - <tokio[54214f7e12147634]::runtime::context::scoped::Scoped<tokio[54214f7e12147634]::runtime::scheduler::Context>>::set::<<tokio[54214f7e12147634]::runtime::scheduler::current_thread::CoreGuard>::enter<<tokio[54214f7e12147634]::runtime::scheduler::current_thread::CoreGuard>::block_on<core[a373ad73a504971]::pin::Pin<&mut core[a373ad73a504971]::pin::Pin<&mut dyn core[a373ad73a504971]::future::future::Future<Output = ()>>>>::{closure#0}, core[a373ad73a504971]::option::Option<()>>::{closure#0}, (alloc[2e1b2a31b91974c5]::boxed::Box<tokio[54214f7e12147634]::runtime::scheduler::current_thread::Core>, core[a373ad73a504971]::option::Option<()>)>
[INFO] [stdout]   15:     0x6475f978813d - <tokio[54214f7e12147634]::runtime::scheduler::current_thread::CurrentThread>::block_on::<core[a373ad73a504971]::pin::Pin<&mut dyn core[a373ad73a504971]::future::future::Future<Output = ()>>>
[INFO] [stdout]   16:     0x6475f9831592 - <tokio[54214f7e12147634]::runtime::runtime::Runtime>::block_on::<core[a373ad73a504971]::pin::Pin<&mut dyn core[a373ad73a504971]::future::future::Future<Output = ()>>>
[INFO] [stdout]   17:     0x6475f9737b1e - <hotarun[251e7e7a12e1ee24]::routes::stream::tests::bs4k_decoder_is_a_per_request_pipe_without_shell_expansion::{closure#0} as core[a373ad73a504971]::ops::function::FnOnce<()>>::call_once
[INFO] [stdout]   18:     0x6475f98a315b - test[aada8e7e76ba119b]::__rust_begin_short_backtrace::<core[a373ad73a504971]::result::Result<(), alloc[2e1b2a31b91974c5]::string::String>, fn() -> core[a373ad73a504971]::result::Result<(), alloc[2e1b2a31b91974c5]::string::String>>
[INFO] [stdout]   19:     0x6475f98b0335 - test[aada8e7e76ba119b]::run_test::{closure#0}
[INFO] [stdout]   20:     0x6475f98a9c24 - std[617be2ca0a6fd877]::sys::backtrace::__rust_begin_short_backtrace::<test[aada8e7e76ba119b]::run_test::{closure#1}, ()>
[INFO] [stdout]   21:     0x6475f98b33c2 - <std[617be2ca0a6fd877]::thread::lifecycle::spawn_unchecked<test[aada8e7e76ba119b]::run_test::{closure#1}, ()>::{closure#1} as core[a373ad73a504971]::ops::function::FnOnce<()>>::call_once::{shim:vtable#0}
[INFO] [stdout]   22:     0x6475f996f31f - <std[617be2ca0a6fd877]::sys::thread::unix::Thread>::new::thread_start
[INFO] [stdout]   23:     0x717d32fb4dfa - <unknown>
[INFO] [stdout]   24:     0x717d330483d4 - clone
[INFO] [stdout]   25:                0x0 - <unknown>
[INFO] [stdout] 
[INFO] [stdout] ---- routes::stream::tests::bs4k_priority_takeover_releases_old_physical_channel stdout ----
[INFO] [stdout] 
[INFO] [stdout] thread 'routes::stream::tests::bs4k_priority_takeover_releases_old_physical_channel' (1084) panicked at src/routes/stream.rs:1546:18:
[INFO] [stdout] called `Result::unwrap()` on an `Err` value: ApiError { code: 500, reason: "failed to start tuner: tuner 0 spawn failed: No such file or directory (os error 2)", errors: [] }
[INFO] [stdout] stack backtrace:
[INFO] [stdout]    0:     0x6475f9970041 - <<std[617be2ca0a6fd877]::sys::backtrace::BacktraceLock>::print::DisplayBacktrace as core[a373ad73a504971]::fmt::Display>::fmt
[INFO] [stdout]    1:     0x6475f9986d2a - core[a373ad73a504971]::fmt::write
[INFO] [stdout]    2:     0x6475f997492c - <alloc[2e1b2a31b91974c5]::vec::Vec<u8> as core[a373ad73a504971]::io::write::Write>::write_fmt
[INFO] [stdout]    3:     0x6475f9949ec6 - std[617be2ca0a6fd877]::panicking::default_hook::{closure#0}
[INFO] [stdout]    4:     0x6475f9967649 - std[617be2ca0a6fd877]::panicking::default_hook
[INFO] [stdout]    5:     0x6475f98afd10 - test[aada8e7e76ba119b]::test_main_inner::{closure#0}
[INFO] [stdout]    6:     0x6475f9967972 - std[617be2ca0a6fd877]::panicking::panic_with_hook
[INFO] [stdout]    7:     0x6475f9949f72 - std[617be2ca0a6fd877]::panicking::panic_handler::{closure#0}
[INFO] [stdout]    8:     0x6475f9942949 - std[617be2ca0a6fd877]::sys::backtrace::__rust_end_short_backtrace::<std[617be2ca0a6fd877]::panicking::panic_handler::{closure#0}, !>
[INFO] [stdout]    9:     0x6475f994ac6d - __rustc[ea4f61d10b84890b]::rust_begin_unwind
[INFO] [stdout]   10:     0x6475f99874cc - core[a373ad73a504971]::panicking::panic_fmt
[INFO] [stdout]   11:     0x6475f99872a2 - core[a373ad73a504971]::result::unwrap_failed
[INFO] [stdout]   12:     0x6475f972e6ee - hotarun[251e7e7a12e1ee24]::routes::stream::tests::bs4k_priority_takeover_releases_old_physical_channel::{closure#0}
[INFO] [stdout]   13:     0x6475f9789873 - <tokio[54214f7e12147634]::runtime::scheduler::current_thread::Context>::enter::<core[a373ad73a504971]::task::poll::Poll<()>, <tokio[54214f7e12147634]::runtime::scheduler::current_thread::CoreGuard>::block_on<core[a373ad73a504971]::pin::Pin<&mut core[a373ad73a504971]::pin::Pin<&mut dyn core[a373ad73a504971]::future::future::Future<Output = ()>>>>::{closure#0}::{closure#0}>
[INFO] [stdout]   14:     0x6475f973897c - <tokio[54214f7e12147634]::runtime::context::scoped::Scoped<tokio[54214f7e12147634]::runtime::scheduler::Context>>::set::<<tokio[54214f7e12147634]::runtime::scheduler::current_thread::CoreGuard>::enter<<tokio[54214f7e12147634]::runtime::scheduler::current_thread::CoreGuard>::block_on<core[a373ad73a504971]::pin::Pin<&mut core[a373ad73a504971]::pin::Pin<&mut dyn core[a373ad73a504971]::future::future::Future<Output = ()>>>>::{closure#0}, core[a373ad73a504971]::option::Option<()>>::{closure#0}, (alloc[2e1b2a31b91974c5]::boxed::Box<tokio[54214f7e12147634]::runtime::scheduler::current_thread::Core>, core[a373ad73a504971]::option::Option<()>)>
[INFO] [stdout]   15:     0x6475f978813d - <tokio[54214f7e12147634]::runtime::scheduler::current_thread::CurrentThread>::block_on::<core[a373ad73a504971]::pin::Pin<&mut dyn core[a373ad73a504971]::future::future::Future<Output = ()>>>
[INFO] [stdout]   16:     0x6475f9831592 - <tokio[54214f7e12147634]::runtime::runtime::Runtime>::block_on::<core[a373ad73a504971]::pin::Pin<&mut dyn core[a373ad73a504971]::future::future::Future<Output = ()>>>
[INFO] [stdout]   17:     0x6475f9736b5e - <hotarun[251e7e7a12e1ee24]::routes::stream::tests::bs4k_priority_takeover_releases_old_physical_channel::{closure#0} as core[a373ad73a504971]::ops::function::FnOnce<()>>::call_once
[INFO] [stdout]   18:     0x6475f98a315b - test[aada8e7e76ba119b]::__rust_begin_short_backtrace::<core[a373ad73a504971]::result::Result<(), alloc[2e1b2a31b91974c5]::string::String>, fn() -> core[a373ad73a504971]::result::Result<(), alloc[2e1b2a31b91974c5]::string::String>>
[INFO] [stdout]   19:     0x6475f98b0335 - test[aada8e7e76ba119b]::run_test::{closure#0}
[INFO] [stdout]   20:     0x6475f98a9c24 - std[617be2ca0a6fd877]::sys::backtrace::__rust_begin_short_backtrace::<test[aada8e7e76ba119b]::run_test::{closure#1}, ()>
[INFO] [stdout]   21:     0x6475f98b33c2 - <std[617be2ca0a6fd877]::thread::lifecycle::spawn_unchecked<test[aada8e7e76ba119b]::run_test::{closure#1}, ()>::{closure#1} as core[a373ad73a504971]::ops::function::FnOnce<()>>::call_once::{shim:vtable#0}
[INFO] [stdout]   22:     0x6475f996f31f - <std[617be2ca0a6fd877]::sys::thread::unix::Thread>::new::thread_start
[INFO] [stdout]   23:     0x717d32fb4dfa - <unknown>
[INFO] [stdout]   24:     0x717d330483d4 - clone
[INFO] [stdout]   25:                0x0 - <unknown>
[INFO] [stdout] 
[INFO] [stdout] ---- routes::stream::tests::same_bs4k_physical_channel_shares_one_tuner_process stdout ----
[INFO] [stdout] 
[INFO] [stdout] thread 'routes::stream::tests::same_bs4k_physical_channel_shares_one_tuner_process' (1102) panicked at src/routes/stream.rs:1350:14:
[INFO] [stdout] called `Result::unwrap()` on an `Err` value: ApiError { code: 500, reason: "failed to start tuner: tuner 0 spawn failed: No such file or directory (os error 2)", errors: [] }
[INFO] [stdout] stack backtrace:
[INFO] [stdout]    0:     0x6475f9970041 - <<std[617be2ca0a6fd877]::sys::backtrace::BacktraceLock>::print::DisplayBacktrace as core[a373ad73a504971]::fmt::Display>::fmt
[INFO] [stdout]    1:     0x6475f9986d2a - core[a373ad73a504971]::fmt::write
[INFO] [stdout]    2:     0x6475f997492c - <alloc[2e1b2a31b91974c5]::vec::Vec<u8> as core[a373ad73a504971]::io::write::Write>::write_fmt
[INFO] [stdout]    3:     0x6475f9949ec6 - std[617be2ca0a6fd877]::panicking::default_hook::{closure#0}
[INFO] [stdout]    4:     0x6475f9967649 - std[617be2ca0a6fd877]::panicking::default_hook
[INFO] [stdout]    5:     0x6475f98afd10 - test[aada8e7e76ba119b]::test_main_inner::{closure#0}
[INFO] [stdout]    6:     0x6475f9967972 - std[617be2ca0a6fd877]::panicking::panic_with_hook
[INFO] [stdout]    7:     0x6475f9949f72 - std[617be2ca0a6fd877]::panicking::panic_handler::{closure#0}
[INFO] [stdout]    8:     0x6475f9942949 - std[617be2ca0a6fd877]::sys::backtrace::__rust_end_short_backtrace::<std[617be2ca0a6fd877]::panicking::panic_handler::{closure#0}, !>
[INFO] [stdout]    9:     0x6475f994ac6d - __rustc[ea4f61d10b84890b]::rust_begin_unwind
[INFO] [stdout]   10:     0x6475f99874cc - core[a373ad73a504971]::panicking::panic_fmt
[INFO] [stdout]   11:     0x6475f99872a2 - core[a373ad73a504971]::result::unwrap_failed
[INFO] [stdout]   12:     0x6475f972d3ad - hotarun[251e7e7a12e1ee24]::routes::stream::tests::same_bs4k_physical_channel_shares_one_tuner_process::{closure#0}
[INFO] [stdout]   13:     0x6475f9789873 - <tokio[54214f7e12147634]::runtime::scheduler::current_thread::Context>::enter::<core[a373ad73a504971]::task::poll::Poll<()>, <tokio[54214f7e12147634]::runtime::scheduler::current_thread::CoreGuard>::block_on<core[a373ad73a504971]::pin::Pin<&mut core[a373ad73a504971]::pin::Pin<&mut dyn core[a373ad73a504971]::future::future::Future<Output = ()>>>>::{closure#0}::{closure#0}>
[INFO] [stdout]   14:     0x6475f973897c - <tokio[54214f7e12147634]::runtime::context::scoped::Scoped<tokio[54214f7e12147634]::runtime::scheduler::Context>>::set::<<tokio[54214f7e12147634]::runtime::scheduler::current_thread::CoreGuard>::enter<<tokio[54214f7e12147634]::runtime::scheduler::current_thread::CoreGuard>::block_on<core[a373ad73a504971]::pin::Pin<&mut core[a373ad73a504971]::pin::Pin<&mut dyn core[a373ad73a504971]::future::future::Future<Output = ()>>>>::{closure#0}, core[a373ad73a504971]::option::Option<()>>::{closure#0}, (alloc[2e1b2a31b91974c5]::boxed::Box<tokio[54214f7e12147634]::runtime::scheduler::current_thread::Core>, core[a373ad73a504971]::option::Option<()>)>
[INFO] [stdout]   15:     0x6475f978813d - <tokio[54214f7e12147634]::runtime::scheduler::current_thread::CurrentThread>::block_on::<core[a373ad73a504971]::pin::Pin<&mut dyn core[a373ad73a504971]::future::future::Future<Output = ()>>>
[INFO] [stdout]   16:     0x6475f9831592 - <tokio[54214f7e12147634]::runtime::runtime::Runtime>::block_on::<core[a373ad73a504971]::pin::Pin<&mut dyn core[a373ad73a504971]::future::future::Future<Output = ()>>>
[INFO] [stdout]   17:     0x6475f97369fe - <hotarun[251e7e7a12e1ee24]::routes::stream::tests::same_bs4k_physical_channel_shares_one_tuner_process::{closure#0} as core[a373ad73a504971]::ops::function::FnOnce<()>>::call_once
[INFO] [stdout]   18:     0x6475f98a315b - test[aada8e7e76ba119b]::__rust_begin_short_backtrace::<core[a373ad73a504971]::result::Result<(), alloc[2e1b2a31b91974c5]::string::String>, fn() -> core[a373ad73a504971]::result::Result<(), alloc[2e1b2a31b91974c5]::string::String>>
[INFO] [stdout]   19:     0x6475f98b0335 - test[aada8e7e76ba119b]::run_test::{closure#0}
[INFO] [stdout]   20:     0x6475f98a9c24 - std[617be2ca0a6fd877]::sys::backtrace::__rust_begin_short_backtrace::<test[aada8e7e76ba119b]::run_test::{closure#1}, ()>
[INFO] [stdout]   21:     0x6475f98b33c2 - <std[617be2ca0a6fd877]::thread::lifecycle::spawn_unchecked<test[aada8e7e76ba119b]::run_test::{closure#1}, ()>::{closure#1} as core[a373ad73a504971]::ops::function::FnOnce<()>>::call_once::{shim:vtable#0}
[INFO] [stdout]   22:     0x6475f996f31f - <std[617be2ca0a6fd877]::sys::thread::unix::Thread>::new::thread_start
[INFO] [stdout]   23:     0x717d32fb4dfa - <unknown>
[INFO] [stdout]   24:     0x717d330483d4 - clone
[INFO] [stdout]   25:                0x0 - <unknown>
[INFO] [stdout] 
[INFO] [stdout] ---- routes::stream::tests::decoder_registry_shutdown_ends_body_without_stdin_eof stdout ----
[INFO] [stdout] 
[INFO] [stdout] thread 'routes::stream::tests::decoder_registry_shutdown_ends_body_without_stdin_eof' (1095) panicked at src/routes/stream.rs:1470:10:
[INFO] [stdout] called `Result::unwrap()` on an `Err` value: ApiError { code: 500, reason: "failed to start tuner: tuner 0 spawn failed: No such file or directory (os error 2)", errors: [] }
[INFO] [stdout] stack backtrace:
[INFO] [stdout]    0:     0x6475f9970041 - <<std[617be2ca0a6fd877]::sys::backtrace::BacktraceLock>::print::DisplayBacktrace as core[a373ad73a504971]::fmt::Display>::fmt
[INFO] [stdout]    1:     0x6475f9986d2a - core[a373ad73a504971]::fmt::write
[INFO] [stdout]    2:     0x6475f997492c - <alloc[2e1b2a31b91974c5]::vec::Vec<u8> as core[a373ad73a504971]::io::write::Write>::write_fmt
[INFO] [stdout]    3:     0x6475f9949ec6 - std[617be2ca0a6fd877]::panicking::default_hook::{closure#0}
[INFO] [stdout]    4:     0x6475f9967649 - std[617be2ca0a6fd877]::panicking::default_hook
[INFO] [stdout]    5:     0x6475f98afd10 - test[aada8e7e76ba119b]::test_main_inner::{closure#0}
[INFO] [stdout]    6:     0x6475f9967972 - std[617be2ca0a6fd877]::panicking::panic_with_hook
[INFO] [stdout]    7:     0x6475f9949f72 - std[617be2ca0a6fd877]::panicking::panic_handler::{closure#0}
[INFO] [stdout]    8:     0x6475f9942949 - std[617be2ca0a6fd877]::sys::backtrace::__rust_end_short_backtrace::<std[617be2ca0a6fd877]::panicking::panic_handler::{closure#0}, !>
[INFO] [stdout]    9:     0x6475f994ac6d - __rustc[ea4f61d10b84890b]::rust_begin_unwind
[INFO] [stdout]   10:     0x6475f99874cc - core[a373ad73a504971]::panicking::panic_fmt
[INFO] [stdout]   11:     0x6475f99872a2 - core[a373ad73a504971]::result::unwrap_failed
[INFO] [stdout]   12:     0x6475f972f554 - hotarun[251e7e7a12e1ee24]::routes::stream::tests::decoder_registry_shutdown_ends_body_without_stdin_eof::{closure#0}
[INFO] [stdout]   13:     0x6475f9789873 - <tokio[54214f7e12147634]::runtime::scheduler::current_thread::Context>::enter::<core[a373ad73a504971]::task::poll::Poll<()>, <tokio[54214f7e12147634]::runtime::scheduler::current_thread::CoreGuard>::block_on<core[a373ad73a504971]::pin::Pin<&mut core[a373ad73a504971]::pin::Pin<&mut dyn core[a373ad73a504971]::future::future::Future<Output = ()>>>>::{closure#0}::{closure#0}>
[INFO] [stdout]   14:     0x6475f973897c - <tokio[54214f7e12147634]::runtime::context::scoped::Scoped<tokio[54214f7e12147634]::runtime::scheduler::Context>>::set::<<tokio[54214f7e12147634]::runtime::scheduler::current_thread::CoreGuard>::enter<<tokio[54214f7e12147634]::runtime::scheduler::current_thread::CoreGuard>::block_on<core[a373ad73a504971]::pin::Pin<&mut core[a373ad73a504971]::pin::Pin<&mut dyn core[a373ad73a504971]::future::future::Future<Output = ()>>>>::{closure#0}, core[a373ad73a504971]::option::Option<()>>::{closure#0}, (alloc[2e1b2a31b91974c5]::boxed::Box<tokio[54214f7e12147634]::runtime::scheduler::current_thread::Core>, core[a373ad73a504971]::option::Option<()>)>
[INFO] [stdout]   15:     0x6475f978813d - <tokio[54214f7e12147634]::runtime::scheduler::current_thread::CurrentThread>::block_on::<core[a373ad73a504971]::pin::Pin<&mut dyn core[a373ad73a504971]::future::future::Future<Output = ()>>>
[INFO] [stdout]   16:     0x6475f9831592 - <tokio[54214f7e12147634]::runtime::runtime::Runtime>::block_on::<core[a373ad73a504971]::pin::Pin<&mut dyn core[a373ad73a504971]::future::future::Future<Output = ()>>>
[INFO] [stdout]   17:     0x6475f973785e - <hotarun[251e7e7a12e1ee24]::routes::stream::tests::decoder_registry_shutdown_ends_body_without_stdin_eof::{closure#0} as core[a373ad73a504971]::ops::function::FnOnce<()>>::call_once
[INFO] [stdout]   18:     0x6475f98a315b - test[aada8e7e76ba119b]::__rust_begin_short_backtrace::<core[a373ad73a504971]::result::Result<(), alloc[2e1b2a31b91974c5]::string::String>, fn() -> core[a373ad73a504971]::result::Result<(), alloc[2e1b2a31b91974c5]::string::String>>
[INFO] [stdout]   19:     0x6475f98b0335 - test[aada8e7e76ba119b]::run_test::{closure#0}
[INFO] [stdout]   20:     0x6475f98a9c24 - std[617be2ca0a6fd877]::sys::backtrace::__rust_begin_short_backtrace::<test[aada8e7e76ba119b]::run_test::{closure#1}, ()>
[INFO] [stdout]   21:     0x6475f98b33c2 - <std[617be2ca0a6fd877]::thread::lifecycle::spawn_unchecked<test[aada8e7e76ba119b]::run_test::{closure#1}, ()>::{closure#1} as core[a373ad73a504971]::ops::function::FnOnce<()>>::call_once::{shim:vtable#0}
[INFO] [stdout]   22:     0x6475f996f31f - <std[617be2ca0a6fd877]::sys::thread::unix::Thread>::new::thread_start
[INFO] [stdout]   23:     0x717d32fb4dfa - <unknown>
[INFO] [stdout]   24:     0x717d330483d4 - clone
[INFO] [stdout]   25:                0x0 - <unknown>
[INFO] [stdout] 
[INFO] [stdout] ---- routes::stream::tests::decoder_exit_after_headers_is_a_clean_eof_without_lease_leak stdout ----
[INFO] [stdout] 
[INFO] [stdout] thread 'routes::stream::tests::decoder_exit_after_headers_is_a_clean_eof_without_lease_leak' (1094) panicked at src/routes/stream.rs:1575:10:
[INFO] [stdout] called `Result::unwrap()` on an `Err` value: ApiError { code: 500, reason: "failed to start tuner: tuner 0 spawn failed: No such file or directory (os error 2)", errors: [] }
[INFO] [stdout] stack backtrace:
[INFO] [stdout]    0:     0x6475f9970041 - <<std[617be2ca0a6fd877]::sys::backtrace::BacktraceLock>::print::DisplayBacktrace as core[a373ad73a504971]::fmt::Display>::fmt
[INFO] [stdout]    1:     0x6475f9986d2a - core[a373ad73a504971]::fmt::write
[INFO] [stdout]    2:     0x6475f997492c - <alloc[2e1b2a31b91974c5]::vec::Vec<u8> as core[a373ad73a504971]::io::write::Write>::write_fmt
[INFO] [stdout]    3:     0x6475f9949ec6 - std[617be2ca0a6fd877]::panicking::default_hook::{closure#0}
[INFO] [stdout]    4:     0x6475f9967649 - std[617be2ca0a6fd877]::panicking::default_hook
[INFO] [stdout]    5:     0x6475f98afd10 - test[aada8e7e76ba119b]::test_main_inner::{closure#0}
[INFO] [stdout]    6:     0x6475f9967972 - std[617be2ca0a6fd877]::panicking::panic_with_hook
[INFO] [stdout]    7:     0x6475f9949f72 - std[617be2ca0a6fd877]::panicking::panic_handler::{closure#0}
[INFO] [stdout]    8:     0x6475f9942949 - std[617be2ca0a6fd877]::sys::backtrace::__rust_end_short_backtrace::<std[617be2ca0a6fd877]::panicking::panic_handler::{closure#0}, !>
[INFO] [stdout]    9:     0x6475f994ac6d - __rustc[ea4f61d10b84890b]::rust_begin_unwind
[INFO] [stdout]   10:     0x6475f99874cc - core[a373ad73a504971]::panicking::panic_fmt
[INFO] [stdout]   11:     0x6475f99872a2 - core[a373ad73a504971]::result::unwrap_failed
[INFO] [stdout]   12:     0x6475f9732388 - hotarun[251e7e7a12e1ee24]::routes::stream::tests::decoder_exit_after_headers_is_a_clean_eof_without_lease_leak::{closure#0}
[INFO] [stdout]   13:     0x6475f9789873 - <tokio[54214f7e12147634]::runtime::scheduler::current_thread::Context>::enter::<core[a373ad73a504971]::task::poll::Poll<()>, <tokio[54214f7e12147634]::runtime::scheduler::current_thread::CoreGuard>::block_on<core[a373ad73a504971]::pin::Pin<&mut core[a373ad73a504971]::pin::Pin<&mut dyn core[a373ad73a504971]::future::future::Future<Output = ()>>>>::{closure#0}::{closure#0}>
[INFO] [stdout]   14:     0x6475f973897c - <tokio[54214f7e12147634]::runtime::context::scoped::Scoped<tokio[54214f7e12147634]::runtime::scheduler::Context>>::set::<<tokio[54214f7e12147634]::runtime::scheduler::current_thread::CoreGuard>::enter<<tokio[54214f7e12147634]::runtime::scheduler::current_thread::CoreGuard>::block_on<core[a373ad73a504971]::pin::Pin<&mut core[a373ad73a504971]::pin::Pin<&mut dyn core[a373ad73a504971]::future::future::Future<Output = ()>>>>::{closure#0}, core[a373ad73a504971]::option::Option<()>>::{closure#0}, (alloc[2e1b2a31b91974c5]::boxed::Box<tokio[54214f7e12147634]::runtime::scheduler::current_thread::Core>, core[a373ad73a504971]::option::Option<()>)>
[INFO] [stdout]   15:     0x6475f978813d - <tokio[54214f7e12147634]::runtime::scheduler::current_thread::CurrentThread>::block_on::<core[a373ad73a504971]::pin::Pin<&mut dyn core[a373ad73a504971]::future::future::Future<Output = ()>>>
[INFO] [stdout]   16:     0x6475f9831592 - <tokio[54214f7e12147634]::runtime::runtime::Runtime>::block_on::<core[a373ad73a504971]::pin::Pin<&mut dyn core[a373ad73a504971]::future::future::Future<Output = ()>>>
[INFO] [stdout]   17:     0x6475f973854e - <hotarun[251e7e7a12e1ee24]::routes::stream::tests::decoder_exit_after_headers_is_a_clean_eof_without_lease_leak::{closure#0} as core[a373ad73a504971]::ops::function::FnOnce<()>>::call_once
[INFO] [stdout]   18:     0x6475f98a315b - test[aada8e7e76ba119b]::__rust_begin_short_backtrace::<core[a373ad73a504971]::result::Result<(), alloc[2e1b2a31b91974c5]::string::String>, fn() -> core[a373ad73a504971]::result::Result<(), alloc[2e1b2a31b91974c5]::string::String>>
[INFO] [stdout]   19:     0x6475f98b0335 - test[aada8e7e76ba119b]::run_test::{closure#0}
[INFO] [stdout]   20:     0x6475f98a9c24 - std[617be2ca0a6fd877]::sys::backtrace::__rust_begin_short_backtrace::<test[aada8e7e76ba119b]::run_test::{closure#1}, ()>
[INFO] [stdout]   21:     0x6475f98b33c2 - <std[617be2ca0a6fd877]::thread::lifecycle::spawn_unchecked<test[aada8e7e76ba119b]::run_test::{closure#1}, ()>::{closure#1} as core[a373ad73a504971]::ops::function::FnOnce<()>>::call_once::{shim:vtable#0}
[INFO] [stdout]   22:     0x6475f996f31f - <std[617be2ca0a6fd877]::sys::thread::unix::Thread>::new::thread_start
[INFO] [stdout]   23:     0x717d32fb4dfa - <unknown>
[INFO] [stdout]   24:     0x717d330483d4 - clone
[INFO] [stdout]   25:                0x0 - <unknown>
[INFO] [stdout] 
[INFO] [stdout] ---- scan::tests::cancellation_before_read_select_registration_wakes_scan_immediately stdout ----
[INFO] [stdout] 
[INFO] [stdout] thread 'scan::tests::cancellation_before_read_select_registration_wakes_scan_immediately' (1123) panicked at src/scan.rs:2510:14:
[INFO] [stdout] read loop did not reach the registration boundary: Elapsed(())
[INFO] [stdout] stack backtrace:
[INFO] [stdout]    0:     0x6475f9970041 - <<std[617be2ca0a6fd877]::sys::backtrace::BacktraceLock>::print::DisplayBacktrace as core[a373ad73a504971]::fmt::Display>::fmt
[INFO] [stdout]    1:     0x6475f9986d2a - core[a373ad73a504971]::fmt::write
[INFO] [stdout]    2:     0x6475f997492c - <alloc[2e1b2a31b91974c5]::vec::Vec<u8> as core[a373ad73a504971]::io::write::Write>::write_fmt
[INFO] [stdout]    3:     0x6475f9949ec6 - std[617be2ca0a6fd877]::panicking::default_hook::{closure#0}
[INFO] [stdout]    4:     0x6475f9967649 - std[617be2ca0a6fd877]::panicking::default_hook
[INFO] [stdout]    5:     0x6475f98afd10 - test[aada8e7e76ba119b]::test_main_inner::{closure#0}
[INFO] [stdout]    6:     0x6475f9967972 - std[617be2ca0a6fd877]::panicking::panic_with_hook
[INFO] [stdout]    7:     0x6475f9949f72 - std[617be2ca0a6fd877]::panicking::panic_handler::{closure#0}
[INFO] [stdout]    8:     0x6475f9942949 - std[617be2ca0a6fd877]::sys::backtrace::__rust_end_short_backtrace::<std[617be2ca0a6fd877]::panicking::panic_handler::{closure#0}, !>
[INFO] [stdout]    9:     0x6475f994ac6d - __rustc[ea4f61d10b84890b]::rust_begin_unwind
[INFO] [stdout]   10:     0x6475f99874cc - core[a373ad73a504971]::panicking::panic_fmt
[INFO] [stdout]   11:     0x6475f99872a2 - core[a373ad73a504971]::result::unwrap_failed
[INFO] [stdout]   12:     0x6475f96fd45a - hotarun[251e7e7a12e1ee24]::scan::tests::cancellation_before_read_select_registration_wakes_scan_immediately::{closure#0}
[INFO] [stdout]   13:     0x6475f9789873 - <tokio[54214f7e12147634]::runtime::scheduler::current_thread::Context>::enter::<core[a373ad73a504971]::task::poll::Poll<()>, <tokio[54214f7e12147634]::runtime::scheduler::current_thread::CoreGuard>::block_on<core[a373ad73a504971]::pin::Pin<&mut core[a373ad73a504971]::pin::Pin<&mut dyn core[a373ad73a504971]::future::future::Future<Output = ()>>>>::{closure#0}::{closure#0}>
[INFO] [stdout]   14:     0x6475f973897c - <tokio[54214f7e12147634]::runtime::context::scoped::Scoped<tokio[54214f7e12147634]::runtime::scheduler::Context>>::set::<<tokio[54214f7e12147634]::runtime::scheduler::current_thread::CoreGuard>::enter<<tokio[54214f7e12147634]::runtime::scheduler::current_thread::CoreGuard>::block_on<core[a373ad73a504971]::pin::Pin<&mut core[a373ad73a504971]::pin::Pin<&mut dyn core[a373ad73a504971]::future::future::Future<Output = ()>>>>::{closure#0}, core[a373ad73a504971]::option::Option<()>>::{closure#0}, (alloc[2e1b2a31b91974c5]::boxed::Box<tokio[54214f7e12147634]::runtime::scheduler::current_thread::Core>, core[a373ad73a504971]::option::Option<()>)>
[INFO] [stdout]   15:     0x6475f978813d - <tokio[54214f7e12147634]::runtime::scheduler::current_thread::CurrentThread>::block_on::<core[a373ad73a504971]::pin::Pin<&mut dyn core[a373ad73a504971]::future::future::Future<Output = ()>>>
[INFO] [stdout]   16:     0x6475f9831592 - <tokio[54214f7e12147634]::runtime::runtime::Runtime>::block_on::<core[a373ad73a504971]::pin::Pin<&mut dyn core[a373ad73a504971]::future::future::Future<Output = ()>>>
[INFO] [stdout]   17:     0x6475f970bd9e - <hotarun[251e7e7a12e1ee24]::scan::tests::cancellation_before_read_select_registration_wakes_scan_immediately::{closure#0} as core[a373ad73a504971]::ops::function::FnOnce<()>>::call_once
[INFO] [stdout]   18:     0x6475f98a315b - test[aada8e7e76ba119b]::__rust_begin_short_backtrace::<core[a373ad73a504971]::result::Result<(), alloc[2e1b2a31b91974c5]::string::String>, fn() -> core[a373ad73a504971]::result::Result<(), alloc[2e1b2a31b91974c5]::string::String>>
[INFO] [stdout]   19:     0x6475f98b0335 - test[aada8e7e76ba119b]::run_test::{closure#0}
[INFO] [stdout]   20:     0x6475f98a9c24 - std[617be2ca0a6fd877]::sys::backtrace::__rust_begin_short_backtrace::<test[aada8e7e76ba119b]::run_test::{closure#1}, ()>
[INFO] [stdout]   21:     0x6475f98b33c2 - <std[617be2ca0a6fd877]::thread::lifecycle::spawn_unchecked<test[aada8e7e76ba119b]::run_test::{closure#1}, ()>::{closure#1} as core[a373ad73a504971]::ops::function::FnOnce<()>>::call_once::{shim:vtable#0}
[INFO] [stdout]   22:     0x6475f996f31f - <std[617be2ca0a6fd877]::sys::thread::unix::Thread>::new::thread_start
[INFO] [stdout]   23:     0x717d32fb4dfa - <unknown>
[INFO] [stdout]   24:     0x717d330483d4 - clone
[INFO] [stdout]   25:                0x0 - <unknown>
[INFO] [stdout] 
[INFO] [stdout] ---- scan::tests::scan_lease_drop_after_expired_release_deadline_releases_once stdout ----
[INFO] [stdout] 
[INFO] [stdout] thread 'scan::tests::scan_lease_drop_after_expired_release_deadline_releases_once' (1135) panicked at src/scan.rs:2233:82:
[INFO] [stdout] called `Result::unwrap()` on an `Err` value: SpawnFailed("tuner 0 spawn failed: No such file or directory (os error 2)")
[INFO] [stdout] stack backtrace:
[INFO] [stdout]    0:     0x6475f9970041 - <<std[617be2ca0a6fd877]::sys::backtrace::BacktraceLock>::print::DisplayBacktrace as core[a373ad73a504971]::fmt::Display>::fmt
[INFO] [stdout]    1:     0x6475f9986d2a - core[a373ad73a504971]::fmt::write
[INFO] [stdout]    2:     0x6475f997492c - <alloc[2e1b2a31b91974c5]::vec::Vec<u8> as core[a373ad73a504971]::io::write::Write>::write_fmt
[INFO] [stdout]    3:     0x6475f9949ec6 - std[617be2ca0a6fd877]::panicking::default_hook::{closure#0}
[INFO] [stdout]    4:     0x6475f9967649 - std[617be2ca0a6fd877]::panicking::default_hook
[INFO] [stdout]    5:     0x6475f98afd10 - test[aada8e7e76ba119b]::test_main_inner::{closure#0}
[INFO] [stdout]    6:     0x6475f9967972 - std[617be2ca0a6fd877]::panicking::panic_with_hook
[INFO] [stdout]    7:     0x6475f9949f72 - std[617be2ca0a6fd877]::panicking::panic_handler::{closure#0}
[INFO] [stdout]    8:     0x6475f9942949 - std[617be2ca0a6fd877]::sys::backtrace::__rust_end_short_backtrace::<std[617be2ca0a6fd877]::panicking::panic_handler::{closure#0}, !>
[INFO] [stdout]    9:     0x6475f994ac6d - __rustc[ea4f61d10b84890b]::rust_begin_unwind
[INFO] [stdout]   10:     0x6475f99874cc - core[a373ad73a504971]::panicking::panic_fmt
[INFO] [stdout]   11:     0x6475f99872a2 - core[a373ad73a504971]::result::unwrap_failed
[INFO] [stdout]   12:     0x6475f96fb800 - hotarun[251e7e7a12e1ee24]::scan::tests::scan_lease_drop_after_expired_release_deadline_releases_once::{closure#0}
[INFO] [stdout]   13:     0x6475f9789873 - <tokio[54214f7e12147634]::runtime::scheduler::current_thread::Context>::enter::<core[a373ad73a504971]::task::poll::Poll<()>, <tokio[54214f7e12147634]::runtime::scheduler::current_thread::CoreGuard>::block_on<core[a373ad73a504971]::pin::Pin<&mut core[a373ad73a504971]::pin::Pin<&mut dyn core[a373ad73a504971]::future::future::Future<Output = ()>>>>::{closure#0}::{closure#0}>
[INFO] [stdout]   14:     0x6475f973897c - <tokio[54214f7e12147634]::runtime::context::scoped::Scoped<tokio[54214f7e12147634]::runtime::scheduler::Context>>::set::<<tokio[54214f7e12147634]::runtime::scheduler::current_thread::CoreGuard>::enter<<tokio[54214f7e12147634]::runtime::scheduler::current_thread::CoreGuard>::block_on<core[a373ad73a504971]::pin::Pin<&mut core[a373ad73a504971]::pin::Pin<&mut dyn core[a373ad73a504971]::future::future::Future<Output = ()>>>>::{closure#0}, core[a373ad73a504971]::option::Option<()>>::{closure#0}, (alloc[2e1b2a31b91974c5]::boxed::Box<tokio[54214f7e12147634]::runtime::scheduler::current_thread::Core>, core[a373ad73a504971]::option::Option<()>)>
[INFO] [stdout]   15:     0x6475f978813d - <tokio[54214f7e12147634]::runtime::scheduler::current_thread::CurrentThread>::block_on::<core[a373ad73a504971]::pin::Pin<&mut dyn core[a373ad73a504971]::future::future::Future<Output = ()>>>
[INFO] [stdout]   16:     0x6475f9831592 - <tokio[54214f7e12147634]::runtime::runtime::Runtime>::block_on::<core[a373ad73a504971]::pin::Pin<&mut dyn core[a373ad73a504971]::future::future::Future<Output = ()>>>
[INFO] [stdout]   17:     0x6475f970924e - <hotarun[251e7e7a12e1ee24]::scan::tests::scan_lease_drop_after_expired_release_deadline_releases_once::{closure#0} as core[a373ad73a504971]::ops::function::FnOnce<()>>::call_once
[INFO] [stdout]   18:     0x6475f98a315b - test[aada8e7e76ba119b]::__rust_begin_short_backtrace::<core[a373ad73a504971]::result::Result<(), alloc[2e1b2a31b91974c5]::string::String>, fn() -> core[a373ad73a504971]::result::Result<(), alloc[2e1b2a31b91974c5]::string::String>>
[INFO] [stdout]   19:     0x6475f98b0335 - test[aada8e7e76ba119b]::run_test::{closure#0}
[INFO] [stdout]   20:     0x6475f98a9c24 - std[617be2ca0a6fd877]::sys::backtrace::__rust_begin_short_backtrace::<test[aada8e7e76ba119b]::run_test::{closure#1}, ()>
[INFO] [stdout]   21:     0x6475f98b33c2 - <std[617be2ca0a6fd877]::thread::lifecycle::spawn_unchecked<test[aada8e7e76ba119b]::run_test::{closure#1}, ()>::{closure#1} as core[a373ad73a504971]::ops::function::FnOnce<()>>::call_once::{shim:vtable#0}
[INFO] [stdout]   22:     0x6475f996f31f - <std[617be2ca0a6fd877]::sys::thread::unix::Thread>::new::thread_start
[INFO] [stdout]   23:     0x717d32fb4dfa - <unknown>
[INFO] [stdout]   24:     0x717d330483d4 - clone
[INFO] [stdout]   25:                0x0 - <unknown>
[INFO] [stdout] 
[INFO] [stdout] ---- scan::tests::scan_lease_release_competes_with_stream_acquire_without_stopping_use stdout ----
[INFO] [stdout] 
[INFO] [stdout] thread 'scan::tests::scan_lease_release_competes_with_stream_acquire_without_stopping_use' (1139) panicked at src/scan.rs:2275:82:
[INFO] [stdout] called `Result::unwrap()` on an `Err` value: SpawnFailed("tuner 0 spawn failed: No such file or directory (os error 2)")
[INFO] [stdout] stack backtrace:
[INFO] [stdout]    0:     0x6475f9970041 - <<std[617be2ca0a6fd877]::sys::backtrace::BacktraceLock>::print::DisplayBacktrace as core[a373ad73a504971]::fmt::Display>::fmt
[INFO] [stdout]    1:     0x6475f9986d2a - core[a373ad73a504971]::fmt::write
[INFO] [stdout]    2:     0x6475f997492c - <alloc[2e1b2a31b91974c5]::vec::Vec<u8> as core[a373ad73a504971]::io::write::Write>::write_fmt
[INFO] [stdout]    3:     0x6475f9949ec6 - std[617be2ca0a6fd877]::panicking::default_hook::{closure#0}
[INFO] [stdout]    4:     0x6475f9967649 - std[617be2ca0a6fd877]::panicking::default_hook
[INFO] [stdout]    5:     0x6475f98afd10 - test[aada8e7e76ba119b]::test_main_inner::{closure#0}
[INFO] [stdout]    6:     0x6475f9967972 - std[617be2ca0a6fd877]::panicking::panic_with_hook
[INFO] [stdout]    7:     0x6475f9949f72 - std[617be2ca0a6fd877]::panicking::panic_handler::{closure#0}
[INFO] [stdout]    8:     0x6475f9942949 - std[617be2ca0a6fd877]::sys::backtrace::__rust_end_short_backtrace::<std[617be2ca0a6fd877]::panicking::panic_handler::{closure#0}, !>
[INFO] [stdout]    9:     0x6475f994ac6d - __rustc[ea4f61d10b84890b]::rust_begin_unwind
[INFO] [stdout]   10:     0x6475f99874cc - core[a373ad73a504971]::panicking::panic_fmt
[INFO] [stdout]   11:     0x6475f99872a2 - core[a373ad73a504971]::result::unwrap_failed
[INFO] [stdout]   12:     0x6475f96feab7 - hotarun[251e7e7a12e1ee24]::scan::tests::scan_lease_release_competes_with_stream_acquire_without_stopping_use::{closure#0}
[INFO] [stdout]   13:     0x6475f9789873 - <tokio[54214f7e12147634]::runtime::scheduler::current_thread::Context>::enter::<core[a373ad73a504971]::task::poll::Poll<()>, <tokio[54214f7e12147634]::runtime::scheduler::current_thread::CoreGuard>::block_on<core[a373ad73a504971]::pin::Pin<&mut core[a373ad73a504971]::pin::Pin<&mut dyn core[a373ad73a504971]::future::future::Future<Output = ()>>>>::{closure#0}::{closure#0}>
[INFO] [stdout]   14:     0x6475f973897c - <tokio[54214f7e12147634]::runtime::context::scoped::Scoped<tokio[54214f7e12147634]::runtime::scheduler::Context>>::set::<<tokio[54214f7e12147634]::runtime::scheduler::current_thread::CoreGuard>::enter<<tokio[54214f7e12147634]::runtime::scheduler::current_thread::CoreGuard>::block_on<core[a373ad73a504971]::pin::Pin<&mut core[a373ad73a504971]::pin::Pin<&mut dyn core[a373ad73a504971]::future::future::Future<Output = ()>>>>::{closure#0}, core[a373ad73a504971]::option::Option<()>>::{closure#0}, (alloc[2e1b2a31b91974c5]::boxed::Box<tokio[54214f7e12147634]::runtime::scheduler::current_thread::Core>, core[a373ad73a504971]::option::Option<()>)>
[INFO] [stdout]   15:     0x6475f978813d - <tokio[54214f7e12147634]::runtime::scheduler::current_thread::CurrentThread>::block_on::<core[a373ad73a504971]::pin::Pin<&mut dyn core[a373ad73a504971]::future::future::Future<Output = ()>>>
[INFO] [stdout]   16:     0x6475f9831592 - <tokio[54214f7e12147634]::runtime::runtime::Runtime>::block_on::<core[a373ad73a504971]::pin::Pin<&mut dyn core[a373ad73a504971]::future::future::Future<Output = ()>>>
[INFO] [stdout]   17:     0x6475f970befe - <hotarun[251e7e7a12e1ee24]::scan::tests::scan_lease_release_competes_with_stream_acquire_without_stopping_use::{closure#0} as core[a373ad73a504971]::ops::function::FnOnce<()>>::call_once
[INFO] [stdout]   18:     0x6475f98a315b - test[aada8e7e76ba119b]::__rust_begin_short_backtrace::<core[a373ad73a504971]::result::Result<(), alloc[2e1b2a31b91974c5]::string::String>, fn() -> core[a373ad73a504971]::result::Result<(), alloc[2e1b2a31b91974c5]::string::String>>
[INFO] [stdout]   19:     0x6475f98b0335 - test[aada8e7e76ba119b]::run_test::{closure#0}
[INFO] [stdout]   20:     0x6475f98a9c24 - std[617be2ca0a6fd877]::sys::backtrace::__rust_begin_short_backtrace::<test[aada8e7e76ba119b]::run_test::{closure#1}, ()>
[INFO] [stdout]   21:     0x6475f98b33c2 - <std[617be2ca0a6fd877]::thread::lifecycle::spawn_unchecked<test[aada8e7e76ba119b]::run_test::{closure#1}, ()>::{closure#1} as core[a373ad73a504971]::ops::function::FnOnce<()>>::call_once::{shim:vtable#0}
[INFO] [stdout]   22:     0x6475f996f31f - <std[617be2ca0a6fd877]::sys::thread::unix::Thread>::new::thread_start
[INFO] [stdout]   23:     0x717d32fb4dfa - <unknown>
[INFO] [stdout]   24:     0x717d330483d4 - clone
[INFO] [stdout]   25:                0x0 - <unknown>
[INFO] [stdout] 
[INFO] [stdout] ---- scan::tests::scan_release_keeps_a_shared_http_process_alive stdout ----
[INFO] [stdout] 
[INFO] [stdout] thread 'scan::tests::scan_release_keeps_a_shared_http_process_alive' (1143) panicked at src/scan.rs:2264:88:
[INFO] [stdout] called `Result::unwrap()` on an `Err` value: SpawnFailed("tuner 0 spawn failed: No such file or directory (os error 2)")
[INFO] [stdout] stack backtrace:
[INFO] [stdout]    0:     0x6475f9970041 - <<std[617be2ca0a6fd877]::sys::backtrace::BacktraceLock>::print::DisplayBacktrace as core[a373ad73a504971]::fmt::Display>::fmt
[INFO] [stdout]    1:     0x6475f9986d2a - core[a373ad73a504971]::fmt::write
[INFO] [stdout]    2:     0x6475f997492c - <alloc[2e1b2a31b91974c5]::vec::Vec<u8> as core[a373ad73a504971]::io::write::Write>::write_fmt
[INFO] [stdout]    3:     0x6475f9949ec6 - std[617be2ca0a6fd877]::panicking::default_hook::{closure#0}
[INFO] [stdout]    4:     0x6475f9967649 - std[617be2ca0a6fd877]::panicking::default_hook
[INFO] [stdout]    5:     0x6475f98afd10 - test[aada8e7e76ba119b]::test_main_inner::{closure#0}
[INFO] [stdout]    6:     0x6475f9967972 - std[617be2ca0a6fd877]::panicking::panic_with_hook
[INFO] [stdout]    7:     0x6475f9949f72 - std[617be2ca0a6fd877]::panicking::panic_handler::{closure#0}
[INFO] [stdout]    8:     0x6475f9942949 - std[617be2ca0a6fd877]::sys::backtrace::__rust_end_short_backtrace::<std[617be2ca0a6fd877]::panicking::panic_handler::{closure#0}, !>
[INFO] [stdout]    9:     0x6475f994ac6d - __rustc[ea4f61d10b84890b]::rust_begin_unwind
[INFO] [stdout]   10:     0x6475f99874cc - core[a373ad73a504971]::panicking::panic_fmt
[INFO] [stdout]   11:     0x6475f99872a2 - core[a373ad73a504971]::result::unwrap_failed
[INFO] [stdout]   12:     0x6475f96f6f9a - hotarun[251e7e7a12e1ee24]::scan::tests::scan_release_keeps_a_shared_http_process_alive::{closure#0}
[INFO] [stdout]   13:     0x6475f9789873 - <tokio[54214f7e12147634]::runtime::scheduler::current_thread::Context>::enter::<core[a373ad73a504971]::task::poll::Poll<()>, <tokio[54214f7e12147634]::runtime::scheduler::current_thread::CoreGuard>::block_on<core[a373ad73a504971]::pin::Pin<&mut core[a373ad73a504971]::pin::Pin<&mut dyn core[a373ad73a504971]::future::future::Future<Output = ()>>>>::{closure#0}::{closure#0}>
[INFO] [stdout]   14:     0x6475f973897c - <tokio[54214f7e12147634]::runtime::context::scoped::Scoped<tokio[54214f7e12147634]::runtime::scheduler::Context>>::set::<<tokio[54214f7e12147634]::runtime::scheduler::current_thread::CoreGuard>::enter<<tokio[54214f7e12147634]::runtime::scheduler::current_thread::CoreGuard>::block_on<core[a373ad73a504971]::pin::Pin<&mut core[a373ad73a504971]::pin::Pin<&mut dyn core[a373ad73a504971]::future::future::Future<Output = ()>>>>::{closure#0}, core[a373ad73a504971]::option::Option<()>>::{closure#0}, (alloc[2e1b2a31b91974c5]::boxed::Box<tokio[54214f7e12147634]::runtime::scheduler::current_thread::Core>, core[a373ad73a504971]::option::Option<()>)>
[INFO] [stdout]   15:     0x6475f978813d - <tokio[54214f7e12147634]::runtime::scheduler::current_thread::CurrentThread>::block_on::<core[a373ad73a504971]::pin::Pin<&mut dyn core[a373ad73a504971]::future::future::Future<Output = ()>>>
[INFO] [stdout]   16:     0x6475f9831592 - <tokio[54214f7e12147634]::runtime::runtime::Runtime>::block_on::<core[a373ad73a504971]::pin::Pin<&mut dyn core[a373ad73a504971]::future::future::Future<Output = ()>>>
[INFO] [stdout]   17:     0x6475f9705fbe - <hotarun[251e7e7a12e1ee24]::scan::tests::scan_release_keeps_a_shared_http_process_alive::{closure#0} as core[a373ad73a504971]::ops::function::FnOnce<()>>::call_once
[INFO] [stdout]   18:     0x6475f98a315b - test[aada8e7e76ba119b]::__rust_begin_short_backtrace::<core[a373ad73a504971]::result::Result<(), alloc[2e1b2a31b91974c5]::string::String>, fn() -> core[a373ad73a504971]::result::Result<(), alloc[2e1b2a31b91974c5]::string::String>>
[INFO] [stdout]   19:     0x6475f98b0335 - test[aada8e7e76ba119b]::run_test::{closure#0}
[INFO] [stdout]   20:     0x6475f98a9c24 - std[617be2ca0a6fd877]::sys::backtrace::__rust_begin_short_backtrace::<test[aada8e7e76ba119b]::run_test::{closure#1}, ()>
[INFO] [stdout]   21:     0x6475f98b33c2 - <std[617be2ca0a6fd877]::thread::lifecycle::spawn_unchecked<test[aada8e7e76ba119b]::run_test::{closure#1}, ()>::{closure#1} as core[a373ad73a504971]::ops::function::FnOnce<()>>::call_once::{shim:vtable#0}
[INFO] [stdout]   22:     0x6475f996f31f - <std[617be2ca0a6fd877]::sys::thread::unix::Thread>::new::thread_start
[INFO] [stdout]   23:     0x717d32fb4dfa - <unknown>
[INFO] [stdout]   24:     0x717d330483d4 - clone
[INFO] [stdout]   25:                0x0 - <unknown>
[INFO] [stdout] 
[INFO] [stdout] ---- scan::tests::scan_release_reclaims_a_single_tuner_before_the_next_target stdout ----
[INFO] [stdout] 
[INFO] [stdout] thread 'scan::tests::scan_release_reclaims_a_single_tuner_before_the_next_target' (1145) panicked at src/scan.rs:2248:82:
[INFO] [stdout] called `Result::unwrap()` on an `Err` value: SpawnFailed("tuner 0 spawn failed: No such file or directory (os error 2)")
[INFO] [stdout] stack backtrace:
[INFO] [stdout]    0:     0x6475f9970041 - <<std[617be2ca0a6fd877]::sys::backtrace::BacktraceLock>::print::DisplayBacktrace as core[a373ad73a504971]::fmt::Display>::fmt
[INFO] [stdout]    1:     0x6475f9986d2a - core[a373ad73a504971]::fmt::write
[INFO] [stdout]    2:     0x6475f997492c - <alloc[2e1b2a31b91974c5]::vec::Vec<u8> as core[a373ad73a504971]::io::write::Write>::write_fmt
[INFO] [stdout]    3:     0x6475f9949ec6 - std[617be2ca0a6fd877]::panicking::default_hook::{closure#0}
[INFO] [stdout]    4:     0x6475f9967649 - std[617be2ca0a6fd877]::panicking::default_hook
[INFO] [stdout]    5:     0x6475f98afd10 - test[aada8e7e76ba119b]::test_main_inner::{closure#0}
[INFO] [stdout]    6:     0x6475f9967972 - std[617be2ca0a6fd877]::panicking::panic_with_hook
[INFO] [stdout]    7:     0x6475f9949f72 - std[617be2ca0a6fd877]::panicking::panic_handler::{closure#0}
[INFO] [stdout]    8:     0x6475f9942949 - std[617be2ca0a6fd877]::sys::backtrace::__rust_end_short_backtrace::<std[617be2ca0a6fd877]::panicking::panic_handler::{closure#0}, !>
[INFO] [stdout]    9:     0x6475f994ac6d - __rustc[ea4f61d10b84890b]::rust_begin_unwind
[INFO] [stdout]   10:     0x6475f99874cc - core[a373ad73a504971]::panicking::panic_fmt
[INFO] [stdout]   11:     0x6475f99872a2 - core[a373ad73a504971]::result::unwrap_failed
[INFO] [stdout]   12:     0x6475f96f9668 - hotarun[251e7e7a12e1ee24]::scan::tests::scan_release_reclaims_a_single_tuner_before_the_next_target::{closure#0}
[INFO] [stdout]   13:     0x6475f9789873 - <tokio[54214f7e12147634]::runtime::scheduler::current_thread::Context>::enter::<core[a373ad73a504971]::task::poll::Poll<()>, <tokio[54214f7e12147634]::runtime::scheduler::current_thread::CoreGuard>::block_on<core[a373ad73a504971]::pin::Pin<&mut core[a373ad73a504971]::pin::Pin<&mut dyn core[a373ad73a504971]::future::future::Future<Output = ()>>>>::{closure#0}::{closure#0}>
[INFO] [stdout]   14:     0x6475f973897c - <tokio[54214f7e12147634]::runtime::context::scoped::Scoped<tokio[54214f7e12147634]::runtime::scheduler::Context>>::set::<<tokio[54214f7e12147634]::runtime::scheduler::current_thread::CoreGuard>::enter<<tokio[54214f7e12147634]::runtime::scheduler::current_thread::CoreGuard>::block_on<core[a373ad73a504971]::pin::Pin<&mut core[a373ad73a504971]::pin::Pin<&mut dyn core[a373ad73a504971]::future::future::Future<Output = ()>>>>::{closure#0}, core[a373ad73a504971]::option::Option<()>>::{closure#0}, (alloc[2e1b2a31b91974c5]::boxed::Box<tokio[54214f7e12147634]::runtime::scheduler::current_thread::Core>, core[a373ad73a504971]::option::Option<()>)>
[INFO] [stdout]   15:     0x6475f978813d - <tokio[54214f7e12147634]::runtime::scheduler::current_thread::CurrentThread>::block_on::<core[a373ad73a504971]::pin::Pin<&mut dyn core[a373ad73a504971]::future::future::Future<Output = ()>>>
[INFO] [stdout]   16:     0x6475f9831592 - <tokio[54214f7e12147634]::runtime::runtime::Runtime>::block_on::<core[a373ad73a504971]::pin::Pin<&mut dyn core[a373ad73a504971]::future::future::Future<Output = ()>>>
[INFO] [stdout]   17:     0x6475f9706cce - <hotarun[251e7e7a12e1ee24]::scan::tests::scan_release_reclaims_a_single_tuner_before_the_next_target::{closure#0} as core[a373ad73a504971]::ops::function::FnOnce<()>>::call_once
[INFO] [stdout]   18:     0x6475f98a315b - test[aada8e7e76ba119b]::__rust_begin_short_backtrace::<core[a373ad73a504971]::result::Result<(), alloc[2e1b2a31b91974c5]::string::String>, fn() -> core[a373ad73a504971]::result::Result<(), alloc[2e1b2a31b91974c5]::string::String>>
[INFO] [stdout]   19:     0x6475f98b0335 - test[aada8e7e76ba119b]::run_test::{closure#0}
[INFO] [stdout]   20:     0x6475f98a9c24 - std[617be2ca0a6fd877]::sys::backtrace::__rust_begin_short_backtrace::<test[aada8e7e76ba119b]::run_test::{closure#1}, ()>
[INFO] [stdout]   21:     0x6475f98b33c2 - <std[617be2ca0a6fd877]::thread::lifecycle::spawn_unchecked<test[aada8e7e76ba119b]::run_test::{closure#1}, ()>::{closure#1} as core[a373ad73a504971]::ops::function::FnOnce<()>>::call_once::{shim:vtable#0}
[INFO] [stdout]   22:     0x6475f996f31f - <std[617be2ca0a6fd877]::sys::thread::unix::Thread>::new::thread_start
[INFO] [stdout]   23:     0x717d32fb4dfa - <unknown>
[INFO] [stdout]   24:     0x717d330483d4 - clone
[INFO] [stdout]   25:                0x0 - <unknown>
[INFO] [stdout] 
[INFO] [stdout] ---- tuner::manager::tests::acquire_same_channel_shares stdout ----
[INFO] [stdout] 
[INFO] [stdout] thread 'tuner::manager::tests::acquire_same_channel_shares' (1165) panicked at src/tuner/manager.rs:1731:42:
[INFO] [stdout] called `Result::unwrap()` on an `Err` value: SpawnFailed("tuner 0 spawn failed: No such file or directory (os error 2)")
[INFO] [stdout] stack backtrace:
[INFO] [stdout]    0:     0x6475f9970041 - <<std[617be2ca0a6fd877]::sys::backtrace::BacktraceLock>::print::DisplayBacktrace as core[a373ad73a504971]::fmt::Display>::fmt
[INFO] [stdout]    1:     0x6475f9986d2a - core[a373ad73a504971]::fmt::write
[INFO] [stdout]    2:     0x6475f997492c - <alloc[2e1b2a31b91974c5]::vec::Vec<u8> as core[a373ad73a504971]::io::write::Write>::write_fmt
[INFO] [stdout]    3:     0x6475f9949ec6 - std[617be2ca0a6fd877]::panicking::default_hook::{closure#0}
[INFO] [stdout]    4:     0x6475f9967649 - std[617be2ca0a6fd877]::panicking::default_hook
[INFO] [stdout]    5:     0x6475f98afd10 - test[aada8e7e76ba119b]::test_main_inner::{closure#0}
[INFO] [stdout]    6:     0x6475f9967972 - std[617be2ca0a6fd877]::panicking::panic_with_hook
[INFO] [stdout]    7:     0x6475f9949f72 - std[617be2ca0a6fd877]::panicking::panic_handler::{closure#0}
[INFO] [stdout]    8:     0x6475f9942949 - std[617be2ca0a6fd877]::sys::backtrace::__rust_end_short_backtrace::<std[617be2ca0a6fd877]::panicking::panic_handler::{closure#0}, !>
[INFO] [stdout]    9:     0x6475f994ac6d - __rustc[ea4f61d10b84890b]::rust_begin_unwind
[INFO] [stdout]   10:     0x6475f99874cc - core[a373ad73a504971]::panicking::panic_fmt
[INFO] [stdout]   11:     0x6475f99872a2 - core[a373ad73a504971]::result::unwrap_failed
[INFO] [stdout]   12:     0x6475f97d273b - hotarun[251e7e7a12e1ee24]::tuner::manager::tests::acquire_same_channel_shares::{closure#0}
[INFO] [stdout]   13:     0x6475f9789873 - <tokio[54214f7e12147634]::runtime::scheduler::current_thread::Context>::enter::<core[a373ad73a504971]::task::poll::Poll<()>, <tokio[54214f7e12147634]::runtime::scheduler::current_thread::CoreGuard>::block_on<core[a373ad73a504971]::pin::Pin<&mut core[a373ad73a504971]::pin::Pin<&mut dyn core[a373ad73a504971]::future::future::Future<Output = ()>>>>::{closure#0}::{closure#0}>
[INFO] [stdout]   14:     0x6475f973897c - <tokio[54214f7e12147634]::runtime::context::scoped::Scoped<tokio[54214f7e12147634]::runtime::scheduler::Context>>::set::<<tokio[54214f7e12147634]::runtime::scheduler::current_thread::CoreGuard>::enter<<tokio[54214f7e12147634]::runtime::scheduler::current_thread::CoreGuard>::block_on<core[a373ad73a504971]::pin::Pin<&mut core[a373ad73a504971]::pin::Pin<&mut dyn core[a373ad73a504971]::future::future::Future<Output = ()>>>>::{closure#0}, core[a373ad73a504971]::option::Option<()>>::{closure#0}, (alloc[2e1b2a31b91974c5]::boxed::Box<tokio[54214f7e12147634]::runtime::scheduler::current_thread::Core>, core[a373ad73a504971]::option::Option<()>)>
[INFO] [stdout]   15:     0x6475f978813d - <tokio[54214f7e12147634]::runtime::scheduler::current_thread::CurrentThread>::block_on::<core[a373ad73a504971]::pin::Pin<&mut dyn core[a373ad73a504971]::future::future::Future<Output = ()>>>
[INFO] [stdout]   16:     0x6475f9831592 - <tokio[54214f7e12147634]::runtime::runtime::Runtime>::block_on::<core[a373ad73a504971]::pin::Pin<&mut dyn core[a373ad73a504971]::future::future::Future<Output = ()>>>
[INFO] [stdout]   17:     0x6475f97e0e1e - <hotarun[251e7e7a12e1ee24]::tuner::manager::tests::acquire_same_channel_shares::{closure#0} as core[a373ad73a504971]::ops::function::FnOnce<()>>::call_once
[INFO] [stdout]   18:     0x6475f98a315b - test[aada8e7e76ba119b]::__rust_begin_short_backtrace::<core[a373ad73a504971]::result::Result<(), alloc[2e1b2a31b91974c5]::string::String>, fn() -> core[a373ad73a504971]::result::Result<(), alloc[2e1b2a31b91974c5]::string::String>>
[INFO] [stdout]   19:     0x6475f98b0335 - test[aada8e7e76ba119b]::run_test::{closure#0}
[INFO] [stdout]   20:     0x6475f98a9c24 - std[617be2ca0a6fd877]::sys::backtrace::__rust_begin_short_backtrace::<test[aada8e7e76ba119b]::run_test::{closure#1}, ()>
[INFO] [stdout]   21:     0x6475f98b33c2 - <std[617be2ca0a6fd877]::thread::lifecycle::spawn_unchecked<test[aada8e7e76ba119b]::run_test::{closure#1}, ()>::{closure#1} as core[a373ad73a504971]::ops::function::FnOnce<()>>::call_once::{shim:vtable#0}
[INFO] [stdout]   22:     0x6475f996f31f - <std[617be2ca0a6fd877]::sys::thread::unix::Thread>::new::thread_start
[INFO] [stdout]   23:     0x717d32fb4dfa - <unknown>
[INFO] [stdout]   24:     0x717d330483d4 - clone
[INFO] [stdout]   25:                0x0 - <unknown>
[INFO] [stdout] 
[INFO] [stdout] ---- tuner::manager::tests::busy_and_spawn_failure_are_separate_errors stdout ----
[INFO] [stdout] 
[INFO] [stdout] thread 'tuner::manager::tests::busy_and_spawn_failure_are_separate_errors' (1167) panicked at src/tuner/manager.rs:1833:32:
[INFO] [stdout] spawn sleep: SpawnFailed("tuner 0 spawn failed: No such file or directory (os error 2)")
[INFO] [stdout] stack backtrace:
[INFO] [stdout]    0:     0x6475f9970041 - <<std[617be2ca0a6fd877]::sys::backtrace::BacktraceLock>::print::DisplayBacktrace as core[a373ad73a504971]::fmt::Display>::fmt
[INFO] [stdout]    1:     0x6475f9986d2a - core[a373ad73a504971]::fmt::write
[INFO] [stdout]    2:     0x6475f997492c - <alloc[2e1b2a31b91974c5]::vec::Vec<u8> as core[a373ad73a504971]::io::write::Write>::write_fmt
[INFO] [stdout]    3:     0x6475f9949ec6 - std[617be2ca0a6fd877]::panicking::default_hook::{closure#0}
[INFO] [stdout]    4:     0x6475f9967649 - std[617be2ca0a6fd877]::panicking::default_hook
[INFO] [stdout]    5:     0x6475f98afd10 - test[aada8e7e76ba119b]::test_main_inner::{closure#0}
[INFO] [stdout]    6:     0x6475f9967972 - std[617be2ca0a6fd877]::panicking::panic_with_hook
[INFO] [stdout]    7:     0x6475f9949f72 - std[617be2ca0a6fd877]::panicking::panic_handler::{closure#0}
[INFO] [stdout]    8:     0x6475f9942949 - std[617be2ca0a6fd877]::sys::backtrace::__rust_end_short_backtrace::<std[617be2ca0a6fd877]::panicking::panic_handler::{closure#0}, !>
[INFO] [stdout]    9:     0x6475f994ac6d - __rustc[ea4f61d10b84890b]::rust_begin_unwind
[INFO] [stdout]   10:     0x6475f99874cc - core[a373ad73a504971]::panicking::panic_fmt
[INFO] [stdout]   11:     0x6475f99872a2 - core[a373ad73a504971]::result::unwrap_failed
[INFO] [stdout]   12:     0x6475f97d6d34 - hotarun[251e7e7a12e1ee24]::tuner::manager::tests::busy_and_spawn_failure_are_separate_errors::{closure#0}
[INFO] [stdout]   13:     0x6475f9789873 - <tokio[54214f7e12147634]::runtime::scheduler::current_thread::Context>::enter::<core[a373ad73a504971]::task::poll::Poll<()>, <tokio[54214f7e12147634]::runtime::scheduler::current_thread::CoreGuard>::block_on<core[a373ad73a504971]::pin::Pin<&mut core[a373ad73a504971]::pin::Pin<&mut dyn core[a373ad73a504971]::future::future::Future<Output = ()>>>>::{closure#0}::{closure#0}>
[INFO] [stdout]   14:     0x6475f973897c - <tokio[54214f7e12147634]::runtime::context::scoped::Scoped<tokio[54214f7e12147634]::runtime::scheduler::Context>>::set::<<tokio[54214f7e12147634]::runtime::scheduler::current_thread::CoreGuard>::enter<<tokio[54214f7e12147634]::runtime::scheduler::current_thread::CoreGuard>::block_on<core[a373ad73a504971]::pin::Pin<&mut core[a373ad73a504971]::pin::Pin<&mut dyn core[a373ad73a504971]::future::future::Future<Output = ()>>>>::{closure#0}, core[a373ad73a504971]::option::Option<()>>::{closure#0}, (alloc[2e1b2a31b91974c5]::boxed::Box<tokio[54214f7e12147634]::runtime::scheduler::current_thread::Core>, core[a373ad73a504971]::option::Option<()>)>
[INFO] [stdout]   15:     0x6475f978813d - <tokio[54214f7e12147634]::runtime::scheduler::current_thread::CurrentThread>::block_on::<core[a373ad73a504971]::pin::Pin<&mut dyn core[a373ad73a504971]::future::future::Future<Output = ()>>>
[INFO] [stdout]   16:     0x6475f9831592 - <tokio[54214f7e12147634]::runtime::runtime::Runtime>::block_on::<core[a373ad73a504971]::pin::Pin<&mut dyn core[a373ad73a504971]::future::future::Future<Output = ()>>>
[INFO] [stdout]   17:     0x6475f97e194e - <hotarun[251e7e7a12e1ee24]::tuner::manager::tests::busy_and_spawn_failure_are_separate_errors::{closure#0} as core[a373ad73a504971]::ops::function::FnOnce<()>>::call_once
[INFO] [stdout]   18:     0x6475f98a315b - test[aada8e7e76ba119b]::__rust_begin_short_backtrace::<core[a373ad73a504971]::result::Result<(), alloc[2e1b2a31b91974c5]::string::String>, fn() -> core[a373ad73a504971]::result::Result<(), alloc[2e1b2a31b91974c5]::string::String>>
[INFO] [stdout]   19:     0x6475f98b0335 - test[aada8e7e76ba119b]::run_test::{closure#0}
[INFO] [stdout]   20:     0x6475f98a9c24 - std[617be2ca0a6fd877]::sys::backtrace::__rust_begin_short_backtrace::<test[aada8e7e76ba119b]::run_test::{closure#1}, ()>
[INFO] [stdout]   21:     0x6475f98b33c2 - <std[617be2ca0a6fd877]::thread::lifecycle::spawn_unchecked<test[aada8e7e76ba119b]::run_test::{closure#1}, ()>::{closure#1} as core[a373ad73a504971]::ops::function::FnOnce<()>>::call_once::{shim:vtable#0}
[INFO] [stdout]   22:     0x6475f996f31f - <std[617be2ca0a6fd877]::sys::thread::unix::Thread>::new::thread_start
[INFO] [stdout]   23:     0x717d32fb4dfa - <unknown>
[INFO] [stdout]   24:     0x717d330483d4 - clone
[INFO] [stdout]   25:                0x0 - <unknown>
[INFO] [stdout] 
[INFO] [stdout] ---- tuner::manager::tests::fanout_overflow_is_counted_and_closes_subscriber stdout ----
[INFO] [stdout] 
[INFO] [stdout] thread 'tuner::manager::tests::fanout_overflow_is_counted_and_closes_subscriber' (1169) panicked at src/tuner/manager.rs:2098:32:
[INFO] [stdout] called `Result::unwrap()` on an `Err` value: SpawnFailed("tuner 0 spawn failed: No such file or directory (os error 2)")
[INFO] [stdout] stack backtrace:
[INFO] [stdout]    0:     0x6475f9970041 - <<std[617be2ca0a6fd877]::sys::backtrace::BacktraceLock>::print::DisplayBacktrace as core[a373ad73a504971]::fmt::Display>::fmt
[INFO] [stdout]    1:     0x6475f9986d2a - core[a373ad73a504971]::fmt::write
[INFO] [stdout]    2:     0x6475f997492c - <alloc[2e1b2a31b91974c5]::vec::Vec<u8> as core[a373ad73a504971]::io::write::Write>::write_fmt
[INFO] [stdout]    3:     0x6475f9949ec6 - std[617be2ca0a6fd877]::panicking::default_hook::{closure#0}
[INFO] [stdout]    4:     0x6475f9967649 - std[617be2ca0a6fd877]::panicking::default_hook
[INFO] [stdout]    5:     0x6475f98afd10 - test[aada8e7e76ba119b]::test_main_inner::{closure#0}
[INFO] [stdout]    6:     0x6475f9967972 - std[617be2ca0a6fd877]::panicking::panic_with_hook
[INFO] [stdout]    7:     0x6475f9949f72 - std[617be2ca0a6fd877]::panicking::panic_handler::{closure#0}
[INFO] [stdout]    8:     0x6475f9942949 - std[617be2ca0a6fd877]::sys::backtrace::__rust_end_short_backtrace::<std[617be2ca0a6fd877]::panicking::panic_handler::{closure#0}, !>
[INFO] [stdout]    9:     0x6475f994ac6d - __rustc[ea4f61d10b84890b]::rust_begin_unwind
[INFO] [stdout]   10:     0x6475f99874cc - core[a373ad73a504971]::panicking::panic_fmt
[INFO] [stdout]   11:     0x6475f99872a2 - core[a373ad73a504971]::result::unwrap_failed
[INFO] [stdout]   12:     0x6475f97d9d7c - hotarun[251e7e7a12e1ee24]::tuner::manager::tests::fanout_overflow_is_counted_and_closes_subscriber::{closure#0}
[INFO] [stdout]   13:     0x6475f9789873 - <tokio[54214f7e12147634]::runtime::scheduler::current_thread::Context>::enter::<core[a373ad73a504971]::task::poll::Poll<()>, <tokio[54214f7e12147634]::runtime::scheduler::current_thread::CoreGuard>::block_on<core[a373ad73a504971]::pin::Pin<&mut core[a373ad73a504971]::pin::Pin<&mut dyn core[a373ad73a504971]::future::future::Future<Output = ()>>>>::{closure#0}::{closure#0}>
[INFO] [stdout]   14:     0x6475f973897c - <tokio[54214f7e12147634]::runtime::context::scoped::Scoped<tokio[54214f7e12147634]::runtime::scheduler::Context>>::set::<<tokio[54214f7e12147634]::runtime::scheduler::current_thread::CoreGuard>::enter<<tokio[54214f7e12147634]::runtime::scheduler::current_thread::CoreGuard>::block_on<core[a373ad73a504971]::pin::Pin<&mut core[a373ad73a504971]::pin::Pin<&mut dyn core[a373ad73a504971]::future::future::Future<Output = ()>>>>::{closure#0}, core[a373ad73a504971]::option::Option<()>>::{closure#0}, (alloc[2e1b2a31b91974c5]::boxed::Box<tokio[54214f7e12147634]::runtime::scheduler::current_thread::Core>, core[a373ad73a504971]::option::Option<()>)>
[INFO] [stdout]   15:     0x6475f978813d - <tokio[54214f7e12147634]::runtime::scheduler::current_thread::CurrentThread>::block_on::<core[a373ad73a504971]::pin::Pin<&mut dyn core[a373ad73a504971]::future::future::Future<Output = ()>>>
[INFO] [stdout]   16:     0x6475f9831592 - <tokio[54214f7e12147634]::runtime::runtime::Runtime>::block_on::<core[a373ad73a504971]::pin::Pin<&mut dyn core[a373ad73a504971]::future::future::Future<Output = ()>>>
[INFO] [stdout]   17:     0x6475f97e218e - <hotarun[251e7e7a12e1ee24]::tuner::manager::tests::fanout_overflow_is_counted_and_closes_subscriber::{closure#0} as core[a373ad73a504971]::ops::function::FnOnce<()>>::call_once
[INFO] [stdout]   18:     0x6475f98a315b - test[aada8e7e76ba119b]::__rust_begin_short_backtrace::<core[a373ad73a504971]::result::Result<(), alloc[2e1b2a31b91974c5]::string::String>, fn() -> core[a373ad73a504971]::result::Result<(), alloc[2e1b2a31b91974c5]::string::String>>
[INFO] [stdout]   19:     0x6475f98b0335 - test[aada8e7e76ba119b]::run_test::{closure#0}
[INFO] [stdout]   20:     0x6475f98a9c24 - std[617be2ca0a6fd877]::sys::backtrace::__rust_begin_short_backtrace::<test[aada8e7e76ba119b]::run_test::{closure#1}, ()>
[INFO] [stdout]   21:     0x6475f98b33c2 - <std[617be2ca0a6fd877]::thread::lifecycle::spawn_unchecked<test[aada8e7e76ba119b]::run_test::{closure#1}, ()>::{closure#1} as core[a373ad73a504971]::ops::function::FnOnce<()>>::call_once::{shim:vtable#0}
[INFO] [stdout]   22:     0x6475f996f31f - <std[617be2ca0a6fd877]::sys::thread::unix::Thread>::new::thread_start
[INFO] [stdout]   23:     0x717d32fb4dfa - <unknown>
[INFO] [stdout]   24:     0x717d330483d4 - clone
[INFO] [stdout]   25:                0x0 - <unknown>
[INFO] [stdout] 
[INFO] [stdout] ---- tuner::manager::tests::fanout_two_subscribers_share_one_process stdout ----
[INFO] [stdout] 
[INFO] [stdout] thread 'tuner::manager::tests::fanout_two_subscribers_share_one_process' (1171) panicked at src/tuner/manager.rs:1904:32:
[INFO] [stdout] called `Result::unwrap()` on an `Err` value: SpawnFailed("tuner 0 spawn failed: No such file or directory (os error 2)")
[INFO] [stdout] stack backtrace:
[INFO] [stdout]    0:     0x6475f9970041 - <<std[617be2ca0a6fd877]::sys::backtrace::BacktraceLock>::print::DisplayBacktrace as core[a373ad73a504971]::fmt::Display>::fmt
[INFO] [stdout]    1:     0x6475f9986d2a - core[a373ad73a504971]::fmt::write
[INFO] [stderr] error: test failed, to rerun pass `--lib`
[INFO] [stdout]    2:     0x6475f997492c - <alloc[2e1b2a31b91974c5]::vec::Vec<u8> as core[a373ad73a504971]::io::write::Write>::write_fmt
[INFO] [stdout]    3:     0x6475f9949ec6 - std[617be2ca0a6fd877]::panicking::default_hook::{closure#0}
[INFO] [stdout]    4:     0x6475f9967649 - std[617be2ca0a6fd877]::panicking::default_hook
[INFO] [stdout]    5:     0x6475f98afd10 - test[aada8e7e76ba119b]::test_main_inner::{closure#0}
[INFO] [stdout]    6:     0x6475f9967972 - std[617be2ca0a6fd877]::panicking::panic_with_hook
[INFO] [stdout]    7:     0x6475f9949f72 - std[617be2ca0a6fd877]::panicking::panic_handler::{closure#0}
[INFO] [stdout]    8:     0x6475f9942949 - std[617be2ca0a6fd877]::sys::backtrace::__rust_end_short_backtrace::<std[617be2ca0a6fd877]::panicking::panic_handler::{closure#0}, !>
[INFO] [stdout]    9:     0x6475f994ac6d - __rustc[ea4f61d10b84890b]::rust_begin_unwind
[INFO] [stdout]   10:     0x6475f99874cc - core[a373ad73a504971]::panicking::panic_fmt
[INFO] [stdout]   11:     0x6475f99872a2 - core[a373ad73a504971]::result::unwrap_failed
[INFO] [stdout]   12:     0x6475f97d639f - hotarun[251e7e7a12e1ee24]::tuner::manager::tests::fanout_two_subscribers_share_one_process::{closure#0}
[INFO] [stdout]   13:     0x6475f9789873 - <tokio[54214f7e12147634]::runtime::scheduler::current_thread::Context>::enter::<core[a373ad73a504971]::task::poll::Poll<()>, <tokio[54214f7e12147634]::runtime::scheduler::current_thread::CoreGuard>::block_on<core[a373ad73a504971]::pin::Pin<&mut core[a373ad73a504971]::pin::Pin<&mut dyn core[a373ad73a504971]::future::future::Future<Output = ()>>>>::{closure#0}::{closure#0}>
[INFO] [stdout]   14:     0x6475f973897c - <tokio[54214f7e12147634]::runtime::context::scoped::Scoped<tokio[54214f7e12147634]::runtime::scheduler::Context>>::set::<<tokio[54214f7e12147634]::runtime::scheduler::current_thread::CoreGuard>::enter<<tokio[54214f7e12147634]::runtime::scheduler::current_thread::CoreGuard>::block_on<core[a373ad73a504971]::pin::Pin<&mut core[a373ad73a504971]::pin::Pin<&mut dyn core[a373ad73a504971]::future::future::Future<Output = ()>>>>::{closure#0}, core[a373ad73a504971]::option::Option<()>>::{closure#0}, (alloc[2e1b2a31b91974c5]::boxed::Box<tokio[54214f7e12147634]::runtime::scheduler::current_thread::Core>, core[a373ad73a504971]::option::Option<()>)>
[INFO] [stdout]   15:     0x6475f978813d - <tokio[54214f7e12147634]::runtime::scheduler::current_thread::CurrentThread>::block_on::<core[a373ad73a504971]::pin::Pin<&mut dyn core[a373ad73a504971]::future::future::Future<Output = ()>>>
[INFO] [stdout]   16:     0x6475f9831592 - <tokio[54214f7e12147634]::runtime::runtime::Runtime>::block_on::<core[a373ad73a504971]::pin::Pin<&mut dyn core[a373ad73a504971]::future::future::Future<Output = ()>>>
[INFO] [stdout]   17:     0x6475f97e17ee - <hotarun[251e7e7a12e1ee24]::tuner::manager::tests::fanout_two_subscribers_share_one_process::{closure#0} as core[a373ad73a504971]::ops::function::FnOnce<()>>::call_once
[INFO] [stdout]   18:     0x6475f98a315b - test[aada8e7e76ba119b]::__rust_begin_short_backtrace::<core[a373ad73a504971]::result::Result<(), alloc[2e1b2a31b91974c5]::string::String>, fn() -> core[a373ad73a504971]::result::Result<(), alloc[2e1b2a31b91974c5]::string::String>>
[INFO] [stdout]   19:     0x6475f98b0335 - test[aada8e7e76ba119b]::run_test::{closure#0}
[INFO] [stdout]   20:     0x6475f98a9c24 - std[617be2ca0a6fd877]::sys::backtrace::__rust_begin_short_backtrace::<test[aada8e7e76ba119b]::run_test::{closure#1}, ()>
[INFO] [stdout]   21:     0x6475f98b33c2 - <std[617be2ca0a6fd877]::thread::lifecycle::spawn_unchecked<test[aada8e7e76ba119b]::run_test::{closure#1}, ()>::{closure#1} as core[a373ad73a504971]::ops::function::FnOnce<()>>::call_once::{shim:vtable#0}
[INFO] [stdout]   22:     0x6475f996f31f - <std[617be2ca0a6fd877]::sys::thread::unix::Thread>::new::thread_start
[INFO] [stdout]   23:     0x717d32fb4dfa - <unknown>
[INFO] [stdout]   24:     0x717d330483d4 - clone
[INFO] [stdout]   25:                0x0 - <unknown>
[INFO] [stdout] 
[INFO] [stdout] ---- tuner::manager::tests::higher_priority_request_takes_over_lower_priority_stream stdout ----
[INFO] [stdout] 
[INFO] [stdout] thread 'tuner::manager::tests::higher_priority_request_takes_over_lower_priority_stream' (1174) panicked at src/tuner/manager.rs:1873:14:
[INFO] [stdout] called `Result::unwrap()` on an `Err` value: SpawnFailed("tuner 0 spawn failed: No such file or directory (os error 2)")
[INFO] [stdout] stack backtrace:
[INFO] [stdout]    0:     0x6475f9970041 - <<std[617be2ca0a6fd877]::sys::backtrace::BacktraceLock>::print::DisplayBacktrace as core[a373ad73a504971]::fmt::Display>::fmt
[INFO] [stdout]    1:     0x6475f9986d2a - core[a373ad73a504971]::fmt::write
[INFO] [stdout]    2:     0x6475f997492c - <alloc[2e1b2a31b91974c5]::vec::Vec<u8> as core[a373ad73a504971]::io::write::Write>::write_fmt
[INFO] [stdout]    3:     0x6475f9949ec6 - std[617be2ca0a6fd877]::panicking::default_hook::{closure#0}
[INFO] [stdout]    4:     0x6475f9967649 - std[617be2ca0a6fd877]::panicking::default_hook
[INFO] [stdout]    5:     0x6475f98afd10 - test[aada8e7e76ba119b]::test_main_inner::{closure#0}
[INFO] [stdout]    6:     0x6475f9967972 - std[617be2ca0a6fd877]::panicking::panic_with_hook
[INFO] [stdout]    7:     0x6475f9949f72 - std[617be2ca0a6fd877]::panicking::panic_handler::{closure#0}
[INFO] [stdout]    8:     0x6475f9942949 - std[617be2ca0a6fd877]::sys::backtrace::__rust_end_short_backtrace::<std[617be2ca0a6fd877]::panicking::panic_handler::{closure#0}, !>
[INFO] [stdout]    9:     0x6475f994ac6d - __rustc[ea4f61d10b84890b]::rust_begin_unwind
[INFO] [stdout]   10:     0x6475f99874cc - core[a373ad73a504971]::panicking::panic_fmt
[INFO] [stdout]   11:     0x6475f99872a2 - core[a373ad73a504971]::result::unwrap_failed
[INFO] [stdout]   12:     0x6475f97de05a - hotarun[251e7e7a12e1ee24]::tuner::manager::tests::higher_priority_request_takes_over_lower_priority_stream::{closure#0}
[INFO] [stdout]   13:     0x6475f9789873 - <tokio[54214f7e12147634]::runtime::scheduler::current_thread::Context>::enter::<core[a373ad73a504971]::task::poll::Poll<()>, <tokio[54214f7e12147634]::runtime::scheduler::current_thread::CoreGuard>::block_on<core[a373ad73a504971]::pin::Pin<&mut core[a373ad73a504971]::pin::Pin<&mut dyn core[a373ad73a504971]::future::future::Future<Output = ()>>>>::{closure#0}::{closure#0}>
[INFO] [stdout]   14:     0x6475f973897c - <tokio[54214f7e12147634]::runtime::context::scoped::Scoped<tokio[54214f7e12147634]::runtime::scheduler::Context>>::set::<<tokio[54214f7e12147634]::runtime::scheduler::current_thread::CoreGuard>::enter<<tokio[54214f7e12147634]::runtime::scheduler::current_thread::CoreGuard>::block_on<core[a373ad73a504971]::pin::Pin<&mut core[a373ad73a504971]::pin::Pin<&mut dyn core[a373ad73a504971]::future::future::Future<Output = ()>>>>::{closure#0}, core[a373ad73a504971]::option::Option<()>>::{closure#0}, (alloc[2e1b2a31b91974c5]::boxed::Box<tokio[54214f7e12147634]::runtime::scheduler::current_thread::Core>, core[a373ad73a504971]::option::Option<()>)>
[INFO] [stdout]   15:     0x6475f978813d - <tokio[54214f7e12147634]::runtime::scheduler::current_thread::CurrentThread>::block_on::<core[a373ad73a504971]::pin::Pin<&mut dyn core[a373ad73a504971]::future::future::Future<Output = ()>>>
[INFO] [stdout]   16:     0x6475f9831592 - <tokio[54214f7e12147634]::runtime::runtime::Runtime>::block_on::<core[a373ad73a504971]::pin::Pin<&mut dyn core[a373ad73a504971]::future::future::Future<Output = ()>>>
[INFO] [stdout]   17:     0x6475f97e286e - <hotarun[251e7e7a12e1ee24]::tuner::manager::tests::higher_priority_request_takes_over_lower_priority_stream::{closure#0} as core[a373ad73a504971]::ops::function::FnOnce<()>>::call_once
[INFO] [stdout]   18:     0x6475f98a315b - test[aada8e7e76ba119b]::__rust_begin_short_backtrace::<core[a373ad73a504971]::result::Result<(), alloc[2e1b2a31b91974c5]::string::String>, fn() -> core[a373ad73a504971]::result::Result<(), alloc[2e1b2a31b91974c5]::string::String>>
[INFO] [stdout]   19:     0x6475f98b0335 - test[aada8e7e76ba119b]::run_test::{closure#0}
[INFO] [stdout]   20:     0x6475f98a9c24 - std[617be2ca0a6fd877]::sys::backtrace::__rust_begin_short_backtrace::<test[aada8e7e76ba119b]::run_test::{closure#1}, ()>
[INFO] [stdout]   21:     0x6475f98b33c2 - <std[617be2ca0a6fd877]::thread::lifecycle::spawn_unchecked<test[aada8e7e76ba119b]::run_test::{closure#1}, ()>::{closure#1} as core[a373ad73a504971]::ops::function::FnOnce<()>>::call_once::{shim:vtable#0}
[INFO] [stdout]   22:     0x6475f996f31f - <std[617be2ca0a6fd877]::sys::thread::unix::Thread>::new::thread_start
[INFO] [stdout]   23:     0x717d32fb4dfa - <unknown>
[INFO] [stdout]   24:     0x717d330483d4 - clone
[INFO] [stdout]   25:                0x0 - <unknown>
[INFO] [stdout] 
[INFO] [stdout] ---- tuner::manager::tests::release_hint_and_stop_if_idle_cleanup_without_leak stdout ----
[INFO] [stdout] 
[INFO] [stdout] thread 'tuner::manager::tests::release_hint_and_stop_if_idle_cleanup_without_leak' (1184) panicked at src/tuner/manager.rs:1929:32:
[INFO] [stdout] called `Result::unwrap()` on an `Err` value: SpawnFailed("tuner 0 spawn failed: No such file or directory (os error 2)")
[INFO] [stdout] stack backtrace:
[INFO] [stdout]    0:     0x6475f9970041 - <<std[617be2ca0a6fd877]::sys::backtrace::BacktraceLock>::print::DisplayBacktrace as core[a373ad73a504971]::fmt::Display>::fmt
[INFO] [stdout]    1:     0x6475f9986d2a - core[a373ad73a504971]::fmt::write
[INFO] [stdout]    2:     0x6475f997492c - <alloc[2e1b2a31b91974c5]::vec::Vec<u8> as core[a373ad73a504971]::io::write::Write>::write_fmt
[INFO] [stdout]    3:     0x6475f9949ec6 - std[617be2ca0a6fd877]::panicking::default_hook::{closure#0}
[INFO] [stdout]    4:     0x6475f9967649 - std[617be2ca0a6fd877]::panicking::default_hook
[INFO] [stdout]    5:     0x6475f98afd10 - test[aada8e7e76ba119b]::test_main_inner::{closure#0}
[INFO] [stdout]    6:     0x6475f9967972 - std[617be2ca0a6fd877]::panicking::panic_with_hook
[INFO] [stdout]    7:     0x6475f9949f72 - std[617be2ca0a6fd877]::panicking::panic_handler::{closure#0}
[INFO] [stdout]    8:     0x6475f9942949 - std[617be2ca0a6fd877]::sys::backtrace::__rust_end_short_backtrace::<std[617be2ca0a6fd877]::panicking::panic_handler::{closure#0}, !>
[INFO] [stdout]    9:     0x6475f994ac6d - __rustc[ea4f61d10b84890b]::rust_begin_unwind
[INFO] [stdout]   10:     0x6475f99874cc - core[a373ad73a504971]::panicking::panic_fmt
[INFO] [stdout]   11:     0x6475f99872a2 - core[a373ad73a504971]::result::unwrap_failed
[INFO] [stdout]   12:     0x6475f97daafd - hotarun[251e7e7a12e1ee24]::tuner::manager::tests::release_hint_and_stop_if_idle_cleanup_without_leak::{closure#0}
[INFO] [stdout]   13:     0x6475f9789873 - <tokio[54214f7e12147634]::runtime::scheduler::current_thread::Context>::enter::<core[a373ad73a504971]::task::poll::Poll<()>, <tokio[54214f7e12147634]::runtime::scheduler::current_thread::CoreGuard>::block_on<core[a373ad73a504971]::pin::Pin<&mut core[a373ad73a504971]::pin::Pin<&mut dyn core[a373ad73a504971]::future::future::Future<Output = ()>>>>::{closure#0}::{closure#0}>
[INFO] [stdout]   14:     0x6475f973897c - <tokio[54214f7e12147634]::runtime::context::scoped::Scoped<tokio[54214f7e12147634]::runtime::scheduler::Context>>::set::<<tokio[54214f7e12147634]::runtime::scheduler::current_thread::CoreGuard>::enter<<tokio[54214f7e12147634]::runtime::scheduler::current_thread::CoreGuard>::block_on<core[a373ad73a504971]::pin::Pin<&mut core[a373ad73a504971]::pin::Pin<&mut dyn core[a373ad73a504971]::future::future::Future<Output = ()>>>>::{closure#0}, core[a373ad73a504971]::option::Option<()>>::{closure#0}, (alloc[2e1b2a31b91974c5]::boxed::Box<tokio[54214f7e12147634]::runtime::scheduler::current_thread::Core>, core[a373ad73a504971]::option::Option<()>)>
[INFO] [stdout]   15:     0x6475f978813d - <tokio[54214f7e12147634]::runtime::scheduler::current_thread::CurrentThread>::block_on::<core[a373ad73a504971]::pin::Pin<&mut dyn core[a373ad73a504971]::future::future::Future<Output = ()>>>
[INFO] [stdout]   16:     0x6475f9831592 - <tokio[54214f7e12147634]::runtime::runtime::Runtime>::block_on::<core[a373ad73a504971]::pin::Pin<&mut dyn core[a373ad73a504971]::future::future::Future<Output = ()>>>
[INFO] [stdout]   17:     0x6475f97e22ee - <hotarun[251e7e7a12e1ee24]::tuner::manager::tests::release_hint_and_stop_if_idle_cleanup_without_leak::{closure#0} as core[a373ad73a504971]::ops::function::FnOnce<()>>::call_once
[INFO] [stdout]   18:     0x6475f98a315b - test[aada8e7e76ba119b]::__rust_begin_short_backtrace::<core[a373ad73a504971]::result::Result<(), alloc[2e1b2a31b91974c5]::string::String>, fn() -> core[a373ad73a504971]::result::Result<(), alloc[2e1b2a31b91974c5]::string::String>>
[INFO] [stdout]   19:     0x6475f98b0335 - test[aada8e7e76ba119b]::run_test::{closure#0}
[INFO] [stdout]   20:     0x6475f98a9c24 - std[617be2ca0a6fd877]::sys::backtrace::__rust_begin_short_backtrace::<test[aada8e7e76ba119b]::run_test::{closure#1}, ()>
[INFO] [stdout]   21:     0x6475f98b33c2 - <std[617be2ca0a6fd877]::thread::lifecycle::spawn_unchecked<test[aada8e7e76ba119b]::run_test::{closure#1}, ()>::{closure#1} as core[a373ad73a504971]::ops::function::FnOnce<()>>::call_once::{shim:vtable#0}
[INFO] [stdout]   22:     0x6475f996f31f - <std[617be2ca0a6fd877]::sys::thread::unix::Thread>::new::thread_start
[INFO] [stdout]   23:     0x717d32fb4dfa - <unknown>
[INFO] [stdout]   24:     0x717d330483d4 - clone
[INFO] [stdout]   25:                0x0 - <unknown>
[INFO] [stdout] 
[INFO] [stdout] ---- tuner::manager::tests::poll_exit_respawns_on_clean_exit_with_demand stdout ----
[INFO] [stdout] 
[INFO] [stdout] thread 'tuner::manager::tests::poll_exit_respawns_on_clean_exit_with_demand' (1182) panicked at src/tuner/manager.rs:1779:42:
[INFO] [stdout] spawn true: SpawnFailed("tuner 0 spawn failed: No such file or directory (os error 2)")
[INFO] [stdout] stack backtrace:
[INFO] [stdout]    0:     0x6475f9970041 - <<std[617be2ca0a6fd877]::sys::backtrace::BacktraceLock>::print::DisplayBacktrace as core[a373ad73a504971]::fmt::Display>::fmt
[INFO] [stdout]    1:     0x6475f9986d2a - core[a373ad73a504971]::fmt::write
[INFO] [stdout]    2:     0x6475f997492c - <alloc[2e1b2a31b91974c5]::vec::Vec<u8> as core[a373ad73a504971]::io::write::Write>::write_fmt
[INFO] [stdout]    3:     0x6475f9949ec6 - std[617be2ca0a6fd877]::panicking::default_hook::{closure#0}
[INFO] [stdout]    4:     0x6475f9967649 - std[617be2ca0a6fd877]::panicking::default_hook
[INFO] [stdout]    5:     0x6475f98afd10 - test[aada8e7e76ba119b]::test_main_inner::{closure#0}
[INFO] [stdout]    6:     0x6475f9967972 - std[617be2ca0a6fd877]::panicking::panic_with_hook
[INFO] [stdout]    7:     0x6475f9949f72 - std[617be2ca0a6fd877]::panicking::panic_handler::{closure#0}
[INFO] [stdout]    8:     0x6475f9942949 - std[617be2ca0a6fd877]::sys::backtrace::__rust_end_short_backtrace::<std[617be2ca0a6fd877]::panicking::panic_handler::{closure#0}, !>
[INFO] [stdout]    9:     0x6475f994ac6d - __rustc[ea4f61d10b84890b]::rust_begin_unwind
[INFO] [stdout]   10:     0x6475f99874cc - core[a373ad73a504971]::panicking::panic_fmt
[INFO] [stdout]   11:     0x6475f99872a2 - core[a373ad73a504971]::result::unwrap_failed
[INFO] [stdout]   12:     0x6475f97d7218 - hotarun[251e7e7a12e1ee24]::tuner::manager::tests::poll_exit_respawns_on_clean_exit_with_demand::{closure#0}
[INFO] [stdout]   13:     0x6475f9789873 - <tokio[54214f7e12147634]::runtime::scheduler::current_thread::Context>::enter::<core[a373ad73a504971]::task::poll::Poll<()>, <tokio[54214f7e12147634]::runtime::scheduler::current_thread::CoreGuard>::block_on<core[a373ad73a504971]::pin::Pin<&mut core[a373ad73a504971]::pin::Pin<&mut dyn core[a373ad73a504971]::future::future::Future<Output = ()>>>>::{closure#0}::{closure#0}>
[INFO] [stdout]   14:     0x6475f973897c - <tokio[54214f7e12147634]::runtime::context::scoped::Scoped<tokio[54214f7e12147634]::runtime::scheduler::Context>>::set::<<tokio[54214f7e12147634]::runtime::scheduler::current_thread::CoreGuard>::enter<<tokio[54214f7e12147634]::runtime::scheduler::current_thread::CoreGuard>::block_on<core[a373ad73a504971]::pin::Pin<&mut core[a373ad73a504971]::pin::Pin<&mut dyn core[a373ad73a504971]::future::future::Future<Output = ()>>>>::{closure#0}, core[a373ad73a504971]::option::Option<()>>::{closure#0}, (alloc[2e1b2a31b91974c5]::boxed::Box<tokio[54214f7e12147634]::runtime::scheduler::current_thread::Core>, core[a373ad73a504971]::option::Option<()>)>
[INFO] [stdout]   15:     0x6475f978813d - <tokio[54214f7e12147634]::runtime::scheduler::current_thread::CurrentThread>::block_on::<core[a373ad73a504971]::pin::Pin<&mut dyn core[a373ad73a504971]::future::future::Future<Output = ()>>>
[INFO] [stdout]   16:     0x6475f9831592 - <tokio[54214f7e12147634]::runtime::runtime::Runtime>::block_on::<core[a373ad73a504971]::pin::Pin<&mut dyn core[a373ad73a504971]::future::future::Future<Output = ()>>>
[INFO] [stdout]   17:     0x6475f97e1aae - <hotarun[251e7e7a12e1ee24]::tuner::manager::tests::poll_exit_respawns_on_clean_exit_with_demand::{closure#0} as core[a373ad73a504971]::ops::function::FnOnce<()>>::call_once
[INFO] [stdout]   18:     0x6475f98a315b - test[aada8e7e76ba119b]::__rust_begin_short_backtrace::<core[a373ad73a504971]::result::Result<(), alloc[2e1b2a31b91974c5]::string::String>, fn() -> core[a373ad73a504971]::result::Result<(), alloc[2e1b2a31b91974c5]::string::String>>
[INFO] [stdout]   19:     0x6475f98b0335 - test[aada8e7e76ba119b]::run_test::{closure#0}
[INFO] [stdout]   20:     0x6475f98a9c24 - std[617be2ca0a6fd877]::sys::backtrace::__rust_begin_short_backtrace::<test[aada8e7e76ba119b]::run_test::{closure#1}, ()>
[INFO] [stdout]   21:     0x6475f98b33c2 - <std[617be2ca0a6fd877]::thread::lifecycle::spawn_unchecked<test[aada8e7e76ba119b]::run_test::{closure#1}, ()>::{closure#1} as core[a373ad73a504971]::ops::function::FnOnce<()>>::call_once::{shim:vtable#0}
[INFO] [stdout]   22:     0x6475f996f31f - <std[617be2ca0a6fd877]::sys::thread::unix::Thread>::new::thread_start
[INFO] [stdout]   23:     0x717d32fb4dfa - <unknown>
[INFO] [stdout]   24:     0x717d330483d4 - clone
[INFO] [stdout]   25:                0x0 - <unknown>
[INFO] [stdout] 
[INFO] [stdout] ---- tuner::manager::tests::final_release_keeps_process_for_three_second_grace_and_reuses_it stdout ----
[INFO] [stdout] 
[INFO] [stdout] thread 'tuner::manager::tests::final_release_keeps_process_for_three_second_grace_and_reuses_it' (1173) panicked at src/tuner/manager.rs:1965:73:
[INFO] [stdout] called `Result::unwrap()` on an `Err` value: SpawnFailed("tuner 0 spawn failed: No such file or directory (os error 2)")
[INFO] [stdout] stack backtrace:
[INFO] [stdout]    0:     0x6475f9970041 - <<std[617be2ca0a6fd877]::sys::backtrace::BacktraceLock>::print::DisplayBacktrace as core[a373ad73a504971]::fmt::Display>::fmt
[INFO] [stdout]    1:     0x6475f9986d2a - core[a373ad73a504971]::fmt::write
[INFO] [stdout]    2:     0x6475f997492c - <alloc[2e1b2a31b91974c5]::vec::Vec<u8> as core[a373ad73a504971]::io::write::Write>::write_fmt
[INFO] [stdout]    3:     0x6475f9949ec6 - std[617be2ca0a6fd877]::panicking::default_hook::{closure#0}
[INFO] [stdout]    4:     0x6475f9967649 - std[617be2ca0a6fd877]::panicking::default_hook
[INFO] [stdout]    5:     0x6475f98afd10 - test[aada8e7e76ba119b]::test_main_inner::{closure#0}
[INFO] [stdout]    6:     0x6475f9967972 - std[617be2ca0a6fd877]::panicking::panic_with_hook
[INFO] [stdout]    7:     0x6475f9949f72 - std[617be2ca0a6fd877]::panicking::panic_handler::{closure#0}
[INFO] [stdout]    8:     0x6475f9942949 - std[617be2ca0a6fd877]::sys::backtrace::__rust_end_short_backtrace::<std[617be2ca0a6fd877]::panicking::panic_handler::{closure#0}, !>
[INFO] [stdout]    9:     0x6475f994ac6d - __rustc[ea4f61d10b84890b]::rust_begin_unwind
[INFO] [stdout]   10:     0x6475f99874cc - core[a373ad73a504971]::panicking::panic_fmt
[INFO] [stdout]   11:     0x6475f99872a2 - core[a373ad73a504971]::result::unwrap_failed
[INFO] [stdout]   12:     0x6475f97deced - hotarun[251e7e7a12e1ee24]::tuner::manager::tests::final_release_keeps_process_for_three_second_grace_and_reuses_it::{closure#0}
[INFO] [stdout]   13:     0x6475f9789873 - <tokio[54214f7e12147634]::runtime::scheduler::current_thread::Context>::enter::<core[a373ad73a504971]::task::poll::Poll<()>, <tokio[54214f7e12147634]::runtime::scheduler::current_thread::CoreGuard>::block_on<core[a373ad73a504971]::pin::Pin<&mut core[a373ad73a504971]::pin::Pin<&mut dyn core[a373ad73a504971]::future::future::Future<Output = ()>>>>::{closure#0}::{closure#0}>
[INFO] [stdout]   14:     0x6475f973897c - <tokio[54214f7e12147634]::runtime::context::scoped::Scoped<tokio[54214f7e12147634]::runtime::scheduler::Context>>::set::<<tokio[54214f7e12147634]::runtime::scheduler::current_thread::CoreGuard>::enter<<tokio[54214f7e12147634]::runtime::scheduler::current_thread::CoreGuard>::block_on<core[a373ad73a504971]::pin::Pin<&mut core[a373ad73a504971]::pin::Pin<&mut dyn core[a373ad73a504971]::future::future::Future<Output = ()>>>>::{closure#0}, core[a373ad73a504971]::option::Option<()>>::{closure#0}, (alloc[2e1b2a31b91974c5]::boxed::Box<tokio[54214f7e12147634]::runtime::scheduler::current_thread::Core>, core[a373ad73a504971]::option::Option<()>)>
[INFO] [stdout]   15:     0x6475f978813d - <tokio[54214f7e12147634]::runtime::scheduler::current_thread::CurrentThread>::block_on::<core[a373ad73a504971]::pin::Pin<&mut dyn core[a373ad73a504971]::future::future::Future<Output = ()>>>
[INFO] [stdout]   16:     0x6475f9831592 - <tokio[54214f7e12147634]::runtime::runtime::Runtime>::block_on::<core[a373ad73a504971]::pin::Pin<&mut dyn core[a373ad73a504971]::future::future::Future<Output = ()>>>
[INFO] [stdout]   17:     0x6475f97e29ce - <hotarun[251e7e7a12e1ee24]::tuner::manager::tests::final_release_keeps_process_for_three_second_grace_and_reuses_it::{closure#0} as core[a373ad73a504971]::ops::function::FnOnce<()>>::call_once
[INFO] [stdout]   18:     0x6475f98a315b - test[aada8e7e76ba119b]::__rust_begin_short_backtrace::<core[a373ad73a504971]::result::Result<(), alloc[2e1b2a31b91974c5]::string::String>, fn() -> core[a373ad73a504971]::result::Result<(), alloc[2e1b2a31b91974c5]::string::String>>
[INFO] [stdout]   19:     0x6475f98b0335 - test[aada8e7e76ba119b]::run_test::{closure#0}
[INFO] [stdout]   20:     0x6475f98a9c24 - std[617be2ca0a6fd877]::sys::backtrace::__rust_begin_short_backtrace::<test[aada8e7e76ba119b]::run_test::{closure#1}, ()>
[INFO] [stdout]   21:     0x6475f98b33c2 - <std[617be2ca0a6fd877]::thread::lifecycle::spawn_unchecked<test[aada8e7e76ba119b]::run_test::{closure#1}, ()>::{closure#1} as core[a373ad73a504971]::ops::function::FnOnce<()>>::call_once::{shim:vtable#0}
[INFO] [stdout]   22:     0x6475f996f31f - <std[617be2ca0a6fd877]::sys::thread::unix::Thread>::new::thread_start
[INFO] [stdout]   23:     0x717d32fb4dfa - <unknown>
[INFO] [stdout]   24:     0x717d330483d4 - clone
[INFO] [stdout]   25:                0x0 - <unknown>
[INFO] [stdout] 
[INFO] [stdout] ---- tuner::manager::tests::poll_exit_does_not_respawn_after_release_during_wait stdout ----
[INFO] [stdout] 
[INFO] [stdout] thread 'tuner::manager::tests::poll_exit_does_not_respawn_after_release_during_wait' (1180) panicked at src/tuner/manager.rs:1805:71:
[INFO] [stdout] called `Result::unwrap()` on an `Err` value: SpawnFailed("tuner 0 spawn failed: No such file or directory (os error 2)")
[INFO] [stdout] stack backtrace:
[INFO] [stdout]    0:     0x6475f9970041 - <<std[617be2ca0a6fd877]::sys::backtrace::BacktraceLock>::print::DisplayBacktrace as core[a373ad73a504971]::fmt::Display>::fmt
[INFO] [stdout]    1:     0x6475f9986d2a - core[a373ad73a504971]::fmt::write
[INFO] [stdout]    2:     0x6475f997492c - <alloc[2e1b2a31b91974c5]::vec::Vec<u8> as core[a373ad73a504971]::io::write::Write>::write_fmt
[INFO] [stdout]    3:     0x6475f9949ec6 - std[617be2ca0a6fd877]::panicking::default_hook::{closure#0}
[INFO] [stdout]    4:     0x6475f9967649 - std[617be2ca0a6fd877]::panicking::default_hook
[INFO] [stdout]    5:     0x6475f98afd10 - test[aada8e7e76ba119b]::test_main_inner::{closure#0}
[INFO] [stdout]    6:     0x6475f9967972 - std[617be2ca0a6fd877]::panicking::panic_with_hook
[INFO] [stdout]    7:     0x6475f9949f72 - std[617be2ca0a6fd877]::panicking::panic_handler::{closure#0}
[INFO] [stdout]    8:     0x6475f9942949 - std[617be2ca0a6fd877]::sys::backtrace::__rust_end_short_backtrace::<std[617be2ca0a6fd877]::panicking::panic_handler::{closure#0}, !>
[INFO] [stdout]    9:     0x6475f994ac6d - __rustc[ea4f61d10b84890b]::rust_begin_unwind
[INFO] [stdout]   10:     0x6475f99874cc - core[a373ad73a504971]::panicking::panic_fmt
[INFO] [stdout]   11:     0x6475f99872a2 - core[a373ad73a504971]::result::unwrap_failed
[INFO] [stdout]   12:     0x6475f97dc3ce - hotarun[251e7e7a12e1ee24]::tuner::manager::tests::poll_exit_does_not_respawn_after_release_during_wait::{closure#0}
[INFO] [stdout]   13:     0x6475f9789873 - <tokio[54214f7e12147634]::runtime::scheduler::current_thread::Context>::enter::<core[a373ad73a504971]::task::poll::Poll<()>, <tokio[54214f7e12147634]::runtime::scheduler::current_thread::CoreGuard>::block_on<core[a373ad73a504971]::pin::Pin<&mut core[a373ad73a504971]::pin::Pin<&mut dyn core[a373ad73a504971]::future::future::Future<Output = ()>>>>::{closure#0}::{closure#0}>
[INFO] [stdout]   14:     0x6475f973897c - <tokio[54214f7e12147634]::runtime::context::scoped::Scoped<tokio[54214f7e12147634]::runtime::scheduler::Context>>::set::<<tokio[54214f7e12147634]::runtime::scheduler::current_thread::CoreGuard>::enter<<tokio[54214f7e12147634]::runtime::scheduler::current_thread::CoreGuard>::block_on<core[a373ad73a504971]::pin::Pin<&mut core[a373ad73a504971]::pin::Pin<&mut dyn core[a373ad73a504971]::future::future::Future<Output = ()>>>>::{closure#0}, core[a373ad73a504971]::option::Option<()>>::{closure#0}, (alloc[2e1b2a31b91974c5]::boxed::Box<tokio[54214f7e12147634]::runtime::scheduler::current_thread::Core>, core[a373ad73a504971]::option::Option<()>)>
[INFO] [stdout]   15:     0x6475f978813d - <tokio[54214f7e12147634]::runtime::scheduler::current_thread::CurrentThread>::block_on::<core[a373ad73a504971]::pin::Pin<&mut dyn core[a373ad73a504971]::future::future::Future<Output = ()>>>
[INFO] [stdout]   16:     0x6475f9831592 - <tokio[54214f7e12147634]::runtime::runtime::Runtime>::block_on::<core[a373ad73a504971]::pin::Pin<&mut dyn core[a373ad73a504971]::future::future::Future<Output = ()>>>
[INFO] [stdout]   17:     0x6475f97e25ae - <hotarun[251e7e7a12e1ee24]::tuner::manager::tests::poll_exit_does_not_respawn_after_release_during_wait::{closure#0} as core[a373ad73a504971]::ops::function::FnOnce<()>>::call_once
[INFO] [stdout]   18:     0x6475f98a315b - test[aada8e7e76ba119b]::__rust_begin_short_backtrace::<core[a373ad73a504971]::result::Result<(), alloc[2e1b2a31b91974c5]::string::String>, fn() -> core[a373ad73a504971]::result::Result<(), alloc[2e1b2a31b91974c5]::string::String>>
[INFO] [stdout]   19:     0x6475f98b0335 - test[aada8e7e76ba119b]::run_test::{closure#0}
[INFO] [stdout]   20:     0x6475f98a9c24 - std[617be2ca0a6fd877]::sys::backtrace::__rust_begin_short_backtrace::<test[aada8e7e76ba119b]::run_test::{closure#1}, ()>
[INFO] [stdout]   21:     0x6475f98b33c2 - <std[617be2ca0a6fd877]::thread::lifecycle::spawn_unchecked<test[aada8e7e76ba119b]::run_test::{closure#1}, ()>::{closure#1} as core[a373ad73a504971]::ops::function::FnOnce<()>>::call_once::{shim:vtable#0}
[INFO] [stdout]   22:     0x6475f996f31f - <std[617be2ca0a6fd877]::sys::thread::unix::Thread>::new::thread_start
[INFO] [stdout]   23:     0x717d32fb4dfa - <unknown>
[INFO] [stdout]   24:     0x717d330483d4 - clone
[INFO] [stdout]   25:                0x0 - <unknown>
[INFO] [stdout] 
[INFO] [stdout] ---- tuner::process::tests::decoder_shutdown_serializes_drain_and_late_registration stdout ----
[INFO] [stdout] 
[INFO] [stdout] thread 'tuner::process::tests::decoder_shutdown_serializes_drain_and_late_registration' (1208) panicked at src/tuner/process.rs:406:14:
[INFO] [stdout] fixture decoder: Os { code: 2, kind: NotFound, message: "No such file or directory" }
[INFO] [stdout] stack backtrace:
[INFO] [stdout]    0:     0x6475f9970041 - <<std[617be2ca0a6fd877]::sys::backtrace::BacktraceLock>::print::DisplayBacktrace as core[a373ad73a504971]::fmt::Display>::fmt
[INFO] [stdout]    1:     0x6475f9986d2a - core[a373ad73a504971]::fmt::write
[INFO] [stdout]    2:     0x6475f997492c - <alloc[2e1b2a31b91974c5]::vec::Vec<u8> as core[a373ad73a504971]::io::write::Write>::write_fmt
[INFO] [stdout]    3:     0x6475f9949ec6 - std[617be2ca0a6fd877]::panicking::default_hook::{closure#0}
[INFO] [stdout]    4:     0x6475f9967649 - std[617be2ca0a6fd877]::panicking::default_hook
[INFO] [stdout]    5:     0x6475f98afd10 - test[aada8e7e76ba119b]::test_main_inner::{closure#0}
[INFO] [stdout]    6:     0x6475f9967972 - std[617be2ca0a6fd877]::panicking::panic_with_hook
[INFO] [stdout]    7:     0x6475f9949f72 - std[617be2ca0a6fd877]::panicking::panic_handler::{closure#0}
[INFO] [stdout]    8:     0x6475f9942949 - std[617be2ca0a6fd877]::sys::backtrace::__rust_end_short_backtrace::<std[617be2ca0a6fd877]::panicking::panic_handler::{closure#0}, !>
[INFO] [stdout]    9:     0x6475f994ac6d - __rustc[ea4f61d10b84890b]::rust_begin_unwind
[INFO] [stdout]   10:     0x6475f99874cc - core[a373ad73a504971]::panicking::panic_fmt
[INFO] [stdout]   11:     0x6475f99872a2 - core[a373ad73a504971]::result::unwrap_failed
[INFO] [stdout]   12:     0x6475f9840046 - hotarun[251e7e7a12e1ee24]::tuner::process::tests::decoder_shutdown_serializes_drain_and_late_registration::{closure#0}
[INFO] [stdout]   13:     0x6475f9789873 - <tokio[54214f7e12147634]::runtime::scheduler::current_thread::Context>::enter::<core[a373ad73a504971]::task::poll::Poll<()>, <tokio[54214f7e12147634]::runtime::scheduler::current_thread::CoreGuard>::block_on<core[a373ad73a504971]::pin::Pin<&mut core[a373ad73a504971]::pin::Pin<&mut dyn core[a373ad73a504971]::future::future::Future<Output = ()>>>>::{closure#0}::{closure#0}>
[INFO] [stdout]   14:     0x6475f973897c - <tokio[54214f7e12147634]::runtime::context::scoped::Scoped<tokio[54214f7e12147634]::runtime::scheduler::Context>>::set::<<tokio[54214f7e12147634]::runtime::scheduler::current_thread::CoreGuard>::enter<<tokio[54214f7e12147634]::runtime::scheduler::current_thread::CoreGuard>::block_on<core[a373ad73a504971]::pin::Pin<&mut core[a373ad73a504971]::pin::Pin<&mut dyn core[a373ad73a504971]::future::future::Future<Output = ()>>>>::{closure#0}, core[a373ad73a504971]::option::Option<()>>::{closure#0}, (alloc[2e1b2a31b91974c5]::boxed::Box<tokio[54214f7e12147634]::runtime::scheduler::current_thread::Core>, core[a373ad73a504971]::option::Option<()>)>
[INFO] [stdout]   15:     0x6475f978813d - <tokio[54214f7e12147634]::runtime::scheduler::current_thread::CurrentThread>::block_on::<core[a373ad73a504971]::pin::Pin<&mut dyn core[a373ad73a504971]::future::future::Future<Output = ()>>>
[INFO] [stdout]   16:     0x6475f9831592 - <tokio[54214f7e12147634]::runtime::runtime::Runtime>::block_on::<core[a373ad73a504971]::pin::Pin<&mut dyn core[a373ad73a504971]::future::future::Future<Output = ()>>>
[INFO] [stdout]   17:     0x6475f9846ade - <hotarun[251e7e7a12e1ee24]::tuner::process::tests::decoder_shutdown_serializes_drain_and_late_registration::{closure#0} as core[a373ad73a504971]::ops::function::FnOnce<()>>::call_once
[INFO] [stdout]   18:     0x6475f98a315b - test[aada8e7e76ba119b]::__rust_begin_short_backtrace::<core[a373ad73a504971]::result::Result<(), alloc[2e1b2a31b91974c5]::string::String>, fn() -> core[a373ad73a504971]::result::Result<(), alloc[2e1b2a31b91974c5]::string::String>>
[INFO] [stdout]   19:     0x6475f98b0335 - test[aada8e7e76ba119b]::run_test::{closure#0}
[INFO] [stdout]   20:     0x6475f98a9c24 - std[617be2ca0a6fd877]::sys::backtrace::__rust_begin_short_backtrace::<test[aada8e7e76ba119b]::run_test::{closure#1}, ()>
[INFO] [stdout]   21:     0x6475f98b33c2 - <std[617be2ca0a6fd877]::thread::lifecycle::spawn_unchecked<test[aada8e7e76ba119b]::run_test::{closure#1}, ()>::{closure#1} as core[a373ad73a504971]::ops::function::FnOnce<()>>::call_once::{shim:vtable#0}
[INFO] [stdout]   22:     0x6475f996f31f - <std[617be2ca0a6fd877]::sys::thread::unix::Thread>::new::thread_start
[INFO] [stdout]   23:     0x717d32fb4dfa - <unknown>
[INFO] [stdout]   24:     0x717d330483d4 - clone
[INFO] [stdout]   25:                0x0 - <unknown>
[INFO] [stdout] 
[INFO] [stdout] ---- tuner::manager::tests::respawn_keeps_all_existing_subscribers stdout ----
[INFO] [stdout] 
[INFO] [stdout] thread 'tuner::manager::tests::respawn_keeps_all_existing_subscribers' (1186) panicked at src/tuner/manager.rs:1987:32:
[INFO] [stdout] called `Result::unwrap()` on an `Err` value: SpawnFailed("tuner 0 spawn failed: No such file or directory (os error 2)")
[INFO] [stdout] stack backtrace:
[INFO] [stdout]    0:     0x6475f9970041 - <<std[617be2ca0a6fd877]::sys::backtrace::BacktraceLock>::print::DisplayBacktrace as core[a373ad73a504971]::fmt::Display>::fmt
[INFO] [stdout]    1:     0x6475f9986d2a - core[a373ad73a504971]::fmt::write
[INFO] [stdout]    2:     0x6475f997492c - <alloc[2e1b2a31b91974c5]::vec::Vec<u8> as core[a373ad73a504971]::io::write::Write>::write_fmt
[INFO] [stdout]    3:     0x6475f9949ec6 - std[617be2ca0a6fd877]::panicking::default_hook::{closure#0}
[INFO] [stdout]    4:     0x6475f9967649 - std[617be2ca0a6fd877]::panicking::default_hook
[INFO] [stdout]    5:     0x6475f98afd10 - test[aada8e7e76ba119b]::test_main_inner::{closure#0}
[INFO] [stdout]    6:     0x6475f9967972 - std[617be2ca0a6fd877]::panicking::panic_with_hook
[INFO] [stdout]    7:     0x6475f9949f72 - std[617be2ca0a6fd877]::panicking::panic_handler::{closure#0}
[INFO] [stdout]    8:     0x6475f9942949 - std[617be2ca0a6fd877]::sys::backtrace::__rust_end_short_backtrace::<std[617be2ca0a6fd877]::panicking::panic_handler::{closure#0}, !>
[INFO] [stdout]    9:     0x6475f994ac6d - __rustc[ea4f61d10b84890b]::rust_begin_unwind
[INFO] [stdout]   10:     0x6475f99874cc - core[a373ad73a504971]::panicking::panic_fmt
[INFO] [stdout]   11:     0x6475f99872a2 - core[a373ad73a504971]::result::unwrap_failed
[INFO] [stdout]   12:     0x6475f97d45da - hotarun[251e7e7a12e1ee24]::tuner::manager::tests::respawn_keeps_all_existing_subscribers::{closure#0}
[INFO] [stdout]   13:     0x6475f9789873 - <tokio[54214f7e12147634]::runtime::scheduler::current_thread::Context>::enter::<core[a373ad73a504971]::task::poll::Poll<()>, <tokio[54214f7e12147634]::runtime::scheduler::current_thread::CoreGuard>::block_on<core[a373ad73a504971]::pin::Pin<&mut core[a373ad73a504971]::pin::Pin<&mut dyn core[a373ad73a504971]::future::future::Future<Output = ()>>>>::{closure#0}::{closure#0}>
[INFO] [stdout]   14:     0x6475f973897c - <tokio[54214f7e12147634]::runtime::context::scoped::Scoped<tokio[54214f7e12147634]::runtime::scheduler::Context>>::set::<<tokio[54214f7e12147634]::runtime::scheduler::current_thread::CoreGuard>::enter<<tokio[54214f7e12147634]::runtime::scheduler::current_thread::CoreGuard>::block_on<core[a373ad73a504971]::pin::Pin<&mut core[a373ad73a504971]::pin::Pin<&mut dyn core[a373ad73a504971]::future::future::Future<Output = ()>>>>::{closure#0}, core[a373ad73a504971]::option::Option<()>>::{closure#0}, (alloc[2e1b2a31b91974c5]::boxed::Box<tokio[54214f7e12147634]::runtime::scheduler::current_thread::Core>, core[a373ad73a504971]::option::Option<()>)>
[INFO] [stdout]   15:     0x6475f978813d - <tokio[54214f7e12147634]::runtime::scheduler::current_thread::CurrentThread>::block_on::<core[a373ad73a504971]::pin::Pin<&mut dyn core[a373ad73a504971]::future::future::Future<Output = ()>>>
[INFO] [stdout]   16:     0x6475f9831592 - <tokio[54214f7e12147634]::runtime::runtime::Runtime>::block_on::<core[a373ad73a504971]::pin::Pin<&mut dyn core[a373ad73a504971]::future::future::Future<Output = ()>>>
[INFO] [stdout]   17:     0x6475f97e152e - <hotarun[251e7e7a12e1ee24]::tuner::manager::tests::respawn_keeps_all_existing_subscribers::{closure#0} as core[a373ad73a504971]::ops::function::FnOnce<()>>::call_once
[INFO] [stdout]   18:     0x6475f98a315b - test[aada8e7e76ba119b]::__rust_begin_short_backtrace::<core[a373ad73a504971]::result::Result<(), alloc[2e1b2a31b91974c5]::string::String>, fn() -> core[a373ad73a504971]::result::Result<(), alloc[2e1b2a31b91974c5]::string::String>>
[INFO] [stdout]   19:     0x6475f98b0335 - test[aada8e7e76ba119b]::run_test::{closure#0}
[INFO] [stdout]   20:     0x6475f98a9c24 - std[617be2ca0a6fd877]::sys::backtrace::__rust_begin_short_backtrace::<test[aada8e7e76ba119b]::run_test::{closure#1}, ()>
[INFO] [stdout]   21:     0x6475f98b33c2 - <std[617be2ca0a6fd877]::thread::lifecycle::spawn_unchecked<test[aada8e7e76ba119b]::run_test::{closure#1}, ()>::{closure#1} as core[a373ad73a504971]::ops::function::FnOnce<()>>::call_once::{shim:vtable#0}
[INFO] [stdout]   22:     0x6475f996f31f - <std[617be2ca0a6fd877]::sys::thread::unix::Thread>::new::thread_start
[INFO] [stdout]   23:     0x717d32fb4dfa - <unknown>
[INFO] [stdout]   24:     0x717d330483d4 - clone
[INFO] [stdout]   25:                0x0 - <unknown>
[INFO] [stdout] 
[INFO] [stdout] ---- scan::tests::overall_scan_timeout_waits_for_scanner_cleanup_before_reuse stdout ----
[INFO] [stdout] 
[INFO] [stdout] thread 'scan::tests::overall_scan_timeout_waits_for_scanner_cleanup_before_reuse' (1128) panicked at src/scan.rs:2463:86:
[INFO] [stdout] called `Result::unwrap()` on an `Err` value: SpawnFailed("tuner 0 spawn failed: No such file or directory (os error 2)")
[INFO] [stdout] stack backtrace:
[INFO] [stdout]    0:     0x6475f9970041 - <<std[617be2ca0a6fd877]::sys::backtrace::BacktraceLock>::print::DisplayBacktrace as core[a373ad73a504971]::fmt::Display>::fmt
[INFO] [stdout]    1:     0x6475f9986d2a - core[a373ad73a504971]::fmt::write
[INFO] [stdout]    2:     0x6475f997492c - <alloc[2e1b2a31b91974c5]::vec::Vec<u8> as core[a373ad73a504971]::io::write::Write>::write_fmt
[INFO] [stdout]    3:     0x6475f9949ec6 - std[617be2ca0a6fd877]::panicking::default_hook::{closure#0}
[INFO] [stdout]    4:     0x6475f9967649 - std[617be2ca0a6fd877]::panicking::default_hook
[INFO] [stdout]    5:     0x6475f98afd10 - test[aada8e7e76ba119b]::test_main_inner::{closure#0}
[INFO] [stdout]    6:     0x6475f9967972 - std[617be2ca0a6fd877]::panicking::panic_with_hook
[INFO] [stdout]    7:     0x6475f9949f72 - std[617be2ca0a6fd877]::panicking::panic_handler::{closure#0}
[INFO] [stdout]    8:     0x6475f9942949 - std[617be2ca0a6fd877]::sys::backtrace::__rust_end_short_backtrace::<std[617be2ca0a6fd877]::panicking::panic_handler::{closure#0}, !>
[INFO] [stdout]    9:     0x6475f994ac6d - __rustc[ea4f61d10b84890b]::rust_begin_unwind
[INFO] [stdout]   10:     0x6475f99874cc - core[a373ad73a504971]::panicking::panic_fmt
[INFO] [stdout]   11:     0x6475f99872a2 - core[a373ad73a504971]::result::unwrap_failed
[INFO] [stdout]   12:     0x6475f96f8cca - hotarun[251e7e7a12e1ee24]::scan::tests::overall_scan_timeout_waits_for_scanner_cleanup_before_reuse::{closure#0}
[INFO] [stdout]   13:     0x6475f9789873 - <tokio[54214f7e12147634]::runtime::scheduler::current_thread::Context>::enter::<core[a373ad73a504971]::task::poll::Poll<()>, <tokio[54214f7e12147634]::runtime::scheduler::current_thread::CoreGuard>::block_on<core[a373ad73a504971]::pin::Pin<&mut core[a373ad73a504971]::pin::Pin<&mut dyn core[a373ad73a504971]::future::future::Future<Output = ()>>>>::{closure#0}::{closure#0}>
[INFO] [stdout]   14:     0x6475f973897c - <tokio[54214f7e12147634]::runtime::context::scoped::Scoped<tokio[54214f7e12147634]::runtime::scheduler::Context>>::set::<<tokio[54214f7e12147634]::runtime::scheduler::current_thread::CoreGuard>::enter<<tokio[54214f7e12147634]::runtime::scheduler::current_thread::CoreGuard>::block_on<core[a373ad73a504971]::pin::Pin<&mut core[a373ad73a504971]::pin::Pin<&mut dyn core[a373ad73a504971]::future::future::Future<Output = ()>>>>::{closure#0}, core[a373ad73a504971]::option::Option<()>>::{closure#0}, (alloc[2e1b2a31b91974c5]::boxed::Box<tokio[54214f7e12147634]::runtime::scheduler::current_thread::Core>, core[a373ad73a504971]::option::Option<()>)>
[INFO] [stdout]   15:     0x6475f978813d - <tokio[54214f7e12147634]::runtime::scheduler::current_thread::CurrentThread>::block_on::<core[a373ad73a504971]::pin::Pin<&mut dyn core[a373ad73a504971]::future::future::Future<Output = ()>>>
[INFO] [stdout]   16:     0x6475f9831592 - <tokio[54214f7e12147634]::runtime::runtime::Runtime>::block_on::<core[a373ad73a504971]::pin::Pin<&mut dyn core[a373ad73a504971]::future::future::Future<Output = ()>>>
[INFO] [stdout]   17:     0x6475f9706b6e - <hotarun[251e7e7a12e1ee24]::scan::tests::overall_scan_timeout_waits_for_scanner_cleanup_before_reuse::{closure#0} as core[a373ad73a504971]::ops::function::FnOnce<()>>::call_once
[INFO] [stdout]   18:     0x6475f98a315b - test[aada8e7e76ba119b]::__rust_begin_short_backtrace::<core[a373ad73a504971]::result::Result<(), alloc[2e1b2a31b91974c5]::string::String>, fn() -> core[a373ad73a504971]::result::Result<(), alloc[2e1b2a31b91974c5]::string::String>>
[INFO] [stdout]   19:     0x6475f98b0335 - test[aada8e7e76ba119b]::run_test::{closure#0}
[INFO] [stdout]   20:     0x6475f98a9c24 - std[617be2ca0a6fd877]::sys::backtrace::__rust_begin_short_backtrace::<test[aada8e7e76ba119b]::run_test::{closure#1}, ()>
[INFO] [stdout]   21:     0x6475f98b33c2 - <std[617be2ca0a6fd877]::thread::lifecycle::spawn_unchecked<test[aada8e7e76ba119b]::run_test::{closure#1}, ()>::{closure#1} as core[a373ad73a504971]::ops::function::FnOnce<()>>::call_once::{shim:vtable#0}
[INFO] [stdout]   22:     0x6475f996f31f - <std[617be2ca0a6fd877]::sys::thread::unix::Thread>::new::thread_start
[INFO] [stdout]   23:     0x717d32fb4dfa - <unknown>
[INFO] [stdout]   24:     0x717d330483d4 - clone
[INFO] [stdout]   25:                0x0 - <unknown>
[INFO] [stdout] 
[INFO] [stdout] ---- tuner::manager::tests::respawned_process_keeps_the_original_lease_generation stdout ----
[INFO] [stdout] 
[INFO] [stdout] thread 'tuner::manager::tests::respawned_process_keeps_the_original_lease_generation' (1188) panicked at src/tuner/manager.rs:2030:71:
[INFO] [stdout] called `Result::unwrap()` on an `Err` value: SpawnFailed("tuner 0 spawn failed: No such file or directory (os error 2)")
[INFO] [stdout] stack backtrace:
[INFO] [stdout]    0:     0x6475f9970041 - <<std[617be2ca0a6fd877]::sys::backtrace::BacktraceLock>::print::DisplayBacktrace as core[a373ad73a504971]::fmt::Display>::fmt
[INFO] [stdout]    1:     0x6475f9986d2a - core[a373ad73a504971]::fmt::write
[INFO] [stdout]    2:     0x6475f997492c - <alloc[2e1b2a31b91974c5]::vec::Vec<u8> as core[a373ad73a504971]::io::write::Write>::write_fmt
[INFO] [stdout]    3:     0x6475f9949ec6 - std[617be2ca0a6fd877]::panicking::default_hook::{closure#0}
[INFO] [stdout]    4:     0x6475f9967649 - std[617be2ca0a6fd877]::panicking::default_hook
[INFO] [stdout]    5:     0x6475f98afd10 - test[aada8e7e76ba119b]::test_main_inner::{closure#0}
[INFO] [stdout]    6:     0x6475f9967972 - std[617be2ca0a6fd877]::panicking::panic_with_hook
[INFO] [stdout]    7:     0x6475f9949f72 - std[617be2ca0a6fd877]::panicking::panic_handler::{closure#0}
[INFO] [stdout]    8:     0x6475f9942949 - std[617be2ca0a6fd877]::sys::backtrace::__rust_end_short_backtrace::<std[617be2ca0a6fd877]::panicking::panic_handler::{closure#0}, !>
[INFO] [stdout]    9:     0x6475f994ac6d - __rustc[ea4f61d10b84890b]::rust_begin_unwind
[INFO] [stdout]   10:     0x6475f99874cc - core[a373ad73a504971]::panicking::panic_fmt
[INFO] [stdout]   11:     0x6475f99872a2 - core[a373ad73a504971]::result::unwrap_failed
[INFO] [stdout]   12:     0x6475f97dd28c - hotarun[251e7e7a12e1ee24]::tuner::manager::tests::respawned_process_keeps_the_original_lease_generation::{closure#0}
[INFO] [stdout]   13:     0x6475f9789873 - <tokio[54214f7e12147634]::runtime::scheduler::current_thread::Context>::enter::<core[a373ad73a504971]::task::poll::Poll<()>, <tokio[54214f7e12147634]::runtime::scheduler::current_thread::CoreGuard>::block_on<core[a373ad73a504971]::pin::Pin<&mut core[a373ad73a504971]::pin::Pin<&mut dyn core[a373ad73a504971]::future::future::Future<Output = ()>>>>::{closure#0}::{closure#0}>
[INFO] [stdout]   14:     0x6475f973897c - <tokio[54214f7e12147634]::runtime::context::scoped::Scoped<tokio[54214f7e12147634]::runtime::scheduler::Context>>::set::<<tokio[54214f7e12147634]::runtime::scheduler::current_thread::CoreGuard>::enter<<tokio[54214f7e12147634]::runtime::scheduler::current_thread::CoreGuard>::block_on<core[a373ad73a504971]::pin::Pin<&mut core[a373ad73a504971]::pin::Pin<&mut dyn core[a373ad73a504971]::future::future::Future<Output = ()>>>>::{closure#0}, core[a373ad73a504971]::option::Option<()>>::{closure#0}, (alloc[2e1b2a31b91974c5]::boxed::Box<tokio[54214f7e12147634]::runtime::scheduler::current_thread::Core>, core[a373ad73a504971]::option::Option<()>)>
[INFO] [stdout]   15:     0x6475f978813d - <tokio[54214f7e12147634]::runtime::scheduler::current_thread::CurrentThread>::block_on::<core[a373ad73a504971]::pin::Pin<&mut dyn core[a373ad73a504971]::future::future::Future<Output = ()>>>
[INFO] [stdout]   16:     0x6475f9831592 - <tokio[54214f7e12147634]::runtime::runtime::Runtime>::block_on::<core[a373ad73a504971]::pin::Pin<&mut dyn core[a373ad73a504971]::future::future::Future<Output = ()>>>
[INFO] [stdout]   17:     0x6475f97e270e - <hotarun[251e7e7a12e1ee24]::tuner::manager::tests::respawned_process_keeps_the_original_lease_generation::{closure#0} as core[a373ad73a504971]::ops::function::FnOnce<()>>::call_once
[INFO] [stdout]   18:     0x6475f98a315b - test[aada8e7e76ba119b]::__rust_begin_short_backtrace::<core[a373ad73a504971]::result::Result<(), alloc[2e1b2a31b91974c5]::string::String>, fn() -> core[a373ad73a504971]::result::Result<(), alloc[2e1b2a31b91974c5]::string::String>>
[INFO] [stdout]   19:     0x6475f98b0335 - test[aada8e7e76ba119b]::run_test::{closure#0}
[INFO] [stdout]   20:     0x6475f98a9c24 - std[617be2ca0a6fd877]::sys::backtrace::__rust_begin_short_backtrace::<test[aada8e7e76ba119b]::run_test::{closure#1}, ()>
[INFO] [stdout]   21:     0x6475f98b33c2 - <std[617be2ca0a6fd877]::thread::lifecycle::spawn_unchecked<test[aada8e7e76ba119b]::run_test::{closure#1}, ()>::{closure#1} as core[a373ad73a504971]::ops::function::FnOnce<()>>::call_once::{shim:vtable#0}
[INFO] [stdout]   22:     0x6475f996f31f - <std[617be2ca0a6fd877]::sys::thread::unix::Thread>::new::thread_start
[INFO] [stdout]   23:     0x717d32fb4dfa - <unknown>
[INFO] [stdout]   24:     0x717d330483d4 - clone
[INFO] [stdout]   25:                0x0 - <unknown>
[INFO] [stdout] 
[INFO] [stdout] ---- tuner::manager::tests::sharing_candidate_only_for_same_phys_streaming stdout ----
[INFO] [stdout] 
[INFO] [stdout] thread 'tuner::manager::tests::sharing_candidate_only_for_same_phys_streaming' (1192) panicked at src/tuner/manager.rs:1853:32:
[INFO] [stdout] called `Result::unwrap()` on an `Err` value: SpawnFailed("tuner 0 spawn failed: No such file or directory (os error 2)")
[INFO] [stdout] stack backtrace:
[INFO] [stdout]    0:     0x6475f9970041 - <<std[617be2ca0a6fd877]::sys::backtrace::BacktraceLock>::print::DisplayBacktrace as core[a373ad73a504971]::fmt::Display>::fmt
[INFO] [stdout]    1:     0x6475f9986d2a - core[a373ad73a504971]::fmt::write
[INFO] [stdout]    2:     0x6475f997492c - <alloc[2e1b2a31b91974c5]::vec::Vec<u8> as core[a373ad73a504971]::io::write::Write>::write_fmt
[INFO] [stdout]    3:     0x6475f9949ec6 - std[617be2ca0a6fd877]::panicking::default_hook::{closure#0}
[INFO] [stdout]    4:     0x6475f9967649 - std[617be2ca0a6fd877]::panicking::default_hook
[INFO] [stdout]    5:     0x6475f98afd10 - test[aada8e7e76ba119b]::test_main_inner::{closure#0}
[INFO] [stdout]    6:     0x6475f9967972 - std[617be2ca0a6fd877]::panicking::panic_with_hook
[INFO] [stdout]    7:     0x6475f9949f72 - std[617be2ca0a6fd877]::panicking::panic_handler::{closure#0}
[INFO] [stdout]    8:     0x6475f9942949 - std[617be2ca0a6fd877]::sys::backtrace::__rust_end_short_backtrace::<std[617be2ca0a6fd877]::panicking::panic_handler::{closure#0}, !>
[INFO] [stdout]    9:     0x6475f994ac6d - __rustc[ea4f61d10b84890b]::rust_begin_unwind
[INFO] [stdout]   10:     0x6475f99874cc - core[a373ad73a504971]::panicking::panic_fmt
[INFO] [stdout]   11:     0x6475f99872a2 - core[a373ad73a504971]::result::unwrap_failed
[INFO] [stdout]   12:     0x6475f97d7edc - hotarun[251e7e7a12e1ee24]::tuner::manager::tests::sharing_candidate_only_for_same_phys_streaming::{closure#0}
[INFO] [stdout]   13:     0x6475f9789873 - <tokio[54214f7e12147634]::runtime::scheduler::current_thread::Context>::enter::<core[a373ad73a504971]::task::poll::Poll<()>, <tokio[54214f7e12147634]::runtime::scheduler::current_thread::CoreGuard>::block_on<core[a373ad73a504971]::pin::Pin<&mut core[a373ad73a504971]::pin::Pin<&mut dyn core[a373ad73a504971]::future::future::Future<Output = ()>>>>::{closure#0}::{closure#0}>
[INFO] [stdout]   14:     0x6475f973897c - <tokio[54214f7e12147634]::runtime::context::scoped::Scoped<tokio[54214f7e12147634]::runtime::scheduler::Context>>::set::<<tokio[54214f7e12147634]::runtime::scheduler::current_thread::CoreGuard>::enter<<tokio[54214f7e12147634]::runtime::scheduler::current_thread::CoreGuard>::block_on<core[a373ad73a504971]::pin::Pin<&mut core[a373ad73a504971]::pin::Pin<&mut dyn core[a373ad73a504971]::future::future::Future<Output = ()>>>>::{closure#0}, core[a373ad73a504971]::option::Option<()>>::{closure#0}, (alloc[2e1b2a31b91974c5]::boxed::Box<tokio[54214f7e12147634]::runtime::scheduler::current_thread::Core>, core[a373ad73a504971]::option::Option<()>)>
[INFO] [stdout]   15:     0x6475f978813d - <tokio[54214f7e12147634]::runtime::scheduler::current_thread::CurrentThread>::block_on::<core[a373ad73a504971]::pin::Pin<&mut dyn core[a373ad73a504971]::future::future::Future<Output = ()>>>
[INFO] [stdout]   16:     0x6475f9831592 - <tokio[54214f7e12147634]::runtime::runtime::Runtime>::block_on::<core[a373ad73a504971]::pin::Pin<&mut dyn core[a373ad73a504971]::future::future::Future<Output = ()>>>
[INFO] [stdout]   17:     0x6475f97e1c0e - <hotarun[251e7e7a12e1ee24]::tuner::manager::tests::sharing_candidate_only_for_same_phys_streaming::{closure#0} as core[a373ad73a504971]::ops::function::FnOnce<()>>::call_once
[INFO] [stdout]   18:     0x6475f98a315b - test[aada8e7e76ba119b]::__rust_begin_short_backtrace::<core[a373ad73a504971]::result::Result<(), alloc[2e1b2a31b91974c5]::string::String>, fn() -> core[a373ad73a504971]::result::Result<(), alloc[2e1b2a31b91974c5]::string::String>>
[INFO] [stdout]   19:     0x6475f98b0335 - test[aada8e7e76ba119b]::run_test::{closure#0}
[INFO] [stdout]   20:     0x6475f98a9c24 - std[617be2ca0a6fd877]::sys::backtrace::__rust_begin_short_backtrace::<test[aada8e7e76ba119b]::run_test::{closure#1}, ()>
[INFO] [stdout]   21:     0x6475f98b33c2 - <std[617be2ca0a6fd877]::thread::lifecycle::spawn_unchecked<test[aada8e7e76ba119b]::run_test::{closure#1}, ()>::{closure#1} as core[a373ad73a504971]::ops::function::FnOnce<()>>::call_once::{shim:vtable#0}
[INFO] [stdout]   22:     0x6475f996f31f - <std[617be2ca0a6fd877]::sys::thread::unix::Thread>::new::thread_start
[INFO] [stdout]   23:     0x717d32fb4dfa - <unknown>
[INFO] [stdout]   24:     0x717d330483d4 - clone
[INFO] [stdout]   25:                0x0 - <unknown>
[INFO] [stdout] 
[INFO] [stdout] ---- tuner::manager::tests::stale_pump_chunks_are_not_delivered_after_takeover stdout ----
[INFO] [stdout] 
[INFO] [stdout] thread 'tuner::manager::tests::stale_pump_chunks_are_not_delivered_after_takeover' (1196) panicked at src/tuner/manager.rs:2067:49:
[INFO] [stdout] called `Result::unwrap()` on an `Err` value: SpawnFailed("tuner 0 spawn failed: No such file or directory (os error 2)")
[INFO] [stdout] stack backtrace:
[INFO] [stdout]    0:     0x6475f9970041 - <<std[617be2ca0a6fd877]::sys::backtrace::BacktraceLock>::print::DisplayBacktrace as core[a373ad73a504971]::fmt::Display>::fmt
[INFO] [stdout]    1:     0x6475f9986d2a - core[a373ad73a504971]::fmt::write
[INFO] [stdout]    2:     0x6475f997492c - <alloc[2e1b2a31b91974c5]::vec::Vec<u8> as core[a373ad73a504971]::io::write::Write>::write_fmt
[INFO] [stdout]    3:     0x6475f9949ec6 - std[617be2ca0a6fd877]::panicking::default_hook::{closure#0}
[INFO] [stdout]    4:     0x6475f9967649 - std[617be2ca0a6fd877]::panicking::default_hook
[INFO] [stdout]    5:     0x6475f98afd10 - test[aada8e7e76ba119b]::test_main_inner::{closure#0}
[INFO] [stdout]    6:     0x6475f9967972 - std[617be2ca0a6fd877]::panicking::panic_with_hook
[INFO] [stdout]    7:     0x6475f9949f72 - std[617be2ca0a6fd877]::panicking::panic_handler::{closure#0}
[INFO] [stdout]    8:     0x6475f9942949 - std[617be2ca0a6fd877]::sys::backtrace::__rust_end_short_backtrace::<std[617be2ca0a6fd877]::panicking::panic_handler::{closure#0}, !>
[INFO] [stdout]    9:     0x6475f994ac6d - __rustc[ea4f61d10b84890b]::rust_begin_unwind
[INFO] [stdout]   10:     0x6475f99874cc - core[a373ad73a504971]::panicking::panic_fmt
[INFO] [stdout]   11:     0x6475f99872a2 - core[a373ad73a504971]::result::unwrap_failed
[INFO] [stdout]   12:     0x6475f97db7c4 - hotarun[251e7e7a12e1ee24]::tuner::manager::tests::stale_pump_chunks_are_not_delivered_after_takeover::{closure#0}
[INFO] [stdout]   13:     0x6475f9789873 - <tokio[54214f7e12147634]::runtime::scheduler::current_thread::Context>::enter::<core[a373ad73a504971]::task::poll::Poll<()>, <tokio[54214f7e12147634]::runtime::scheduler::current_thread::CoreGuard>::block_on<core[a373ad73a504971]::pin::Pin<&mut core[a373ad73a504971]::pin::Pin<&mut dyn core[a373ad73a504971]::future::future::Future<Output = ()>>>>::{closure#0}::{closure#0}>
[INFO] [stdout]   14:     0x6475f973897c - <tokio[54214f7e12147634]::runtime::context::scoped::Scoped<tokio[54214f7e12147634]::runtime::scheduler::Context>>::set::<<tokio[54214f7e12147634]::runtime::scheduler::current_thread::CoreGuard>::enter<<tokio[54214f7e12147634]::runtime::scheduler::current_thread::CoreGuard>::block_on<core[a373ad73a504971]::pin::Pin<&mut core[a373ad73a504971]::pin::Pin<&mut dyn core[a373ad73a504971]::future::future::Future<Output = ()>>>>::{closure#0}, core[a373ad73a504971]::option::Option<()>>::{closure#0}, (alloc[2e1b2a31b91974c5]::boxed::Box<tokio[54214f7e12147634]::runtime::scheduler::current_thread::Core>, core[a373ad73a504971]::option::Option<()>)>
[INFO] [stdout]   15:     0x6475f978813d - <tokio[54214f7e12147634]::runtime::scheduler::current_thread::CurrentThread>::block_on::<core[a373ad73a504971]::pin::Pin<&mut dyn core[a373ad73a504971]::future::future::Future<Output = ()>>>
[INFO] [stdout]   16:     0x6475f9831592 - <tokio[54214f7e12147634]::runtime::runtime::Runtime>::block_on::<core[a373ad73a504971]::pin::Pin<&mut dyn core[a373ad73a504971]::future::future::Future<Output = ()>>>
[INFO] [stdout]   17:     0x6475f97e244e - <hotarun[251e7e7a12e1ee24]::tuner::manager::tests::stale_pump_chunks_are_not_delivered_after_takeover::{closure#0} as core[a373ad73a504971]::ops::function::FnOnce<()>>::call_once
[INFO] [stdout]   18:     0x6475f98a315b - test[aada8e7e76ba119b]::__rust_begin_short_backtrace::<core[a373ad73a504971]::result::Result<(), alloc[2e1b2a31b91974c5]::string::String>, fn() -> core[a373ad73a504971]::result::Result<(), alloc[2e1b2a31b91974c5]::string::String>>
[INFO] [stdout]   19:     0x6475f98b0335 - test[aada8e7e76ba119b]::run_test::{closure#0}
[INFO] [stdout]   20:     0x6475f98a9c24 - std[617be2ca0a6fd877]::sys::backtrace::__rust_begin_short_backtrace::<test[aada8e7e76ba119b]::run_test::{closure#1}, ()>
[INFO] [stdout]   21:     0x6475f98b33c2 - <std[617be2ca0a6fd877]::thread::lifecycle::spawn_unchecked<test[aada8e7e76ba119b]::run_test::{closure#1}, ()>::{closure#1} as core[a373ad73a504971]::ops::function::FnOnce<()>>::call_once::{shim:vtable#0}
[INFO] [stdout]   22:     0x6475f996f31f - <std[617be2ca0a6fd877]::sys::thread::unix::Thread>::new::thread_start
[INFO] [stdout]   23:     0x717d32fb4dfa - <unknown>
[INFO] [stdout]   24:     0x717d330483d4 - clone
[INFO] [stdout]   25:                0x0 - <unknown>
[INFO] [stdout] 
[INFO] [stdout] ---- tuner::manager::tests::start_stop_with_sleep stdout ----
[INFO] [stdout] 
[INFO] [stdout] thread 'tuner::manager::tests::start_stop_with_sleep' (1198) panicked at src/tuner/manager.rs:1720:42:
[INFO] [stdout] spawn sleep: SpawnFailed("tuner 0 spawn failed: No such file or directory (os error 2)")
[INFO] [stdout] stack backtrace:
[INFO] [stdout]    0:     0x6475f9970041 - <<std[617be2ca0a6fd877]::sys::backtrace::BacktraceLock>::print::DisplayBacktrace as core[a373ad73a504971]::fmt::Display>::fmt
[INFO] [stdout]    1:     0x6475f9986d2a - core[a373ad73a504971]::fmt::write
[INFO] [stdout]    2:     0x6475f997492c - <alloc[2e1b2a31b91974c5]::vec::Vec<u8> as core[a373ad73a504971]::io::write::Write>::write_fmt
[INFO] [stdout]    3:     0x6475f9949ec6 - std[617be2ca0a6fd877]::panicking::default_hook::{closure#0}
[INFO] [stdout]    4:     0x6475f9967649 - std[617be2ca0a6fd877]::panicking::default_hook
[INFO] [stdout]    5:     0x6475f98afd10 - test[aada8e7e76ba119b]::test_main_inner::{closure#0}
[INFO] [stdout]    6:     0x6475f9967972 - std[617be2ca0a6fd877]::panicking::panic_with_hook
[INFO] [stdout]    7:     0x6475f9949f72 - std[617be2ca0a6fd877]::panicking::panic_handler::{closure#0}
[INFO] [stdout]    8:     0x6475f9942949 - std[617be2ca0a6fd877]::sys::backtrace::__rust_end_short_backtrace::<std[617be2ca0a6fd877]::panicking::panic_handler::{closure#0}, !>
[INFO] [stdout]    9:     0x6475f994ac6d - __rustc[ea4f61d10b84890b]::rust_begin_unwind
[INFO] [stdout]   10:     0x6475f99874cc - core[a373ad73a504971]::panicking::panic_fmt
[INFO] [stdout]   11:     0x6475f99872a2 - core[a373ad73a504971]::result::unwrap_failed
[INFO] [stdout]   12:     0x6475f97d16b0 - hotarun[251e7e7a12e1ee24]::tuner::manager::tests::start_stop_with_sleep::{closure#0}
[INFO] [stdout]   13:     0x6475f9789873 - <tokio[54214f7e12147634]::runtime::scheduler::current_thread::Context>::enter::<core[a373ad73a504971]::task::poll::Poll<()>, <tokio[54214f7e12147634]::runtime::scheduler::current_thread::CoreGuard>::block_on<core[a373ad73a504971]::pin::Pin<&mut core[a373ad73a504971]::pin::Pin<&mut dyn core[a373ad73a504971]::future::future::Future<Output = ()>>>>::{closure#0}::{closure#0}>
[INFO] [stdout]   14:     0x6475f973897c - <tokio[54214f7e12147634]::runtime::context::scoped::Scoped<tokio[54214f7e12147634]::runtime::scheduler::Context>>::set::<<tokio[54214f7e12147634]::runtime::scheduler::current_thread::CoreGuard>::enter<<tokio[54214f7e12147634]::runtime::scheduler::current_thread::CoreGuard>::block_on<core[a373ad73a504971]::pin::Pin<&mut core[a373ad73a504971]::pin::Pin<&mut dyn core[a373ad73a504971]::future::future::Future<Output = ()>>>>::{closure#0}, core[a373ad73a504971]::option::Option<()>>::{closure#0}, (alloc[2e1b2a31b91974c5]::boxed::Box<tokio[54214f7e12147634]::runtime::scheduler::current_thread::Core>, core[a373ad73a504971]::option::Option<()>)>
[INFO] [stdout]   15:     0x6475f978813d - <tokio[54214f7e12147634]::runtime::scheduler::current_thread::CurrentThread>::block_on::<core[a373ad73a504971]::pin::Pin<&mut dyn core[a373ad73a504971]::future::future::Future<Output = ()>>>
[INFO] [stdout]   16:     0x6475f9831592 - <tokio[54214f7e12147634]::runtime::runtime::Runtime>::block_on::<core[a373ad73a504971]::pin::Pin<&mut dyn core[a373ad73a504971]::future::future::Future<Output = ()>>>
[INFO] [stdout]   17:     0x6475f97e0b5e - <hotarun[251e7e7a12e1ee24]::tuner::manager::tests::start_stop_with_sleep::{closure#0} as core[a373ad73a504971]::ops::function::FnOnce<()>>::call_once
[INFO] [stdout]   18:     0x6475f98a315b - test[aada8e7e76ba119b]::__rust_begin_short_backtrace::<core[a373ad73a504971]::result::Result<(), alloc[2e1b2a31b91974c5]::string::String>, fn() -> core[a373ad73a504971]::result::Result<(), alloc[2e1b2a31b91974c5]::string::String>>
[INFO] [stdout]   19:     0x6475f98b0335 - test[aada8e7e76ba119b]::run_test::{closure#0}
[INFO] [stdout]   20:     0x6475f98a9c24 - std[617be2ca0a6fd877]::sys::backtrace::__rust_begin_short_backtrace::<test[aada8e7e76ba119b]::run_test::{closure#1}, ()>
[INFO] [stdout]   21:     0x6475f98b33c2 - <std[617be2ca0a6fd877]::thread::lifecycle::spawn_unchecked<test[aada8e7e76ba119b]::run_test::{closure#1}, ()>::{closure#1} as core[a373ad73a504971]::ops::function::FnOnce<()>>::call_once::{shim:vtable#0}
[INFO] [stdout]   22:     0x6475f996f31f - <std[617be2ca0a6fd877]::sys::thread::unix::Thread>::new::thread_start
[INFO] [stdout]   23:     0x717d32fb4dfa - <unknown>
[INFO] [stdout]   24:     0x717d330483d4 - clone
[INFO] [stdout]   25:                0x0 - <unknown>
[INFO] [stdout] 
[INFO] [stdout] ---- tuner::manager::tests::stop_all_stops_every_slot stdout ----
[INFO] [stdout] 
[INFO] [stdout] thread 'tuner::manager::tests::stop_all_stops_every_slot' (1201) panicked at src/tuner/manager.rs:1748:32:
[INFO] [stdout] called `Result::unwrap()` on an `Err` value: SpawnFailed("tuner 0 spawn failed: No such file or directory (os error 2)")
[INFO] [stdout] stack backtrace:
[INFO] [stdout]    0:     0x6475f9970041 - <<std[617be2ca0a6fd877]::sys::backtrace::BacktraceLock>::print::DisplayBacktrace as core[a373ad73a504971]::fmt::Display>::fmt
[INFO] [stdout]    1:     0x6475f9986d2a - core[a373ad73a504971]::fmt::write
[INFO] [stdout]    2:     0x6475f997492c - <alloc[2e1b2a31b91974c5]::vec::Vec<u8> as core[a373ad73a504971]::io::write::Write>::write_fmt
[INFO] [stdout]    3:     0x6475f9949ec6 - std[617be2ca0a6fd877]::panicking::default_hook::{closure#0}
[INFO] [stdout]    4:     0x6475f9967649 - std[617be2ca0a6fd877]::panicking::default_hook
[INFO] [stdout]    5:     0x6475f98afd10 - test[aada8e7e76ba119b]::test_main_inner::{closure#0}
[INFO] [stdout]    6:     0x6475f9967972 - std[617be2ca0a6fd877]::panicking::panic_with_hook
[INFO] [stdout]    7:     0x6475f9949f72 - std[617be2ca0a6fd877]::panicking::panic_handler::{closure#0}
[INFO] [stdout]    8:     0x6475f9942949 - std[617be2ca0a6fd877]::sys::backtrace::__rust_end_short_backtrace::<std[617be2ca0a6fd877]::panicking::panic_handler::{closure#0}, !>
[INFO] [stdout]    9:     0x6475f994ac6d - __rustc[ea4f61d10b84890b]::rust_begin_unwind
[INFO] [stdout]   10:     0x6475f99874cc - core[a373ad73a504971]::panicking::panic_fmt
[INFO] [stdout]   11:     0x6475f99872a2 - core[a373ad73a504971]::result::unwrap_failed
[INFO] [stdout]   12:     0x6475f97d1e6b - hotarun[251e7e7a12e1ee24]::tuner::manager::tests::stop_all_stops_every_slot::{closure#0}
[INFO] [stdout]   13:     0x6475f9789873 - <tokio[54214f7e12147634]::runtime::scheduler::current_thread::Context>::enter::<core[a373ad73a504971]::task::poll::Poll<()>, <tokio[54214f7e12147634]::runtime::scheduler::current_thread::CoreGuard>::block_on<core[a373ad73a504971]::pin::Pin<&mut core[a373ad73a504971]::pin::Pin<&mut dyn core[a373ad73a504971]::future::future::Future<Output = ()>>>>::{closure#0}::{closure#0}>
[INFO] [stdout]   14:     0x6475f973897c - <tokio[54214f7e12147634]::runtime::context::scoped::Scoped<tokio[54214f7e12147634]::runtime::scheduler::Context>>::set::<<tokio[54214f7e12147634]::runtime::scheduler::current_thread::CoreGuard>::enter<<tokio[54214f7e12147634]::runtime::scheduler::current_thread::CoreGuard>::block_on<core[a373ad73a504971]::pin::Pin<&mut core[a373ad73a504971]::pin::Pin<&mut dyn core[a373ad73a504971]::future::future::Future<Output = ()>>>>::{closure#0}, core[a373ad73a504971]::option::Option<()>>::{closure#0}, (alloc[2e1b2a31b91974c5]::boxed::Box<tokio[54214f7e12147634]::runtime::scheduler::current_thread::Core>, core[a373ad73a504971]::option::Option<()>)>
[INFO] [stdout]   15:     0x6475f978813d - <tokio[54214f7e12147634]::runtime::scheduler::current_thread::CurrentThread>::block_on::<core[a373ad73a504971]::pin::Pin<&mut dyn core[a373ad73a504971]::future::future::Future<Output = ()>>>
[INFO] [stdout]   16:     0x6475f9831592 - <tokio[54214f7e12147634]::runtime::runtime::Runtime>::block_on::<core[a373ad73a504971]::pin::Pin<&mut dyn core[a373ad73a504971]::future::future::Future<Output = ()>>>
[INFO] [stdout]   17:     0x6475f97e0cbe - <hotarun[251e7e7a12e1ee24]::tuner::manager::tests::stop_all_stops_every_slot::{closure#0} as core[a373ad73a504971]::ops::function::FnOnce<()>>::call_once
[INFO] [stdout]   18:     0x6475f98a315b - test[aada8e7e76ba119b]::__rust_begin_short_backtrace::<core[a373ad73a504971]::result::Result<(), alloc[2e1b2a31b91974c5]::string::String>, fn() -> core[a373ad73a504971]::result::Result<(), alloc[2e1b2a31b91974c5]::string::String>>
[INFO] [stdout]   19:     0x6475f98b0335 - test[aada8e7e76ba119b]::run_test::{closure#0}
[INFO] [stdout]   20:     0x6475f98a9c24 - std[617be2ca0a6fd877]::sys::backtrace::__rust_begin_short_backtrace::<test[aada8e7e76ba119b]::run_test::{closure#1}, ()>
[INFO] [stdout]   21:     0x6475f98b33c2 - <std[617be2ca0a6fd877]::thread::lifecycle::spawn_unchecked<test[aada8e7e76ba119b]::run_test::{closure#1}, ()>::{closure#1} as core[a373ad73a504971]::ops::function::FnOnce<()>>::call_once::{shim:vtable#0}
[INFO] [stdout]   22:     0x6475f996f31f - <std[617be2ca0a6fd877]::sys::thread::unix::Thread>::new::thread_start
[INFO] [stdout]   23:     0x717d32fb4dfa - <unknown>
[INFO] [stdout]   24:     0x717d330483d4 - clone
[INFO] [stdout]   25:                0x0 - <unknown>
[INFO] [stdout] 
[INFO] [stdout] ---- tuner::manager::tests::stop_if_idle_does_not_stop_a_concurrent_acquire stdout ----
[INFO] [stdout] 
[INFO] [stdout] thread 'tuner::manager::tests::stop_if_idle_does_not_stop_a_concurrent_acquire' (1203) panicked at src/tuner/manager.rs:1947:48:
[INFO] [stdout] called `Result::unwrap()` on an `Err` value: SpawnFailed("tuner 0 spawn failed: No such file or directory (os error 2)")
[INFO] [stdout] stack backtrace:
[INFO] [stdout]    0:     0x6475f9970041 - <<std[617be2ca0a6fd877]::sys::backtrace::BacktraceLock>::print::DisplayBacktrace as core[a373ad73a504971]::fmt::Display>::fmt
[INFO] [stdout]    1:     0x6475f9986d2a - core[a373ad73a504971]::fmt::write
[INFO] [stdout]    2:     0x6475f997492c - <alloc[2e1b2a31b91974c5]::vec::Vec<u8> as core[a373ad73a504971]::io::write::Write>::write_fmt
[INFO] [stdout]    3:     0x6475f9949ec6 - std[617be2ca0a6fd877]::panicking::default_hook::{closure#0}
[INFO] [stdout]    4:     0x6475f9967649 - std[617be2ca0a6fd877]::panicking::default_hook
[INFO] [stdout]    5:     0x6475f98afd10 - test[aada8e7e76ba119b]::test_main_inner::{closure#0}
[INFO] [stdout]    6:     0x6475f9967972 - std[617be2ca0a6fd877]::panicking::panic_with_hook
[INFO] [stdout]    7:     0x6475f9949f72 - std[617be2ca0a6fd877]::panicking::panic_handler::{closure#0}
[INFO] [stdout]    8:     0x6475f9942949 - std[617be2ca0a6fd877]::sys::backtrace::__rust_end_short_backtrace::<std[617be2ca0a6fd877]::panicking::panic_handler::{closure#0}, !>
[INFO] [stdout]    9:     0x6475f994ac6d - __rustc[ea4f61d10b84890b]::rust_begin_unwind
[INFO] [stdout]   10:     0x6475f99874cc - core[a373ad73a504971]::panicking::panic_fmt
[INFO] [stdout]   11:     0x6475f99872a2 - core[a373ad73a504971]::result::unwrap_failed
[INFO] [stdout]   12:     0x6475f97d9174 - hotarun[251e7e7a12e1ee24]::tuner::manager::tests::stop_if_idle_does_not_stop_a_concurrent_acquire::{closure#0}
[INFO] [stdout]   13:     0x6475f9789873 - <tokio[54214f7e12147634]::runtime::scheduler::current_thread::Context>::enter::<core[a373ad73a504971]::task::poll::Poll<()>, <tokio[54214f7e12147634]::runtime::scheduler::current_thread::CoreGuard>::block_on<core[a373ad73a504971]::pin::Pin<&mut core[a373ad73a504971]::pin::Pin<&mut dyn core[a373ad73a504971]::future::future::Future<Output = ()>>>>::{closure#0}::{closure#0}>
[INFO] [stdout]   14:     0x6475f973897c - <tokio[54214f7e12147634]::runtime::context::scoped::Scoped<tokio[54214f7e12147634]::runtime::scheduler::Context>>::set::<<tokio[54214f7e12147634]::runtime::scheduler::current_thread::CoreGuard>::enter<<tokio[54214f7e12147634]::runtime::scheduler::current_thread::CoreGuard>::block_on<core[a373ad73a504971]::pin::Pin<&mut core[a373ad73a504971]::pin::Pin<&mut dyn core[a373ad73a504971]::future::future::Future<Output = ()>>>>::{closure#0}, core[a373ad73a504971]::option::Option<()>>::{closure#0}, (alloc[2e1b2a31b91974c5]::boxed::Box<tokio[54214f7e12147634]::runtime::scheduler::current_thread::Core>, core[a373ad73a504971]::option::Option<()>)>
[INFO] [stdout]   15:     0x6475f978813d - <tokio[54214f7e12147634]::runtime::scheduler::current_thread::CurrentThread>::block_on::<core[a373ad73a504971]::pin::Pin<&mut dyn core[a373ad73a504971]::future::future::Future<Output = ()>>>
[INFO] [stdout]   16:     0x6475f9831592 - <tokio[54214f7e12147634]::runtime::runtime::Runtime>::block_on::<core[a373ad73a504971]::pin::Pin<&mut dyn core[a373ad73a504971]::future::future::Future<Output = ()>>>
[INFO] [stdout]   17:     0x6475f97e1ece - <hotarun[251e7e7a12e1ee24]::tuner::manager::tests::stop_if_idle_does_not_stop_a_concurrent_acquire::{closure#0} as core[a373ad73a504971]::ops::function::FnOnce<()>>::call_once
[INFO] [stdout]   18:     0x6475f98a315b - test[aada8e7e76ba119b]::__rust_begin_short_backtrace::<core[a373ad73a504971]::result::Result<(), alloc[2e1b2a31b91974c5]::string::String>, fn() -> core[a373ad73a504971]::result::Result<(), alloc[2e1b2a31b91974c5]::string::String>>
[INFO] [stdout]   19:     0x6475f98b0335 - test[aada8e7e76ba119b]::run_test::{closure#0}
[INFO] [stdout]   20:     0x6475f98a9c24 - std[617be2ca0a6fd877]::sys::backtrace::__rust_begin_short_backtrace::<test[aada8e7e76ba119b]::run_test::{closure#1}, ()>
[INFO] [stdout]   21:     0x6475f98b33c2 - <std[617be2ca0a6fd877]::thread::lifecycle::spawn_unchecked<test[aada8e7e76ba119b]::run_test::{closure#1}, ()>::{closure#1} as core[a373ad73a504971]::ops::function::FnOnce<()>>::call_once::{shim:vtable#0}
[INFO] [stdout]   22:     0x6475f996f31f - <std[617be2ca0a6fd877]::sys::thread::unix::Thread>::new::thread_start
[INFO] [stdout]   23:     0x717d32fb4dfa - <unknown>
[INFO] [stdout]   24:     0x717d330483d4 - clone
[INFO] [stdout]   25:                0x0 - <unknown>
[INFO] [stdout] 
[INFO] [stdout] ---- tuner::manager::tests::subscription_rejects_a_stale_process_generation stdout ----
[INFO] [stdout] 
[INFO] [stdout] thread 'tuner::manager::tests::subscription_rejects_a_stale_process_generation' (1205) panicked at src/tuner/manager.rs:2054:73:
[INFO] [stdout] called `Result::unwrap()` on an `Err` value: SpawnFailed("tuner 0 spawn failed: No such file or directory (os error 2)")
[INFO] [stdout] stack backtrace:
[INFO] [stdout]    0:     0x6475f9970041 - <<std[617be2ca0a6fd877]::sys::backtrace::BacktraceLock>::print::DisplayBacktrace as core[a373ad73a504971]::fmt::Display>::fmt
[INFO] [stdout]    1:     0x6475f9986d2a - core[a373ad73a504971]::fmt::write
[INFO] [stdout]    2:     0x6475f997492c - <alloc[2e1b2a31b91974c5]::vec::Vec<u8> as core[a373ad73a504971]::io::write::Write>::write_fmt
[INFO] [stdout]    3:     0x6475f9949ec6 - std[617be2ca0a6fd877]::panicking::default_hook::{closure#0}
[INFO] [stdout]    4:     0x6475f9967649 - std[617be2ca0a6fd877]::panicking::default_hook
[INFO] [stdout]    5:     0x6475f98afd10 - test[aada8e7e76ba119b]::test_main_inner::{closure#0}
[INFO] [stdout]    6:     0x6475f9967972 - std[617be2ca0a6fd877]::panicking::panic_with_hook
[INFO] [stdout]    7:     0x6475f9949f72 - std[617be2ca0a6fd877]::panicking::panic_handler::{closure#0}
[INFO] [stdout]    8:     0x6475f9942949 - std[617be2ca0a6fd877]::sys::backtrace::__rust_end_short_backtrace::<std[617be2ca0a6fd877]::panicking::panic_handler::{closure#0}, !>
[INFO] [stdout]    9:     0x6475f994ac6d - __rustc[ea4f61d10b84890b]::rust_begin_unwind
[INFO] [stdout]   10:     0x6475f99874cc - core[a373ad73a504971]::panicking::panic_fmt
[INFO] [stdout]   11:     0x6475f99872a2 - core[a373ad73a504971]::result::unwrap_failed
[INFO] [stdout]   12:     0x6475f97d98d6 - hotarun[251e7e7a12e1ee24]::tuner::manager::tests::subscription_rejects_a_stale_process_generation::{closure#0}
[INFO] [stdout]   13:     0x6475f9789873 - <tokio[54214f7e12147634]::runtime::scheduler::current_thread::Context>::enter::<core[a373ad73a504971]::task::poll::Poll<()>, <tokio[54214f7e12147634]::runtime::scheduler::current_thread::CoreGuard>::block_on<core[a373ad73a504971]::pin::Pin<&mut core[a373ad73a504971]::pin::Pin<&mut dyn core[a373ad73a504971]::future::future::Future<Output = ()>>>>::{closure#0}::{closure#0}>
[INFO] [stdout]   14:     0x6475f973897c - <tokio[54214f7e12147634]::runtime::context::scoped::Scoped<tokio[54214f7e12147634]::runtime::scheduler::Context>>::set::<<tokio[54214f7e12147634]::runtime::scheduler::current_thread::CoreGuard>::enter<<tokio[54214f7e12147634]::runtime::scheduler::current_thread::CoreGuard>::block_on<core[a373ad73a504971]::pin::Pin<&mut core[a373ad73a504971]::pin::Pin<&mut dyn core[a373ad73a504971]::future::future::Future<Output = ()>>>>::{closure#0}, core[a373ad73a504971]::option::Option<()>>::{closure#0}, (alloc[2e1b2a31b91974c5]::boxed::Box<tokio[54214f7e12147634]::runtime::scheduler::current_thread::Core>, core[a373ad73a504971]::option::Option<()>)>
[INFO] [stdout]   15:     0x6475f978813d - <tokio[54214f7e12147634]::runtime::scheduler::current_thread::CurrentThread>::block_on::<core[a373ad73a504971]::pin::Pin<&mut dyn core[a373ad73a504971]::future::future::Future<Output = ()>>>
[INFO] [stdout]   16:     0x6475f9831592 - <tokio[54214f7e12147634]::runtime::runtime::Runtime>::block_on::<core[a373ad73a504971]::pin::Pin<&mut dyn core[a373ad73a504971]::future::future::Future<Output = ()>>>
[INFO] [stdout]   17:     0x6475f97e202e - <hotarun[251e7e7a12e1ee24]::tuner::manager::tests::subscription_rejects_a_stale_process_generation::{closure#0} as core[a373ad73a504971]::ops::function::FnOnce<()>>::call_once
[INFO] [stdout]   18:     0x6475f98a315b - test[aada8e7e76ba119b]::__rust_begin_short_backtrace::<core[a373ad73a504971]::result::Result<(), alloc[2e1b2a31b91974c5]::string::String>, fn() -> core[a373ad73a504971]::result::Result<(), alloc[2e1b2a31b91974c5]::string::String>>
[INFO] [stdout]   19:     0x6475f98b0335 - test[aada8e7e76ba119b]::run_test::{closure#0}
[INFO] [stdout]   20:     0x6475f98a9c24 - std[617be2ca0a6fd877]::sys::backtrace::__rust_begin_short_backtrace::<test[aada8e7e76ba119b]::run_test::{closure#1}, ()>
[INFO] [stdout]   21:     0x6475f98b33c2 - <std[617be2ca0a6fd877]::thread::lifecycle::spawn_unchecked<test[aada8e7e76ba119b]::run_test::{closure#1}, ()>::{closure#1} as core[a373ad73a504971]::ops::function::FnOnce<()>>::call_once::{shim:vtable#0}
[INFO] [stdout]   22:     0x6475f996f31f - <std[617be2ca0a6fd877]::sys::thread::unix::Thread>::new::thread_start
[INFO] [stdout]   23:     0x717d32fb4dfa - <unknown>
[INFO] [stdout]   24:     0x717d330483d4 - clone
[INFO] [stdout]   25:                0x0 - <unknown>
[INFO] [stdout] 
[INFO] [stdout] 
[INFO] [stdout] failures:
[INFO] [stdout]     routes::stream::tests::bs4k_channel_passthrough_keeps_tlv_bytes_and_resolves_physical_channel
[INFO] [stdout]     routes::stream::tests::bs4k_decode_zero_bypasses_configured_decoder
[INFO] [stdout]     routes::stream::tests::bs4k_decoder_is_a_per_request_pipe_without_shell_expansion
[INFO] [stdout]     routes::stream::tests::bs4k_priority_takeover_releases_old_physical_channel
[INFO] [stdout]     routes::stream::tests::bs4k_service_returns_same_tlv_without_ts_pid_filter
[INFO] [stdout]     routes::stream::tests::decoder_exit_after_headers_is_a_clean_eof_without_lease_leak
[INFO] [stdout]     routes::stream::tests::decoder_registry_shutdown_ends_body_without_stdin_eof
[INFO] [stdout]     routes::stream::tests::same_bs4k_physical_channel_shares_one_tuner_process
[INFO] [stdout]     scan::tests::a_timed_out_scan_channel_releases_the_tuner_for_the_next_channel
[INFO] [stdout]     scan::tests::cancellation_before_read_select_registration_wakes_scan_immediately
[INFO] [stdout]     scan::tests::overall_scan_timeout_waits_for_scanner_cleanup_before_reuse
[INFO] [stdout]     scan::tests::scan_lease_drop_after_expired_release_deadline_releases_once
[INFO] [stdout]     scan::tests::scan_lease_release_competes_with_stream_acquire_without_stopping_use
[INFO] [stdout]     scan::tests::scan_release_keeps_a_shared_http_process_alive
[INFO] [stdout]     scan::tests::scan_release_reclaims_a_single_tuner_before_the_next_target
[INFO] [stdout]     tuner::manager::tests::acquire_same_channel_shares
[INFO] [stdout]     tuner::manager::tests::busy_and_spawn_failure_are_separate_errors
[INFO] [stdout]     tuner::manager::tests::fanout_overflow_is_counted_and_closes_subscriber
[INFO] [stdout]     tuner::manager::tests::fanout_two_subscribers_share_one_process
[INFO] [stdout]     tuner::manager::tests::final_release_keeps_process_for_three_second_grace_and_reuses_it
[INFO] [stdout]     tuner::manager::tests::higher_priority_request_takes_over_lower_priority_stream
[INFO] [stdout]     tuner::manager::tests::poll_exit_does_not_respawn_after_release_during_wait
[INFO] [stdout]     tuner::manager::tests::poll_exit_respawns_on_clean_exit_with_demand
[INFO] [stdout]     tuner::manager::tests::release_hint_and_stop_if_idle_cleanup_without_leak
[INFO] [stdout]     tuner::manager::tests::respawn_keeps_all_existing_subscribers
[INFO] [stdout]     tuner::manager::tests::respawned_process_keeps_the_original_lease_generation
[INFO] [stdout]     tuner::manager::tests::sharing_candidate_only_for_same_phys_streaming
[INFO] [stdout]     tuner::manager::tests::stale_pump_chunks_are_not_delivered_after_takeover
[INFO] [stdout]     tuner::manager::tests::start_stop_with_sleep
[INFO] [stdout]     tuner::manager::tests::stop_all_stops_every_slot
[INFO] [stdout]     tuner::manager::tests::stop_if_idle_does_not_stop_a_concurrent_acquire
[INFO] [stdout]     tuner::manager::tests::subscription_rejects_a_stale_process_generation
[INFO] [stdout]     tuner::process::tests::decoder_shutdown_serializes_drain_and_late_registration
[INFO] [stdout] 
[INFO] [stdout] test result: FAILED. 70 passed; 33 failed; 0 ignored; 0 measured; 0 filtered out; finished in 3.02s
[INFO] [stdout] 
[INFO] running `Command { std: "docker" "inspect" "455bd354865e7eda9b8427d06c7b5dc2a1b449c7296651c085593cc88cf0f127", kill_on_drop: false }`
[INFO] running `Command { std: "docker" "rm" "-f" "455bd354865e7eda9b8427d06c7b5dc2a1b449c7296651c085593cc88cf0f127", kill_on_drop: false }`
[INFO] [stdout] 455bd354865e7eda9b8427d06c7b5dc2a1b449c7296651c085593cc88cf0f127
